57.141.0.39 - - [04/Aug/2026:06:08:26 -0600] "GET /shopdetail/c75256812 HTTP/1.1" 404 6277 "-" "Mozilla/5.0 (Windows NT 10.0; Win64; x64) AppleWebKit/537.36 (KHTML, like Gecko) Chrome/145.0.0.0 Safari/537.36 (compatible; meta-externalagent/1.1 (+https://developers.facebook.com/docs/sharing/webmasters/crawler))" aatmaanfoundation.in 10.44.34.235
57.141.0.41 - - [04/Aug/2026:06:08:27 -0600] "GET /502.shtml HTTP/1.1" 404 6277 "-" "Mozilla/5.0 (Windows NT 10.0; Win64; x64) AppleWebKit/537.36 (KHTML, like Gecko) Chrome/145.0.0.0 Safari/537.36 (compatible; meta-externalagent/1.1 (+https://developers.facebook.com/docs/sharing/webmasters/crawler))" aatmaanfoundation.in 10.44.34.235
57.141.0.41 - - [04/Aug/2026:06:08:27 -0600] "GET /502.shtml HTTP/1.1" 404 6277 "-" "Mozilla/5.0 (Windows NT 10.0; Win64; x64) AppleWebKit/537.36 (KHTML, like Gecko) Chrome/145.0.0.0 Safari/537.36 (compatible; meta-externalagent/1.1 (+https://developers.facebook.com/docs/sharing/webmasters/crawler))" aatmaanfoundation.in 10.44.34.235
57.141.0.31 - - [04/Aug/2026:06:07:40 -0600] "GET /shopdetail/0501065266 HTTP/2.0" 502 - "-" "Mozilla/5.0 (Macintosh; Intel Mac OS X 10_15_7) AppleWebKit/537.36 (KHTML, like Gecko) Chrome/145.0.0.0 Safari/537.36 (compatible; meta-externalagent/1.1 (+https://developers.facebook.com/docs/sharing/webmasters/crawler))" aatmaanfoundation.in 10.44.34.235
57.141.0.20 - - [04/Aug/2026:06:07:43 -0600] "GET /shopdetail/2033522179 HTTP/2.0" 502 - "-" "Mozilla/5.0 (Windows NT 10.0; Win64; x64) AppleWebKit/537.36 (KHTML, like Gecko) Chrome/145.0.0.0 Safari/537.36 (compatible; meta-externalagent/1.1 (+https://developers.facebook.com/docs/sharing/webmasters/crawler))" aatmaanfoundation.in 10.44.34.235
57.141.0.27 - - [04/Aug/2026:06:07:43 -0600] "GET /shopdetail/7eb102168 HTTP/2.0" 502 - "-" "Mozilla/5.0 (Macintosh; Intel Mac OS X 10_15_7) AppleWebKit/537.36 (KHTML, like Gecko) Chrome/145.0.0.0 Safari/537.36 (compatible; meta-externalagent/1.1 (+https://developers.facebook.com/docs/sharing/webmasters/crawler))" aatmaanfoundation.in 10.44.34.235
57.141.0.54 - - [04/Aug/2026:06:08:27 -0600] "GET /502.shtml HTTP/1.1" 404 6277 "-" "Mozilla/5.0 (Windows NT 10.0; Win64; x64) AppleWebKit/537.36 (KHTML, like Gecko) Chrome/145.0.0.0 Safari/537.36 Edg/145.0.0.0 (compatible; meta-externalagent/1.1 (+https://developers.facebook.com/docs/sharing/webmasters/crawler))" aatmaanfoundation.in 10.44.34.235
57.141.0.54 - - [04/Aug/2026:06:08:27 -0600] "GET /502.shtml HTTP/1.1" 404 6277 "-" "Mozilla/5.0 (Windows NT 10.0; Win64; x64) AppleWebKit/537.36 (KHTML, like Gecko) Chrome/145.0.0.0 Safari/537.36 Edg/145.0.0.0 (compatible; meta-externalagent/1.1 (+https://developers.facebook.com/docs/sharing/webmasters/crawler))" aatmaanfoundation.in 10.44.34.235
57.141.0.16 - - [04/Aug/2026:06:07:45 -0600] "GET /shopdetail/4862924510 HTTP/2.0" 502 - "-" "Mozilla/5.0 (Windows NT 10.0; Win64; x64) AppleWebKit/537.36 (KHTML, like Gecko) Chrome/145.0.0.0 Safari/537.36 (compatible; meta-externalagent/1.1 (+https://developers.facebook.com/docs/sharing/webmasters/crawler))" aatmaanfoundation.in 10.44.34.235
57.141.0.53 - - [04/Aug/2026:06:08:28 -0600] "GET /shopdetail/004538278 HTTP/1.1" 404 6277 "-" "Mozilla/5.0 (Windows NT 10.0; Win64; x64) AppleWebKit/537.36 (KHTML, like Gecko) Chrome/145.0.0.0 Safari/537.36 (compatible; meta-externalagent/1.1 (+https://developers.facebook.com/docs/sharing/webmasters/crawler))" aatmaanfoundation.in 10.44.34.235
57.141.0.11 - - [04/Aug/2026:06:07:45 -0600] "GET /shopdetail/eda237785 HTTP/2.0" 502 - "-" "Mozilla/5.0 (Windows NT 10.0; Win64; x64) AppleWebKit/537.36 (KHTML, like Gecko) Chrome/145.0.0.0 Safari/537.36 (compatible; meta-externalagent/1.1 (+https://developers.facebook.com/docs/sharing/webmasters/crawler))" aatmaanfoundation.in 10.44.34.235
57.141.0.50 - - [04/Aug/2026:06:07:50 -0600] "GET /shopdetail/c55215731 HTTP/2.0" 502 - "-" "Mozilla/5.0 (Macintosh; Intel Mac OS X 10_15_7) AppleWebKit/537.36 (KHTML, like Gecko) Chrome/145.0.0.0 Safari/537.36 (compatible; meta-externalagent/1.1 (+https://developers.facebook.com/docs/sharing/webmasters/crawler))" aatmaanfoundation.in 10.44.34.235
57.141.0.25 - - [04/Aug/2026:06:08:29 -0600] "GET /502.shtml HTTP/1.1" 404 6277 "-" "Mozilla/5.0 (Macintosh; Intel Mac OS X 10_15_7) AppleWebKit/537.36 (KHTML, like Gecko) Chrome/145.0.0.0 Safari/537.36 (compatible; meta-externalagent/1.1 (+https://developers.facebook.com/docs/sharing/webmasters/crawler))" aatmaanfoundation.in 10.44.34.235
57.141.0.25 - - [04/Aug/2026:06:08:29 -0600] "GET /502.shtml HTTP/1.1" 404 6277 "-" "Mozilla/5.0 (Macintosh; Intel Mac OS X 10_15_7) AppleWebKit/537.36 (KHTML, like Gecko) Chrome/145.0.0.0 Safari/537.36 (compatible; meta-externalagent/1.1 (+https://developers.facebook.com/docs/sharing/webmasters/crawler))" aatmaanfoundation.in 10.44.34.235
57.141.0.21 - - [04/Aug/2026:06:08:29 -0600] "GET /shopdetail/0542811571 HTTP/1.1" 404 6277 "-" "Mozilla/5.0 (Windows NT 10.0; Win64; x64) AppleWebKit/537.36 (KHTML, like Gecko) Chrome/145.0.0.0 Safari/537.36 (compatible; meta-externalagent/1.1 (+https://developers.facebook.com/docs/sharing/webmasters/crawler))" aatmaanfoundation.in 10.44.34.235
57.141.0.41 - - [04/Aug/2026:06:08:30 -0600] "GET /shopdetail/17a569131 HTTP/1.1" 404 6277 "-" "Mozilla/5.0 (Windows NT 10.0; Win64; x64) AppleWebKit/537.36 (KHTML, like Gecko) Chrome/145.0.0.0 Safari/537.36 (compatible; meta-externalagent/1.1 (+https://developers.facebook.com/docs/sharing/webmasters/crawler))" aatmaanfoundation.in 10.44.34.235
57.141.0.30 - - [04/Aug/2026:06:08:30 -0600] "GET /502.shtml HTTP/1.1" 404 6277 "-" "Mozilla/5.0 (Windows NT 10.0; Win64; x64) AppleWebKit/537.36 (KHTML, like Gecko) Chrome/145.0.0.0 Safari/537.36 (compatible; meta-externalagent/1.1 (+https://developers.facebook.com/docs/sharing/webmasters/crawler))" aatmaanfoundation.in 10.44.34.235
57.141.0.30 - - [04/Aug/2026:06:08:30 -0600] "GET /502.shtml HTTP/1.1" 404 6277 "-" "Mozilla/5.0 (Windows NT 10.0; Win64; x64) AppleWebKit/537.36 (KHTML, like Gecko) Chrome/145.0.0.0 Safari/537.36 (compatible; meta-externalagent/1.1 (+https://developers.facebook.com/docs/sharing/webmasters/crawler))" aatmaanfoundation.in 10.44.34.235
57.141.0.22 - - [04/Aug/2026:06:09:31 -0600] "GET /?b=7839151599 HTTP/2.0" 500 - "-" "Mozilla/5.0 (Windows NT 10.0; Win64; x64) AppleWebKit/537.36 (KHTML, like Gecko) Chrome/145.0.0.0 Safari/537.36 (compatible; meta-externalagent/1.1 (+https://developers.facebook.com/docs/sharing/webmasters/crawler))" aatmaanfoundation.in 10.44.34.235
57.141.0.37 - - [04/Aug/2026:06:08:31 -0600] "GET /502.shtml HTTP/1.1" 404 6277 "-" "Mozilla/5.0 (Macintosh; Intel Mac OS X 10_15_7) AppleWebKit/537.36 (KHTML, like Gecko) Chrome/145.0.0.0 Safari/537.36 (compatible; meta-externalagent/1.1 (+https://developers.facebook.com/docs/sharing/webmasters/crawler))" aatmaanfoundation.in 10.44.34.235
57.141.0.37 - - [04/Aug/2026:06:08:31 -0600] "GET /502.shtml HTTP/1.1" 404 6277 "-" "Mozilla/5.0 (Macintosh; Intel Mac OS X 10_15_7) AppleWebKit/537.36 (KHTML, like Gecko) Chrome/145.0.0.0 Safari/537.36 (compatible; meta-externalagent/1.1 (+https://developers.facebook.com/docs/sharing/webmasters/crawler))" aatmaanfoundation.in 10.44.34.235
57.141.0.65 - - [04/Aug/2026:06:08:32 -0600] "GET /502.shtml HTTP/1.1" 404 6277 "-" "Mozilla/5.0 (Windows NT 10.0; Win64; x64) AppleWebKit/537.36 (KHTML, like Gecko) Chrome/145.0.0.0 Safari/537.36 (compatible; meta-externalagent/1.1 (+https://developers.facebook.com/docs/sharing/webmasters/crawler))" aatmaanfoundation.in 10.44.34.235
57.141.0.65 - - [04/Aug/2026:06:08:32 -0600] "GET /502.shtml HTTP/1.1" 404 6277 "-" "Mozilla/5.0 (Windows NT 10.0; Win64; x64) AppleWebKit/537.36 (KHTML, like Gecko) Chrome/145.0.0.0 Safari/537.36 (compatible; meta-externalagent/1.1 (+https://developers.facebook.com/docs/sharing/webmasters/crawler))" aatmaanfoundation.in 10.44.34.235
57.141.0.69 - - [04/Aug/2026:06:07:57 -0600] "GET /shopdetail/28b165818 HTTP/2.0" 502 - "-" "Mozilla/5.0 (Windows NT 10.0; Win64; x64) AppleWebKit/537.36 (KHTML, like Gecko) Chrome/145.0.0.0 Safari/537.36 (compatible; meta-externalagent/1.1 (+https://developers.facebook.com/docs/sharing/webmasters/crawler))" aatmaanfoundation.in 10.44.34.235
50.6.43.128 - - [04/Aug/2026:06:08:32 -0600] "POST /wp-cron.php?doing_wp_cron=1785845312.5126240253448486328125 HTTP/1.1" 200 - "-" "WordPress/7.0.2; https://aatmaanfoundation.in" aatmaanfoundation.in 10.44.34.235
57.141.0.42 - - [04/Aug/2026:06:08:00 -0600] "GET /shopdetail/9291569847 HTTP/2.0" 502 - "-" "Mozilla/5.0 (Windows NT 10.0; Win64; x64) AppleWebKit/537.36 (KHTML, like Gecko) Chrome/145.0.0.0 Safari/537.36 Edg/145.0.0.0 (compatible; meta-externalagent/1.1 (+https://developers.facebook.com/docs/sharing/webmasters/crawler))" aatmaanfoundation.in 10.44.34.235
57.141.0.32 - - [04/Aug/2026:06:08:33 -0600] "GET /shopdetail/9a73300767 HTTP/1.1" 404 6277 "-" "Mozilla/5.0 (Windows NT 10.0; Win64; x64) AppleWebKit/537.36 (KHTML, like Gecko) Chrome/145.0.0.0 Safari/537.36 (compatible; meta-externalagent/1.1 (+https://developers.facebook.com/docs/sharing/webmasters/crawler))" aatmaanfoundation.in 10.44.34.235
50.6.43.128 - - [04/Aug/2026:06:08:34 -0600] "POST /wp-cron.php?doing_wp_cron=1785845314.1262259483337402343750 HTTP/1.1" 200 - "-" "WordPress/7.0.2; https://aatmaanfoundation.in" aatmaanfoundation.in 10.44.34.235
57.141.0.13 - - [04/Aug/2026:06:08:34 -0600] "GET /502.shtml HTTP/1.1" 404 6277 "-" "Mozilla/5.0 (X11; Linux x86_64) AppleWebKit/537.36 (KHTML, like Gecko) Chrome/145.0.0.0 Safari/537.36 (compatible; meta-externalagent/1.1 (+https://developers.facebook.com/docs/sharing/webmasters/crawler))" aatmaanfoundation.in 10.44.34.235
57.141.0.13 - - [04/Aug/2026:06:08:34 -0600] "GET /502.shtml HTTP/1.1" 404 6277 "-" "Mozilla/5.0 (X11; Linux x86_64) AppleWebKit/537.36 (KHTML, like Gecko) Chrome/145.0.0.0 Safari/537.36 (compatible; meta-externalagent/1.1 (+https://developers.facebook.com/docs/sharing/webmasters/crawler))" aatmaanfoundation.in 10.44.34.235
57.141.0.56 - - [04/Aug/2026:06:08:34 -0600] "GET /502.shtml HTTP/1.1" 404 6277 "-" "Mozilla/5.0 (Windows NT 10.0; Win64; x64) AppleWebKit/537.36 (KHTML, like Gecko) Chrome/145.0.0.0 Safari/537.36 (compatible; meta-externalagent/1.1 (+https://developers.facebook.com/docs/sharing/webmasters/crawler))" aatmaanfoundation.in 10.44.34.235
57.141.0.56 - - [04/Aug/2026:06:08:34 -0600] "GET /502.shtml HTTP/1.1" 404 6277 "-" "Mozilla/5.0 (Windows NT 10.0; Win64; x64) AppleWebKit/537.36 (KHTML, like Gecko) Chrome/145.0.0.0 Safari/537.36 (compatible; meta-externalagent/1.1 (+https://developers.facebook.com/docs/sharing/webmasters/crawler))" aatmaanfoundation.in 10.44.34.235
57.141.0.66 - - [04/Aug/2026:06:08:34 -0600] "GET /shopdetail/954906918 HTTP/1.1" 404 6277 "-" "Mozilla/5.0 (Macintosh; Intel Mac OS X 10_15_7) AppleWebKit/537.36 (KHTML, like Gecko) Chrome/145.0.0.0 Safari/537.36 (compatible; meta-externalagent/1.1 (+https://developers.facebook.com/docs/sharing/webmasters/crawler))" aatmaanfoundation.in 10.44.34.235
57.141.0.7 - - [04/Aug/2026:06:08:35 -0600] "GET /shopdetail/c9c1189938 HTTP/1.1" 404 6277 "-" "Mozilla/5.0 (X11; Linux x86_64) AppleWebKit/537.36 (KHTML, like Gecko) Chrome/145.0.0.0 Safari/537.36 (compatible; meta-externalagent/1.1 (+https://developers.facebook.com/docs/sharing/webmasters/crawler))" aatmaanfoundation.in 10.44.34.235
50.6.43.128 - - [04/Aug/2026:06:08:36 -0600] "POST /wp-cron.php?doing_wp_cron=1785845316.2772500514984130859375 HTTP/1.1" 200 - "-" "WordPress/7.0.2; https://aatmaanfoundation.in" aatmaanfoundation.in 10.44.34.235
57.141.0.51 - - [04/Aug/2026:06:08:06 -0600] "GET /?y=24074147897 HTTP/2.0" 502 - "-" "Mozilla/5.0 (Windows NT 10.0; Win64; x64) AppleWebKit/537.36 (KHTML, like Gecko) Chrome/145.0.0.0 Safari/537.36 (compatible; meta-externalagent/1.1 (+https://developers.facebook.com/docs/sharing/webmasters/crawler))" aatmaanfoundation.in 10.44.34.235
57.141.0.50 - - [04/Aug/2026:06:08:08 -0600] "GET /?b=7839136672 HTTP/2.0" 502 - "-" "Mozilla/5.0 (Macintosh; Intel Mac OS X 10_15_7) AppleWebKit/537.36 (KHTML, like Gecko) Chrome/145.0.0.0 Safari/537.36 (compatible; meta-externalagent/1.1 (+https://developers.facebook.com/docs/sharing/webmasters/crawler))" aatmaanfoundation.in 10.44.34.235
57.141.0.62 - - [04/Aug/2026:06:08:13 -0600] "GET /shopdetail/d333968279 HTTP/2.0" 502 - "-" "Mozilla/5.0 (X11; Linux x86_64) AppleWebKit/537.36 (KHTML, like Gecko) Chrome/145.0.0.0 Safari/537.36 (compatible; meta-externalagent/1.1 (+https://developers.facebook.com/docs/sharing/webmasters/crawler))" aatmaanfoundation.in 10.44.34.235
57.141.0.7 - - [04/Aug/2026:06:08:37 -0600] "GET /shopdetail/918626215 HTTP/1.1" 404 6277 "-" "Mozilla/5.0 (Macintosh; Intel Mac OS X 10_15_7) AppleWebKit/537.36 (KHTML, like Gecko) Chrome/145.0.0.0 Safari/537.36 (compatible; meta-externalagent/1.1 (+https://developers.facebook.com/docs/sharing/webmasters/crawler))" aatmaanfoundation.in 10.44.34.235
57.141.0.32 - - [04/Aug/2026:06:08:37 -0600] "GET /shopdetail/e223982349 HTTP/1.1" 404 6277 "-" "Mozilla/5.0 (Macintosh; Intel Mac OS X 10_15_7) AppleWebKit/537.36 (KHTML, like Gecko) Chrome/145.0.0.0 Safari/537.36 (compatible; meta-externalagent/1.1 (+https://developers.facebook.com/docs/sharing/webmasters/crawler))" aatmaanfoundation.in 10.44.34.235
57.141.0.62 - - [04/Aug/2026:06:08:38 -0600] "GET /502.shtml HTTP/1.1" 404 6277 "-" "Mozilla/5.0 (Windows NT 10.0; Win64; x64) AppleWebKit/537.36 (KHTML, like Gecko) Chrome/145.0.0.0 Safari/537.36 (compatible; meta-externalagent/1.1 (+https://developers.facebook.com/docs/sharing/webmasters/crawler))" aatmaanfoundation.in 10.44.34.235
57.141.0.18 - - [04/Aug/2026:06:08:39 -0600] "GET /502.shtml HTTP/1.1" 404 6277 "-" "Mozilla/5.0 (Macintosh; Intel Mac OS X 10_15_7) AppleWebKit/537.36 (KHTML, like Gecko) Chrome/145.0.0.0 Safari/537.36 (compatible; meta-externalagent/1.1 (+https://developers.facebook.com/docs/sharing/webmasters/crawler))" aatmaanfoundation.in 10.44.34.235
50.6.43.128 - - [04/Aug/2026:06:08:42 -0600] "POST /wp-cron.php?doing_wp_cron=1785845322.2193300724029541015625 HTTP/1.1" 200 - "-" "WordPress/7.0.2; https://aatmaanfoundation.in" aatmaanfoundation.in 10.44.34.235
50.6.43.128 - - [04/Aug/2026:06:08:43 -0600] "POST /wp-cron.php?doing_wp_cron=1785845323.2723479270935058593750 HTTP/1.1" 200 - "-" "WordPress/7.0.2; https://aatmaanfoundation.in" aatmaanfoundation.in 10.44.34.235
50.6.43.128 - - [04/Aug/2026:06:08:44 -0600] "POST /wp-cron.php?doing_wp_cron=1785845324.3261079788208007812500 HTTP/1.1" 200 - "-" "WordPress/7.0.2; https://aatmaanfoundation.in" aatmaanfoundation.in 10.44.34.235
57.141.0.71 - - [04/Aug/2026:06:08:45 -0600] "GET /502.shtml HTTP/1.1" 404 6277 "-" "Mozilla/5.0 (Windows NT 10.0; Win64; x64) AppleWebKit/537.36 (KHTML, like Gecko) Chrome/145.0.0.0 Safari/537.36 (compatible; meta-externalagent/1.1 (+https://developers.facebook.com/docs/sharing/webmasters/crawler))" aatmaanfoundation.in 10.44.34.235
57.141.0.32 - - [04/Aug/2026:06:08:45 -0600] "GET /502.shtml HTTP/1.1" 404 6277 "-" "Mozilla/5.0 (Macintosh; Intel Mac OS X 10.15; rv:147.0) Gecko/20100101 Firefox/147.0 (compatible; meta-externalagent/1.1 (+https://developers.facebook.com/docs/sharing/webmasters/crawler))" aatmaanfoundation.in 10.44.34.235
57.141.0.32 - - [04/Aug/2026:06:08:45 -0600] "GET /502.shtml HTTP/1.1" 404 6277 "-" "Mozilla/5.0 (Macintosh; Intel Mac OS X 10.15; rv:147.0) Gecko/20100101 Firefox/147.0 (compatible; meta-externalagent/1.1 (+https://developers.facebook.com/docs/sharing/webmasters/crawler))" aatmaanfoundation.in 10.44.34.235
57.141.0.5 - - [04/Aug/2026:06:08:47 -0600] "GET /502.shtml HTTP/1.1" 404 6277 "-" "Mozilla/5.0 (Macintosh; Intel Mac OS X 10_15_7) AppleWebKit/537.36 (KHTML, like Gecko) Chrome/145.0.0.0 Safari/537.36 (compatible; meta-externalagent/1.1 (+https://developers.facebook.com/docs/sharing/webmasters/crawler))" aatmaanfoundation.in 10.44.34.235
57.141.0.6 - - [04/Aug/2026:06:08:48 -0600] "GET /502.shtml HTTP/1.1" 404 6277 "-" "Mozilla/5.0 (Macintosh; Intel Mac OS X 10_15_7) AppleWebKit/537.36 (KHTML, like Gecko) Chrome/145.0.0.0 Safari/537.36 (compatible; meta-externalagent/1.1 (+https://developers.facebook.com/docs/sharing/webmasters/crawler))" aatmaanfoundation.in 10.44.34.235
57.141.0.59 - - [04/Aug/2026:06:08:20 -0600] "GET /shopdetail/b03121392 HTTP/2.0" 502 - "-" "Mozilla/5.0 (Windows NT 10.0; Win64; x64) AppleWebKit/537.36 (KHTML, like Gecko) Chrome/145.0.0.0 Safari/537.36 (compatible; meta-externalagent/1.1 (+https://developers.facebook.com/docs/sharing/webmasters/crawler))" aatmaanfoundation.in 10.44.34.235
57.141.0.14 - - [04/Aug/2026:06:08:51 -0600] "GET /502.shtml HTTP/1.1" 404 6277 "-" "Mozilla/5.0 (Macintosh; Intel Mac OS X 10_15_7) AppleWebKit/537.36 (KHTML, like Gecko) Chrome/145.0.0.0 Safari/537.36 (compatible; meta-externalagent/1.1 (+https://developers.facebook.com/docs/sharing/webmasters/crawler))" aatmaanfoundation.in 10.44.34.235
50.6.43.128 - - [04/Aug/2026:06:08:52 -0600] "POST /wp-cron.php?doing_wp_cron=1785845332.9356200695037841796875 HTTP/1.1" 200 - "-" "WordPress/7.0.2; https://aatmaanfoundation.in" aatmaanfoundation.in 10.44.34.235
57.141.0.33 - - [04/Aug/2026:06:08:21 -0600] "GET /?t=44271239262 HTTP/2.0" 502 - "-" "Mozilla/5.0 (X11; Linux x86_64) AppleWebKit/537.36 (KHTML, like Gecko) Chrome/145.0.0.0 Safari/537.36 (compatible; meta-externalagent/1.1 (+https://developers.facebook.com/docs/sharing/webmasters/crawler))" aatmaanfoundation.in 10.44.34.235
57.141.0.46 - - [04/Aug/2026:06:08:53 -0600] "GET /502.shtml HTTP/1.1" 404 6277 "-" "Mozilla/5.0 (Windows NT 10.0; Win64; x64) AppleWebKit/537.36 (KHTML, like Gecko) Chrome/145.0.0.0 Safari/537.36 (compatible; meta-externalagent/1.1 (+https://developers.facebook.com/docs/sharing/webmasters/crawler))" aatmaanfoundation.in 10.44.34.235
50.6.43.128 - - [04/Aug/2026:06:08:54 -0600] "POST /wp-cron.php?doing_wp_cron=1785845333.9965291023254394531250 HTTP/1.1" 200 - "-" "WordPress/7.0.2; https://aatmaanfoundation.in" aatmaanfoundation.in 10.44.34.235
57.141.0.61 - - [04/Aug/2026:06:08:55 -0600] "GET /502.shtml HTTP/1.1" 404 6277 "-" "Mozilla/5.0 (Windows NT 10.0; Win64; x64) AppleWebKit/537.36 (KHTML, like Gecko) Chrome/145.0.0.0 Safari/537.36 (compatible; meta-externalagent/1.1 (+https://developers.facebook.com/docs/sharing/webmasters/crawler))" aatmaanfoundation.in 10.44.34.235
57.141.0.61 - - [04/Aug/2026:06:08:55 -0600] "GET /502.shtml HTTP/1.1" 404 6277 "-" "Mozilla/5.0 (Windows NT 10.0; Win64; x64) AppleWebKit/537.36 (KHTML, like Gecko) Chrome/145.0.0.0 Safari/537.36 (compatible; meta-externalagent/1.1 (+https://developers.facebook.com/docs/sharing/webmasters/crawler))" aatmaanfoundation.in 10.44.34.235
57.141.0.62 - - [04/Aug/2026:06:08:22 -0600] "GET /shopdetail/75a1522384 HTTP/2.0" 502 - "-" "Mozilla/5.0 (Windows NT 10.0; Win64; x64) AppleWebKit/537.36 (KHTML, like Gecko) Chrome/145.0.0.0 Safari/537.36 (compatible; meta-externalagent/1.1 (+https://developers.facebook.com/docs/sharing/webmasters/crawler))" aatmaanfoundation.in 10.44.34.235
57.141.0.19 - - [04/Aug/2026:06:08:25 -0600] "GET /shopdetail/858679710 HTTP/2.0" 502 - "-" "Mozilla/5.0 (Windows NT 10.0; Win64; x64) AppleWebKit/537.36 (KHTML, like Gecko) Chrome/145.0.0.0 Safari/537.36 (compatible; meta-externalagent/1.1 (+https://developers.facebook.com/docs/sharing/webmasters/crawler))" aatmaanfoundation.in 10.44.34.235
50.6.43.128 - - [04/Aug/2026:06:08:57 -0600] "POST /wp-cron.php?doing_wp_cron=1785845337.4685800075531005859375 HTTP/1.1" 200 - "-" "WordPress/7.0.2; https://aatmaanfoundation.in" aatmaanfoundation.in 10.44.34.235
57.141.0.39 - - [04/Aug/2026:06:08:26 -0600] "GET /shopdetail/c75256812 HTTP/2.0" 502 - "-" "Mozilla/5.0 (Windows NT 10.0; Win64; x64) AppleWebKit/537.36 (KHTML, like Gecko) Chrome/145.0.0.0 Safari/537.36 (compatible; meta-externalagent/1.1 (+https://developers.facebook.com/docs/sharing/webmasters/crawler))" aatmaanfoundation.in 10.44.34.235
57.141.0.27 - - [04/Aug/2026:06:17:25 -0600] "GET /cgi-sys/500.html HTTP/1.1" 404 - "-" "Mozilla/5.0 (Windows NT 10.0; Win64; x64) AppleWebKit/537.36 (KHTML, like Gecko) Chrome/145.0.0.0 Safari/537.36 (compatible; meta-externalagent/1.1 (+https://developers.facebook.com/docs/sharing/webmasters/crawler))" aatmaanfoundation.in 10.44.34.235
57.141.0.27 - - [04/Aug/2026:06:11:41 -0600] "GET /shopdetail/293808422 HTTP/2.0" 404 355 "-" "Mozilla/5.0 (Windows NT 10.0; Win64; x64) AppleWebKit/537.36 (KHTML, like Gecko) Chrome/145.0.0.0 Safari/537.36 (compatible; meta-externalagent/1.1 (+https://developers.facebook.com/docs/sharing/webmasters/crawler))" aatmaanfoundation.in 10.44.34.235
57.141.0.53 - - [04/Aug/2026:06:08:28 -0600] "GET /shopdetail/004538278 HTTP/2.0" 502 - "-" "Mozilla/5.0 (Windows NT 10.0; Win64; x64) AppleWebKit/537.36 (KHTML, like Gecko) Chrome/145.0.0.0 Safari/537.36 (compatible; meta-externalagent/1.1 (+https://developers.facebook.com/docs/sharing/webmasters/crawler))" aatmaanfoundation.in 10.44.34.235
57.141.0.21 - - [04/Aug/2026:06:08:29 -0600] "GET /shopdetail/0542811571 HTTP/2.0" 502 - "-" "Mozilla/5.0 (Windows NT 10.0; Win64; x64) AppleWebKit/537.36 (KHTML, like Gecko) Chrome/145.0.0.0 Safari/537.36 (compatible; meta-externalagent/1.1 (+https://developers.facebook.com/docs/sharing/webmasters/crawler))" aatmaanfoundation.in 10.44.34.235
57.141.0.41 - - [04/Aug/2026:06:08:30 -0600] "GET /shopdetail/17a569131 HTTP/2.0" 502 - "-" "Mozilla/5.0 (Windows NT 10.0; Win64; x64) AppleWebKit/537.36 (KHTML, like Gecko) Chrome/145.0.0.0 Safari/537.36 (compatible; meta-externalagent/1.1 (+https://developers.facebook.com/docs/sharing/webmasters/crawler))" aatmaanfoundation.in 10.44.34.235
57.141.0.32 - - [04/Aug/2026:06:08:33 -0600] "GET /shopdetail/9a73300767 HTTP/2.0" 502 - "-" "Mozilla/5.0 (Windows NT 10.0; Win64; x64) AppleWebKit/537.36 (KHTML, like Gecko) Chrome/145.0.0.0 Safari/537.36 (compatible; meta-externalagent/1.1 (+https://developers.facebook.com/docs/sharing/webmasters/crawler))" aatmaanfoundation.in 10.44.34.235
57.141.0.66 - - [04/Aug/2026:06:08:34 -0600] "GET /shopdetail/954906918 HTTP/2.0" 502 - "-" "Mozilla/5.0 (Macintosh; Intel Mac OS X 10_15_7) AppleWebKit/537.36 (KHTML, like Gecko) Chrome/145.0.0.0 Safari/537.36 (compatible; meta-externalagent/1.1 (+https://developers.facebook.com/docs/sharing/webmasters/crawler))" aatmaanfoundation.in 10.44.34.235
57.141.0.7 - - [04/Aug/2026:06:08:35 -0600] "GET /shopdetail/c9c1189938 HTTP/2.0" 502 - "-" "Mozilla/5.0 (X11; Linux x86_64) AppleWebKit/537.36 (KHTML, like Gecko) Chrome/145.0.0.0 Safari/537.36 (compatible; meta-externalagent/1.1 (+https://developers.facebook.com/docs/sharing/webmasters/crawler))" aatmaanfoundation.in 10.44.34.235
50.6.43.128 - - [04/Aug/2026:06:08:58 -0600] "POST /wp-cron.php?doing_wp_cron=1785845338.7878150939941406250000 HTTP/1.1" 200 - "-" "WordPress/7.0.2; https://aatmaanfoundation.in" aatmaanfoundation.in 10.44.34.235
57.141.0.21 - - [04/Aug/2026:06:08:59 -0600] "GET /502.shtml HTTP/1.1" 404 6277 "-" "Mozilla/5.0 (X11; Linux x86_64) AppleWebKit/537.36 (KHTML, like Gecko) Chrome/145.0.0.0 Safari/537.36 (compatible; meta-externalagent/1.1 (+https://developers.facebook.com/docs/sharing/webmasters/crawler))" aatmaanfoundation.in 10.44.34.235
50.6.43.128 - - [04/Aug/2026:06:09:00 -0600] "POST /wp-cron.php?doing_wp_cron=1785845340.1990900039672851562500 HTTP/1.1" 200 - "-" "WordPress/7.0.2; https://aatmaanfoundation.in" aatmaanfoundation.in 10.44.34.235
50.6.43.128 - - [04/Aug/2026:06:09:01 -0600] "POST /wp-cron.php?doing_wp_cron=1785845341.7178549766540527343750 HTTP/1.1" 200 - "-" "WordPress/7.0.2; https://aatmaanfoundation.in" aatmaanfoundation.in 10.44.34.235
57.141.0.59 - - [04/Aug/2026:06:09:02 -0600] "GET /shopdetail/1f01987907 HTTP/1.1" 404 6277 "-" "Mozilla/5.0 (Macintosh; Intel Mac OS X 10.15; rv:147.0) Gecko/20100101 Firefox/147.0 (compatible; meta-externalagent/1.1 (+https://developers.facebook.com/docs/sharing/webmasters/crawler))" aatmaanfoundation.in 10.44.34.235
57.141.0.59 - - [04/Aug/2026:06:09:02 -0600] "GET /shopdetail/1f01987907 HTTP/2.0" 502 - "-" "Mozilla/5.0 (Macintosh; Intel Mac OS X 10.15; rv:147.0) Gecko/20100101 Firefox/147.0 (compatible; meta-externalagent/1.1 (+https://developers.facebook.com/docs/sharing/webmasters/crawler))" aatmaanfoundation.in 10.44.34.235
50.6.43.128 - - [04/Aug/2026:06:09:05 -0600] "POST /wp-cron.php?doing_wp_cron=1785845345.5305850505828857421875 HTTP/1.1" 200 - "-" "WordPress/7.0.2; https://aatmaanfoundation.in" aatmaanfoundation.in 10.44.34.235
57.141.0.56 - - [04/Aug/2026:06:09:08 -0600] "GET /?j=8149380334 HTTP/2.0" 502 - "-" "Mozilla/5.0 (Windows NT 10.0; Win64; x64) AppleWebKit/537.36 (KHTML, like Gecko) Chrome/145.0.0.0 Safari/537.36 Edg/145.0.0.0 (compatible; meta-externalagent/1.1 (+https://developers.facebook.com/docs/sharing/webmasters/crawler))" aatmaanfoundation.in 10.44.34.235
50.6.43.128 - - [04/Aug/2026:06:09:06 -0600] "POST /wp-cron.php?doing_wp_cron=1785845346.8203370571136474609375 HTTP/1.1" 200 - "-" "WordPress/7.0.2; https://aatmaanfoundation.in" aatmaanfoundation.in 10.44.34.235
57.141.0.56 - - [04/Aug/2026:06:09:08 -0600] "GET /?j=8149380334 HTTP/1.1" 200 12141 "-" "Mozilla/5.0 (Windows NT 10.0; Win64; x64) AppleWebKit/537.36 (KHTML, like Gecko) Chrome/145.0.0.0 Safari/537.36 Edg/145.0.0.0 (compatible; meta-externalagent/1.1 (+https://developers.facebook.com/docs/sharing/webmasters/crawler))" aatmaanfoundation.in 10.44.34.235
57.141.0.21 - - [04/Aug/2026:06:09:19 -0600] "GET /shopdetail/e87722460 HTTP/2.0" 502 - "-" "Mozilla/5.0 (Windows NT 10.0; Win64; x64) AppleWebKit/537.36 (KHTML, like Gecko) Chrome/145.0.0.0 Safari/537.36 (compatible; meta-externalagent/1.1 (+https://developers.facebook.com/docs/sharing/webmasters/crawler))" aatmaanfoundation.in 10.44.34.235
66.249.64.230 - - [04/Aug/2026:06:18:23 -0600] "GET /?v=7003936852 HTTP/1.1" 429 267 "-" "Mozilla/5.0 (Linux; Android 6.0.1; Nexus 5X Build/MMB29P) AppleWebKit/537.36 (KHTML, like Gecko) Chrome/150.0.7871.186 Mobile Safari/537.36 (compatible; Googlebot/2.1; +http://www.google.com/bot.html)" aatmaanfoundation.in 10.44.34.235
66.249.64.230 - - [04/Aug/2026:06:18:23 -0600] "GET /?v=7003936852 HTTP/1.1" 429 267 "-" "Mozilla/5.0 (Linux; Android 6.0.1; Nexus 5X Build/MMB29P) AppleWebKit/537.36 (KHTML, like Gecko) Chrome/150.0.7871.186 Mobile Safari/537.36 (compatible; Googlebot/2.1; +http://www.google.com/bot.html)" aatmaanfoundation.in 10.44.34.235
57.141.0.53 - - [04/Aug/2026:06:18:32 -0600] "GET /502.shtml HTTP/1.1" 429 267 "-" "Mozilla/5.0 (Macintosh; Intel Mac OS X 10_15_7) AppleWebKit/537.36 (KHTML, like Gecko) Chrome/145.0.0.0 Safari/537.36 (compatible; meta-externalagent/1.1 (+https://developers.facebook.com/docs/sharing/webmasters/crawler))" aatmaanfoundation.in 10.44.34.235
57.141.0.24 - - [04/Aug/2026:06:09:37 -0600] "GET /?j=81493136537 HTTP/2.0" 502 - "-" "Mozilla/5.0 (Macintosh; Intel Mac OS X 10_15_7) AppleWebKit/537.36 (KHTML, like Gecko) Chrome/145.0.0.0 Safari/537.36 (compatible; meta-externalagent/1.1 (+https://developers.facebook.com/docs/sharing/webmasters/crawler))" aatmaanfoundation.in 10.44.34.235
50.6.43.128 - - [04/Aug/2026:06:18:39 -0600] "POST /wp-cron.php?doing_wp_cron=1785845919.6063010692596435546875 HTTP/1.1" 429 267 "-" "WordPress/7.0.2; https://aatmaanfoundation.in" aatmaanfoundation.in 10.44.34.235
57.141.0.22 - - [04/Aug/2026:06:09:13 -0600] "GET /502.shtml HTTP/1.1" 404 6277 "-" "Mozilla/5.0 (X11; Linux x86_64) AppleWebKit/537.36 (KHTML, like Gecko) Chrome/145.0.0.0 Safari/537.36 (compatible; meta-externalagent/1.1 (+https://developers.facebook.com/docs/sharing/webmasters/crawler))" aatmaanfoundation.in 10.44.34.235
50.6.43.128 - - [04/Aug/2026:06:09:15 -0600] "POST /wp-cron.php?doing_wp_cron=1785845355.1434409618377685546875 HTTP/1.1" 200 - "-" "WordPress/7.0.2; https://aatmaanfoundation.in" aatmaanfoundation.in 10.44.34.235
50.6.43.128 - - [04/Aug/2026:06:09:16 -0600] "POST /wp-cron.php?doing_wp_cron=1785845356.6940970420837402343750 HTTP/1.1" 200 - "-" "WordPress/7.0.2; https://aatmaanfoundation.in" aatmaanfoundation.in 10.44.34.235
50.6.43.128 - - [04/Aug/2026:06:09:17 -0600] "POST /wp-cron.php?doing_wp_cron=1785845357.9617469310760498046875 HTTP/1.1" 200 - "-" "WordPress/7.0.2; https://aatmaanfoundation.in" aatmaanfoundation.in 10.44.34.235
57.141.0.39 - - [04/Aug/2026:06:09:18 -0600] "GET /502.shtml HTTP/1.1" 404 6277 "-" "Mozilla/5.0 (Windows NT 10.0; Win64; x64) AppleWebKit/537.36 (KHTML, like Gecko) Chrome/145.0.0.0 Safari/537.36 (compatible; meta-externalagent/1.1 (+https://developers.facebook.com/docs/sharing/webmasters/crawler))" aatmaanfoundation.in 10.44.34.235
57.141.0.5 - - [04/Aug/2026:06:19:19 -0600] "GET /502.shtml HTTP/1.1" 429 267 "-" "Mozilla/5.0 (Macintosh; Intel Mac OS X 10_15_7) AppleWebKit/537.36 (KHTML, like Gecko) Chrome/145.0.0.0 Safari/537.36 (compatible; meta-externalagent/1.1 (+https://developers.facebook.com/docs/sharing/webmasters/crawler))" aatmaanfoundation.in 10.44.34.235
57.141.0.5 - - [04/Aug/2026:06:13:43 -0600] "GET /?k=65816108303 HTTP/2.0" 429 267 "-" "Mozilla/5.0 (Macintosh; Intel Mac OS X 10_15_7) AppleWebKit/537.36 (KHTML, like Gecko) Chrome/145.0.0.0 Safari/537.36 (compatible; meta-externalagent/1.1 (+https://developers.facebook.com/docs/sharing/webmasters/crawler))" aatmaanfoundation.in 10.44.34.235
57.141.0.10 - - [04/Aug/2026:06:19:28 -0600] "GET /502.shtml HTTP/1.1" 429 267 "-" "Mozilla/5.0 (Macintosh; Intel Mac OS X 10_15_7) AppleWebKit/537.36 (KHTML, like Gecko) Chrome/145.0.0.0 Safari/537.36 (compatible; meta-externalagent/1.1 (+https://developers.facebook.com/docs/sharing/webmasters/crawler))" aatmaanfoundation.in 10.44.34.235
57.141.0.10 - - [04/Aug/2026:06:19:28 -0600] "GET /502.shtml HTTP/1.1" 429 267 "-" "Mozilla/5.0 (Macintosh; Intel Mac OS X 10_15_7) AppleWebKit/537.36 (KHTML, like Gecko) Chrome/145.0.0.0 Safari/537.36 (compatible; meta-externalagent/1.1 (+https://developers.facebook.com/docs/sharing/webmasters/crawler))" aatmaanfoundation.in 10.44.34.235
57.141.0.10 - - [04/Aug/2026:06:14:10 -0600] "GET /?j=814931063 HTTP/2.0" 429 267 "-" "Mozilla/5.0 (Macintosh; Intel Mac OS X 10_15_7) AppleWebKit/537.36 (KHTML, like Gecko) Chrome/145.0.0.0 Safari/537.36 (compatible; meta-externalagent/1.1 (+https://developers.facebook.com/docs/sharing/webmasters/crawler))" aatmaanfoundation.in 10.44.34.235
57.141.0.60 - - [04/Aug/2026:06:19:30 -0600] "GET /502.shtml HTTP/1.1" 429 267 "-" "Mozilla/5.0 (X11; Linux x86_64) AppleWebKit/537.36 (KHTML, like Gecko) Chrome/145.0.0.0 Safari/537.36 (compatible; meta-externalagent/1.1 (+https://developers.facebook.com/docs/sharing/webmasters/crawler))" aatmaanfoundation.in 10.44.34.235
57.141.0.60 - - [04/Aug/2026:06:14:27 -0600] "GET /?k=6581688114 HTTP/2.0" 429 267 "-" "Mozilla/5.0 (X11; Linux x86_64) AppleWebKit/537.36 (KHTML, like Gecko) Chrome/145.0.0.0 Safari/537.36 (compatible; meta-externalagent/1.1 (+https://developers.facebook.com/docs/sharing/webmasters/crawler))" aatmaanfoundation.in 10.44.34.235
57.141.0.27 - - [04/Aug/2026:06:19:57 -0600] "GET /?b=78391283735 HTTP/1.1" 429 267 "-" "Mozilla/5.0 (Macintosh; Intel Mac OS X 10_15_7) AppleWebKit/537.36 (KHTML, like Gecko) Chrome/145.0.0.0 Safari/537.36 (compatible; meta-externalagent/1.1 (+https://developers.facebook.com/docs/sharing/webmasters/crawler))" aatmaanfoundation.in 10.44.34.235
57.141.0.27 - - [04/Aug/2026:06:19:57 -0600] "GET /?b=78391283735 HTTP/2.0" 429 267 "-" "Mozilla/5.0 (Macintosh; Intel Mac OS X 10_15_7) AppleWebKit/537.36 (KHTML, like Gecko) Chrome/145.0.0.0 Safari/537.36 (compatible; meta-externalagent/1.1 (+https://developers.facebook.com/docs/sharing/webmasters/crawler))" aatmaanfoundation.in 10.44.34.235
57.141.0.30 - - [04/Aug/2026:06:20:12 -0600] "GET /?e=3736673838 HTTP/1.1" 429 267 "-" "Mozilla/5.0 (Windows NT 10.0; Win64; x64) AppleWebKit/537.36 (KHTML, like Gecko) Chrome/145.0.0.0 Safari/537.36 (compatible; meta-externalagent/1.1 (+https://developers.facebook.com/docs/sharing/webmasters/crawler))" aatmaanfoundation.in 10.44.34.235
57.141.0.30 - - [04/Aug/2026:06:20:12 -0600] "GET /?e=3736673838 HTTP/2.0" 429 267 "-" "Mozilla/5.0 (Windows NT 10.0; Win64; x64) AppleWebKit/537.36 (KHTML, like Gecko) Chrome/145.0.0.0 Safari/537.36 (compatible; meta-externalagent/1.1 (+https://developers.facebook.com/docs/sharing/webmasters/crawler))" aatmaanfoundation.in 10.44.34.235
57.141.0.5 - - [04/Aug/2026:06:20:34 -0600] "GET /502.shtml HTTP/1.1" 429 267 "-" "Mozilla/5.0 (Windows NT 10.0; Win64; x64) AppleWebKit/537.36 (KHTML, like Gecko) Chrome/145.0.0.0 Safari/537.36 (compatible; meta-externalagent/1.1 (+https://developers.facebook.com/docs/sharing/webmasters/crawler))" aatmaanfoundation.in 10.44.34.235
57.141.0.5 - - [04/Aug/2026:06:15:30 -0600] "GET /?z=86995263257 HTTP/2.0" 429 267 "-" "Mozilla/5.0 (Windows NT 10.0; Win64; x64) AppleWebKit/537.36 (KHTML, like Gecko) Chrome/145.0.0.0 Safari/537.36 (compatible; meta-externalagent/1.1 (+https://developers.facebook.com/docs/sharing/webmasters/crawler))" aatmaanfoundation.in 10.44.34.235
57.141.0.19 - - [04/Aug/2026:06:20:40 -0600] "GET /502.shtml HTTP/1.1" 429 267 "-" "Mozilla/5.0 (Windows NT 10.0; Win64; x64) AppleWebKit/537.36 (KHTML, like Gecko) Chrome/145.0.0.0 Safari/537.36 (compatible; meta-externalagent/1.1 (+https://developers.facebook.com/docs/sharing/webmasters/crawler))" aatmaanfoundation.in 10.44.34.235
57.141.0.19 - - [04/Aug/2026:06:16:20 -0600] "GET /?k=65816399 HTTP/2.0" 429 267 "-" "Mozilla/5.0 (Windows NT 10.0; Win64; x64) AppleWebKit/537.36 (KHTML, like Gecko) Chrome/145.0.0.0 Safari/537.36 (compatible; meta-externalagent/1.1 (+https://developers.facebook.com/docs/sharing/webmasters/crawler))" aatmaanfoundation.in 10.44.34.235
57.141.0.10 - - [04/Aug/2026:06:20:42 -0600] "GET /502.shtml HTTP/1.1" 429 267 "-" "Mozilla/5.0 (Macintosh; Intel Mac OS X 10_15_7) AppleWebKit/537.36 (KHTML, like Gecko) Chrome/145.0.0.0 Safari/537.36 (compatible; meta-externalagent/1.1 (+https://developers.facebook.com/docs/sharing/webmasters/crawler))" aatmaanfoundation.in 10.44.34.235
57.141.0.10 - - [04/Aug/2026:06:17:05 -0600] "GET /?z=86995151333 HTTP/2.0" 429 267 "-" "Mozilla/5.0 (Macintosh; Intel Mac OS X 10_15_7) AppleWebKit/537.36 (KHTML, like Gecko) Chrome/145.0.0.0 Safari/537.36 (compatible; meta-externalagent/1.1 (+https://developers.facebook.com/docs/sharing/webmasters/crawler))" aatmaanfoundation.in 10.44.34.235
57.141.0.70 - - [04/Aug/2026:06:20:44 -0600] "GET /502.shtml HTTP/1.1" 429 267 "-" "Mozilla/5.0 (Windows NT 10.0; Win64; x64) AppleWebKit/537.36 (KHTML, like Gecko) Chrome/145.0.0.0 Safari/537.36 (compatible; meta-externalagent/1.1 (+https://developers.facebook.com/docs/sharing/webmasters/crawler))" aatmaanfoundation.in 10.44.34.235
57.141.0.70 - - [04/Aug/2026:06:17:21 -0600] "GET /?b=78391240252 HTTP/2.0" 429 267 "-" "Mozilla/5.0 (Windows NT 10.0; Win64; x64) AppleWebKit/537.36 (KHTML, like Gecko) Chrome/145.0.0.0 Safari/537.36 (compatible; meta-externalagent/1.1 (+https://developers.facebook.com/docs/sharing/webmasters/crawler))" aatmaanfoundation.in 10.44.34.235
57.141.0.4 - - [04/Aug/2026:06:20:44 -0600] "GET /502.shtml HTTP/1.1" 429 267 "-" "Mozilla/5.0 (Windows NT 10.0; Win64; x64) AppleWebKit/537.36 (KHTML, like Gecko) Chrome/145.0.0.0 Safari/537.36 (compatible; meta-externalagent/1.1 (+https://developers.facebook.com/docs/sharing/webmasters/crawler))" aatmaanfoundation.in 10.44.34.235
57.141.0.4 - - [04/Aug/2026:06:17:22 -0600] "GET /?j=8149362886 HTTP/2.0" 429 267 "-" "Mozilla/5.0 (Windows NT 10.0; Win64; x64) AppleWebKit/537.36 (KHTML, like Gecko) Chrome/145.0.0.0 Safari/537.36 (compatible; meta-externalagent/1.1 (+https://developers.facebook.com/docs/sharing/webmasters/crawler))" aatmaanfoundation.in 10.44.34.235
57.141.0.68 - - [04/Aug/2026:06:11:30 -0600] "GET /?b=7839197431 HTTP/2.0" 502 - "-" "Mozilla/5.0 (Windows NT 10.0; Win64; x64) AppleWebKit/537.36 (KHTML, like Gecko) Chrome/145.0.0.0 Safari/537.36 (compatible; meta-externalagent/1.1 (+https://developers.facebook.com/docs/sharing/webmasters/crawler))" aatmaanfoundation.in 10.44.34.235
57.141.0.58 - - [04/Aug/2026:06:20:45 -0600] "GET /502.shtml HTTP/1.1" 429 267 "-" "Mozilla/5.0 (Windows NT 10.0; Win64; x64) AppleWebKit/537.36 (KHTML, like Gecko) Chrome/145.0.0.0 Safari/537.36 (compatible; meta-externalagent/1.1 (+https://developers.facebook.com/docs/sharing/webmasters/crawler))" aatmaanfoundation.in 10.44.34.235
57.141.0.58 - - [04/Aug/2026:06:17:41 -0600] "GET /?z=8699581399 HTTP/2.0" 429 267 "-" "Mozilla/5.0 (Windows NT 10.0; Win64; x64) AppleWebKit/537.36 (KHTML, like Gecko) Chrome/145.0.0.0 Safari/537.36 (compatible; meta-externalagent/1.1 (+https://developers.facebook.com/docs/sharing/webmasters/crawler))" aatmaanfoundation.in 10.44.34.235
57.141.0.68 - - [04/Aug/2026:06:21:05 -0600] "GET /?j=81493168762 HTTP/1.1" 429 267 "-" "Mozilla/5.0 (Macintosh; Intel Mac OS X 10_15_7) AppleWebKit/537.36 (KHTML, like Gecko) Chrome/145.0.0.0 Safari/537.36 (compatible; meta-externalagent/1.1 (+https://developers.facebook.com/docs/sharing/webmasters/crawler))" aatmaanfoundation.in 10.44.34.235
57.141.0.68 - - [04/Aug/2026:06:21:05 -0600] "GET /?j=81493168762 HTTP/2.0" 429 267 "-" "Mozilla/5.0 (Macintosh; Intel Mac OS X 10_15_7) AppleWebKit/537.36 (KHTML, like Gecko) Chrome/145.0.0.0 Safari/537.36 (compatible; meta-externalagent/1.1 (+https://developers.facebook.com/docs/sharing/webmasters/crawler))" aatmaanfoundation.in 10.44.34.235
57.141.0.2 - - [04/Aug/2026:06:21:07 -0600] "GET /502.shtml HTTP/1.1" 429 267 "-" "Mozilla/5.0 (Windows NT 10.0; Win64; x64) AppleWebKit/537.36 (KHTML, like Gecko) Chrome/145.0.0.0 Safari/537.36 (compatible; meta-externalagent/1.1 (+https://developers.facebook.com/docs/sharing/webmasters/crawler))" aatmaanfoundation.in 10.44.34.235
57.141.0.51 - - [04/Aug/2026:06:21:08 -0600] "GET /502.shtml HTTP/1.1" 429 267 "-" "Mozilla/5.0 (Windows NT 10.0; Win64; x64) AppleWebKit/537.36 (KHTML, like Gecko) Chrome/145.0.0.0 Safari/537.36 (compatible; meta-externalagent/1.1 (+https://developers.facebook.com/docs/sharing/webmasters/crawler))" aatmaanfoundation.in 10.44.34.235
57.141.0.51 - - [04/Aug/2026:06:12:13 -0600] "GET /?b=78391208502 HTTP/2.0" 429 267 "-" "Mozilla/5.0 (Windows NT 10.0; Win64; x64) AppleWebKit/537.36 (KHTML, like Gecko) Chrome/145.0.0.0 Safari/537.36 (compatible; meta-externalagent/1.1 (+https://developers.facebook.com/docs/sharing/webmasters/crawler))" aatmaanfoundation.in 10.44.34.235
66.249.64.230 - - [04/Aug/2026:06:21:11 -0600] "GET /?v=70039213343 HTTP/1.1" 429 267 "-" "Mozilla/5.0 (Linux; Android 6.0.1; Nexus 5X Build/MMB29P) AppleWebKit/537.36 (KHTML, like Gecko) Chrome/150.0.7871.186 Mobile Safari/537.36 (compatible; Googlebot/2.1; +http://www.google.com/bot.html)" aatmaanfoundation.in 10.44.34.235
66.249.64.230 - - [04/Aug/2026:06:21:11 -0600] "GET /?v=70039213343 HTTP/1.1" 429 267 "-" "Mozilla/5.0 (Linux; Android 6.0.1; Nexus 5X Build/MMB29P) AppleWebKit/537.36 (KHTML, like Gecko) Chrome/150.0.7871.186 Mobile Safari/537.36 (compatible; Googlebot/2.1; +http://www.google.com/bot.html)" aatmaanfoundation.in 10.44.34.235
57.141.0.31 - - [04/Aug/2026:06:21:13 -0600] "GET /?t=4427131119 HTTP/1.1" 429 267 "-" "Mozilla/5.0 (Windows NT 10.0; Win64; x64) AppleWebKit/537.36 (KHTML, like Gecko) Chrome/145.0.0.0 Safari/537.36 (compatible; meta-externalagent/1.1 (+https://developers.facebook.com/docs/sharing/webmasters/crawler))" aatmaanfoundation.in 10.44.34.235
57.141.0.31 - - [04/Aug/2026:06:21:13 -0600] "GET /?t=4427131119 HTTP/2.0" 429 267 "-" "Mozilla/5.0 (Windows NT 10.0; Win64; x64) AppleWebKit/537.36 (KHTML, like Gecko) Chrome/145.0.0.0 Safari/537.36 (compatible; meta-externalagent/1.1 (+https://developers.facebook.com/docs/sharing/webmasters/crawler))" aatmaanfoundation.in 10.44.34.235
57.141.0.66 - - [04/Aug/2026:06:12:18 -0600] "GET /?b=78391276107 HTTP/2.0" 502 - "-" "Mozilla/5.0 (Macintosh; Intel Mac OS X 10_15_7) AppleWebKit/537.36 (KHTML, like Gecko) Chrome/145.0.0.0 Safari/537.36 (compatible; meta-externalagent/1.1 (+https://developers.facebook.com/docs/sharing/webmasters/crawler))" aatmaanfoundation.in 10.44.34.235
66.249.64.230 - - [04/Aug/2026:06:21:23 -0600] "GET /?m=20703283011970 HTTP/1.1" 429 267 "-" "Mozilla/5.0 (Linux; Android 6.0.1; Nexus 5X Build/MMB29P) AppleWebKit/537.36 (KHTML, like Gecko) Chrome/150.0.7871.186 Mobile Safari/537.36 (compatible; Googlebot/2.1; +http://www.google.com/bot.html)" aatmaanfoundation.in 10.44.34.235
66.249.64.230 - - [04/Aug/2026:06:21:23 -0600] "GET /?m=20703283011970 HTTP/1.1" 429 267 "-" "Mozilla/5.0 (Linux; Android 6.0.1; Nexus 5X Build/MMB29P) AppleWebKit/537.36 (KHTML, like Gecko) Chrome/150.0.7871.186 Mobile Safari/537.36 (compatible; Googlebot/2.1; +http://www.google.com/bot.html)" aatmaanfoundation.in 10.44.34.235
57.141.0.53 - - [04/Aug/2026:06:12:35 -0600] "GET /?v=70039174773 HTTP/2.0" 502 - "-" "Mozilla/5.0 (Macintosh; Intel Mac OS X 10_15_7) AppleWebKit/537.36 (KHTML, like Gecko) Chrome/145.0.0.0 Safari/537.36 (compatible; meta-externalagent/1.1 (+https://developers.facebook.com/docs/sharing/webmasters/crawler))" aatmaanfoundation.in 10.44.34.235
57.141.0.37 - - [04/Aug/2026:06:12:50 -0600] "GET /?z=8699551488 HTTP/2.0" 502 - "-" "Mozilla/5.0 (Windows NT 10.0; Win64; x64) AppleWebKit/537.36 (KHTML, like Gecko) Chrome/145.0.0.0 Safari/537.36 (compatible; meta-externalagent/1.1 (+https://developers.facebook.com/docs/sharing/webmasters/crawler))" aatmaanfoundation.in 10.44.34.235
57.141.0.16 - - [04/Aug/2026:06:21:48 -0600] "GET /?j=8149384138 HTTP/1.1" 429 267 "-" "Mozilla/5.0 (Windows NT 10.0; Win64; x64) AppleWebKit/537.36 (KHTML, like Gecko) Chrome/145.0.0.0 Safari/537.36 (compatible; meta-externalagent/1.1 (+https://developers.facebook.com/docs/sharing/webmasters/crawler))" aatmaanfoundation.in 10.44.34.235
57.141.0.16 - - [04/Aug/2026:06:21:48 -0600] "GET /?j=8149384138 HTTP/2.0" 429 267 "-" "Mozilla/5.0 (Windows NT 10.0; Win64; x64) AppleWebKit/537.36 (KHTML, like Gecko) Chrome/145.0.0.0 Safari/537.36 (compatible; meta-externalagent/1.1 (+https://developers.facebook.com/docs/sharing/webmasters/crawler))" aatmaanfoundation.in 10.44.34.235
66.249.64.231 - - [04/Aug/2026:06:22:00 -0600] "GET /saiga.php?t=37823169124 HTTP/1.1" 429 267 "-" "Mozilla/5.0 (Linux; Android 6.0.1; Nexus 5X Build/MMB29P) AppleWebKit/537.36 (KHTML, like Gecko) Chrome/150.0.7871.186 Mobile Safari/537.36 (compatible; Googlebot/2.1; +http://www.google.com/bot.html)" aatmaanfoundation.in 10.44.34.235
66.249.64.231 - - [04/Aug/2026:06:21:59 -0600] "GET /saiga.php?t=37823169124 HTTP/1.1" 429 267 "-" "Mozilla/5.0 (Linux; Android 6.0.1; Nexus 5X Build/MMB29P) AppleWebKit/537.36 (KHTML, like Gecko) Chrome/150.0.7871.186 Mobile Safari/537.36 (compatible; Googlebot/2.1; +http://www.google.com/bot.html)" aatmaanfoundation.in 10.44.34.235
57.141.0.68 - - [04/Aug/2026:06:22:06 -0600] "GET /502.shtml HTTP/1.1" 429 267 "-" "Mozilla/5.0 (Windows NT 10.0; Win64; x64) AppleWebKit/537.36 (KHTML, like Gecko) Chrome/145.0.0.0 Safari/537.36 (compatible; meta-externalagent/1.1 (+https://developers.facebook.com/docs/sharing/webmasters/crawler))" aatmaanfoundation.in 10.44.34.235
57.141.0.68 - - [04/Aug/2026:06:19:06 -0600] "GET /?v=70039152672 HTTP/2.0" 429 267 "-" "Mozilla/5.0 (Windows NT 10.0; Win64; x64) AppleWebKit/537.36 (KHTML, like Gecko) Chrome/145.0.0.0 Safari/537.36 (compatible; meta-externalagent/1.1 (+https://developers.facebook.com/docs/sharing/webmasters/crawler))" aatmaanfoundation.in 10.44.34.235
66.249.64.230 - - [04/Aug/2026:06:22:07 -0600] "GET /?q=95072204290 HTTP/1.1" 429 267 "-" "Mozilla/5.0 (Linux; Android 6.0.1; Nexus 5X Build/MMB29P) AppleWebKit/537.36 (KHTML, like Gecko) Chrome/150.0.7871.186 Mobile Safari/537.36 (compatible; Googlebot/2.1; +http://www.google.com/bot.html)" aatmaanfoundation.in 10.44.34.235
66.249.64.230 - - [04/Aug/2026:06:22:07 -0600] "GET /?q=95072204290 HTTP/1.1" 429 267 "-" "Mozilla/5.0 (Linux; Android 6.0.1; Nexus 5X Build/MMB29P) AppleWebKit/537.36 (KHTML, like Gecko) Chrome/150.0.7871.186 Mobile Safari/537.36 (compatible; Googlebot/2.1; +http://www.google.com/bot.html)" aatmaanfoundation.in 10.44.34.235
57.141.0.62 - - [04/Aug/2026:06:22:27 -0600] "GET /?z=86995202346 HTTP/1.1" 429 267 "-" "Mozilla/5.0 (X11; Linux x86_64) AppleWebKit/537.36 (KHTML, like Gecko) Chrome/145.0.0.0 Safari/537.36 (compatible; meta-externalagent/1.1 (+https://developers.facebook.com/docs/sharing/webmasters/crawler))" aatmaanfoundation.in 10.44.34.235
57.141.0.62 - - [04/Aug/2026:06:22:27 -0600] "GET /?z=86995202346 HTTP/2.0" 429 267 "-" "Mozilla/5.0 (X11; Linux x86_64) AppleWebKit/537.36 (KHTML, like Gecko) Chrome/145.0.0.0 Safari/537.36 (compatible; meta-externalagent/1.1 (+https://developers.facebook.com/docs/sharing/webmasters/crawler))" aatmaanfoundation.in 10.44.34.235
66.249.64.231 - - [04/Aug/2026:06:23:09 -0600] "GET /?k=65816185117 HTTP/1.1" 429 267 "-" "Mozilla/5.0 (Linux; Android 6.0.1; Nexus 5X Build/MMB29P) AppleWebKit/537.36 (KHTML, like Gecko) Chrome/150.0.7871.186 Mobile Safari/537.36 (compatible; Googlebot/2.1; +http://www.google.com/bot.html)" aatmaanfoundation.in 10.44.34.235
66.249.64.231 - - [04/Aug/2026:06:23:09 -0600] "GET /?k=65816185117 HTTP/1.1" 429 267 "-" "Mozilla/5.0 (Linux; Android 6.0.1; Nexus 5X Build/MMB29P) AppleWebKit/537.36 (KHTML, like Gecko) Chrome/150.0.7871.186 Mobile Safari/537.36 (compatible; Googlebot/2.1; +http://www.google.com/bot.html)" aatmaanfoundation.in 10.44.34.235
66.249.64.230 - - [04/Aug/2026:06:23:31 -0600] "GET /saiga.php?e=3281643108 HTTP/1.1" 429 267 "-" "Mozilla/5.0 (Linux; Android 6.0.1; Nexus 5X Build/MMB29P) AppleWebKit/537.36 (KHTML, like Gecko) Chrome/150.0.7871.186 Mobile Safari/537.36 (compatible; Googlebot/2.1; +http://www.google.com/bot.html)" aatmaanfoundation.in 10.44.34.235
66.249.64.230 - - [04/Aug/2026:06:23:31 -0600] "GET /saiga.php?e=3281643108 HTTP/1.1" 429 267 "-" "Mozilla/5.0 (Linux; Android 6.0.1; Nexus 5X Build/MMB29P) AppleWebKit/537.36 (KHTML, like Gecko) Chrome/150.0.7871.186 Mobile Safari/537.36 (compatible; Googlebot/2.1; +http://www.google.com/bot.html)" aatmaanfoundation.in 10.44.34.235
57.141.0.52 - - [04/Aug/2026:06:15:32 -0600] "GET /?k=6581624861 HTTP/2.0" 502 - "-" "Mozilla/5.0 (Windows NT 10.0; Win64; x64) AppleWebKit/537.36 (KHTML, like Gecko) Chrome/145.0.0.0 Safari/537.36 (compatible; meta-externalagent/1.1 (+https://developers.facebook.com/docs/sharing/webmasters/crawler))" aatmaanfoundation.in 10.44.34.235
57.141.0.52 - - [04/Aug/2026:06:23:44 -0600] "GET /?y=24074188123 HTTP/1.1" 429 267 "-" "Mozilla/5.0 (Windows NT 10.0; Win64; x64) AppleWebKit/537.36 (KHTML, like Gecko) Chrome/145.0.0.0 Safari/537.36 (compatible; meta-externalagent/1.1 (+https://developers.facebook.com/docs/sharing/webmasters/crawler))" aatmaanfoundation.in 10.44.34.235
57.141.0.52 - - [04/Aug/2026:06:23:44 -0600] "GET /?y=24074188123 HTTP/2.0" 429 267 "-" "Mozilla/5.0 (Windows NT 10.0; Win64; x64) AppleWebKit/537.36 (KHTML, like Gecko) Chrome/145.0.0.0 Safari/537.36 (compatible; meta-externalagent/1.1 (+https://developers.facebook.com/docs/sharing/webmasters/crawler))" aatmaanfoundation.in 10.44.34.235
57.141.0.21 - - [04/Aug/2026:06:09:19 -0600] "GET /shopdetail/e87722460 HTTP/1.1" 503 468 "-" "Mozilla/5.0 (Windows NT 10.0; Win64; x64) AppleWebKit/537.36 (KHTML, like Gecko) Chrome/145.0.0.0 Safari/537.36 (compatible; meta-externalagent/1.1 (+https://developers.facebook.com/docs/sharing/webmasters/crawler))" aatmaanfoundation.in 10.44.34.235
57.141.0.2 - - [04/Aug/2026:06:24:07 -0600] "GET /502.shtml HTTP/1.1" 429 267 "-" "Mozilla/5.0 (Windows NT 10.0; Win64; x64) AppleWebKit/537.36 (KHTML, like Gecko) Chrome/145.0.0.0 Safari/537.36 (compatible; meta-externalagent/1.1 (+https://developers.facebook.com/docs/sharing/webmasters/crawler))" aatmaanfoundation.in 10.44.34.235
57.141.0.2 - - [04/Aug/2026:06:18:07 -0600] "GET /?z=8699590628 HTTP/2.0" 429 267 "-" "Mozilla/5.0 (Windows NT 10.0; Win64; x64) AppleWebKit/537.36 (KHTML, like Gecko) Chrome/145.0.0.0 Safari/537.36 (compatible; meta-externalagent/1.1 (+https://developers.facebook.com/docs/sharing/webmasters/crawler))" aatmaanfoundation.in 10.44.34.235
57.141.0.65 - - [04/Aug/2026:06:24:20 -0600] "GET /?j=8149385065 HTTP/1.1" 429 267 "-" "Mozilla/5.0 (Windows NT 10.0; Win64; x64) AppleWebKit/537.36 (KHTML, like Gecko) Chrome/145.0.0.0 Safari/537.36 (compatible; meta-externalagent/1.1 (+https://developers.facebook.com/docs/sharing/webmasters/crawler))" aatmaanfoundation.in 10.44.34.235
57.141.0.65 - - [04/Aug/2026:06:24:20 -0600] "GET /?j=8149385065 HTTP/2.0" 429 267 "-" "Mozilla/5.0 (Windows NT 10.0; Win64; x64) AppleWebKit/537.36 (KHTML, like Gecko) Chrome/145.0.0.0 Safari/537.36 (compatible; meta-externalagent/1.1 (+https://developers.facebook.com/docs/sharing/webmasters/crawler))" aatmaanfoundation.in 10.44.34.235
57.141.0.26 - - [04/Aug/2026:06:24:44 -0600] "GET /?j=81493120927 HTTP/1.1" 429 267 "-" "Mozilla/5.0 (Macintosh; Intel Mac OS X 10_15_7) AppleWebKit/537.36 (KHTML, like Gecko) Chrome/145.0.0.0 Safari/537.36 (compatible; meta-externalagent/1.1 (+https://developers.facebook.com/docs/sharing/webmasters/crawler))" aatmaanfoundation.in 10.44.34.235
57.141.0.26 - - [04/Aug/2026:06:24:44 -0600] "GET /?j=81493120927 HTTP/2.0" 429 267 "-" "Mozilla/5.0 (Macintosh; Intel Mac OS X 10_15_7) AppleWebKit/537.36 (KHTML, like Gecko) Chrome/145.0.0.0 Safari/537.36 (compatible; meta-externalagent/1.1 (+https://developers.facebook.com/docs/sharing/webmasters/crawler))" aatmaanfoundation.in 10.44.34.235
66.249.64.232 - - [04/Aug/2026:06:24:52 -0600] "GET /saiga.php?q=2937081310 HTTP/1.1" 429 267 "-" "Mozilla/5.0 (Linux; Android 6.0.1; Nexus 5X Build/MMB29P) AppleWebKit/537.36 (KHTML, like Gecko) Chrome/150.0.7871.186 Mobile Safari/537.36 (compatible; Googlebot/2.1; +http://www.google.com/bot.html)" aatmaanfoundation.in 10.44.34.235
