File: /home1/hgdxabmy/access-logs/hgd.xab.mybluehost.me-ssl_log
51.195.39.150 - - [04/Aug/2026:06:05:51 -0600] "GET /sh2923533912939947 HTTP/1.1" 500 2704 "-" "Mozilla/5.0 (Macintosh; Intel Mac OS X 10.15; rv:150.0) Gecko/20100101 Firefox/150.0" bellanzabeauty.com 10.44.34.235
51.195.39.150 - - [04/Aug/2026:06:05:58 -0600] "GET /?c HTTP/1.1" 500 2704 "-" "Mozilla/5.0 (Windows NT 10.0; Win64; x64; rv:149.0) Gecko/20100101 Firefox/149.0" bellanzabeauty.com 10.44.34.235
192.178.4.101 - - [04/Aug/2026:06:06:14 -0600] "GET /?commodity/22091946309 HTTP/1.1" 500 1201 "-" "Mozilla/5.0 (Linux; Android 6.0.1; Nexus 5X Build/MMB29P) AppleWebKit/537.36 (KHTML, like Gecko) Chrome/150.0.7871.186 Mobile Safari/537.36 (compatible; Googlebot/2.1; +http://www.google.com/bot.html)" bellanzabeauty.com 10.44.34.235
51.195.39.150 - - [04/Aug/2026:06:06:14 -0600] "GET /?_wpm=35fe7057ffed92ff7bc5a0b90f302a77fb5843ad6c972294d68da0b0553b3900 HTTP/1.1" 500 2704 "-" "Mozilla/5.0 (Windows NT 10.0; Win64; x64) AppleWebKit/537.36 (KHTML, like Gecko) Chrome/139.0.0.0 Safari/537.36" bellanzabeauty.com 10.44.34.235
192.178.4.102 - - [04/Aug/2026:06:06:19 -0600] "GET /?commodity/22102348206 HTTP/1.1" 500 1201 "-" "Mozilla/5.0 (Linux; Android 6.0.1; Nexus 5X Build/MMB29P) AppleWebKit/537.36 (KHTML, like Gecko) Chrome/150.0.7871.186 Mobile Safari/537.36 (compatible; Googlebot/2.1; +http://www.google.com/bot.html)" bellanzabeauty.com 10.44.34.235
51.195.39.150 - - [04/Aug/2026:06:05:51 -0600] "GET /sh2923533912939947 HTTP/2.0" 502 - "-" "Mozilla/5.0 (Macintosh; Intel Mac OS X 10.15; rv:150.0) Gecko/20100101 Firefox/150.0" bellanzabeauty.com 10.44.34.235
51.195.39.150 - - [04/Aug/2026:06:05:58 -0600] "GET /?c HTTP/2.0" 502 - "-" "Mozilla/5.0 (Windows NT 10.0; Win64; x64; rv:149.0) Gecko/20100101 Firefox/149.0" bellanzabeauty.com 10.44.34.235
192.178.4.101 - - [04/Aug/2026:06:06:13 -0600] "GET /?commodity/22091946309 HTTP/1.1" 502 - "-" "Mozilla/5.0 (Linux; Android 6.0.1; Nexus 5X Build/MMB29P) AppleWebKit/537.36 (KHTML, like Gecko) Chrome/150.0.7871.186 Mobile Safari/537.36 (compatible; Googlebot/2.1; +http://www.google.com/bot.html)" bellanzabeauty.com 10.44.34.235
51.195.39.150 - - [04/Aug/2026:06:06:14 -0600] "GET /?_wpm=35fe7057ffed92ff7bc5a0b90f302a77fb5843ad6c972294d68da0b0553b3900 HTTP/2.0" 502 - "-" "Mozilla/5.0 (Windows NT 10.0; Win64; x64) AppleWebKit/537.36 (KHTML, like Gecko) Chrome/139.0.0.0 Safari/537.36" bellanzabeauty.com 10.44.34.235
192.178.4.102 - - [04/Aug/2026:06:06:19 -0600] "GET /?commodity/22102348206 HTTP/1.1" 502 - "-" "Mozilla/5.0 (Linux; Android 6.0.1; Nexus 5X Build/MMB29P) AppleWebKit/537.36 (KHTML, like Gecko) Chrome/150.0.7871.186 Mobile Safari/537.36 (compatible; Googlebot/2.1; +http://www.google.com/bot.html)" bellanzabeauty.com 10.44.34.235
51.195.39.150 - - [04/Aug/2026:06:08:51 -0600] "GET /502.shtml HTTP/1.1" 500 2704 "-" "Mozilla/5.0 (Macintosh; Intel Mac OS X 10.15; rv:150.0) Gecko/20100101 Firefox/150.0" bellanzabeauty.com 10.44.34.235
51.195.39.150 - - [04/Aug/2026:06:08:51 -0600] "GET /502.shtml HTTP/1.1" 500 2704 "-" "Mozilla/5.0 (Macintosh; Intel Mac OS X 10.15; rv:150.0) Gecko/20100101 Firefox/150.0" bellanzabeauty.com 10.44.34.235
51.195.39.150 - - [04/Aug/2026:06:08:59 -0600] "GET /502.shtml HTTP/1.1" 500 2704 "-" "Mozilla/5.0 (Windows NT 10.0; Win64; x64; rv:149.0) Gecko/20100101 Firefox/149.0" bellanzabeauty.com 10.44.34.235
51.195.39.150 - - [04/Aug/2026:06:08:59 -0600] "GET /502.shtml HTTP/1.1" 500 2704 "-" "Mozilla/5.0 (Windows NT 10.0; Win64; x64; rv:149.0) Gecko/20100101 Firefox/149.0" bellanzabeauty.com 10.44.34.235
40.77.167.48 - - [04/Aug/2026:06:09:04 -0600] "GET /hello-world/ HTTP/1.1" 500 1201 "-" "Mozilla/5.0 AppleWebKit/537.36 (KHTML, like Gecko; compatible; bingbot/2.0; +http://www.bing.com/bingbot.htm) Chrome/116.0.1938.76 Safari/537.36" bellanzabeauty.com 10.44.34.235
40.77.167.48 - - [04/Aug/2026:06:09:04 -0600] "GET /hello-world/ HTTP/2.0" 502 - "-" "Mozilla/5.0 AppleWebKit/537.36 (KHTML, like Gecko; compatible; bingbot/2.0; +http://www.bing.com/bingbot.htm) Chrome/116.0.1938.76 Safari/537.36" bellanzabeauty.com 10.44.34.235
192.178.4.101 - - [04/Aug/2026:06:09:14 -0600] "GET /502.shtml HTTP/1.1" 500 1201 "-" "Mozilla/5.0 (Linux; Android 6.0.1; Nexus 5X Build/MMB29P) AppleWebKit/537.36 (KHTML, like Gecko) Chrome/150.0.7871.186 Mobile Safari/537.36 (compatible; Googlebot/2.1; +http://www.google.com/bot.html)" bellanzabeauty.com 10.44.34.235
192.178.4.101 - - [04/Aug/2026:06:09:14 -0600] "GET /502.shtml HTTP/1.1" 500 1201 "-" "Mozilla/5.0 (Linux; Android 6.0.1; Nexus 5X Build/MMB29P) AppleWebKit/537.36 (KHTML, like Gecko) Chrome/150.0.7871.186 Mobile Safari/537.36 (compatible; Googlebot/2.1; +http://www.google.com/bot.html)" bellanzabeauty.com 10.44.34.235
51.195.39.150 - - [04/Aug/2026:06:09:14 -0600] "GET /502.shtml HTTP/1.1" 500 2704 "-" "Mozilla/5.0 (Windows NT 10.0; Win64; x64) AppleWebKit/537.36 (KHTML, like Gecko) Chrome/139.0.0.0 Safari/537.36" bellanzabeauty.com 10.44.34.235
51.195.39.150 - - [04/Aug/2026:06:09:14 -0600] "GET /502.shtml HTTP/1.1" 500 2704 "-" "Mozilla/5.0 (Windows NT 10.0; Win64; x64) AppleWebKit/537.36 (KHTML, like Gecko) Chrome/139.0.0.0 Safari/537.36" bellanzabeauty.com 10.44.34.235
192.178.4.102 - - [04/Aug/2026:06:09:19 -0600] "GET /502.shtml HTTP/1.1" 503 468 "-" "Mozilla/5.0 (Linux; Android 6.0.1; Nexus 5X Build/MMB29P) AppleWebKit/537.36 (KHTML, like Gecko) Chrome/150.0.7871.186 Mobile Safari/537.36 (compatible; Googlebot/2.1; +http://www.google.com/bot.html)" bellanzabeauty.com 10.44.34.235
192.178.4.102 - - [04/Aug/2026:06:09:19 -0600] "GET /502.shtml HTTP/1.1" 503 468 "-" "Mozilla/5.0 (Linux; Android 6.0.1; Nexus 5X Build/MMB29P) AppleWebKit/537.36 (KHTML, like Gecko) Chrome/150.0.7871.186 Mobile Safari/537.36 (compatible; Googlebot/2.1; +http://www.google.com/bot.html)" bellanzabeauty.com 10.44.34.235
15.235.98.189 - - [04/Aug/2026:06:24:00 -0600] "GET /robots.txt HTTP/2.0" 406 226 "-" "Mozilla/5.0 (compatible; AhrefsBot/7.0; +http://ahrefs.com/robot/)" bellanzabeauty.com 10.44.34.235
198.244.240.26 - - [04/Aug/2026:06:24:02 -0600] "GET / HTTP/2.0" 406 226 "-" "Mozilla/5.0 (compatible; AhrefsBot/7.0; +http://ahrefs.com/robot/)" bellanzabeauty.com 10.44.34.235
192.178.4.101 - - [04/Aug/2026:06:22:42 -0600] "GET /?commodity/22091687660 HTTP/1.1" 502 - "-" "Mozilla/5.0 (Linux; Android 6.0.1; Nexus 5X Build/MMB29P) AppleWebKit/537.36 (KHTML, like Gecko) Chrome/150.0.7871.186 Mobile Safari/537.36 (compatible; Googlebot/2.1; +http://www.google.com/bot.html)" bellanzabeauty.com 10.44.34.235
192.178.4.101 - - [04/Aug/2026:06:24:55 -0600] "GET /?shop/8889579328.html HTTP/1.1" 502 - "-" "Mozilla/5.0 (Linux; Android 6.0.1; Nexus 5X Build/MMB29P) AppleWebKit/537.36 (KHTML, like Gecko) Chrome/150.0.7871.186 Mobile Safari/537.36 (compatible; Googlebot/2.1; +http://www.google.com/bot.html)" bellanzabeauty.com 10.44.34.235
66.249.64.33 - - [04/Aug/2026:06:25:44 -0600] "GET /commodity/2207604946 HTTP/1.1" 502 - "-" "Mozilla/5.0 (Linux; Android 6.0.1; Nexus 5X Build/MMB29P) AppleWebKit/537.36 (KHTML, like Gecko) Chrome/150.0.7871.186 Mobile Safari/537.36 (compatible; Googlebot/2.1; +http://www.google.com/bot.html)" www.bellanzabeauty.com 10.44.34.235
66.249.64.34 - - [04/Aug/2026:06:27:14 -0600] "GET /commodity/220622774 HTTP/1.1" 502 - "-" "Mozilla/5.0 (Linux; Android 6.0.1; Nexus 5X Build/MMB29P) AppleWebKit/537.36 (KHTML, like Gecko) Chrome/150.0.7871.186 Mobile Safari/537.36 (compatible; Googlebot/2.1; +http://www.google.com/bot.html)" www.bellanzabeauty.com 10.44.34.235
192.178.4.101 - - [04/Aug/2026:06:27:56 -0600] "GET /shop/pg/1620034 HTTP/1.1" 502 - "-" "Mozilla/5.0 (Linux; Android 6.0.1; Nexus 5X Build/MMB29P) AppleWebKit/537.36 (KHTML, like Gecko) Chrome/150.0.7871.186 Mobile Safari/537.36 (compatible; Googlebot/2.1; +http://www.google.com/bot.html)" bellanzabeauty.com 10.44.34.235
192.178.4.103 - - [04/Aug/2026:06:30:02 -0600] "GET /commodity/2206409692 HTTP/1.1" 500 - "-" "Mozilla/5.0 (Linux; Android 6.0.1; Nexus 5X Build/MMB29P) AppleWebKit/537.36 (KHTML, like Gecko) Chrome/150.0.7871.186 Mobile Safari/537.36 (compatible; Googlebot/2.1; +http://www.google.com/bot.html)" bellanzabeauty.com 10.44.34.235
192.178.4.101 - - [04/Aug/2026:06:33:57 -0600] "GET /?commodity/220653648 HTTP/1.1" 500 - "-" "Mozilla/5.0 (Linux; Android 6.0.1; Nexus 5X Build/MMB29P) AppleWebKit/537.36 (KHTML, like Gecko) Chrome/150.0.7871.186 Mobile Safari/537.36 (compatible; Googlebot/2.1; +http://www.google.com/bot.html)" bellanzabeauty.com 10.44.34.235
192.178.4.101 - - [04/Aug/2026:06:39:53 -0600] "GET /commodity/2207530189 HTTP/1.1" 500 - "-" "Mozilla/5.0 (Linux; Android 6.0.1; Nexus 5X Build/MMB29P) AppleWebKit/537.36 (KHTML, like Gecko) Chrome/150.0.7871.186 Mobile Safari/537.36 (compatible; Googlebot/2.1; +http://www.google.com/bot.html)" bellanzabeauty.com 10.44.34.235
192.178.4.101 - - [04/Aug/2026:06:40:05 -0600] "GET /commodity/22112614211 HTTP/1.1" 500 - "-" "Mozilla/5.0 (Linux; Android 6.0.1; Nexus 5X Build/MMB29P) AppleWebKit/537.36 (KHTML, like Gecko) Chrome/150.0.7871.186 Mobile Safari/537.36 (compatible; Googlebot/2.1; +http://www.google.com/bot.html)" bellanzabeauty.com 10.44.34.235
51.195.39.150 - - [04/Aug/2026:06:11:51 -0600] "GET /502.shtml HTTP/1.1" 500 2704 "-" "Mozilla/5.0 (Macintosh; Intel Mac OS X 10.15; rv:150.0) Gecko/20100101 Firefox/150.0" bellanzabeauty.com 10.44.34.235
51.195.39.150 - - [04/Aug/2026:06:11:59 -0600] "GET /502.shtml HTTP/1.1" 500 2704 "-" "Mozilla/5.0 (Windows NT 10.0; Win64; x64; rv:149.0) Gecko/20100101 Firefox/149.0" bellanzabeauty.com 10.44.34.235
40.77.167.48 - - [04/Aug/2026:06:12:04 -0600] "GET /502.shtml HTTP/1.1" 500 1201 "-" "Mozilla/5.0 AppleWebKit/537.36 (KHTML, like Gecko; compatible; bingbot/2.0; +http://www.bing.com/bingbot.htm) Chrome/116.0.1938.76 Safari/537.36" bellanzabeauty.com 10.44.34.235
192.178.4.101 - - [04/Aug/2026:06:12:14 -0600] "GET /502.shtml HTTP/1.1" 500 1201 "-" "Mozilla/5.0 (Linux; Android 6.0.1; Nexus 5X Build/MMB29P) AppleWebKit/537.36 (KHTML, like Gecko) Chrome/150.0.7871.186 Mobile Safari/537.36 (compatible; Googlebot/2.1; +http://www.google.com/bot.html)" bellanzabeauty.com 10.44.34.235
51.195.39.150 - - [04/Aug/2026:06:12:14 -0600] "GET /502.shtml HTTP/1.1" 500 2704 "-" "Mozilla/5.0 (Windows NT 10.0; Win64; x64) AppleWebKit/537.36 (KHTML, like Gecko) Chrome/139.0.0.0 Safari/537.36" bellanzabeauty.com 10.44.34.235
192.178.4.102 - - [04/Aug/2026:06:12:19 -0600] "GET /502.shtml HTTP/1.1" 500 1201 "-" "Mozilla/5.0 (Linux; Android 6.0.1; Nexus 5X Build/MMB29P) AppleWebKit/537.36 (KHTML, like Gecko) Chrome/150.0.7871.186 Mobile Safari/537.36 (compatible; Googlebot/2.1; +http://www.google.com/bot.html)" bellanzabeauty.com 10.44.34.235
40.77.167.48 - - [04/Aug/2026:06:15:00 -0600] "GET /502.shtml HTTP/1.1" 500 1201 "-" "Mozilla/5.0 AppleWebKit/537.36 (KHTML, like Gecko; compatible; bingbot/2.0; +http://www.bing.com/bingbot.htm) Chrome/116.0.1938.76 Safari/537.36" bellanzabeauty.com 10.44.34.235
40.77.167.48 - - [04/Aug/2026:06:18:00 -0600] "GET /502.shtml HTTP/1.1" 500 1201 "-" "Mozilla/5.0 AppleWebKit/537.36 (KHTML, like Gecko; compatible; bingbot/2.0; +http://www.bing.com/bingbot.htm) Chrome/116.0.1938.76 Safari/537.36" bellanzabeauty.com 10.44.34.235
192.178.4.101 - - [04/Aug/2026:06:22:42 -0600] "GET /?commodity/22091687660 HTTP/1.1" 500 1201 "-" "Mozilla/5.0 (Linux; Android 6.0.1; Nexus 5X Build/MMB29P) AppleWebKit/537.36 (KHTML, like Gecko) Chrome/150.0.7871.186 Mobile Safari/537.36 (compatible; Googlebot/2.1; +http://www.google.com/bot.html)" bellanzabeauty.com 10.44.34.235
192.178.4.101 - - [04/Aug/2026:06:24:55 -0600] "GET /?shop/8889579328.html HTTP/1.1" 500 1201 "-" "Mozilla/5.0 (Linux; Android 6.0.1; Nexus 5X Build/MMB29P) AppleWebKit/537.36 (KHTML, like Gecko) Chrome/150.0.7871.186 Mobile Safari/537.36 (compatible; Googlebot/2.1; +http://www.google.com/bot.html)" bellanzabeauty.com 10.44.34.235
66.249.64.33 - - [04/Aug/2026:06:25:44 -0600] "GET /commodity/2207604946 HTTP/1.1" 500 1201 "-" "Mozilla/5.0 (Linux; Android 6.0.1; Nexus 5X Build/MMB29P) AppleWebKit/537.36 (KHTML, like Gecko) Chrome/150.0.7871.186 Mobile Safari/537.36 (compatible; Googlebot/2.1; +http://www.google.com/bot.html)" www.bellanzabeauty.com 10.44.34.235
192.178.4.101 - - [04/Aug/2026:06:25:43 -0600] "GET /502.shtml HTTP/1.1" 500 1201 "-" "Mozilla/5.0 (Linux; Android 6.0.1; Nexus 5X Build/MMB29P) AppleWebKit/537.36 (KHTML, like Gecko) Chrome/150.0.7871.186 Mobile Safari/537.36 (compatible; Googlebot/2.1; +http://www.google.com/bot.html)" bellanzabeauty.com 10.44.34.235
192.178.4.101 - - [04/Aug/2026:06:25:43 -0600] "GET /502.shtml HTTP/1.1" 500 1201 "-" "Mozilla/5.0 (Linux; Android 6.0.1; Nexus 5X Build/MMB29P) AppleWebKit/537.36 (KHTML, like Gecko) Chrome/150.0.7871.186 Mobile Safari/537.36 (compatible; Googlebot/2.1; +http://www.google.com/bot.html)" bellanzabeauty.com 10.44.34.235
66.249.64.34 - - [04/Aug/2026:06:27:14 -0600] "GET /commodity/220622774 HTTP/1.1" 500 1201 "-" "Mozilla/5.0 (Linux; Android 6.0.1; Nexus 5X Build/MMB29P) AppleWebKit/537.36 (KHTML, like Gecko) Chrome/150.0.7871.186 Mobile Safari/537.36 (compatible; Googlebot/2.1; +http://www.google.com/bot.html)" www.bellanzabeauty.com 10.44.34.235
192.178.4.101 - - [04/Aug/2026:06:27:56 -0600] "GET /shop/pg/1620034 HTTP/1.1" 500 1201 "-" "Mozilla/5.0 (Linux; Android 6.0.1; Nexus 5X Build/MMB29P) AppleWebKit/537.36 (KHTML, like Gecko) Chrome/150.0.7871.186 Mobile Safari/537.36 (compatible; Googlebot/2.1; +http://www.google.com/bot.html)" bellanzabeauty.com 10.44.34.235
192.178.4.101 - - [04/Aug/2026:06:27:55 -0600] "GET /502.shtml HTTP/1.1" 500 1201 "-" "Mozilla/5.0 (Linux; Android 6.0.1; Nexus 5X Build/MMB29P) AppleWebKit/537.36 (KHTML, like Gecko) Chrome/150.0.7871.186 Mobile Safari/537.36 (compatible; Googlebot/2.1; +http://www.google.com/bot.html)" bellanzabeauty.com 10.44.34.235
192.178.4.101 - - [04/Aug/2026:06:27:55 -0600] "GET /502.shtml HTTP/1.1" 500 1201 "-" "Mozilla/5.0 (Linux; Android 6.0.1; Nexus 5X Build/MMB29P) AppleWebKit/537.36 (KHTML, like Gecko) Chrome/150.0.7871.186 Mobile Safari/537.36 (compatible; Googlebot/2.1; +http://www.google.com/bot.html)" bellanzabeauty.com 10.44.34.235
66.249.64.33 - - [04/Aug/2026:06:28:44 -0600] "GET /502.shtml HTTP/1.1" 500 1201 "-" "Mozilla/5.0 (Linux; Android 6.0.1; Nexus 5X Build/MMB29P) AppleWebKit/537.36 (KHTML, like Gecko) Chrome/150.0.7871.186 Mobile Safari/537.36 (compatible; Googlebot/2.1; +http://www.google.com/bot.html)" www.bellanzabeauty.com 10.44.34.235
66.249.64.33 - - [04/Aug/2026:06:28:44 -0600] "GET /502.shtml HTTP/1.1" 500 1201 "-" "Mozilla/5.0 (Linux; Android 6.0.1; Nexus 5X Build/MMB29P) AppleWebKit/537.36 (KHTML, like Gecko) Chrome/150.0.7871.186 Mobile Safari/537.36 (compatible; Googlebot/2.1; +http://www.google.com/bot.html)" www.bellanzabeauty.com 10.44.34.235
192.178.4.101 - - [04/Aug/2026:06:28:43 -0600] "GET /502.shtml HTTP/1.1" 500 1201 "-" "Mozilla/5.0 (Linux; Android 6.0.1; Nexus 5X Build/MMB29P) AppleWebKit/537.36 (KHTML, like Gecko) Chrome/150.0.7871.186 Mobile Safari/537.36 (compatible; Googlebot/2.1; +http://www.google.com/bot.html)" bellanzabeauty.com 10.44.34.235
192.178.4.103 - - [04/Aug/2026:06:30:02 -0600] "GET /commodity/2206409692 HTTP/1.1" 500 1201 "-" "Mozilla/5.0 (Linux; Android 6.0.1; Nexus 5X Build/MMB29P) AppleWebKit/537.36 (KHTML, like Gecko) Chrome/150.0.7871.186 Mobile Safari/537.36 (compatible; Googlebot/2.1; +http://www.google.com/bot.html)" bellanzabeauty.com 10.44.34.235
66.249.64.34 - - [04/Aug/2026:06:30:14 -0600] "GET /502.shtml HTTP/1.1" 500 1201 "-" "Mozilla/5.0 (Linux; Android 6.0.1; Nexus 5X Build/MMB29P) AppleWebKit/537.36 (KHTML, like Gecko) Chrome/150.0.7871.186 Mobile Safari/537.36 (compatible; Googlebot/2.1; +http://www.google.com/bot.html)" www.bellanzabeauty.com 10.44.34.235
66.249.64.34 - - [04/Aug/2026:06:30:14 -0600] "GET /502.shtml HTTP/1.1" 500 1201 "-" "Mozilla/5.0 (Linux; Android 6.0.1; Nexus 5X Build/MMB29P) AppleWebKit/537.36 (KHTML, like Gecko) Chrome/150.0.7871.186 Mobile Safari/537.36 (compatible; Googlebot/2.1; +http://www.google.com/bot.html)" www.bellanzabeauty.com 10.44.34.235
192.178.4.101 - - [04/Aug/2026:06:30:57 -0600] "GET /502.shtml HTTP/1.1" 500 1201 "-" "Mozilla/5.0 (Linux; Android 6.0.1; Nexus 5X Build/MMB29P) AppleWebKit/537.36 (KHTML, like Gecko) Chrome/150.0.7871.186 Mobile Safari/537.36 (compatible; Googlebot/2.1; +http://www.google.com/bot.html)" bellanzabeauty.com 10.44.34.235
192.178.4.101 - - [04/Aug/2026:06:30:57 -0600] "GET /502.shtml HTTP/1.1" 500 1201 "-" "Mozilla/5.0 (Linux; Android 6.0.1; Nexus 5X Build/MMB29P) AppleWebKit/537.36 (KHTML, like Gecko) Chrome/150.0.7871.186 Mobile Safari/537.36 (compatible; Googlebot/2.1; +http://www.google.com/bot.html)" bellanzabeauty.com 10.44.34.235
192.178.4.101 - - [04/Aug/2026:06:30:56 -0600] "GET /502.shtml HTTP/1.1" 500 1201 "-" "Mozilla/5.0 (Linux; Android 6.0.1; Nexus 5X Build/MMB29P) AppleWebKit/537.36 (KHTML, like Gecko) Chrome/150.0.7871.186 Mobile Safari/537.36 (compatible; Googlebot/2.1; +http://www.google.com/bot.html)" bellanzabeauty.com 10.44.34.235
66.249.64.33 - - [04/Aug/2026:06:31:44 -0600] "GET /502.shtml HTTP/1.1" 500 1201 "-" "Mozilla/5.0 (Linux; Android 6.0.1; Nexus 5X Build/MMB29P) AppleWebKit/537.36 (KHTML, like Gecko) Chrome/150.0.7871.186 Mobile Safari/537.36 (compatible; Googlebot/2.1; +http://www.google.com/bot.html)" www.bellanzabeauty.com 10.44.34.235
185.223.152.193 - - [04/Aug/2026:07:05:02 -0600] "GET /wp-login.php HTTP/1.1" 409 83 "-" "Mozilla/5.0 (Windows NT 10.0; Win64; rv:143.0) Gecko/20100101 Firefox/143.0" bellanzabeauty.com 10.44.34.235
192.178.4.101 - - [04/Aug/2026:07:06:37 -0600] "GET /?commodity/22091946309 HTTP/1.1" 500 1201 "-" "Mozilla/5.0 (Linux; Android 6.0.1; Nexus 5X Build/MMB29P) AppleWebKit/537.36 (KHTML, like Gecko) Chrome/150.0.7871.186 Mobile Safari/537.36 (compatible; Googlebot/2.1; +http://www.google.com/bot.html)" bellanzabeauty.com 10.44.34.235
192.178.4.101 - - [04/Aug/2026:07:06:37 -0600] "GET /?commodity/22091946309 HTTP/1.1" 500 1201 "-" "Mozilla/5.0 (Linux; Android 6.0.1; Nexus 5X Build/MMB29P) AppleWebKit/537.36 (KHTML, like Gecko) Chrome/150.0.7871.186 Mobile Safari/537.36 (compatible; Googlebot/2.1; +http://www.google.com/bot.html)" bellanzabeauty.com 10.44.34.235
192.178.4.101 - - [04/Aug/2026:07:06:42 -0600] "GET /shop/pg/1620034 HTTP/1.1" 500 1201 "-" "Mozilla/5.0 (Linux; Android 6.0.1; Nexus 5X Build/MMB29P) AppleWebKit/537.36 (KHTML, like Gecko) Chrome/150.0.7871.186 Mobile Safari/537.36 (compatible; Googlebot/2.1; +http://www.google.com/bot.html)" bellanzabeauty.com 10.44.34.235
192.178.4.101 - - [04/Aug/2026:07:06:42 -0600] "GET /shop/pg/1620034 HTTP/1.1" 500 1201 "-" "Mozilla/5.0 (Linux; Android 6.0.1; Nexus 5X Build/MMB29P) AppleWebKit/537.36 (KHTML, like Gecko) Chrome/150.0.7871.186 Mobile Safari/537.36 (compatible; Googlebot/2.1; +http://www.google.com/bot.html)" bellanzabeauty.com 10.44.34.235
192.178.4.101 - - [04/Aug/2026:07:06:48 -0600] "GET /?commodity/22091687660 HTTP/1.1" 500 1201 "-" "Mozilla/5.0 (Linux; Android 6.0.1; Nexus 5X Build/MMB29P) AppleWebKit/537.36 (KHTML, like Gecko) Chrome/150.0.7871.186 Mobile Safari/537.36 (compatible; Googlebot/2.1; +http://www.google.com/bot.html)" bellanzabeauty.com 10.44.34.235
192.178.4.101 - - [04/Aug/2026:07:06:48 -0600] "GET /?commodity/22091687660 HTTP/1.1" 500 1201 "-" "Mozilla/5.0 (Linux; Android 6.0.1; Nexus 5X Build/MMB29P) AppleWebKit/537.36 (KHTML, like Gecko) Chrome/150.0.7871.186 Mobile Safari/537.36 (compatible; Googlebot/2.1; +http://www.google.com/bot.html)" bellanzabeauty.com 10.44.34.235
192.178.4.102 - - [04/Aug/2026:07:07:10 -0600] "GET /commodity/2206409692 HTTP/1.1" 500 1201 "-" "Mozilla/5.0 (Linux; Android 6.0.1; Nexus 5X Build/MMB29P) AppleWebKit/537.36 (KHTML, like Gecko) Chrome/150.0.7871.186 Mobile Safari/537.36 (compatible; Googlebot/2.1; +http://www.google.com/bot.html)" bellanzabeauty.com 10.44.34.235
192.178.4.102 - - [04/Aug/2026:07:07:10 -0600] "GET /commodity/2206409692 HTTP/1.1" 500 1201 "-" "Mozilla/5.0 (Linux; Android 6.0.1; Nexus 5X Build/MMB29P) AppleWebKit/537.36 (KHTML, like Gecko) Chrome/150.0.7871.186 Mobile Safari/537.36 (compatible; Googlebot/2.1; +http://www.google.com/bot.html)" bellanzabeauty.com 10.44.34.235
66.249.64.33 - - [04/Aug/2026:07:07:16 -0600] "GET /commodity/2207604946 HTTP/1.1" 500 1201 "-" "Mozilla/5.0 (Linux; Android 6.0.1; Nexus 5X Build/MMB29P) AppleWebKit/537.36 (KHTML, like Gecko) Chrome/150.0.7871.186 Mobile Safari/537.36 (compatible; Googlebot/2.1; +http://www.google.com/bot.html)" www.bellanzabeauty.com 10.44.34.235
66.249.64.33 - - [04/Aug/2026:07:07:16 -0600] "GET /commodity/2207604946 HTTP/1.1" 500 1201 "-" "Mozilla/5.0 (Linux; Android 6.0.1; Nexus 5X Build/MMB29P) AppleWebKit/537.36 (KHTML, like Gecko) Chrome/150.0.7871.186 Mobile Safari/537.36 (compatible; Googlebot/2.1; +http://www.google.com/bot.html)" www.bellanzabeauty.com 10.44.34.235
66.249.64.34 - - [04/Aug/2026:07:07:48 -0600] "GET /commodity/22081066156 HTTP/1.1" 500 1201 "-" "Mozilla/5.0 (Linux; Android 6.0.1; Nexus 5X Build/MMB29P) AppleWebKit/537.36 (KHTML, like Gecko) Chrome/150.0.7871.186 Mobile Safari/537.36 (compatible; Googlebot/2.1; +http://www.google.com/bot.html)" www.bellanzabeauty.com 10.44.34.235
66.249.64.34 - - [04/Aug/2026:07:07:48 -0600] "GET /commodity/22081066156 HTTP/1.1" 500 1201 "-" "Mozilla/5.0 (Linux; Android 6.0.1; Nexus 5X Build/MMB29P) AppleWebKit/537.36 (KHTML, like Gecko) Chrome/150.0.7871.186 Mobile Safari/537.36 (compatible; Googlebot/2.1; +http://www.google.com/bot.html)" www.bellanzabeauty.com 10.44.34.235
192.178.4.103 - - [04/Aug/2026:07:08:50 -0600] "GET /?commodity/220653648 HTTP/1.1" 500 1201 "-" "Mozilla/5.0 (Linux; Android 6.0.1; Nexus 5X Build/MMB29P) AppleWebKit/537.36 (KHTML, like Gecko) Chrome/150.0.7871.186 Mobile Safari/537.36 (compatible; Googlebot/2.1; +http://www.google.com/bot.html)" bellanzabeauty.com 10.44.34.235
192.178.4.103 - - [04/Aug/2026:07:08:50 -0600] "GET /?commodity/220653648 HTTP/1.1" 500 1201 "-" "Mozilla/5.0 (Linux; Android 6.0.1; Nexus 5X Build/MMB29P) AppleWebKit/537.36 (KHTML, like Gecko) Chrome/150.0.7871.186 Mobile Safari/537.36 (compatible; Googlebot/2.1; +http://www.google.com/bot.html)" bellanzabeauty.com 10.44.34.235
192.178.4.102 - - [04/Aug/2026:07:09:34 -0600] "GET /?commodity/22091722766 HTTP/1.1" 500 1201 "-" "Mozilla/5.0 (Linux; Android 6.0.1; Nexus 5X Build/MMB29P) AppleWebKit/537.36 (KHTML, like Gecko) Chrome/150.0.7871.186 Mobile Safari/537.36 (compatible; Googlebot/2.1; +http://www.google.com/bot.html)" bellanzabeauty.com 10.44.34.235
192.178.4.102 - - [04/Aug/2026:07:09:34 -0600] "GET /?commodity/22091722766 HTTP/1.1" 500 1201 "-" "Mozilla/5.0 (Linux; Android 6.0.1; Nexus 5X Build/MMB29P) AppleWebKit/537.36 (KHTML, like Gecko) Chrome/150.0.7871.186 Mobile Safari/537.36 (compatible; Googlebot/2.1; +http://www.google.com/bot.html)" bellanzabeauty.com 10.44.34.235
66.249.64.35 - - [04/Aug/2026:07:16:24 -0600] "GET /commodity/220622774 HTTP/1.1" 500 1201 "-" "Mozilla/5.0 (Linux; Android 6.0.1; Nexus 5X Build/MMB29P) AppleWebKit/537.36 (KHTML, like Gecko) Chrome/150.0.7871.186 Mobile Safari/537.36 (compatible; Googlebot/2.1; +http://www.google.com/bot.html)" www.bellanzabeauty.com 10.44.34.235
66.249.64.35 - - [04/Aug/2026:07:16:24 -0600] "GET /commodity/220622774 HTTP/1.1" 500 1201 "-" "Mozilla/5.0 (Linux; Android 6.0.1; Nexus 5X Build/MMB29P) AppleWebKit/537.36 (KHTML, like Gecko) Chrome/150.0.7871.186 Mobile Safari/537.36 (compatible; Googlebot/2.1; +http://www.google.com/bot.html)" www.bellanzabeauty.com 10.44.34.235
50.6.43.128 - - [04/Aug/2026:07:17:59 -0600] "POST /website_78568fa0/wp-cron.php?doing_wp_cron=1785849479.6348240375518798828125 HTTP/1.1" 200 - "-" "WordPress/7.0.2; https://hgd.xab.mybluehost.me/website_78568fa0" hgd.xab.mybluehost.me 10.44.34.235
192.178.4.102 - - [04/Aug/2026:07:19:28 -0600] "GET /commodity/22112701548 HTTP/1.1" 500 1201 "-" "Mozilla/5.0 (Linux; Android 6.0.1; Nexus 5X Build/MMB29P) AppleWebKit/537.36 (KHTML, like Gecko) Chrome/150.0.7871.186 Mobile Safari/537.36 (compatible; Googlebot/2.1; +http://www.google.com/bot.html)" bellanzabeauty.com 10.44.34.235
192.178.4.102 - - [04/Aug/2026:07:19:28 -0600] "GET /commodity/22112701548 HTTP/1.1" 500 1201 "-" "Mozilla/5.0 (Linux; Android 6.0.1; Nexus 5X Build/MMB29P) AppleWebKit/537.36 (KHTML, like Gecko) Chrome/150.0.7871.186 Mobile Safari/537.36 (compatible; Googlebot/2.1; +http://www.google.com/bot.html)" bellanzabeauty.com 10.44.34.235
66.249.64.34 - - [04/Aug/2026:07:21:43 -0600] "GET /commodity/22091573639 HTTP/1.1" 500 1201 "-" "Mozilla/5.0 (Linux; Android 6.0.1; Nexus 5X Build/MMB29P) AppleWebKit/537.36 (KHTML, like Gecko) Chrome/150.0.7871.186 Mobile Safari/537.36 (compatible; Googlebot/2.1; +http://www.google.com/bot.html)" www.bellanzabeauty.com 10.44.34.235
66.249.64.34 - - [04/Aug/2026:07:21:43 -0600] "GET /commodity/22091573639 HTTP/1.1" 500 1201 "-" "Mozilla/5.0 (Linux; Android 6.0.1; Nexus 5X Build/MMB29P) AppleWebKit/537.36 (KHTML, like Gecko) Chrome/150.0.7871.186 Mobile Safari/537.36 (compatible; Googlebot/2.1; +http://www.google.com/bot.html)" www.bellanzabeauty.com 10.44.34.235
192.178.4.101 - - [04/Aug/2026:07:24:40 -0600] "GET /commodity/220698299 HTTP/1.1" 500 1201 "-" "Mozilla/5.0 (Linux; Android 6.0.1; Nexus 5X Build/MMB29P) AppleWebKit/537.36 (KHTML, like Gecko) Chrome/150.0.7871.186 Mobile Safari/537.36 (compatible; Googlebot/2.1; +http://www.google.com/bot.html)" bellanzabeauty.com 10.44.34.235
192.178.4.101 - - [04/Aug/2026:07:24:40 -0600] "GET /commodity/220698299 HTTP/1.1" 500 1201 "-" "Mozilla/5.0 (Linux; Android 6.0.1; Nexus 5X Build/MMB29P) AppleWebKit/537.36 (KHTML, like Gecko) Chrome/150.0.7871.186 Mobile Safari/537.36 (compatible; Googlebot/2.1; +http://www.google.com/bot.html)" bellanzabeauty.com 10.44.34.235
192.178.4.102 - - [04/Aug/2026:07:28:59 -0600] "GET /commodity/22081254295 HTTP/1.1" 500 1201 "-" "Mozilla/5.0 (Linux; Android 6.0.1; Nexus 5X Build/MMB29P) AppleWebKit/537.36 (KHTML, like Gecko) Chrome/150.0.7871.186 Mobile Safari/537.36 (compatible; Googlebot/2.1; +http://www.google.com/bot.html)" bellanzabeauty.com 10.44.34.235
192.178.4.102 - - [04/Aug/2026:07:28:59 -0600] "GET /commodity/22081254295 HTTP/1.1" 500 1201 "-" "Mozilla/5.0 (Linux; Android 6.0.1; Nexus 5X Build/MMB29P) AppleWebKit/537.36 (KHTML, like Gecko) Chrome/150.0.7871.186 Mobile Safari/537.36 (compatible; Googlebot/2.1; +http://www.google.com/bot.html)" bellanzabeauty.com 10.44.34.235
192.178.4.101 - - [04/Aug/2026:07:30:51 -0600] "GET /commodity/2207610363 HTTP/1.1" 500 1201 "-" "Mozilla/5.0 (Linux; Android 6.0.1; Nexus 5X Build/MMB29P) AppleWebKit/537.36 (KHTML, like Gecko) Chrome/150.0.7871.186 Mobile Safari/537.36 (compatible; Googlebot/2.1; +http://www.google.com/bot.html)" bellanzabeauty.com 10.44.34.235
192.178.4.101 - - [04/Aug/2026:07:30:51 -0600] "GET /commodity/2207610363 HTTP/1.1" 500 1201 "-" "Mozilla/5.0 (Linux; Android 6.0.1; Nexus 5X Build/MMB29P) AppleWebKit/537.36 (KHTML, like Gecko) Chrome/150.0.7871.186 Mobile Safari/537.36 (compatible; Googlebot/2.1; +http://www.google.com/bot.html)" bellanzabeauty.com 10.44.34.235
66.132.186.179 - - [04/Aug/2026:07:31:33 -0600] "GET / HTTP/1.1" 500 1201 "-" "Mozilla/5.0 (compatible; CensysInspect/1.1; +https://about.censys.io/)" www.bellanzabeauty.com 10.44.34.235
66.132.186.179 - - [04/Aug/2026:07:31:33 -0600] "GET / HTTP/1.1" 500 1201 "-" "Mozilla/5.0 (compatible; CensysInspect/1.1; +https://about.censys.io/)" www.bellanzabeauty.com 10.44.34.235
66.249.64.35 - - [04/Aug/2026:07:32:47 -0600] "GET /commodity/2206307223 HTTP/1.1" 500 1201 "-" "Mozilla/5.0 (Linux; Android 6.0.1; Nexus 5X Build/MMB29P) AppleWebKit/537.36 (KHTML, like Gecko) Chrome/150.0.7871.186 Mobile Safari/537.36 (compatible; Googlebot/2.1; +http://www.google.com/bot.html)" www.bellanzabeauty.com 10.44.34.235
66.249.64.35 - - [04/Aug/2026:07:32:47 -0600] "GET /commodity/2206307223 HTTP/1.1" 500 1201 "-" "Mozilla/5.0 (Linux; Android 6.0.1; Nexus 5X Build/MMB29P) AppleWebKit/537.36 (KHTML, like Gecko) Chrome/150.0.7871.186 Mobile Safari/537.36 (compatible; Googlebot/2.1; +http://www.google.com/bot.html)" www.bellanzabeauty.com 10.44.34.235
192.178.4.102 - - [04/Aug/2026:07:33:14 -0600] "GET /commodity/22112859263 HTTP/1.1" 500 1201 "-" "Mozilla/5.0 (Linux; Android 6.0.1; Nexus 5X Build/MMB29P) AppleWebKit/537.36 (KHTML, like Gecko) Chrome/150.0.7871.186 Mobile Safari/537.36 (compatible; Googlebot/2.1; +http://www.google.com/bot.html)" bellanzabeauty.com 10.44.34.235
192.178.4.102 - - [04/Aug/2026:07:33:14 -0600] "GET /commodity/22112859263 HTTP/1.1" 500 1201 "-" "Mozilla/5.0 (Linux; Android 6.0.1; Nexus 5X Build/MMB29P) AppleWebKit/537.36 (KHTML, like Gecko) Chrome/150.0.7871.186 Mobile Safari/537.36 (compatible; Googlebot/2.1; +http://www.google.com/bot.html)" bellanzabeauty.com 10.44.34.235
192.178.4.102 - - [04/Aug/2026:07:34:31 -0600] "GET /commodity/22081409791 HTTP/1.1" 500 1201 "-" "Mozilla/5.0 (Linux; Android 6.0.1; Nexus 5X Build/MMB29P) AppleWebKit/537.36 (KHTML, like Gecko) Chrome/150.0.7871.186 Mobile Safari/537.36 (compatible; Googlebot/2.1; +http://www.google.com/bot.html)" bellanzabeauty.com 10.44.34.235
192.178.4.102 - - [04/Aug/2026:07:34:31 -0600] "GET /commodity/22081409791 HTTP/1.1" 500 1201 "-" "Mozilla/5.0 (Linux; Android 6.0.1; Nexus 5X Build/MMB29P) AppleWebKit/537.36 (KHTML, like Gecko) Chrome/150.0.7871.186 Mobile Safari/537.36 (compatible; Googlebot/2.1; +http://www.google.com/bot.html)" bellanzabeauty.com 10.44.34.235
192.178.4.102 - - [04/Aug/2026:07:40:01 -0600] "GET /commodity/22081330533 HTTP/1.1" 500 1201 "-" "Mozilla/5.0 (Linux; Android 6.0.1; Nexus 5X Build/MMB29P) AppleWebKit/537.36 (KHTML, like Gecko) Chrome/150.0.7871.186 Mobile Safari/537.36 (compatible; Googlebot/2.1; +http://www.google.com/bot.html)" bellanzabeauty.com 10.44.34.235
192.178.4.102 - - [04/Aug/2026:07:40:01 -0600] "GET /commodity/22081330533 HTTP/1.1" 500 1201 "-" "Mozilla/5.0 (Linux; Android 6.0.1; Nexus 5X Build/MMB29P) AppleWebKit/537.36 (KHTML, like Gecko) Chrome/150.0.7871.186 Mobile Safari/537.36 (compatible; Googlebot/2.1; +http://www.google.com/bot.html)" bellanzabeauty.com 10.44.34.235
192.178.4.102 - - [04/Aug/2026:07:53:29 -0600] "GET /commodity/220692668 HTTP/1.1" 500 1201 "-" "Mozilla/5.0 (Linux; Android 6.0.1; Nexus 5X Build/MMB29P) AppleWebKit/537.36 (KHTML, like Gecko) Chrome/150.0.7871.186 Mobile Safari/537.36 (compatible; Googlebot/2.1; +http://www.google.com/bot.html)" bellanzabeauty.com 10.44.34.235
192.178.4.102 - - [04/Aug/2026:07:53:29 -0600] "GET /commodity/220692668 HTTP/1.1" 500 1201 "-" "Mozilla/5.0 (Linux; Android 6.0.1; Nexus 5X Build/MMB29P) AppleWebKit/537.36 (KHTML, like Gecko) Chrome/150.0.7871.186 Mobile Safari/537.36 (compatible; Googlebot/2.1; +http://www.google.com/bot.html)" bellanzabeauty.com 10.44.34.235
66.249.64.35 - - [04/Aug/2026:07:54:29 -0600] "GET /commodity/2206220360 HTTP/1.1" 500 1201 "-" "Mozilla/5.0 (Linux; Android 6.0.1; Nexus 5X Build/MMB29P) AppleWebKit/537.36 (KHTML, like Gecko) Chrome/150.0.7871.186 Mobile Safari/537.36 (compatible; Googlebot/2.1; +http://www.google.com/bot.html)" www.bellanzabeauty.com 10.44.34.235
66.249.64.35 - - [04/Aug/2026:07:54:29 -0600] "GET /commodity/2206220360 HTTP/1.1" 500 1201 "-" "Mozilla/5.0 (Linux; Android 6.0.1; Nexus 5X Build/MMB29P) AppleWebKit/537.36 (KHTML, like Gecko) Chrome/150.0.7871.186 Mobile Safari/537.36 (compatible; Googlebot/2.1; +http://www.google.com/bot.html)" www.bellanzabeauty.com 10.44.34.235
192.178.4.103 - - [04/Aug/2026:07:55:22 -0600] "GET /commodity/22112633892 HTTP/1.1" 500 1201 "-" "Mozilla/5.0 (Linux; Android 6.0.1; Nexus 5X Build/MMB29P) AppleWebKit/537.36 (KHTML, like Gecko) Chrome/150.0.7871.186 Mobile Safari/537.36 (compatible; Googlebot/2.1; +http://www.google.com/bot.html)" bellanzabeauty.com 10.44.34.235
192.178.4.103 - - [04/Aug/2026:07:55:22 -0600] "GET /commodity/22112633892 HTTP/1.1" 500 1201 "-" "Mozilla/5.0 (Linux; Android 6.0.1; Nexus 5X Build/MMB29P) AppleWebKit/537.36 (KHTML, like Gecko) Chrome/150.0.7871.186 Mobile Safari/537.36 (compatible; Googlebot/2.1; +http://www.google.com/bot.html)" bellanzabeauty.com 10.44.34.235
192.178.4.102 - - [04/Aug/2026:07:59:59 -0600] "GET /commodity/220629891 HTTP/1.1" 500 1201 "-" "Mozilla/5.0 (Linux; Android 6.0.1; Nexus 5X Build/MMB29P) AppleWebKit/537.36 (KHTML, like Gecko) Chrome/150.0.7871.186 Mobile Safari/537.36 (compatible; Googlebot/2.1; +http://www.google.com/bot.html)" bellanzabeauty.com 10.44.34.235
192.178.4.102 - - [04/Aug/2026:07:59:59 -0600] "GET /commodity/220629891 HTTP/1.1" 500 1201 "-" "Mozilla/5.0 (Linux; Android 6.0.1; Nexus 5X Build/MMB29P) AppleWebKit/537.36 (KHTML, like Gecko) Chrome/150.0.7871.186 Mobile Safari/537.36 (compatible; Googlebot/2.1; +http://www.google.com/bot.html)" bellanzabeauty.com 10.44.34.235
192.178.4.102 - - [04/Aug/2026:08:03:31 -0600] "GET /commodity/22112658471 HTTP/1.1" 500 1201 "-" "Mozilla/5.0 (Linux; Android 6.0.1; Nexus 5X Build/MMB29P) AppleWebKit/537.36 (KHTML, like Gecko) Chrome/150.0.7871.186 Mobile Safari/537.36 (compatible; Googlebot/2.1; +http://www.google.com/bot.html)" bellanzabeauty.com 10.44.34.235
192.178.4.102 - - [04/Aug/2026:08:03:31 -0600] "GET /commodity/22112658471 HTTP/1.1" 500 1201 "-" "Mozilla/5.0 (Linux; Android 6.0.1; Nexus 5X Build/MMB29P) AppleWebKit/537.36 (KHTML, like Gecko) Chrome/150.0.7871.186 Mobile Safari/537.36 (compatible; Googlebot/2.1; +http://www.google.com/bot.html)" bellanzabeauty.com 10.44.34.235
192.178.4.103 - - [04/Aug/2026:08:06:22 -0600] "GET /commodity/2207530189 HTTP/1.1" 500 1201 "-" "Mozilla/5.0 (Linux; Android 6.0.1; Nexus 5X Build/MMB29P) AppleWebKit/537.36 (KHTML, like Gecko) Chrome/150.0.7871.186 Mobile Safari/537.36 (compatible; Googlebot/2.1; +http://www.google.com/bot.html)" bellanzabeauty.com 10.44.34.235
192.178.4.103 - - [04/Aug/2026:08:06:22 -0600] "GET /commodity/2207530189 HTTP/1.1" 500 1201 "-" "Mozilla/5.0 (Linux; Android 6.0.1; Nexus 5X Build/MMB29P) AppleWebKit/537.36 (KHTML, like Gecko) Chrome/150.0.7871.186 Mobile Safari/537.36 (compatible; Googlebot/2.1; +http://www.google.com/bot.html)" bellanzabeauty.com 10.44.34.235
66.132.195.97 - - [04/Aug/2026:08:06:32 -0600] "GET / HTTP/1.1" 500 1201 "-" "Mozilla/5.0 (compatible; CensysInspect/1.1; +https://about.censys.io/)" bellanzabeauty.com 10.44.34.235
66.132.195.97 - - [04/Aug/2026:08:06:32 -0600] "GET / HTTP/1.1" 500 1201 "-" "Mozilla/5.0 (compatible; CensysInspect/1.1; +https://about.censys.io/)" bellanzabeauty.com 10.44.34.235
192.178.4.103 - - [04/Aug/2026:08:08:19 -0600] "GET /commodity/22112614211 HTTP/1.1" 500 1201 "-" "Mozilla/5.0 (Linux; Android 6.0.1; Nexus 5X Build/MMB29P) AppleWebKit/537.36 (KHTML, like Gecko) Chrome/150.0.7871.186 Mobile Safari/537.36 (compatible; Googlebot/2.1; +http://www.google.com/bot.html)" bellanzabeauty.com 10.44.34.235
192.178.4.103 - - [04/Aug/2026:08:08:19 -0600] "GET /commodity/22112614211 HTTP/1.1" 500 1201 "-" "Mozilla/5.0 (Linux; Android 6.0.1; Nexus 5X Build/MMB29P) AppleWebKit/537.36 (KHTML, like Gecko) Chrome/150.0.7871.186 Mobile Safari/537.36 (compatible; Googlebot/2.1; +http://www.google.com/bot.html)" bellanzabeauty.com 10.44.34.235
192.0.103.4 - - [04/Aug/2026:08:12:25 -0600] "GET /website_78568fa0 HTTP/1.1" 301 295 "https://hgd.xab.mybluehost.me/website_78568fa0" "WordPress.com; https://hgd.xab.mybluehost.me/website_78568fa0" hgd.xab.mybluehost.me 10.44.34.235
192.0.103.4 - - [04/Aug/2026:08:12:25 -0600] "GET /website_78568fa0 HTTP/1.1" 301 295 "https://hgd.xab.mybluehost.me/website_78568fa0" "WordPress.com; https://hgd.xab.mybluehost.me/website_78568fa0" hgd.xab.mybluehost.me 10.44.34.235
17.22.253.112 - - [04/Aug/2026:08:14:50 -0600] "GET /robots.txt HTTP/1.1" 200 91 "-" "Mozilla/5.0 (Macintosh; Intel Mac OS X 10_15_7) AppleWebKit/605.1.15 (KHTML, like Gecko) Version/17.4 Safari/605.1.15 (Applebot/0.1; +http://www.apple.com/go/applebot)" hgd.xab.mybluehost.me 10.44.34.235
17.22.253.112 - - [04/Aug/2026:08:14:50 -0600] "GET /robots.txt HTTP/2.0" 200 91 "-" "Mozilla/5.0 (Macintosh; Intel Mac OS X 10_15_7) AppleWebKit/605.1.15 (KHTML, like Gecko) Version/17.4 Safari/605.1.15 (Applebot/0.1; +http://www.apple.com/go/applebot)" hgd.xab.mybluehost.me 10.44.34.235
44.248.186.42 - - [04/Aug/2026:08:16:58 -0600] "GET /website_1059b447/wp-content/uploads/2025/12/Untitled-design-1.png HTTP/2.0" 200 385509 "-" "Mozilla/5.0 (Windows NT 10.0; Win64; x64) AppleWebKit/537.36 (KHTML, like Gecko) Chrome/144.0.0.0 Safari/537.36" hgd.xab.mybluehost.me 10.44.34.235
35.82.29.108 - - [04/Aug/2026:08:17:27 -0600] "GET /website_1059b447/wp-content/uploads/2025/12/ST-4440-1024x1024.webp HTTP/1.1" 200 129206 "-" "Mozilla/5.0 (Windows NT 10.0; Win64; x64) AppleWebKit/537.36 (KHTML, like Gecko) Chrome/144.0.0.0 Safari/537.36" hgd.xab.mybluehost.me 10.44.34.235
35.82.29.108 - - [04/Aug/2026:08:17:27 -0600] "GET /website_1059b447/wp-content/uploads/2025/12/ST-4440-1024x1024.webp HTTP/2.0" 200 129206 "-" "Mozilla/5.0 (Windows NT 10.0; Win64; x64) AppleWebKit/537.36 (KHTML, like Gecko) Chrome/144.0.0.0 Safari/537.36" hgd.xab.mybluehost.me 10.44.34.235
35.95.86.19 - - [04/Aug/2026:08:17:27 -0600] "GET /website_1059b447/wp-content/uploads/2025/12/4.png HTTP/2.0" 200 147140 "-" "Mozilla/5.0 (Windows NT 10.0; Win64; x64) AppleWebKit/537.36 (KHTML, like Gecko) Chrome/144.0.0.0 Safari/537.36" hgd.xab.mybluehost.me 10.44.34.235
35.93.180.26 - - [04/Aug/2026:08:17:26 -0600] "GET /website_1059b447/wp-content/uploads/2025/12/2.png HTTP/2.0" 200 214542 "-" "Mozilla/5.0 (Windows NT 10.0; Win64; x64) AppleWebKit/537.36 (KHTML, like Gecko) Chrome/144.0.0.0 Safari/537.36" hgd.xab.mybluehost.me 10.44.34.235
34.213.42.52 - - [04/Aug/2026:08:17:28 -0600] "GET /website_1059b447/wp-content/uploads/2025/12/ST43Q4KGT-1024x1024.png HTTP/2.0" 200 360488 "-" "Mozilla/5.0 (Windows NT 10.0; Win64; x64) AppleWebKit/537.36 (KHTML, like Gecko) Chrome/144.0.0.0 Safari/537.36" hgd.xab.mybluehost.me 10.44.34.235
44.248.186.42 - - [04/Aug/2026:08:17:29 -0600] "GET /website_1059b447/wp-content/uploads/2025/12/Untitled-design-3.png HTTP/2.0" 200 481685 "-" "Mozilla/5.0 (Windows NT 10.0; Win64; x64) AppleWebKit/537.36 (KHTML, like Gecko) Chrome/144.0.0.0 Safari/537.36" hgd.xab.mybluehost.me 10.44.34.235
32.184.5.42 - - [04/Aug/2026:08:17:31 -0600] "GET /website_1059b447/wp-content/uploads/2025/12/Testimoni-2-1.png HTTP/2.0" 200 243510 "-" "Mozilla/5.0 (Windows NT 10.0; Win64; x64) AppleWebKit/537.36 (KHTML, like Gecko) Chrome/144.0.0.0 Safari/537.36" hgd.xab.mybluehost.me 10.44.34.235
192.0.103.4 - - [04/Aug/2026:08:13:12 -0600] "POST /website_78568fa0/xmlrpc.php?for=jetpack HTTP/1.1" 200 214 "https://hgd.xab.mybluehost.me/website_78568fa0/xmlrpc.php?for=jetpack" "The Incutio XML-RPC PHP Library" hgd.xab.mybluehost.me 10.44.34.235
192.0.103.4 - - [04/Aug/2026:08:13:42 -0600] "GET /website_78568fa0/?rest_route=%2Fjetpack%2Fv4%2Fconnection%2F&_for=jetpack&token=2Yr%5E06dEa8l%2964kP3%25xraMsVe4z9rEUL%3A1%3A0×tamp=1785852821&nonce=j36C3gwsF7&body-hash&signature=l9Cagzng71BmwYKvxRzCIBHkpjw%3D HTTP/1.1" 502 - "https://hgd.xab.mybluehost.me/website_78568fa0/?rest_route=%2Fjetpack%2Fv4%2Fconnection%2F&_for=jetpack&token=2Yr%5E06dEa8l%2964kP3%25xraMsVe4z9rEUL%3A1%3A0×tamp=1785852821&nonce=j36C3gwsF7&body-hash&signature=l9Cagzng71BmwYKvxRzCIBHkpjw%3D" "Jetpack by WordPress.com" hgd.xab.mybluehost.me 10.44.34.235
192.0.103.4 - - [04/Aug/2026:08:13:47 -0600] "GET /website_78568fa0/?rest_route=/ HTTP/1.1" 502 - "https://hgd.xab.mybluehost.me/website_78568fa0/?rest_route=/" "WordPress.com; https://hgd.xab.mybluehost.me/website_78568fa0" hgd.xab.mybluehost.me 10.44.34.235
192.0.103.4 - - [04/Aug/2026:08:14:17 -0600] "GET /website_78568fa0/?rest_route=%2Fjetpack%2Fv4%2Fconnection%2Fdata&_for=jetpack&token=aFhVsPX7gvjb%2A9ER7nlj%40Iq%23%24CLtvc%23m%3A1%3A3×tamp=1785852856&nonce=CdO0gmZZi6&body-hash&signature=pHribonFNQTtvOf1%2FJyMQzHrV3c%3D HTTP/1.1" 502 - "https://hgd.xab.mybluehost.me/website_78568fa0/?rest_route=%2Fjetpack%2Fv4%2Fconnection%2Fdata&_for=jetpack&token=aFhVsPX7gvjb%2A9ER7nlj%40Iq%23%24CLtvc%23m%3A1%3A3×tamp=1785852856&nonce=CdO0gmZZi6&body-hash&signature=pHribonFNQTtvOf1%2FJyMQzHrV3c%3D" "Jetpack by WordPress.com" hgd.xab.mybluehost.me 10.44.34.235
17.22.253.112 - - [04/Aug/2026:08:14:51 -0600] "GET /sitemap.xml HTTP/2.0" 502 - "-" "Mozilla/5.0 (Macintosh; Intel Mac OS X 10_15_7) AppleWebKit/605.1.15 (KHTML, like Gecko) Version/17.4 Safari/605.1.15 (Applebot/0.1; +http://www.apple.com/go/applebot)" hgd.xab.mybluehost.me 10.44.34.235
192.0.103.4 - - [04/Aug/2026:08:13:42 -0600] "GET /website_78568fa0/?rest_route=%2Fjetpack%2Fv4%2Fconnection%2F&_for=jetpack&token=2Yr%5E06dEa8l%2964kP3%25xraMsVe4z9rEUL%3A1%3A0×tamp=1785852821&nonce=j36C3gwsF7&body-hash&signature=l9Cagzng71BmwYKvxRzCIBHkpjw%3D HTTP/1.1" 200 153 "https://hgd.xab.mybluehost.me/website_78568fa0/?rest_route=%2Fjetpack%2Fv4%2Fconnection%2F&_for=jetpack&token=2Yr%5E06dEa8l%2964kP3%25xraMsVe4z9rEUL%3A1%3A0×tamp=1785852821&nonce=j36C3gwsF7&body-hash&signature=l9Cagzng71BmwYKvxRzCIBHkpjw%3D" "Jetpack by WordPress.com" hgd.xab.mybluehost.me 10.44.34.235
192.0.103.4 - - [04/Aug/2026:08:13:47 -0600] "GET /website_78568fa0/?rest_route=/ HTTP/1.1" 200 113376 "https://hgd.xab.mybluehost.me/website_78568fa0/?rest_route=/" "WordPress.com; https://hgd.xab.mybluehost.me/website_78568fa0" hgd.xab.mybluehost.me 10.44.34.235
192.0.103.4 - - [04/Aug/2026:08:14:22 -0600] "POST /website_78568fa0/xmlrpc.php?for=jetpack&token=aFhVsPX7gvjb%2A9ER7nlj%40Iq%23%24CLtvc%23m%3A1%3A3×tamp=1785852861&nonce=60trJH4SNm&body-hash=l5MGKDtBMCRLlbhRxcm3udBaUGk%3D&signature=trEe4VTry2bhiZH5X%2FG6irGKkkU%3D HTTP/1.1" 200 399 "https://hgd.xab.mybluehost.me/website_78568fa0/xmlrpc.php?for=jetpack&token=aFhVsPX7gvjb%2A9ER7nlj%40Iq%23%24CLtvc%23m%3A1%3A3×tamp=1785852861&nonce=60trJH4SNm&body-hash=l5MGKDtBMCRLlbhRxcm3udBaUGk%3D&signature=trEe4VTry2bhiZH5X%2FG6irGKkkU%3D" "Jetpack by WordPress.com" hgd.xab.mybluehost.me 10.44.34.235
17.22.253.112 - - [04/Aug/2026:08:14:51 -0600] "GET /sitemap.xml HTTP/1.1" 500 277 "-" "Mozilla/5.0 (Macintosh; Intel Mac OS X 10_15_7) AppleWebKit/605.1.15 (KHTML, like Gecko) Version/17.4 Safari/605.1.15 (Applebot/0.1; +http://www.apple.com/go/applebot)" hgd.xab.mybluehost.me 10.44.34.235
192.0.103.4 - - [04/Aug/2026:08:14:52 -0600] "POST /website_78568fa0/xmlrpc.php?for=jetpack&token=2Yr%5E06dEa8l%2964kP3%25xraMsVe4z9rEUL%3A1%3A0×tamp=1785852892&nonce=RjGNFptYGm&body-hash=METbiCw%2BtMQdctk0fdLMNlXOKKM%3D&signature=WlFy3pf8fD34JbKIrtTKQUJJd7g%3D HTTP/1.1" 200 1028 "https://hgd.xab.mybluehost.me/website_78568fa0/xmlrpc.php?for=jetpack&token=2Yr%5E06dEa8l%2964kP3%25xraMsVe4z9rEUL%3A1%3A0×tamp=1785852892&nonce=RjGNFptYGm&body-hash=METbiCw%2BtMQdctk0fdLMNlXOKKM%3D&signature=WlFy3pf8fD34JbKIrtTKQUJJd7g%3D" "Jetpack by WordPress.com" hgd.xab.mybluehost.me 10.44.34.235
192.0.103.4 - - [04/Aug/2026:08:15:26 -0600] "GET /502.shtml HTTP/1.1" 500 1201 "https://hgd.xab.mybluehost.me/website_78568fa0/" "WordPress.com; https://hgd.xab.mybluehost.me/website_78568fa0" hgd.xab.mybluehost.me 10.44.34.235
192.0.103.4 - - [04/Aug/2026:08:15:26 -0600] "GET /502.shtml HTTP/1.1" 500 1201 "https://hgd.xab.mybluehost.me/website_78568fa0/" "WordPress.com; https://hgd.xab.mybluehost.me/website_78568fa0" hgd.xab.mybluehost.me 10.44.34.235
192.0.103.4 - - [04/Aug/2026:08:16:42 -0600] "GET /502.shtml HTTP/1.1" 500 1201 "https://hgd.xab.mybluehost.me/website_78568fa0/?rest_route=%2Fjetpack%2Fv4%2Fconnection%2F&_for=jetpack&token=2Yr%5E06dEa8l%2964kP3%25xraMsVe4z9rEUL%3A1%3A0×tamp=1785852821&nonce=j36C3gwsF7&body-hash&signature=l9Cagzng71BmwYKvxRzCIBHkpjw%3D" "Jetpack by WordPress.com" hgd.xab.mybluehost.me 10.44.34.235
192.0.103.4 - - [04/Aug/2026:08:16:42 -0600] "GET /502.shtml HTTP/1.1" 500 1201 "https://hgd.xab.mybluehost.me/website_78568fa0/?rest_route=%2Fjetpack%2Fv4%2Fconnection%2F&_for=jetpack&token=2Yr%5E06dEa8l%2964kP3%25xraMsVe4z9rEUL%3A1%3A0×tamp=1785852821&nonce=j36C3gwsF7&body-hash&signature=l9Cagzng71BmwYKvxRzCIBHkpjw%3D" "Jetpack by WordPress.com" hgd.xab.mybluehost.me 10.44.34.235
192.0.103.4 - - [04/Aug/2026:08:16:47 -0600] "GET /502.shtml HTTP/1.1" 500 1201 "https://hgd.xab.mybluehost.me/website_78568fa0/?rest_route=/" "WordPress.com; https://hgd.xab.mybluehost.me/website_78568fa0" hgd.xab.mybluehost.me 10.44.34.235
192.0.103.4 - - [04/Aug/2026:08:16:47 -0600] "GET /502.shtml HTTP/1.1" 500 1201 "https://hgd.xab.mybluehost.me/website_78568fa0/?rest_route=/" "WordPress.com; https://hgd.xab.mybluehost.me/website_78568fa0" hgd.xab.mybluehost.me 10.44.34.235
192.0.103.4 - - [04/Aug/2026:08:17:17 -0600] "GET /502.shtml HTTP/1.1" 500 1201 "https://hgd.xab.mybluehost.me/website_78568fa0/?rest_route=%2Fjetpack%2Fv4%2Fconnection%2Fdata&_for=jetpack&token=aFhVsPX7gvjb%2A9ER7nlj%40Iq%23%24CLtvc%23m%3A1%3A3×tamp=1785852856&nonce=CdO0gmZZi6&body-hash&signature=pHribonFNQTtvOf1%2FJyMQzHrV3c%3D" "Jetpack by WordPress.com" hgd.xab.mybluehost.me 10.44.34.235
192.0.103.4 - - [04/Aug/2026:08:17:18 -0600] "GET /502.shtml HTTP/1.1" 500 1201 "https://hgd.xab.mybluehost.me/website_78568fa0/?rest_route=%2Fjetpack%2Fv4%2Fconnection%2Fdata&_for=jetpack&token=aFhVsPX7gvjb%2A9ER7nlj%40Iq%23%24CLtvc%23m%3A1%3A3×tamp=1785852856&nonce=CdO0gmZZi6&body-hash&signature=pHribonFNQTtvOf1%2FJyMQzHrV3c%3D" "Jetpack by WordPress.com" hgd.xab.mybluehost.me 10.44.34.235
17.22.253.112 - - [04/Aug/2026:08:17:51 -0600] "GET /502.shtml HTTP/1.1" 500 277 "-" "Mozilla/5.0 (Macintosh; Intel Mac OS X 10_15_7) AppleWebKit/605.1.15 (KHTML, like Gecko) Version/17.4 Safari/605.1.15 (Applebot/0.1; +http://www.apple.com/go/applebot)" hgd.xab.mybluehost.me 10.44.34.235
17.22.253.112 - - [04/Aug/2026:08:17:51 -0600] "GET /502.shtml HTTP/1.1" 500 277 "-" "Mozilla/5.0 (Macintosh; Intel Mac OS X 10_15_7) AppleWebKit/605.1.15 (KHTML, like Gecko) Version/17.4 Safari/605.1.15 (Applebot/0.1; +http://www.apple.com/go/applebot)" hgd.xab.mybluehost.me 10.44.34.235
192.0.103.4 - - [04/Aug/2026:08:18:26 -0600] "GET /502.shtml HTTP/1.1" 500 1201 "https://hgd.xab.mybluehost.me/website_78568fa0/" "WordPress.com; https://hgd.xab.mybluehost.me/website_78568fa0" hgd.xab.mybluehost.me 10.44.34.235
50.6.43.128 - - [04/Aug/2026:08:18:53 -0600] "POST /website_78568fa0/wp-cron.php?doing_wp_cron=1785853133.2319180965423583984375 HTTP/1.1" 200 - "-" "WordPress/7.0.2; https://hgd.xab.mybluehost.me/website_78568fa0" hgd.xab.mybluehost.me 10.44.34.235
192.0.103.4 - - [04/Aug/2026:08:19:42 -0600] "GET /502.shtml HTTP/1.1" 500 1201 "https://hgd.xab.mybluehost.me/website_78568fa0/?rest_route=%2Fjetpack%2Fv4%2Fconnection%2F&_for=jetpack&token=2Yr%5E06dEa8l%2964kP3%25xraMsVe4z9rEUL%3A1%3A0×tamp=1785852821&nonce=j36C3gwsF7&body-hash&signature=l9Cagzng71BmwYKvxRzCIBHkpjw%3D" "Jetpack by WordPress.com" hgd.xab.mybluehost.me 10.44.34.235
192.0.103.4 - - [04/Aug/2026:08:19:47 -0600] "GET /502.shtml HTTP/1.1" 500 1201 "https://hgd.xab.mybluehost.me/website_78568fa0/?rest_route=/" "WordPress.com; https://hgd.xab.mybluehost.me/website_78568fa0" hgd.xab.mybluehost.me 10.44.34.235
192.0.103.4 - - [04/Aug/2026:08:20:18 -0600] "GET /502.shtml HTTP/1.1" 500 1201 "https://hgd.xab.mybluehost.me/website_78568fa0/?rest_route=%2Fjetpack%2Fv4%2Fconnection%2Fdata&_for=jetpack&token=aFhVsPX7gvjb%2A9ER7nlj%40Iq%23%24CLtvc%23m%3A1%3A3×tamp=1785852856&nonce=CdO0gmZZi6&body-hash&signature=pHribonFNQTtvOf1%2FJyMQzHrV3c%3D" "Jetpack by WordPress.com" hgd.xab.mybluehost.me 10.44.34.235
17.22.253.112 - - [04/Aug/2026:08:20:51 -0600] "GET /502.shtml HTTP/1.1" 500 277 "-" "Mozilla/5.0 (Macintosh; Intel Mac OS X 10_15_7) AppleWebKit/605.1.15 (KHTML, like Gecko) Version/17.4 Safari/605.1.15 (Applebot/0.1; +http://www.apple.com/go/applebot)" hgd.xab.mybluehost.me 10.44.34.235
50.6.43.128 - - [04/Aug/2026:08:20:58 -0600] "POST /website_78568fa0/wp-cron.php?doing_wp_cron=1785853258.6331300735473632812500 HTTP/1.1" 200 - "-" "WordPress/7.0.2; https://hgd.xab.mybluehost.me/website_78568fa0" hgd.xab.mybluehost.me 10.44.34.235
192.0.103.4 - - [04/Aug/2026:08:14:17 -0600] "GET /website_78568fa0/?rest_route=%2Fjetpack%2Fv4%2Fconnection%2Fdata&_for=jetpack&token=aFhVsPX7gvjb%2A9ER7nlj%40Iq%23%24CLtvc%23m%3A1%3A3×tamp=1785852856&nonce=CdO0gmZZi6&body-hash&signature=pHribonFNQTtvOf1%2FJyMQzHrV3c%3D HTTP/1.1" 200 519 "https://hgd.xab.mybluehost.me/website_78568fa0/?rest_route=%2Fjetpack%2Fv4%2Fconnection%2Fdata&_for=jetpack&token=aFhVsPX7gvjb%2A9ER7nlj%40Iq%23%24CLtvc%23m%3A1%3A3×tamp=1785852856&nonce=CdO0gmZZi6&body-hash&signature=pHribonFNQTtvOf1%2FJyMQzHrV3c%3D" "Jetpack by WordPress.com" hgd.xab.mybluehost.me 10.44.34.235
50.6.43.128 - - [04/Aug/2026:08:23:01 -0600] "POST /website_78568fa0/wp-cron.php?doing_wp_cron=1785853380.9941539764404296875000 HTTP/1.1" 200 - "-" "WordPress/7.0.2; https://hgd.xab.mybluehost.me/website_78568fa0" hgd.xab.mybluehost.me 10.44.34.235
50.6.43.128 - - [04/Aug/2026:08:23:01 -0600] "POST /website_78568fa0/wp-cron.php?doing_wp_cron=1785853381.8437759876251220703125 HTTP/1.1" 200 - "-" "WordPress/7.0.2; https://hgd.xab.mybluehost.me/website_78568fa0" hgd.xab.mybluehost.me 10.44.34.235
50.6.43.128 - - [04/Aug/2026:08:23:01 -0600] "POST /website_78568fa0/wp-cron.php?doing_wp_cron=1785853381.8733329772949218750000 HTTP/1.1" 200 - "-" "WordPress/7.0.2; https://hgd.xab.mybluehost.me/website_78568fa0" hgd.xab.mybluehost.me 10.44.34.235
50.6.43.128 - - [04/Aug/2026:08:23:01 -0600] "POST /website_78568fa0/wp-cron.php?doing_wp_cron=1785853381.8811039924621582031250 HTTP/1.1" 200 - "-" "WordPress/7.0.2; https://hgd.xab.mybluehost.me/website_78568fa0" hgd.xab.mybluehost.me 10.44.34.235
50.6.43.128 - - [04/Aug/2026:08:23:01 -0600] "POST /website_78568fa0/wp-cron.php?doing_wp_cron=1785853381.9058198928833007812500 HTTP/1.1" 200 - "-" "WordPress/7.0.2; https://hgd.xab.mybluehost.me/website_78568fa0" hgd.xab.mybluehost.me 10.44.34.235
