52.167.144.167 - - [13/Feb/2026:01:15:29 -0700] "GET /shopdetail/12328506/ HTTP/1.1" 301 - "-" "Mozilla/5.0 AppleWebKit/537.36 (KHTML, like Gecko; compatible; bingbot/2.0; +http://www.bing.com/bingbot.htm) Chrome/116.0.1938.76 Safari/537.36" www.uniquesolutionconstructions.in 10.44.34.235
52.167.144.167 - - [13/Feb/2026:01:15:29 -0700] "GET /shopdetail/12328506/ HTTP/2.0" 301 - "-" "Mozilla/5.0 AppleWebKit/537.36 (KHTML, like Gecko; compatible; bingbot/2.0; +http://www.bing.com/bingbot.htm) Chrome/116.0.1938.76 Safari/537.36" www.uniquesolutionconstructions.in 10.44.34.235
50.6.43.128 - - [13/Feb/2026:01:16:40 -0700] "POST /wp-cron.php?doing_wp_cron=1770970600.3175339698791503906250 HTTP/1.1" 404 36805 "-" "WordPress/6.8.3; https://uniquesolutionconstructions.in" uniquesolutionconstructions.in 10.44.34.235
52.167.144.167 - - [13/Feb/2026:01:16:39 -0700] "GET /shopdetail/13214363 HTTP/1.1" 301 - "-" "Mozilla/5.0 AppleWebKit/537.36 (KHTML, like Gecko; compatible; bingbot/2.0; +http://www.bing.com/bingbot.htm) Chrome/116.0.1938.76 Safari/537.36" www.uniquesolutionconstructions.in 10.44.34.235
52.167.144.167 - - [13/Feb/2026:01:16:39 -0700] "GET /shopdetail/13214363 HTTP/2.0" 301 - "-" "Mozilla/5.0 AppleWebKit/537.36 (KHTML, like Gecko; compatible; bingbot/2.0; +http://www.bing.com/bingbot.htm) Chrome/116.0.1938.76 Safari/537.36" www.uniquesolutionconstructions.in 10.44.34.235
40.77.167.136 - - [13/Feb/2026:01:16:52 -0700] "GET /shopdetail/11114739/ HTTP/1.1" 301 - "-" "Mozilla/5.0 AppleWebKit/537.36 (KHTML, like Gecko; compatible; bingbot/2.0; +http://www.bing.com/bingbot.htm) Chrome/116.0.1938.76 Safari/537.36" www.uniquesolutionconstructions.in 10.44.34.235
40.77.167.136 - - [13/Feb/2026:01:16:52 -0700] "GET /shopdetail/11114739/ HTTP/2.0" 301 - "-" "Mozilla/5.0 AppleWebKit/537.36 (KHTML, like Gecko; compatible; bingbot/2.0; +http://www.bing.com/bingbot.htm) Chrome/116.0.1938.76 Safari/537.36" www.uniquesolutionconstructions.in 10.44.34.235
50.6.43.128 - - [13/Feb/2026:01:17:47 -0700] "POST /wp-cron.php?doing_wp_cron=1770970667.8450660705566406250000 HTTP/1.1" 404 36805 "-" "WordPress/6.8.3; https://uniquesolutionconstructions.in" uniquesolutionconstructions.in 10.44.34.235
52.167.144.24 - - [13/Feb/2026:01:17:47 -0700] "GET /shopdetail/22492528/ HTTP/1.1" 301 - "-" "Mozilla/5.0 AppleWebKit/537.36 (KHTML, like Gecko; compatible; bingbot/2.0; +http://www.bing.com/bingbot.htm) Chrome/116.0.1938.76 Safari/537.36" www.uniquesolutionconstructions.in 10.44.34.235
52.167.144.24 - - [13/Feb/2026:01:17:47 -0700] "GET /shopdetail/22492528/ HTTP/2.0" 301 - "-" "Mozilla/5.0 AppleWebKit/537.36 (KHTML, like Gecko; compatible; bingbot/2.0; +http://www.bing.com/bingbot.htm) Chrome/116.0.1938.76 Safari/537.36" www.uniquesolutionconstructions.in 10.44.34.235
34.244.17.105 - - [13/Feb/2026:01:30:23 -0700] "GET / HTTP/1.0" 406 226 "-" "Mozilla/5.0 (compatible; NetcraftSurveyAgent/1.0; +info@netcraft.com)" webmail.uniquesolutionconstructions.in 10.44.34.235
50.6.43.128 - - [13/Feb/2026:01:37:43 -0700] "POST /wp-cron.php?doing_wp_cron=1770971863.7793900966644287109375 HTTP/1.1" 404 36805 "-" "WordPress/6.8.3; https://uniquesolutionconstructions.in" uniquesolutionconstructions.in 10.44.34.235
66.249.66.68 - - [13/Feb/2026:01:37:43 -0700] "GET /zhHant/product/surugaya/74238341?campaign_uid=f64d716db5e979ed2f947dbaf4296895b951ae7f HTTP/1.1" 404 36864 "-" "Mozilla/5.0 (Linux; Android 6.0.1; Nexus 5X Build/MMB29P) AppleWebKit/537.36 (KHTML, like Gecko) Chrome/144.0.7559.132 Mobile Safari/537.36 (compatible; Googlebot/2.1; +http://www.google.com/bot.html)" uniquesolutionconstructions.in 10.44.34.235
66.249.66.68 - - [13/Feb/2026:01:37:43 -0700] "GET /zhHant/product/surugaya/74238341?campaign_uid=f64d716db5e979ed2f947dbaf4296895b951ae7f HTTP/1.1" 404 36864 "-" "Mozilla/5.0 (Linux; Android 6.0.1; Nexus 5X Build/MMB29P) AppleWebKit/537.36 (KHTML, like Gecko) Chrome/144.0.7559.132 Mobile Safari/537.36 (compatible; Googlebot/2.1; +http://www.google.com/bot.html)" uniquesolutionconstructions.in 10.44.34.235
69.171.231.22 - - [13/Feb/2026:01:37:48 -0700] "GET / HTTP/1.1" 200 215916 "-" "facebookexternalhit/1.1 (+http://www.facebook.com/externalhit_uatext.php)" uniquesolutionconstructions.in 10.44.34.235
69.171.231.22 - - [13/Feb/2026:01:37:48 -0700] "GET / HTTP/2.0" 200 215916 "-" "facebookexternalhit/1.1 (+http://www.facebook.com/externalhit_uatext.php)" uniquesolutionconstructions.in 10.44.34.235
66.249.66.204 - - [13/Feb/2026:01:38:30 -0700] "GET /zhHant/product/surugaya/66746334?campaign_uid=f64d716db5e979ed2f947dbaf4296895b951ae7f HTTP/1.1" 404 36863 "-" "Mozilla/5.0 (Linux; Android 6.0.1; Nexus 5X Build/MMB29P) AppleWebKit/537.36 (KHTML, like Gecko) Chrome/144.0.7559.132 Mobile Safari/537.36 (compatible; Googlebot/2.1; +http://www.google.com/bot.html)" uniquesolutionconstructions.in 10.44.34.235
66.249.66.204 - - [13/Feb/2026:01:38:30 -0700] "GET /zhHant/product/surugaya/66746334?campaign_uid=f64d716db5e979ed2f947dbaf4296895b951ae7f HTTP/1.1" 404 36863 "-" "Mozilla/5.0 (Linux; Android 6.0.1; Nexus 5X Build/MMB29P) AppleWebKit/537.36 (KHTML, like Gecko) Chrome/144.0.7559.132 Mobile Safari/537.36 (compatible; Googlebot/2.1; +http://www.google.com/bot.html)" uniquesolutionconstructions.in 10.44.34.235
50.6.43.128 - - [13/Feb/2026:01:44:17 -0700] "POST /wp-cron.php?doing_wp_cron=1770972257.5477619171142578125000 HTTP/1.1" 404 36805 "-" "WordPress/6.8.3; https://uniquesolutionconstructions.in" uniquesolutionconstructions.in 10.44.34.235
66.249.66.168 - - [13/Feb/2026:01:44:17 -0700] "GET /zhHant/product/surugaya/06968207?campaign_uid=f64d716db5e979ed2f947dbaf4296895b951ae7f HTTP/1.1" 404 36864 "-" "Mozilla/5.0 (Linux; Android 6.0.1; Nexus 5X Build/MMB29P) AppleWebKit/537.36 (KHTML, like Gecko) Chrome/144.0.7559.132 Mobile Safari/537.36 (compatible; Googlebot/2.1; +http://www.google.com/bot.html)" uniquesolutionconstructions.in 10.44.34.235
66.249.66.168 - - [13/Feb/2026:01:44:17 -0700] "GET /zhHant/product/surugaya/06968207?campaign_uid=f64d716db5e979ed2f947dbaf4296895b951ae7f HTTP/1.1" 404 36864 "-" "Mozilla/5.0 (Linux; Android 6.0.1; Nexus 5X Build/MMB29P) AppleWebKit/537.36 (KHTML, like Gecko) Chrome/144.0.7559.132 Mobile Safari/537.36 (compatible; Googlebot/2.1; +http://www.google.com/bot.html)" uniquesolutionconstructions.in 10.44.34.235
114.119.139.42 - - [13/Feb/2026:01:44:35 -0700] "GET /sitemap785.xml HTTP/1.1" 406 226 "-" "Mozilla/5.0 (Linux; Android 7.0;) AppleWebKit/537.36 (KHTML, like Gecko) Mobile Safari/537.36 (compatible; PetalBot;+https://webmaster.petalsearch.com/site/petalbot)" www.uniquesolutionconstructions.in 10.44.34.235
50.6.43.128 - - [13/Feb/2026:01:46:05 -0700] "POST /wp-cron.php?doing_wp_cron=1770972365.5155689716339111328125 HTTP/1.1" 404 36805 "-" "WordPress/6.8.3; https://uniquesolutionconstructions.in" uniquesolutionconstructions.in 10.44.34.235
57.141.2.42 - - [13/Feb/2026:01:46:05 -0700] "GET /sitemap396.xml HTTP/1.1" 301 - "-" "meta-externalagent/1.1 (+https://developers.facebook.com/docs/sharing/webmasters/crawler)" www.uniquesolutionconstructions.in 10.44.34.235
57.141.2.42 - - [13/Feb/2026:01:46:05 -0700] "GET /sitemap396.xml HTTP/2.0" 301 - "-" "meta-externalagent/1.1 (+https://developers.facebook.com/docs/sharing/webmasters/crawler)" www.uniquesolutionconstructions.in 10.44.34.235
93.158.90.142 - - [13/Feb/2026:01:47:54 -0700] "GET / HTTP/1.1" 200 49203 "http://uniquesolutionconstructions.in/" "Mozilla/5.0 (iPhone; CPU iPhone OS 17_1_2 like Mac OS X) AppleWebKit/605.1.15 (KHTML, like Gecko) Version/17.1.2 Mobile/15E148 Safari/604" uniquesolutionconstructions.in 10.44.34.235
93.158.90.142 - - [13/Feb/2026:01:47:54 -0700] "GET / HTTP/1.1" 200 49203 "http://uniquesolutionconstructions.in/" "Mozilla/5.0 (iPhone; CPU iPhone OS 17_1_2 like Mac OS X) AppleWebKit/605.1.15 (KHTML, like Gecko) Version/17.1.2 Mobile/15E148 Safari/604" uniquesolutionconstructions.in 10.44.34.235
93.158.90.142 - - [13/Feb/2026:01:47:55 -0700] "GET /project/utkal-gourav-international-school/ HTTP/1.1" 200 40819 "-" "Mozilla/5.0 (iPhone; CPU iPhone OS 17_1_2 like Mac OS X) AppleWebKit/605.1.15 (KHTML, like Gecko) Version/17.1.2 Mobile/15E148 Safari/604" uniquesolutionconstructions.in 10.44.34.235
93.158.90.142 - - [13/Feb/2026:01:47:55 -0700] "GET /project/utkal-gourav-international-school/ HTTP/1.1" 200 40819 "-" "Mozilla/5.0 (iPhone; CPU iPhone OS 17_1_2 like Mac OS X) AppleWebKit/605.1.15 (KHTML, like Gecko) Version/17.1.2 Mobile/15E148 Safari/604" uniquesolutionconstructions.in 10.44.34.235
93.158.90.166 - - [13/Feb/2026:01:47:57 -0700] "GET /project/soudamini-sradha-enclave/ HTTP/1.1" 200 40319 "-" "Mozilla/5.0 (iPhone; CPU iPhone OS 17_1_2 like Mac OS X) AppleWebKit/605.1.15 (KHTML, like Gecko) Version/17.1.2 Mobile/15E148 Safari/604" uniquesolutionconstructions.in 10.44.34.235
93.158.90.166 - - [13/Feb/2026:01:47:57 -0700] "GET /project/soudamini-sradha-enclave/ HTTP/1.1" 200 40319 "-" "Mozilla/5.0 (iPhone; CPU iPhone OS 17_1_2 like Mac OS X) AppleWebKit/605.1.15 (KHTML, like Gecko) Version/17.1.2 Mobile/15E148 Safari/604" uniquesolutionconstructions.in 10.44.34.235
93.158.90.169 - - [13/Feb/2026:01:47:58 -0700] "GET /project/chancellor-restaurant/ HTTP/1.1" 200 40774 "-" "Mozilla/5.0 (iPhone; CPU iPhone OS 17_1_2 like Mac OS X) AppleWebKit/605.1.15 (KHTML, like Gecko) Version/17.1.2 Mobile/15E148 Safari/604" uniquesolutionconstructions.in 10.44.34.235
93.158.90.169 - - [13/Feb/2026:01:47:58 -0700] "GET /project/chancellor-restaurant/ HTTP/1.1" 200 40774 "-" "Mozilla/5.0 (iPhone; CPU iPhone OS 17_1_2 like Mac OS X) AppleWebKit/605.1.15 (KHTML, like Gecko) Version/17.1.2 Mobile/15E148 Safari/604" uniquesolutionconstructions.in 10.44.34.235
66.249.66.68 - - [13/Feb/2026:01:48:52 -0700] "GET /zhHant/product/surugaya/76866294?campaign_uid=f64d716db5e979ed2f947dbaf4296895b951ae7f HTTP/1.1" 404 36864 "-" "Mozilla/5.0 (Linux; Android 6.0.1; Nexus 5X Build/MMB29P) AppleWebKit/537.36 (KHTML, like Gecko) Chrome/144.0.7559.132 Mobile Safari/537.36 (compatible; Googlebot/2.1; +http://www.google.com/bot.html)" uniquesolutionconstructions.in 10.44.34.235
66.249.66.68 - - [13/Feb/2026:01:48:52 -0700] "GET /zhHant/product/surugaya/76866294?campaign_uid=f64d716db5e979ed2f947dbaf4296895b951ae7f HTTP/1.1" 404 36864 "-" "Mozilla/5.0 (Linux; Android 6.0.1; Nexus 5X Build/MMB29P) AppleWebKit/537.36 (KHTML, like Gecko) Chrome/144.0.7559.132 Mobile Safari/537.36 (compatible; Googlebot/2.1; +http://www.google.com/bot.html)" uniquesolutionconstructions.in 10.44.34.235
50.6.43.128 - - [13/Feb/2026:01:52:54 -0700] "POST /wp-cron.php?doing_wp_cron=1770972773.9873189926147460937500 HTTP/1.1" 404 36805 "-" "WordPress/6.8.3; https://uniquesolutionconstructions.in" uniquesolutionconstructions.in 10.44.34.235
52.167.144.235 - - [13/Feb/2026:01:52:53 -0700] "GET /shopdetail/11596706/ HTTP/1.1" 301 - "-" "Mozilla/5.0 AppleWebKit/537.36 (KHTML, like Gecko; compatible; bingbot/2.0; +http://www.bing.com/bingbot.htm) Chrome/116.0.1938.76 Safari/537.36" www.uniquesolutionconstructions.in 10.44.34.235
52.167.144.235 - - [13/Feb/2026:01:52:53 -0700] "GET /shopdetail/11596706/ HTTP/2.0" 301 - "-" "Mozilla/5.0 AppleWebKit/537.36 (KHTML, like Gecko; compatible; bingbot/2.0; +http://www.bing.com/bingbot.htm) Chrome/116.0.1938.76 Safari/537.36" www.uniquesolutionconstructions.in 10.44.34.235
66.249.66.4 - - [13/Feb/2026:01:53:27 -0700] "GET /zhHant/product/surugaya/90819430?campaign_uid=f64d716db5e979ed2f947dbaf4296895b951ae7f HTTP/1.1" 404 36864 "-" "Mozilla/5.0 (Linux; Android 6.0.1; Nexus 5X Build/MMB29P) AppleWebKit/537.36 (KHTML, like Gecko) Chrome/144.0.7559.132 Mobile Safari/537.36 (compatible; Googlebot/2.1; +http://www.google.com/bot.html)" uniquesolutionconstructions.in 10.44.34.235
66.249.66.4 - - [13/Feb/2026:01:53:26 -0700] "GET /zhHant/product/surugaya/90819430?campaign_uid=f64d716db5e979ed2f947dbaf4296895b951ae7f HTTP/1.1" 404 36864 "-" "Mozilla/5.0 (Linux; Android 6.0.1; Nexus 5X Build/MMB29P) AppleWebKit/537.36 (KHTML, like Gecko) Chrome/144.0.7559.132 Mobile Safari/537.36 (compatible; Googlebot/2.1; +http://www.google.com/bot.html)" uniquesolutionconstructions.in 10.44.34.235
50.6.43.128 - - [13/Feb/2026:01:56:59 -0700] "POST /wp-cron.php?doing_wp_cron=1770973019.1966180801391601562500 HTTP/1.1" 404 36805 "-" "WordPress/6.8.3; https://uniquesolutionconstructions.in" uniquesolutionconstructions.in 10.44.34.235
40.77.167.54 - - [13/Feb/2026:01:56:58 -0700] "GET /shopdetail/10691962/ HTTP/1.1" 301 - "-" "Mozilla/5.0 AppleWebKit/537.36 (KHTML, like Gecko; compatible; bingbot/2.0; +http://www.bing.com/bingbot.htm) Chrome/116.0.1938.76 Safari/537.36" www.uniquesolutionconstructions.in 10.44.34.235
40.77.167.54 - - [13/Feb/2026:01:56:58 -0700] "GET /shopdetail/10691962/ HTTP/2.0" 301 - "-" "Mozilla/5.0 AppleWebKit/537.36 (KHTML, like Gecko; compatible; bingbot/2.0; +http://www.bing.com/bingbot.htm) Chrome/116.0.1938.76 Safari/537.36" www.uniquesolutionconstructions.in 10.44.34.235
50.6.43.128 - - [13/Feb/2026:01:58:27 -0700] "POST /wp-cron.php?doing_wp_cron=1770973107.5317380428314208984375 HTTP/1.1" 404 36805 "-" "WordPress/6.8.3; https://uniquesolutionconstructions.in" uniquesolutionconstructions.in 10.44.34.235
66.249.66.38 - - [13/Feb/2026:01:58:27 -0700] "GET /zhHant/product/surugaya/74892919?campaign_uid=f64d716db5e979ed2f947dbaf4296895b951ae7f HTTP/1.1" 404 36864 "-" "Mozilla/5.0 (Linux; Android 6.0.1; Nexus 5X Build/MMB29P) AppleWebKit/537.36 (KHTML, like Gecko) Chrome/144.0.7559.132 Mobile Safari/537.36 (compatible; Googlebot/2.1; +http://www.google.com/bot.html)" uniquesolutionconstructions.in 10.44.34.235
66.249.66.38 - - [13/Feb/2026:01:58:27 -0700] "GET /zhHant/product/surugaya/74892919?campaign_uid=f64d716db5e979ed2f947dbaf4296895b951ae7f HTTP/1.1" 404 36864 "-" "Mozilla/5.0 (Linux; Android 6.0.1; Nexus 5X Build/MMB29P) AppleWebKit/537.36 (KHTML, like Gecko) Chrome/144.0.7559.132 Mobile Safari/537.36 (compatible; Googlebot/2.1; +http://www.google.com/bot.html)" uniquesolutionconstructions.in 10.44.34.235
50.6.43.128 - - [13/Feb/2026:02:00:07 -0700] "POST /wp-cron.php?doing_wp_cron=1770973207.0991930961608886718750 HTTP/1.1" 404 36805 "-" "WordPress/6.8.3; https://uniquesolutionconstructions.in" uniquesolutionconstructions.in 10.44.34.235
66.249.66.69 - - [13/Feb/2026:02:00:06 -0700] "GET /zhHant/product/surugaya/46560824?campaign_uid=f64d716db5e979ed2f947dbaf4296895b951ae7f HTTP/1.1" 404 36864 "-" "Mozilla/5.0 (Linux; Android 6.0.1; Nexus 5X Build/MMB29P) AppleWebKit/537.36 (KHTML, like Gecko) Chrome/144.0.7559.132 Mobile Safari/537.36 (compatible; Googlebot/2.1; +http://www.google.com/bot.html)" uniquesolutionconstructions.in 10.44.34.235
66.249.66.69 - - [13/Feb/2026:02:00:06 -0700] "GET /zhHant/product/surugaya/46560824?campaign_uid=f64d716db5e979ed2f947dbaf4296895b951ae7f HTTP/1.1" 404 36864 "-" "Mozilla/5.0 (Linux; Android 6.0.1; Nexus 5X Build/MMB29P) AppleWebKit/537.36 (KHTML, like Gecko) Chrome/144.0.7559.132 Mobile Safari/537.36 (compatible; Googlebot/2.1; +http://www.google.com/bot.html)" uniquesolutionconstructions.in 10.44.34.235
40.77.167.54 - - [13/Feb/2026:02:01:03 -0700] "GET /shopdetail/4468973/ HTTP/1.1" 301 - "-" "Mozilla/5.0 AppleWebKit/537.36 (KHTML, like Gecko; compatible; bingbot/2.0; +http://www.bing.com/bingbot.htm) Chrome/116.0.1938.76 Safari/537.36" www.uniquesolutionconstructions.in 10.44.34.235
40.77.167.54 - - [13/Feb/2026:02:01:03 -0700] "GET /shopdetail/4468973/ HTTP/2.0" 301 - "-" "Mozilla/5.0 AppleWebKit/537.36 (KHTML, like Gecko; compatible; bingbot/2.0; +http://www.bing.com/bingbot.htm) Chrome/116.0.1938.76 Safari/537.36" www.uniquesolutionconstructions.in 10.44.34.235
50.6.43.128 - - [13/Feb/2026:02:01:41 -0700] "POST /wp-cron.php?doing_wp_cron=1770973301.8663630485534667968750 HTTP/1.1" 404 36805 "-" "WordPress/6.8.3; https://uniquesolutionconstructions.in" uniquesolutionconstructions.in 10.44.34.235
66.249.66.38 - - [13/Feb/2026:02:01:41 -0700] "GET /zhHant/product/surugaya/13749839?campaign_uid=f64d716db5e979ed2f947dbaf4296895b951ae7f HTTP/1.1" 404 36864 "-" "Mozilla/5.0 (Linux; Android 6.0.1; Nexus 5X Build/MMB29P) AppleWebKit/537.36 (KHTML, like Gecko) Chrome/144.0.7559.132 Mobile Safari/537.36 (compatible; Googlebot/2.1; +http://www.google.com/bot.html)" uniquesolutionconstructions.in 10.44.34.235
66.249.66.38 - - [13/Feb/2026:02:01:41 -0700] "GET /zhHant/product/surugaya/13749839?campaign_uid=f64d716db5e979ed2f947dbaf4296895b951ae7f HTTP/1.1" 404 36864 "-" "Mozilla/5.0 (Linux; Android 6.0.1; Nexus 5X Build/MMB29P) AppleWebKit/537.36 (KHTML, like Gecko) Chrome/144.0.7559.132 Mobile Safari/537.36 (compatible; Googlebot/2.1; +http://www.google.com/bot.html)" uniquesolutionconstructions.in 10.44.34.235
40.77.167.54 - - [13/Feb/2026:02:01:44 -0700] "GET /shopdetail/12000340/ HTTP/1.1" 301 - "-" "Mozilla/5.0 AppleWebKit/537.36 (KHTML, like Gecko; compatible; bingbot/2.0; +http://www.bing.com/bingbot.htm) Chrome/116.0.1938.76 Safari/537.36" www.uniquesolutionconstructions.in 10.44.34.235
40.77.167.54 - - [13/Feb/2026:02:01:44 -0700] "GET /shopdetail/12000340/ HTTP/2.0" 301 - "-" "Mozilla/5.0 AppleWebKit/537.36 (KHTML, like Gecko; compatible; bingbot/2.0; +http://www.bing.com/bingbot.htm) Chrome/116.0.1938.76 Safari/537.36" www.uniquesolutionconstructions.in 10.44.34.235
50.6.43.128 - - [13/Feb/2026:02:03:17 -0700] "POST /wp-cron.php?doing_wp_cron=1770973397.5994200706481933593750 HTTP/1.1" 404 36805 "-" "WordPress/6.8.3; https://uniquesolutionconstructions.in" uniquesolutionconstructions.in 10.44.34.235
66.249.66.160 - - [13/Feb/2026:02:03:17 -0700] "GET /zhHant/product/surugaya/58690962?campaign_uid=f64d716db5e979ed2f947dbaf4296895b951ae7f HTTP/1.1" 404 36864 "-" "Mozilla/5.0 (Linux; Android 6.0.1; Nexus 5X Build/MMB29P) AppleWebKit/537.36 (KHTML, like Gecko) Chrome/144.0.7559.132 Mobile Safari/537.36 (compatible; Googlebot/2.1; +http://www.google.com/bot.html)" uniquesolutionconstructions.in 10.44.34.235
66.249.66.160 - - [13/Feb/2026:02:03:17 -0700] "GET /zhHant/product/surugaya/58690962?campaign_uid=f64d716db5e979ed2f947dbaf4296895b951ae7f HTTP/1.1" 404 36864 "-" "Mozilla/5.0 (Linux; Android 6.0.1; Nexus 5X Build/MMB29P) AppleWebKit/537.36 (KHTML, like Gecko) Chrome/144.0.7559.132 Mobile Safari/537.36 (compatible; Googlebot/2.1; +http://www.google.com/bot.html)" uniquesolutionconstructions.in 10.44.34.235
50.6.43.128 - - [13/Feb/2026:02:04:53 -0700] "POST /wp-cron.php?doing_wp_cron=1770973493.7842218875885009765625 HTTP/1.1" 404 36805 "-" "WordPress/6.8.3; https://uniquesolutionconstructions.in" uniquesolutionconstructions.in 10.44.34.235
40.77.167.14 - - [13/Feb/2026:02:04:53 -0700] "GET /shopdetail/19178240/ HTTP/1.1" 301 - "-" "Mozilla/5.0 AppleWebKit/537.36 (KHTML, like Gecko; compatible; bingbot/2.0; +http://www.bing.com/bingbot.htm) Chrome/116.0.1938.76 Safari/537.36" www.uniquesolutionconstructions.in 10.44.34.235
40.77.167.14 - - [13/Feb/2026:02:04:53 -0700] "GET /shopdetail/19178240/ HTTP/2.0" 301 - "-" "Mozilla/5.0 AppleWebKit/537.36 (KHTML, like Gecko; compatible; bingbot/2.0; +http://www.bing.com/bingbot.htm) Chrome/116.0.1938.76 Safari/537.36" www.uniquesolutionconstructions.in 10.44.34.235
52.167.144.229 - - [13/Feb/2026:02:04:58 -0700] "GET /shopdetail/21035117/ HTTP/1.1" 301 - "-" "Mozilla/5.0 AppleWebKit/537.36 (KHTML, like Gecko; compatible; bingbot/2.0; +http://www.bing.com/bingbot.htm) Chrome/116.0.1938.76 Safari/537.36" www.uniquesolutionconstructions.in 10.44.34.235
52.167.144.229 - - [13/Feb/2026:02:04:58 -0700] "GET /shopdetail/21035117/ HTTP/2.0" 301 - "-" "Mozilla/5.0 AppleWebKit/537.36 (KHTML, like Gecko; compatible; bingbot/2.0; +http://www.bing.com/bingbot.htm) Chrome/116.0.1938.76 Safari/537.36" www.uniquesolutionconstructions.in 10.44.34.235
66.249.66.69 - - [13/Feb/2026:02:05:10 -0700] "GET /zhHant/product/surugaya/16760151?campaign_uid=f64d716db5e979ed2f947dbaf4296895b951ae7f HTTP/1.1" 404 36864 "-" "Mozilla/5.0 (Linux; Android 6.0.1; Nexus 5X Build/MMB29P) AppleWebKit/537.36 (KHTML, like Gecko) Chrome/144.0.7559.132 Mobile Safari/537.36 (compatible; Googlebot/2.1; +http://www.google.com/bot.html)" uniquesolutionconstructions.in 10.44.34.235
66.249.66.69 - - [13/Feb/2026:02:05:10 -0700] "GET /zhHant/product/surugaya/16760151?campaign_uid=f64d716db5e979ed2f947dbaf4296895b951ae7f HTTP/1.1" 404 36864 "-" "Mozilla/5.0 (Linux; Android 6.0.1; Nexus 5X Build/MMB29P) AppleWebKit/537.36 (KHTML, like Gecko) Chrome/144.0.7559.132 Mobile Safari/537.36 (compatible; Googlebot/2.1; +http://www.google.com/bot.html)" uniquesolutionconstructions.in 10.44.34.235
180.153.236.177 - - [13/Feb/2026:02:06:06 -0700] "GET / HTTP/2.0" 406 226 "https://uniquesolutionconstructions.in/" "Mozilla/5.0 (Windows NT 10.0; Win64; x64) AppleWebKit/537.36 (KHTML, like Gecko) Chrome/140.0.0.0 Safari/537.36 Edg/140.0.0.0; 360Spider" uniquesolutionconstructions.in 10.44.34.235
50.6.43.128 - - [13/Feb/2026:02:06:49 -0700] "POST /wp-cron.php?doing_wp_cron=1770973609.4998400211334228515625 HTTP/1.1" 404 36805 "-" "WordPress/6.8.3; https://uniquesolutionconstructions.in" uniquesolutionconstructions.in 10.44.34.235
52.167.144.229 - - [13/Feb/2026:02:06:49 -0700] "GET /shopdetail/26521640/ HTTP/1.1" 301 - "-" "Mozilla/5.0 AppleWebKit/537.36 (KHTML, like Gecko; compatible; bingbot/2.0; +http://www.bing.com/bingbot.htm) Chrome/116.0.1938.76 Safari/537.36" www.uniquesolutionconstructions.in 10.44.34.235
52.167.144.229 - - [13/Feb/2026:02:06:49 -0700] "GET /shopdetail/26521640/ HTTP/2.0" 301 - "-" "Mozilla/5.0 AppleWebKit/537.36 (KHTML, like Gecko; compatible; bingbot/2.0; +http://www.bing.com/bingbot.htm) Chrome/116.0.1938.76 Safari/537.36" www.uniquesolutionconstructions.in 10.44.34.235
40.77.167.14 - - [13/Feb/2026:02:06:52 -0700] "GET /product/edit/32921231 HTTP/1.1" 404 36862 "-" "Mozilla/5.0 AppleWebKit/537.36 (KHTML, like Gecko; compatible; bingbot/2.0; +http://www.bing.com/bingbot.htm) Chrome/116.0.1938.76 Safari/537.36" uniquesolutionconstructions.in 10.44.34.235
40.77.167.14 - - [13/Feb/2026:02:06:52 -0700] "GET /product/edit/32921231 HTTP/2.0" 404 36862 "-" "Mozilla/5.0 AppleWebKit/537.36 (KHTML, like Gecko; compatible; bingbot/2.0; +http://www.bing.com/bingbot.htm) Chrome/116.0.1938.76 Safari/537.36" uniquesolutionconstructions.in 10.44.34.235
52.167.144.229 - - [13/Feb/2026:02:07:10 -0700] "GET /product/edit/10761486 HTTP/1.1" 301 - "-" "Mozilla/5.0 AppleWebKit/537.36 (KHTML, like Gecko; compatible; bingbot/2.0; +http://www.bing.com/bingbot.htm) Chrome/116.0.1938.76 Safari/537.36" www.uniquesolutionconstructions.in 10.44.34.235
52.167.144.229 - - [13/Feb/2026:02:07:10 -0700] "GET /product/edit/10761486 HTTP/2.0" 301 - "-" "Mozilla/5.0 AppleWebKit/537.36 (KHTML, like Gecko; compatible; bingbot/2.0; +http://www.bing.com/bingbot.htm) Chrome/116.0.1938.76 Safari/537.36" www.uniquesolutionconstructions.in 10.44.34.235
50.6.43.128 - - [13/Feb/2026:02:08:27 -0700] "POST /wp-cron.php?doing_wp_cron=1770973707.3720550537109375000000 HTTP/1.1" 404 36805 "-" "WordPress/6.8.3; https://uniquesolutionconstructions.in" uniquesolutionconstructions.in 10.44.34.235
66.249.66.68 - - [13/Feb/2026:02:08:26 -0700] "GET /product/edit/48268771 HTTP/1.1" 404 36864 "-" "Mozilla/5.0 (Linux; Android 6.0.1; Nexus 5X Build/MMB29P) AppleWebKit/537.36 (KHTML, like Gecko) Chrome/144.0.7559.132 Mobile Safari/537.36 (compatible; Googlebot/2.1; +http://www.google.com/bot.html)" uniquesolutionconstructions.in 10.44.34.235
66.249.66.68 - - [13/Feb/2026:02:08:26 -0700] "GET /product/edit/48268771 HTTP/1.1" 404 36864 "-" "Mozilla/5.0 (Linux; Android 6.0.1; Nexus 5X Build/MMB29P) AppleWebKit/537.36 (KHTML, like Gecko) Chrome/144.0.7559.132 Mobile Safari/537.36 (compatible; Googlebot/2.1; +http://www.google.com/bot.html)" uniquesolutionconstructions.in 10.44.34.235
66.249.66.39 - - [13/Feb/2026:02:09:17 -0700] "GET /product/edit/59935833 HTTP/1.1" 404 36863 "-" "Mozilla/5.0 (Linux; Android 6.0.1; Nexus 5X Build/MMB29P) AppleWebKit/537.36 (KHTML, like Gecko) Chrome/144.0.7559.132 Mobile Safari/537.36 (compatible; Googlebot/2.1; +http://www.google.com/bot.html)" uniquesolutionconstructions.in 10.44.34.235
66.249.66.39 - - [13/Feb/2026:02:09:17 -0700] "GET /product/edit/59935833 HTTP/1.1" 404 36863 "-" "Mozilla/5.0 (Linux; Android 6.0.1; Nexus 5X Build/MMB29P) AppleWebKit/537.36 (KHTML, like Gecko) Chrome/144.0.7559.132 Mobile Safari/537.36 (compatible; Googlebot/2.1; +http://www.google.com/bot.html)" uniquesolutionconstructions.in 10.44.34.235
50.6.43.128 - - [13/Feb/2026:02:10:33 -0700] "POST /wp-cron.php?doing_wp_cron=1770973833.3511409759521484375000 HTTP/1.1" 404 36805 "-" "WordPress/6.8.3; https://uniquesolutionconstructions.in" uniquesolutionconstructions.in 10.44.34.235
52.167.144.229 - - [13/Feb/2026:02:10:32 -0700] "GET /shopdetail/10431095/ HTTP/1.1" 301 - "-" "Mozilla/5.0 AppleWebKit/537.36 (KHTML, like Gecko; compatible; bingbot/2.0; +http://www.bing.com/bingbot.htm) Chrome/116.0.1938.76 Safari/537.36" www.uniquesolutionconstructions.in 10.44.34.235
52.167.144.229 - - [13/Feb/2026:02:10:32 -0700] "GET /shopdetail/10431095/ HTTP/2.0" 301 - "-" "Mozilla/5.0 AppleWebKit/537.36 (KHTML, like Gecko; compatible; bingbot/2.0; +http://www.bing.com/bingbot.htm) Chrome/116.0.1938.76 Safari/537.36" www.uniquesolutionconstructions.in 10.44.34.235
52.167.144.229 - - [13/Feb/2026:02:10:34 -0700] "GET /shopdetail/3238295/ HTTP/1.1" 301 - "-" "Mozilla/5.0 AppleWebKit/537.36 (KHTML, like Gecko; compatible; bingbot/2.0; +http://www.bing.com/bingbot.htm) Chrome/116.0.1938.76 Safari/537.36" www.uniquesolutionconstructions.in 10.44.34.235
52.167.144.229 - - [13/Feb/2026:02:10:34 -0700] "GET /shopdetail/3238295/ HTTP/2.0" 301 - "-" "Mozilla/5.0 AppleWebKit/537.36 (KHTML, like Gecko; compatible; bingbot/2.0; +http://www.bing.com/bingbot.htm) Chrome/116.0.1938.76 Safari/537.36" www.uniquesolutionconstructions.in 10.44.34.235
50.6.43.128 - - [13/Feb/2026:02:15:51 -0700] "POST /wp-cron.php?doing_wp_cron=1770974151.6508889198303222656250 HTTP/1.1" 404 36805 "-" "WordPress/6.8.3; https://uniquesolutionconstructions.in" uniquesolutionconstructions.in 10.44.34.235
40.77.167.61 - - [13/Feb/2026:02:15:51 -0700] "GET /shopdetail/8864217/ HTTP/1.1" 301 - "-" "Mozilla/5.0 AppleWebKit/537.36 (KHTML, like Gecko; compatible; bingbot/2.0; +http://www.bing.com/bingbot.htm) Chrome/116.0.1938.76 Safari/537.36" www.uniquesolutionconstructions.in 10.44.34.235
40.77.167.61 - - [13/Feb/2026:02:15:51 -0700] "GET /shopdetail/8864217/ HTTP/2.0" 301 - "-" "Mozilla/5.0 AppleWebKit/537.36 (KHTML, like Gecko; compatible; bingbot/2.0; +http://www.bing.com/bingbot.htm) Chrome/116.0.1938.76 Safari/537.36" www.uniquesolutionconstructions.in 10.44.34.235
50.6.43.128 - - [13/Feb/2026:02:18:55 -0700] "POST /wp-cron.php?doing_wp_cron=1770974335.9713048934936523437500 HTTP/1.1" 404 36805 "-" "WordPress/6.8.3; https://uniquesolutionconstructions.in" uniquesolutionconstructions.in 10.44.34.235
52.167.144.183 - - [13/Feb/2026:02:18:55 -0700] "GET /shopdetail/16386651/ HTTP/1.1" 301 - "-" "Mozilla/5.0 AppleWebKit/537.36 (KHTML, like Gecko; compatible; bingbot/2.0; +http://www.bing.com/bingbot.htm) Chrome/116.0.1938.76 Safari/537.36" www.uniquesolutionconstructions.in 10.44.34.235
52.167.144.183 - - [13/Feb/2026:02:18:55 -0700] "GET /shopdetail/16386651/ HTTP/2.0" 301 - "-" "Mozilla/5.0 AppleWebKit/537.36 (KHTML, like Gecko; compatible; bingbot/2.0; +http://www.bing.com/bingbot.htm) Chrome/116.0.1938.76 Safari/537.36" www.uniquesolutionconstructions.in 10.44.34.235
50.6.43.128 - - [13/Feb/2026:02:36:53 -0700] "POST /wp-cron.php?doing_wp_cron=1770975413.9009299278259277343750 HTTP/1.1" 404 36805 "-" "WordPress/6.8.3; https://uniquesolutionconstructions.in" uniquesolutionconstructions.in 10.44.34.235
40.77.167.47 - - [13/Feb/2026:02:36:53 -0700] "GET /shopdetail/11547484/ HTTP/1.1" 301 - "-" "Mozilla/5.0 AppleWebKit/537.36 (KHTML, like Gecko; compatible; bingbot/2.0; +http://www.bing.com/bingbot.htm) Chrome/116.0.1938.76 Safari/537.36" www.uniquesolutionconstructions.in 10.44.34.235
40.77.167.47 - - [13/Feb/2026:02:36:53 -0700] "GET /shopdetail/11547484/ HTTP/2.0" 301 - "-" "Mozilla/5.0 AppleWebKit/537.36 (KHTML, like Gecko; compatible; bingbot/2.0; +http://www.bing.com/bingbot.htm) Chrome/116.0.1938.76 Safari/537.36" www.uniquesolutionconstructions.in 10.44.34.235
3.252.32.192 - - [13/Feb/2026:02:44:16 -0700] "GET / HTTP/1.0" 406 226 "-" "Mozilla/5.0 (compatible; NetcraftSurveyAgent/1.0; +info@netcraft.com)" cpcontacts.uniquesolutionconstructions.in 10.44.34.235
50.6.43.128 - - [13/Feb/2026:02:58:10 -0700] "POST /wp-cron.php?doing_wp_cron=1770976690.1673579216003417968750 HTTP/1.1" 404 36805 "-" "WordPress/6.8.3; https://uniquesolutionconstructions.in" uniquesolutionconstructions.in 10.44.34.235
40.77.167.3 - - [13/Feb/2026:02:58:09 -0700] "GET /shopdetail/22437951/ HTTP/1.1" 301 - "-" "Mozilla/5.0 AppleWebKit/537.36 (KHTML, like Gecko; compatible; bingbot/2.0; +http://www.bing.com/bingbot.htm) Chrome/116.0.1938.76 Safari/537.36" www.uniquesolutionconstructions.in 10.44.34.235
40.77.167.3 - - [13/Feb/2026:02:58:09 -0700] "GET /shopdetail/22437951/ HTTP/2.0" 301 - "-" "Mozilla/5.0 AppleWebKit/537.36 (KHTML, like Gecko; compatible; bingbot/2.0; +http://www.bing.com/bingbot.htm) Chrome/116.0.1938.76 Safari/537.36" www.uniquesolutionconstructions.in 10.44.34.235
66.249.66.169 - - [13/Feb/2026:02:58:53 -0700] "GET /?_g=729511 HTTP/1.1" 200 49201 "-" "Mozilla/5.0 (Linux; Android 6.0.1; Nexus 5X Build/MMB29P) AppleWebKit/537.36 (KHTML, like Gecko) Chrome/144.0.7559.132 Mobile Safari/537.36 (compatible; Googlebot/2.1; +http://www.google.com/bot.html)" uniquesolutionconstructions.in 10.44.34.235
66.249.66.169 - - [13/Feb/2026:02:58:53 -0700] "GET /?_g=729511 HTTP/1.1" 200 49201 "-" "Mozilla/5.0 (Linux; Android 6.0.1; Nexus 5X Build/MMB29P) AppleWebKit/537.36 (KHTML, like Gecko) Chrome/144.0.7559.132 Mobile Safari/537.36 (compatible; Googlebot/2.1; +http://www.google.com/bot.html)" uniquesolutionconstructions.in 10.44.34.235
66.249.66.160 - - [13/Feb/2026:02:59:01 -0700] "GET /wp-content/plugins/elementor/assets/lib/eicons/css/elementor-icons.min.css?ver=5.44.0 HTTP/1.1" 200 4420 "https://uniquesolutionconstructions.in/?_g=729511" "Mozilla/5.0 (Linux; Android 6.0.1; Nexus 5X Build/MMB29P) AppleWebKit/537.36 (KHTML, like Gecko) Chrome/144.0.7559.132 Mobile Safari/537.36 (compatible; Googlebot/2.1; +http://www.google.com/bot.html)" uniquesolutionconstructions.in 10.44.34.235
66.249.66.169 - - [13/Feb/2026:02:59:02 -0700] "GET /wp-content/plugins/bookly-responsive-appointment-booking-tool/frontend/resources/css/modern-booking-form-calendar.css?ver=24.8 HTTP/1.1" 200 162 "https://uniquesolutionconstructions.in/?_g=729511" "Mozilla/5.0 (Linux; Android 6.0.1; Nexus 5X Build/MMB29P) AppleWebKit/537.36 (KHTML, like Gecko) Chrome/144.0.7559.132 Mobile Safari/537.36 (compatible; Googlebot/2.1; +http://www.google.com/bot.html)" uniquesolutionconstructions.in 10.44.34.235
66.249.66.192 - - [13/Feb/2026:02:59:02 -0700] "GET /wp-content/plugins/bookly-responsive-appointment-booking-tool/backend/resources/tailwind/tailwind.css?ver=24.8 HTTP/1.1" 200 8477 "https://uniquesolutionconstructions.in/?_g=729511" "Mozilla/5.0 (Linux; Android 6.0.1; Nexus 5X Build/MMB29P) AppleWebKit/537.36 (KHTML, like Gecko) Chrome/144.0.7559.132 Mobile Safari/537.36 (compatible; Googlebot/2.1; +http://www.google.com/bot.html)" uniquesolutionconstructions.in 10.44.34.235
66.249.66.40 - - [13/Feb/2026:02:59:04 -0700] "GET /wp-content/uploads/elementor/css/post-1117.css?ver=1765414829 HTTP/1.1" 200 1998 "https://uniquesolutionconstructions.in/?_g=729511" "Mozilla/5.0 (Linux; Android 6.0.1; Nexus 5X Build/MMB29P) AppleWebKit/537.36 (KHTML, like Gecko) Chrome/144.0.7559.132 Mobile Safari/537.36 (compatible; Googlebot/2.1; +http://www.google.com/bot.html)" uniquesolutionconstructions.in 10.44.34.235
66.249.66.39 - - [13/Feb/2026:02:59:04 -0700] "GET /wp-content/plugins/elementor/assets/css/conditionals/e-swiper.min.css?ver=3.33.4 HTTP/1.1" 200 861 "https://uniquesolutionconstructions.in/?_g=729511" "Mozilla/5.0 (Linux; Android 6.0.1; Nexus 5X Build/MMB29P) AppleWebKit/537.36 (KHTML, like Gecko) Chrome/144.0.7559.132 Mobile Safari/537.36 (compatible; Googlebot/2.1; +http://www.google.com/bot.html)" uniquesolutionconstructions.in 10.44.34.235
66.249.66.38 - - [13/Feb/2026:02:59:05 -0700] "GET /wp-content/plugins/elementor/assets/css/widget-image-carousel.min.css?ver=3.33.4 HTTP/1.1" 200 183 "https://uniquesolutionconstructions.in/?_g=729511" "Mozilla/5.0 (Linux; Android 6.0.1; Nexus 5X Build/MMB29P) AppleWebKit/537.36 (KHTML, like Gecko) Chrome/144.0.7559.132 Mobile Safari/537.36 (compatible; Googlebot/2.1; +http://www.google.com/bot.html)" uniquesolutionconstructions.in 10.44.34.235
66.249.66.38 - - [13/Feb/2026:02:59:06 -0700] "GET /wp-content/plugins/elementor/assets/lib/swiper/v8/css/swiper.min.css?ver=8.4.5 HTTP/1.1" 200 5361 "https://uniquesolutionconstructions.in/?_g=729511" "Mozilla/5.0 (Linux; Android 6.0.1; Nexus 5X Build/MMB29P) AppleWebKit/537.36 (KHTML, like Gecko) Chrome/144.0.7559.132 Mobile Safari/537.36 (compatible; Googlebot/2.1; +http://www.google.com/bot.html)" uniquesolutionconstructions.in 10.44.34.235
66.249.66.204 - - [13/Feb/2026:02:59:08 -0700] "GET /wp-content/plugins/elementor/assets/css/frontend.min.css?ver=3.33.4 HTTP/1.1" 200 9984 "https://uniquesolutionconstructions.in/?_g=729511" "Mozilla/5.0 (Linux; Android 6.0.1; Nexus 5X Build/MMB29P) AppleWebKit/537.36 (KHTML, like Gecko) Chrome/144.0.7559.132 Mobile Safari/537.36 (compatible; Googlebot/2.1; +http://www.google.com/bot.html)" uniquesolutionconstructions.in 10.44.34.235
66.249.66.4 - - [13/Feb/2026:02:59:10 -0700] "GET /wp-content/plugins/elementor/assets/lib/font-awesome/css/brands.css?ver=5.15.3 HTTP/1.1" 200 322 "https://uniquesolutionconstructions.in/?_g=729511" "Mozilla/5.0 (Linux; Android 6.0.1; Nexus 5X Build/MMB29P) AppleWebKit/537.36 (KHTML, like Gecko) Chrome/144.0.7559.132 Mobile Safari/537.36 (compatible; Googlebot/2.1; +http://www.google.com/bot.html)" uniquesolutionconstructions.in 10.44.34.235
66.249.66.67 - - [13/Feb/2026:02:59:11 -0700] "GET /wp-content/plugins/elementskit-lite/modules/elementskit-icon-pack/assets/css/ekiticons.css?ver=3.5.3 HTTP/1.1" 200 12972 "https://uniquesolutionconstructions.in/?_g=729511" "Mozilla/5.0 (Linux; Android 6.0.1; Nexus 5X Build/MMB29P) AppleWebKit/537.36 (KHTML, like Gecko) Chrome/144.0.7559.132 Mobile Safari/537.36 (compatible; Googlebot/2.1; +http://www.google.com/bot.html)" uniquesolutionconstructions.in 10.44.34.235
66.249.66.4 - - [13/Feb/2026:02:59:10 -0700] "GET /wp-content/plugins/contact-form-7/includes/css/styles.css?ver=6.0.6 HTTP/1.1" 200 1066 "https://uniquesolutionconstructions.in/?_g=729511" "Mozilla/5.0 (Linux; Android 6.0.1; Nexus 5X Build/MMB29P) AppleWebKit/537.36 (KHTML, like Gecko) Chrome/144.0.7559.132 Mobile Safari/537.36 (compatible; Googlebot/2.1; +http://www.google.com/bot.html)" uniquesolutionconstructions.in 10.44.34.235
50.6.43.128 - - [13/Feb/2026:02:59:12 -0700] "POST /wp-cron.php?doing_wp_cron=1770976752.2350139617919921875000 HTTP/1.1" 404 36805 "-" "WordPress/6.8.3; https://uniquesolutionconstructions.in" uniquesolutionconstructions.in 10.44.34.235
40.77.167.61 - - [13/Feb/2026:02:59:11 -0700] "GET /pcmypage?callback=/product%2Fdetail%2F57078152 HTTP/1.1" 301 - "-" "Mozilla/5.0 AppleWebKit/537.36 (KHTML, like Gecko; compatible; bingbot/2.0; +http://www.bing.com/bingbot.htm) Chrome/116.0.1938.76 Safari/537.36" www.uniquesolutionconstructions.in 10.44.34.235
40.77.167.61 - - [13/Feb/2026:02:59:11 -0700] "GET /pcmypage?callback=/product%2Fdetail%2F57078152 HTTP/2.0" 301 - "-" "Mozilla/5.0 AppleWebKit/537.36 (KHTML, like Gecko; compatible; bingbot/2.0; +http://www.bing.com/bingbot.htm) Chrome/116.0.1938.76 Safari/537.36" www.uniquesolutionconstructions.in 10.44.34.235
66.249.66.168 - - [13/Feb/2026:02:59:12 -0700] "GET /wp-includes/js/dist/hooks.min.js?ver=4d63a3d491d11ffd8ac6 HTTP/1.1" 200 1717 "https://uniquesolutionconstructions.in/?_g=729511" "Mozilla/5.0 (Linux; Android 6.0.1; Nexus 5X Build/MMB29P) AppleWebKit/537.36 (KHTML, like Gecko) Chrome/144.0.7559.132 Mobile Safari/537.36 (compatible; Googlebot/2.1; +http://www.google.com/bot.html)" uniquesolutionconstructions.in 10.44.34.235
66.249.66.4 - - [13/Feb/2026:02:59:15 -0700] "GET /wp-content/plugins/bluehost-wordpress-plugin/vendor/newfold-labs/wp-module-performance/build/assets/image-lazy-loader.min.js?ver=1768020521 HTTP/1.1" 200 387 "https://uniquesolutionconstructions.in/?_g=729511" "Mozilla/5.0 (Linux; Android 6.0.1; Nexus 5X Build/MMB29P) AppleWebKit/537.36 (KHTML, like Gecko) Chrome/144.0.7559.132 Mobile Safari/537.36 (compatible; Googlebot/2.1; +http://www.google.com/bot.html)" uniquesolutionconstructions.in 10.44.34.235
66.249.66.38 - - [13/Feb/2026:02:59:14 -0700] "GET /wp-content/plugins/contact-form-7/includes/swv/js/index.js?ver=6.0.6 HTTP/1.1" 200 3813 "https://uniquesolutionconstructions.in/?_g=729511" "Mozilla/5.0 (Linux; Android 6.0.1; Nexus 5X Build/MMB29P) AppleWebKit/537.36 (KHTML, like Gecko) Chrome/144.0.7559.132 Mobile Safari/537.36 (compatible; Googlebot/2.1; +http://www.google.com/bot.html)" uniquesolutionconstructions.in 10.44.34.235
66.249.66.67 - - [13/Feb/2026:02:59:15 -0700] "GET /wp-content/plugins/elementor/assets/js/frontend-modules.min.js?ver=3.33.4 HTTP/1.1" 200 34883 "https://uniquesolutionconstructions.in/?_g=729511" "Mozilla/5.0 (Linux; Android 6.0.1; Nexus 5X Build/MMB29P) AppleWebKit/537.36 (KHTML, like Gecko) Chrome/144.0.7559.132 Mobile Safari/537.36 (compatible; Googlebot/2.1; +http://www.google.com/bot.html)" uniquesolutionconstructions.in 10.44.34.235
40.77.167.131 - - [13/Feb/2026:02:59:16 -0700] "GET /shopdetail/15325139/ HTTP/1.1" 301 - "-" "Mozilla/5.0 AppleWebKit/537.36 (KHTML, like Gecko; compatible; bingbot/2.0; +http://www.bing.com/bingbot.htm) Chrome/116.0.1938.76 Safari/537.36" www.uniquesolutionconstructions.in 10.44.34.235
40.77.167.131 - - [13/Feb/2026:02:59:16 -0700] "GET /shopdetail/15325139/ HTTP/2.0" 301 - "-" "Mozilla/5.0 AppleWebKit/537.36 (KHTML, like Gecko; compatible; bingbot/2.0; +http://www.bing.com/bingbot.htm) Chrome/116.0.1938.76 Safari/537.36" www.uniquesolutionconstructions.in 10.44.34.235
66.249.66.38 - - [13/Feb/2026:02:59:17 -0700] "GET /wp-content/plugins/elementor/assets/js/webpack.runtime.min.js?ver=3.33.4 HTTP/1.1" 200 2625 "https://uniquesolutionconstructions.in/?_g=729511" "Mozilla/5.0 (Linux; Android 6.0.1; Nexus 5X Build/MMB29P) AppleWebKit/537.36 (KHTML, like Gecko) Chrome/144.0.7559.132 Mobile Safari/537.36 (compatible; Googlebot/2.1; +http://www.google.com/bot.html)" uniquesolutionconstructions.in 10.44.34.235
66.249.66.38 - - [13/Feb/2026:02:59:19 -0700] "GET /wp-content/plugins/header-footer-elementor/inc/js/frontend.js?ver=2.5.2 HTTP/1.1" 200 7953 "https://uniquesolutionconstructions.in/?_g=729511" "Mozilla/5.0 (Linux; Android 6.0.1; Nexus 5X Build/MMB29P) AppleWebKit/537.36 (KHTML, like Gecko) Chrome/144.0.7559.132 Mobile Safari/537.36 (compatible; Googlebot/2.1; +http://www.google.com/bot.html)" uniquesolutionconstructions.in 10.44.34.235
66.249.66.168 - - [13/Feb/2026:02:59:19 -0700] "GET /wp-includes/js/jquery/ui/core.min.js?ver=1.13.3 HTTP/1.1" 200 8375 "https://uniquesolutionconstructions.in/?_g=729511" "Mozilla/5.0 (Linux; Android 6.0.1; Nexus 5X Build/MMB29P) AppleWebKit/537.36 (KHTML, like Gecko) Chrome/144.0.7559.132 Mobile Safari/537.36 (compatible; Googlebot/2.1; +http://www.google.com/bot.html)" uniquesolutionconstructions.in 10.44.34.235
66.249.66.67 - - [13/Feb/2026:02:59:19 -0700] "GET /wp-content/themes/norcon/js/jquery.waypoints.min.js?ver=6.8.3 HTTP/1.1" 200 3151 "https://uniquesolutionconstructions.in/?_g=729511" "Mozilla/5.0 (Linux; Android 6.0.1; Nexus 5X Build/MMB29P) AppleWebKit/537.36 (KHTML, like Gecko) Chrome/144.0.7559.132 Mobile Safari/537.36 (compatible; Googlebot/2.1; +http://www.google.com/bot.html)" uniquesolutionconstructions.in 10.44.34.235
66.249.66.67 - - [13/Feb/2026:02:59:20 -0700] "GET /wp-includes/js/dist/i18n.min.js?ver=5e580eb46a90c2b997e6 HTTP/1.1" 200 3937 "https://uniquesolutionconstructions.in/?_g=729511" "Mozilla/5.0 (Linux; Android 6.0.1; Nexus 5X Build/MMB29P) AppleWebKit/537.36 (KHTML, like Gecko) Chrome/144.0.7559.132 Mobile Safari/537.36 (compatible; Googlebot/2.1; +http://www.google.com/bot.html)" uniquesolutionconstructions.in 10.44.34.235
66.249.66.168 - - [13/Feb/2026:02:59:20 -0700] "GET /wp-content/themes/norcon/js/custom.js?ver=6.8.3 HTTP/1.1" 200 3031 "https://uniquesolutionconstructions.in/?_g=729511" "Mozilla/5.0 (Linux; Android 6.0.1; Nexus 5X Build/MMB29P) AppleWebKit/537.36 (KHTML, like Gecko) Chrome/144.0.7559.132 Mobile Safari/537.36 (compatible; Googlebot/2.1; +http://www.google.com/bot.html)" uniquesolutionconstructions.in 10.44.34.235
66.249.66.38 - - [13/Feb/2026:02:59:21 -0700] "GET /wp-content/themes/norcon/js/jquery.counterup.min.js?ver=6.8.3 HTTP/1.1" 200 516 "https://uniquesolutionconstructions.in/?_g=729511" "Mozilla/5.0 (Linux; Android 6.0.1; Nexus 5X Build/MMB29P) AppleWebKit/537.36 (KHTML, like Gecko) Chrome/144.0.7559.132 Mobile Safari/537.36 (compatible; Googlebot/2.1; +http://www.google.com/bot.html)" uniquesolutionconstructions.in 10.44.34.235
50.6.43.128 - - [13/Feb/2026:03:00:44 -0700] "POST /wp-cron.php?doing_wp_cron=1770976844.3529539108276367187500 HTTP/1.1" 404 36805 "-" "WordPress/6.8.3; https://uniquesolutionconstructions.in" uniquesolutionconstructions.in 10.44.34.235
66.249.66.5 - - [13/Feb/2026:03:00:43 -0700] "GET /zhHant/product/surugaya/68054110?campaign_uid=f64d716db5e979ed2f947dbaf4296895b951ae7f HTTP/1.1" 404 36864 "-" "Mozilla/5.0 (Linux; Android 6.0.1; Nexus 5X Build/MMB29P) AppleWebKit/537.36 (KHTML, like Gecko) Chrome/144.0.7559.132 Mobile Safari/537.36 (compatible; Googlebot/2.1; +http://www.google.com/bot.html)" uniquesolutionconstructions.in 10.44.34.235
66.249.66.5 - - [13/Feb/2026:03:00:43 -0700] "GET /zhHant/product/surugaya/68054110?campaign_uid=f64d716db5e979ed2f947dbaf4296895b951ae7f HTTP/1.1" 404 36864 "-" "Mozilla/5.0 (Linux; Android 6.0.1; Nexus 5X Build/MMB29P) AppleWebKit/537.36 (KHTML, like Gecko) Chrome/144.0.7559.132 Mobile Safari/537.36 (compatible; Googlebot/2.1; +http://www.google.com/bot.html)" uniquesolutionconstructions.in 10.44.34.235
50.6.43.128 - - [13/Feb/2026:03:03:55 -0700] "POST /wp-cron.php?doing_wp_cron=1770977035.0409059524536132812500 HTTP/1.1" 404 36805 "-" "WordPress/6.8.3; https://uniquesolutionconstructions.in" uniquesolutionconstructions.in 10.44.34.235
40.77.167.131 - - [13/Feb/2026:03:03:54 -0700] "GET /product/edit/01345808 HTTP/1.1" 301 - "-" "Mozilla/5.0 AppleWebKit/537.36 (KHTML, like Gecko; compatible; bingbot/2.0; +http://www.bing.com/bingbot.htm) Chrome/116.0.1938.76 Safari/537.36" www.uniquesolutionconstructions.in 10.44.34.235
40.77.167.131 - - [13/Feb/2026:03:03:54 -0700] "GET /product/edit/01345808 HTTP/2.0" 301 - "-" "Mozilla/5.0 AppleWebKit/537.36 (KHTML, like Gecko; compatible; bingbot/2.0; +http://www.bing.com/bingbot.htm) Chrome/116.0.1938.76 Safari/537.36" www.uniquesolutionconstructions.in 10.44.34.235
50.6.43.128 - - [13/Feb/2026:03:07:30 -0700] "POST /wp-cron.php?doing_wp_cron=1770977250.8501350879669189453125 HTTP/1.1" 404 36805 "-" "WordPress/6.8.3; https://uniquesolutionconstructions.in" uniquesolutionconstructions.in 10.44.34.235
40.77.167.61 - - [13/Feb/2026:03:07:30 -0700] "GET /shopdetail/4866773/ HTTP/1.1" 301 - "-" "Mozilla/5.0 AppleWebKit/537.36 (KHTML, like Gecko; compatible; bingbot/2.0; +http://www.bing.com/bingbot.htm) Chrome/116.0.1938.76 Safari/537.36" www.uniquesolutionconstructions.in 10.44.34.235
40.77.167.61 - - [13/Feb/2026:03:07:30 -0700] "GET /shopdetail/4866773/ HTTP/2.0" 301 - "-" "Mozilla/5.0 AppleWebKit/537.36 (KHTML, like Gecko; compatible; bingbot/2.0; +http://www.bing.com/bingbot.htm) Chrome/116.0.1938.76 Safari/537.36" www.uniquesolutionconstructions.in 10.44.34.235
114.119.166.166 - - [13/Feb/2026:03:07:57 -0700] "GET /sitemap602.xml HTTP/1.1" 406 226 "-" "Mozilla/5.0 (Linux; Android 7.0;) AppleWebKit/537.36 (KHTML, like Gecko) Mobile Safari/537.36 (compatible; PetalBot;+https://webmaster.petalsearch.com/site/petalbot)" www.uniquesolutionconstructions.in 10.44.34.235
50.6.43.128 - - [13/Feb/2026:03:11:18 -0700] "POST /wp-cron.php?doing_wp_cron=1770977478.4660038948059082031250 HTTP/1.1" 404 36805 "-" "WordPress/6.8.3; https://uniquesolutionconstructions.in" uniquesolutionconstructions.in 10.44.34.235
52.167.144.230 - - [13/Feb/2026:03:11:18 -0700] "GET /shopdetail/16477684/ HTTP/1.1" 301 - "-" "Mozilla/5.0 AppleWebKit/537.36 (KHTML, like Gecko; compatible; bingbot/2.0; +http://www.bing.com/bingbot.htm) Chrome/116.0.1938.76 Safari/537.36" www.uniquesolutionconstructions.in 10.44.34.235
52.167.144.230 - - [13/Feb/2026:03:11:18 -0700] "GET /shopdetail/16477684/ HTTP/2.0" 301 - "-" "Mozilla/5.0 AppleWebKit/537.36 (KHTML, like Gecko; compatible; bingbot/2.0; +http://www.bing.com/bingbot.htm) Chrome/116.0.1938.76 Safari/537.36" www.uniquesolutionconstructions.in 10.44.34.235
52.167.144.204 - - [13/Feb/2026:03:11:22 -0700] "GET /shopdetail/16477684/ HTTP/1.1" 404 36862 "-" "Mozilla/5.0 AppleWebKit/537.36 (KHTML, like Gecko; compatible; bingbot/2.0; +http://www.bing.com/bingbot.htm) Chrome/116.0.1938.76 Safari/537.36" uniquesolutionconstructions.in 10.44.34.235
52.167.144.204 - - [13/Feb/2026:03:11:22 -0700] "GET /shopdetail/16477684/ HTTP/2.0" 404 36862 "-" "Mozilla/5.0 AppleWebKit/537.36 (KHTML, like Gecko; compatible; bingbot/2.0; +http://www.bing.com/bingbot.htm) Chrome/116.0.1938.76 Safari/537.36" uniquesolutionconstructions.in 10.44.34.235
50.6.43.128 - - [13/Feb/2026:03:13:22 -0700] "POST /wp-cron.php?doing_wp_cron=1770977602.1778929233551025390625 HTTP/1.1" 404 36805 "-" "WordPress/6.8.3; https://uniquesolutionconstructions.in" uniquesolutionconstructions.in 10.44.34.235
40.77.167.57 - - [13/Feb/2026:03:13:21 -0700] "GET /shopdetail/8038806/ HTTP/1.1" 301 - "-" "Mozilla/5.0 AppleWebKit/537.36 (KHTML, like Gecko; compatible; bingbot/2.0; +http://www.bing.com/bingbot.htm) Chrome/116.0.1938.76 Safari/537.36" www.uniquesolutionconstructions.in 10.44.34.235
40.77.167.57 - - [13/Feb/2026:03:13:21 -0700] "GET /shopdetail/8038806/ HTTP/2.0" 301 - "-" "Mozilla/5.0 AppleWebKit/537.36 (KHTML, like Gecko; compatible; bingbot/2.0; +http://www.bing.com/bingbot.htm) Chrome/116.0.1938.76 Safari/537.36" www.uniquesolutionconstructions.in 10.44.34.235
50.6.43.128 - - [13/Feb/2026:03:14:43 -0700] "POST /wp-cron.php?doing_wp_cron=1770977683.4918549060821533203125 HTTP/1.1" 404 36805 "-" "WordPress/6.8.3; https://uniquesolutionconstructions.in" uniquesolutionconstructions.in 10.44.34.235
40.77.167.57 - - [13/Feb/2026:03:14:43 -0700] "GET /shopdetail/13441651/ HTTP/1.1" 301 - "-" "Mozilla/5.0 AppleWebKit/537.36 (KHTML, like Gecko; compatible; bingbot/2.0; +http://www.bing.com/bingbot.htm) Chrome/116.0.1938.76 Safari/537.36" www.uniquesolutionconstructions.in 10.44.34.235
40.77.167.57 - - [13/Feb/2026:03:14:43 -0700] "GET /shopdetail/13441651/ HTTP/2.0" 301 - "-" "Mozilla/5.0 AppleWebKit/537.36 (KHTML, like Gecko; compatible; bingbot/2.0; +http://www.bing.com/bingbot.htm) Chrome/116.0.1938.76 Safari/537.36" www.uniquesolutionconstructions.in 10.44.34.235
52.167.144.230 - - [13/Feb/2026:03:15:17 -0700] "GET /shopdetail/7664717/ HTTP/1.1" 301 - "-" "Mozilla/5.0 AppleWebKit/537.36 (KHTML, like Gecko; compatible; bingbot/2.0; +http://www.bing.com/bingbot.htm) Chrome/116.0.1938.76 Safari/537.36" www.uniquesolutionconstructions.in 10.44.34.235
52.167.144.230 - - [13/Feb/2026:03:15:17 -0700] "GET /shopdetail/7664717/ HTTP/2.0" 301 - "-" "Mozilla/5.0 AppleWebKit/537.36 (KHTML, like Gecko; compatible; bingbot/2.0; +http://www.bing.com/bingbot.htm) Chrome/116.0.1938.76 Safari/537.36" www.uniquesolutionconstructions.in 10.44.34.235
52.167.144.230 - - [13/Feb/2026:03:15:19 -0700] "GET /shopdetail/24142628/ HTTP/1.1" 301 - "-" "Mozilla/5.0 AppleWebKit/537.36 (KHTML, like Gecko; compatible; bingbot/2.0; +http://www.bing.com/bingbot.htm) Chrome/116.0.1938.76 Safari/537.36" www.uniquesolutionconstructions.in 10.44.34.235
52.167.144.230 - - [13/Feb/2026:03:15:19 -0700] "GET /shopdetail/24142628/ HTTP/2.0" 301 - "-" "Mozilla/5.0 AppleWebKit/537.36 (KHTML, like Gecko; compatible; bingbot/2.0; +http://www.bing.com/bingbot.htm) Chrome/116.0.1938.76 Safari/537.36" www.uniquesolutionconstructions.in 10.44.34.235
50.6.43.128 - - [13/Feb/2026:03:16:22 -0700] "POST /wp-cron.php?doing_wp_cron=1770977782.7448120117187500000000 HTTP/1.1" 404 36805 "-" "WordPress/6.8.3; https://uniquesolutionconstructions.in" uniquesolutionconstructions.in 10.44.34.235
52.167.144.192 - - [13/Feb/2026:03:16:22 -0700] "GET /shopdetail/8529728/ HTTP/1.1" 301 - "-" "Mozilla/5.0 AppleWebKit/537.36 (KHTML, like Gecko; compatible; bingbot/2.0; +http://www.bing.com/bingbot.htm) Chrome/116.0.1938.76 Safari/537.36" www.uniquesolutionconstructions.in 10.44.34.235
52.167.144.192 - - [13/Feb/2026:03:16:22 -0700] "GET /shopdetail/8529728/ HTTP/2.0" 301 - "-" "Mozilla/5.0 AppleWebKit/537.36 (KHTML, like Gecko; compatible; bingbot/2.0; +http://www.bing.com/bingbot.htm) Chrome/116.0.1938.76 Safari/537.36" www.uniquesolutionconstructions.in 10.44.34.235
43.173.179.163 - - [13/Feb/2026:03:16:34 -0700] "GET / HTTP/1.1" 200 49198 "http://uniquesolutionconstructions.in/" "Mozilla/5.0 (Windows NT 10.0; Win64; x64) AppleWebKit/537.36 (KHTML, like Gecko) Chrome/116.0.0.0 Safari/537.36" uniquesolutionconstructions.in 10.44.34.235
43.173.179.163 - - [13/Feb/2026:03:16:34 -0700] "GET / HTTP/1.1" 200 49198 "http://uniquesolutionconstructions.in/" "Mozilla/5.0 (Windows NT 10.0; Win64; x64) AppleWebKit/537.36 (KHTML, like Gecko) Chrome/116.0.0.0 Safari/537.36" uniquesolutionconstructions.in 10.44.34.235
