152.59.166.135 - - [12/Feb/2026:19:41:58 -0700] "GET /wp-content/uploads/2022/04/6-2.png HTTP/2.0" 200 434466 "https://uniquesolutionconstructions.in/?fbclid=IwY2xjawP7bohleHRuA2FlbQIxMQBzcnRjBmFwcF9pZAwzNTA2ODU1MzE3MjgAAR7KipkuaZiPqPD-N38Cg9fqbgUHIhc_duiymeTT4UYwBFmUVWLfWHieySjLcQ_aem_SFzCtxhljkcBMguT1awPGg" "Mozilla/5.0 (Linux; Android 16; SM-A556E Build/BP2A.250605.031.A3; wv) AppleWebKit/537.36 (KHTML, like Gecko) Version/4.0 Chrome/144.0.7559.117 Mobile Safari/537.36 [FB_IAB/FB4A;FBAV/547.0.0.41.68;IABMV/1;] FBNV/500" uniquesolutionconstructions.in 10.44.34.235
152.59.166.135 - - [12/Feb/2026:19:41:58 -0700] "GET /wp-content/uploads/2022/04/7-1.png HTTP/2.0" 200 356479 "https://uniquesolutionconstructions.in/?fbclid=IwY2xjawP7bohleHRuA2FlbQIxMQBzcnRjBmFwcF9pZAwzNTA2ODU1MzE3MjgAAR7KipkuaZiPqPD-N38Cg9fqbgUHIhc_duiymeTT4UYwBFmUVWLfWHieySjLcQ_aem_SFzCtxhljkcBMguT1awPGg" "Mozilla/5.0 (Linux; Android 16; SM-A556E Build/BP2A.250605.031.A3; wv) AppleWebKit/537.36 (KHTML, like Gecko) Version/4.0 Chrome/144.0.7559.117 Mobile Safari/537.36 [FB_IAB/FB4A;FBAV/547.0.0.41.68;IABMV/1;] FBNV/500" uniquesolutionconstructions.in 10.44.34.235
152.59.166.135 - - [12/Feb/2026:19:41:58 -0700] "GET /wp-content/uploads/2022/04/4-1.png HTTP/2.0" 200 444327 "https://uniquesolutionconstructions.in/?fbclid=IwY2xjawP7bohleHRuA2FlbQIxMQBzcnRjBmFwcF9pZAwzNTA2ODU1MzE3MjgAAR7KipkuaZiPqPD-N38Cg9fqbgUHIhc_duiymeTT4UYwBFmUVWLfWHieySjLcQ_aem_SFzCtxhljkcBMguT1awPGg" "Mozilla/5.0 (Linux; Android 16; SM-A556E Build/BP2A.250605.031.A3; wv) AppleWebKit/537.36 (KHTML, like Gecko) Version/4.0 Chrome/144.0.7559.117 Mobile Safari/537.36 [FB_IAB/FB4A;FBAV/547.0.0.41.68;IABMV/1;] FBNV/500" uniquesolutionconstructions.in 10.44.34.235
152.59.166.135 - - [12/Feb/2026:19:41:58 -0700] "GET /wp-content/uploads/2022/04/5-2.png HTTP/2.0" 200 507672 "https://uniquesolutionconstructions.in/?fbclid=IwY2xjawP7bohleHRuA2FlbQIxMQBzcnRjBmFwcF9pZAwzNTA2ODU1MzE3MjgAAR7KipkuaZiPqPD-N38Cg9fqbgUHIhc_duiymeTT4UYwBFmUVWLfWHieySjLcQ_aem_SFzCtxhljkcBMguT1awPGg" "Mozilla/5.0 (Linux; Android 16; SM-A556E Build/BP2A.250605.031.A3; wv) AppleWebKit/537.36 (KHTML, like Gecko) Version/4.0 Chrome/144.0.7559.117 Mobile Safari/537.36 [FB_IAB/FB4A;FBAV/547.0.0.41.68;IABMV/1;] FBNV/500" uniquesolutionconstructions.in 10.44.34.235
152.59.166.135 - - [12/Feb/2026:19:41:58 -0700] "GET /wp-content/uploads/2022/04/3-1.png HTTP/2.0" 200 503452 "https://uniquesolutionconstructions.in/?fbclid=IwY2xjawP7bohleHRuA2FlbQIxMQBzcnRjBmFwcF9pZAwzNTA2ODU1MzE3MjgAAR7KipkuaZiPqPD-N38Cg9fqbgUHIhc_duiymeTT4UYwBFmUVWLfWHieySjLcQ_aem_SFzCtxhljkcBMguT1awPGg" "Mozilla/5.0 (Linux; Android 16; SM-A556E Build/BP2A.250605.031.A3; wv) AppleWebKit/537.36 (KHTML, like Gecko) Version/4.0 Chrome/144.0.7559.117 Mobile Safari/537.36 [FB_IAB/FB4A;FBAV/547.0.0.41.68;IABMV/1;] FBNV/500" uniquesolutionconstructions.in 10.44.34.235
152.59.166.135 - - [12/Feb/2026:19:41:59 -0700] "GET /wp-includes/js/tinymce/skins/lightgray/img/loader.gif HTTP/2.0" 200 2608 "https://uniquesolutionconstructions.in/?fbclid=IwY2xjawP7bohleHRuA2FlbQIxMQBzcnRjBmFwcF9pZAwzNTA2ODU1MzE3MjgAAR7KipkuaZiPqPD-N38Cg9fqbgUHIhc_duiymeTT4UYwBFmUVWLfWHieySjLcQ_aem_SFzCtxhljkcBMguT1awPGg" "Mozilla/5.0 (Linux; Android 16; SM-A556E Build/BP2A.250605.031.A3; wv) AppleWebKit/537.36 (KHTML, like Gecko) Version/4.0 Chrome/144.0.7559.117 Mobile Safari/537.36 [FB_IAB/FB4A;FBAV/547.0.0.41.68;IABMV/1;] FBNV/500" uniquesolutionconstructions.in 10.44.34.235
152.59.166.135 - - [12/Feb/2026:19:41:59 -0700] "GET /wp-content/uploads/2025/02/2-3.png HTTP/2.0" 200 16154 "https://uniquesolutionconstructions.in/?fbclid=IwY2xjawP7bohleHRuA2FlbQIxMQBzcnRjBmFwcF9pZAwzNTA2ODU1MzE3MjgAAR7KipkuaZiPqPD-N38Cg9fqbgUHIhc_duiymeTT4UYwBFmUVWLfWHieySjLcQ_aem_SFzCtxhljkcBMguT1awPGg" "Mozilla/5.0 (Linux; Android 16; SM-A556E Build/BP2A.250605.031.A3; wv) AppleWebKit/537.36 (KHTML, like Gecko) Version/4.0 Chrome/144.0.7559.117 Mobile Safari/537.36 [FB_IAB/FB4A;FBAV/547.0.0.41.68;IABMV/1;] FBNV/500" uniquesolutionconstructions.in 10.44.34.235
152.59.166.135 - - [12/Feb/2026:19:41:59 -0700] "GET /wp-content/uploads/2025/02/1-3.png HTTP/2.0" 200 30233 "https://uniquesolutionconstructions.in/?fbclid=IwY2xjawP7bohleHRuA2FlbQIxMQBzcnRjBmFwcF9pZAwzNTA2ODU1MzE3MjgAAR7KipkuaZiPqPD-N38Cg9fqbgUHIhc_duiymeTT4UYwBFmUVWLfWHieySjLcQ_aem_SFzCtxhljkcBMguT1awPGg" "Mozilla/5.0 (Linux; Android 16; SM-A556E Build/BP2A.250605.031.A3; wv) AppleWebKit/537.36 (KHTML, like Gecko) Version/4.0 Chrome/144.0.7559.117 Mobile Safari/537.36 [FB_IAB/FB4A;FBAV/547.0.0.41.68;IABMV/1;] FBNV/500" uniquesolutionconstructions.in 10.44.34.235
152.59.166.135 - - [12/Feb/2026:19:41:59 -0700] "GET /wp-content/uploads/2025/02/3-3.png HTTP/2.0" 200 15577 "https://uniquesolutionconstructions.in/?fbclid=IwY2xjawP7bohleHRuA2FlbQIxMQBzcnRjBmFwcF9pZAwzNTA2ODU1MzE3MjgAAR7KipkuaZiPqPD-N38Cg9fqbgUHIhc_duiymeTT4UYwBFmUVWLfWHieySjLcQ_aem_SFzCtxhljkcBMguT1awPGg" "Mozilla/5.0 (Linux; Android 16; SM-A556E Build/BP2A.250605.031.A3; wv) AppleWebKit/537.36 (KHTML, like Gecko) Version/4.0 Chrome/144.0.7559.117 Mobile Safari/537.36 [FB_IAB/FB4A;FBAV/547.0.0.41.68;IABMV/1;] FBNV/500" uniquesolutionconstructions.in 10.44.34.235
152.59.166.135 - - [12/Feb/2026:19:41:59 -0700] "GET /wp-content/uploads/2025/02/4.png HTTP/2.0" 200 24055 "https://uniquesolutionconstructions.in/?fbclid=IwY2xjawP7bohleHRuA2FlbQIxMQBzcnRjBmFwcF9pZAwzNTA2ODU1MzE3MjgAAR7KipkuaZiPqPD-N38Cg9fqbgUHIhc_duiymeTT4UYwBFmUVWLfWHieySjLcQ_aem_SFzCtxhljkcBMguT1awPGg" "Mozilla/5.0 (Linux; Android 16; SM-A556E Build/BP2A.250605.031.A3; wv) AppleWebKit/537.36 (KHTML, like Gecko) Version/4.0 Chrome/144.0.7559.117 Mobile Safari/537.36 [FB_IAB/FB4A;FBAV/547.0.0.41.68;IABMV/1;] FBNV/500" uniquesolutionconstructions.in 10.44.34.235
152.59.166.135 - - [12/Feb/2026:19:41:59 -0700] "GET /wp-content/uploads/2025/02/5.png HTTP/2.0" 200 14467 "https://uniquesolutionconstructions.in/?fbclid=IwY2xjawP7bohleHRuA2FlbQIxMQBzcnRjBmFwcF9pZAwzNTA2ODU1MzE3MjgAAR7KipkuaZiPqPD-N38Cg9fqbgUHIhc_duiymeTT4UYwBFmUVWLfWHieySjLcQ_aem_SFzCtxhljkcBMguT1awPGg" "Mozilla/5.0 (Linux; Android 16; SM-A556E Build/BP2A.250605.031.A3; wv) AppleWebKit/537.36 (KHTML, like Gecko) Version/4.0 Chrome/144.0.7559.117 Mobile Safari/537.36 [FB_IAB/FB4A;FBAV/547.0.0.41.68;IABMV/1;] FBNV/500" uniquesolutionconstructions.in 10.44.34.235
152.59.166.135 - - [12/Feb/2026:19:41:59 -0700] "GET /wp-content/uploads/2025/02/6.png HTTP/2.0" 200 18351 "https://uniquesolutionconstructions.in/?fbclid=IwY2xjawP7bohleHRuA2FlbQIxMQBzcnRjBmFwcF9pZAwzNTA2ODU1MzE3MjgAAR7KipkuaZiPqPD-N38Cg9fqbgUHIhc_duiymeTT4UYwBFmUVWLfWHieySjLcQ_aem_SFzCtxhljkcBMguT1awPGg" "Mozilla/5.0 (Linux; Android 16; SM-A556E Build/BP2A.250605.031.A3; wv) AppleWebKit/537.36 (KHTML, like Gecko) Version/4.0 Chrome/144.0.7559.117 Mobile Safari/537.36 [FB_IAB/FB4A;FBAV/547.0.0.41.68;IABMV/1;] FBNV/500" uniquesolutionconstructions.in 10.44.34.235
152.59.166.135 - - [12/Feb/2026:19:41:59 -0700] "GET /wp-content/uploads/2025/02/7.png HTTP/2.0" 200 14415 "https://uniquesolutionconstructions.in/?fbclid=IwY2xjawP7bohleHRuA2FlbQIxMQBzcnRjBmFwcF9pZAwzNTA2ODU1MzE3MjgAAR7KipkuaZiPqPD-N38Cg9fqbgUHIhc_duiymeTT4UYwBFmUVWLfWHieySjLcQ_aem_SFzCtxhljkcBMguT1awPGg" "Mozilla/5.0 (Linux; Android 16; SM-A556E Build/BP2A.250605.031.A3; wv) AppleWebKit/537.36 (KHTML, like Gecko) Version/4.0 Chrome/144.0.7559.117 Mobile Safari/537.36 [FB_IAB/FB4A;FBAV/547.0.0.41.68;IABMV/1;] FBNV/500" uniquesolutionconstructions.in 10.44.34.235
152.59.166.135 - - [12/Feb/2026:19:41:59 -0700] "GET /wp-content/uploads/2025/02/8.png HTTP/2.0" 200 21502 "https://uniquesolutionconstructions.in/?fbclid=IwY2xjawP7bohleHRuA2FlbQIxMQBzcnRjBmFwcF9pZAwzNTA2ODU1MzE3MjgAAR7KipkuaZiPqPD-N38Cg9fqbgUHIhc_duiymeTT4UYwBFmUVWLfWHieySjLcQ_aem_SFzCtxhljkcBMguT1awPGg" "Mozilla/5.0 (Linux; Android 16; SM-A556E Build/BP2A.250605.031.A3; wv) AppleWebKit/537.36 (KHTML, like Gecko) Version/4.0 Chrome/144.0.7559.117 Mobile Safari/537.36 [FB_IAB/FB4A;FBAV/547.0.0.41.68;IABMV/1;] FBNV/500" uniquesolutionconstructions.in 10.44.34.235
152.59.166.135 - - [12/Feb/2026:19:41:59 -0700] "GET /wp-content/plugins/bit-assist/iframe/bit-assist.js?ver=1.6.0 HTTP/2.0" 200 2058 "https://uniquesolutionconstructions.in/?fbclid=IwY2xjawP7bohleHRuA2FlbQIxMQBzcnRjBmFwcF9pZAwzNTA2ODU1MzE3MjgAAR7KipkuaZiPqPD-N38Cg9fqbgUHIhc_duiymeTT4UYwBFmUVWLfWHieySjLcQ_aem_SFzCtxhljkcBMguT1awPGg" "Mozilla/5.0 (Linux; Android 16; SM-A556E Build/BP2A.250605.031.A3; wv) AppleWebKit/537.36 (KHTML, like Gecko) Version/4.0 Chrome/144.0.7559.117 Mobile Safari/537.36 [FB_IAB/FB4A;FBAV/547.0.0.41.68;IABMV/1;] FBNV/500" uniquesolutionconstructions.in 10.44.34.235
152.59.166.135 - - [12/Feb/2026:19:41:59 -0700] "GET /wp-content/plugins/bluehost-wordpress-plugin/vendor/newfold-labs/wp-module-performance/build/assets/link-prefetch.min.js?ver=4.12.0 HTTP/2.0" 200 1181 "https://uniquesolutionconstructions.in/?fbclid=IwY2xjawP7bohleHRuA2FlbQIxMQBzcnRjBmFwcF9pZAwzNTA2ODU1MzE3MjgAAR7KipkuaZiPqPD-N38Cg9fqbgUHIhc_duiymeTT4UYwBFmUVWLfWHieySjLcQ_aem_SFzCtxhljkcBMguT1awPGg" "Mozilla/5.0 (Linux; Android 16; SM-A556E Build/BP2A.250605.031.A3; wv) AppleWebKit/537.36 (KHTML, like Gecko) Version/4.0 Chrome/144.0.7559.117 Mobile Safari/537.36 [FB_IAB/FB4A;FBAV/547.0.0.41.68;IABMV/1;] FBNV/500" uniquesolutionconstructions.in 10.44.34.235
152.59.166.135 - - [12/Feb/2026:19:41:59 -0700] "GET /wp-content/plugins/google-site-kit/dist/assets/js/googlesitekit-events-provider-contact-form-7-21cf1c445673c649970d.js HTTP/2.0" 200 651 "https://uniquesolutionconstructions.in/?fbclid=IwY2xjawP7bohleHRuA2FlbQIxMQBzcnRjBmFwcF9pZAwzNTA2ODU1MzE3MjgAAR7KipkuaZiPqPD-N38Cg9fqbgUHIhc_duiymeTT4UYwBFmUVWLfWHieySjLcQ_aem_SFzCtxhljkcBMguT1awPGg" "Mozilla/5.0 (Linux; Android 16; SM-A556E Build/BP2A.250605.031.A3; wv) AppleWebKit/537.36 (KHTML, like Gecko) Version/4.0 Chrome/144.0.7559.117 Mobile Safari/537.36 [FB_IAB/FB4A;FBAV/547.0.0.41.68;IABMV/1;] FBNV/500" uniquesolutionconstructions.in 10.44.34.235
50.6.43.128 - - [12/Feb/2026:19:42:12 -0700] "POST /wp-cron.php?doing_wp_cron=1770950532.5620539188385009765625 HTTP/1.1" 404 36805 "-" "WordPress/6.8.3; https://uniquesolutionconstructions.in" uniquesolutionconstructions.in 10.44.34.235
173.252.87.3 - - [12/Feb/2026:19:42:12 -0700] "GET / HTTP/1.1" 200 215916 "-" "facebookexternalhit/1.1 (+http://www.facebook.com/externalhit_uatext.php)" uniquesolutionconstructions.in 10.44.34.235
173.252.87.3 - - [12/Feb/2026:19:42:12 -0700] "GET / HTTP/2.0" 200 215916 "-" "facebookexternalhit/1.1 (+http://www.facebook.com/externalhit_uatext.php)" uniquesolutionconstructions.in 10.44.34.235
31.13.115.5 - - [12/Feb/2026:19:42:16 -0700] "GET / HTTP/1.1" 200 215916 "-" "facebookexternalhit/1.1 (+http://www.facebook.com/externalhit_uatext.php)" uniquesolutionconstructions.in 10.44.34.235
173.252.127.112 - - [12/Feb/2026:19:42:17 -0700] "GET /?fbclid=IwZXh0bgNhZW0CMTEAc3J0YwZhcHBfaWQMMjU2MjgxMDQwNTU4AAEehR_zqREUaMjG-A92qwH6q3WXCWCETzbI0st8QRWjn6SPc_MR4zNpMH4tNpY_aem_RCwPBBW_5yOnl8wp7RrhEA HTTP/1.1" 200 49202 "https://www.facebook.com/" "Mozilla/5.0 (X11; Linux x86_64) AppleWebKit/537.36 (KHTML, like Gecko) Chrome/145.0.0.0 Safari/537.36" uniquesolutionconstructions.in 10.44.34.235
173.252.127.112 - - [12/Feb/2026:19:42:17 -0700] "GET /?fbclid=IwZXh0bgNhZW0CMTEAc3J0YwZhcHBfaWQMMjU2MjgxMDQwNTU4AAEehR_zqREUaMjG-A92qwH6q3WXCWCETzbI0st8QRWjn6SPc_MR4zNpMH4tNpY_aem_RCwPBBW_5yOnl8wp7RrhEA HTTP/2.0" 200 49202 "https://www.facebook.com/" "Mozilla/5.0 (X11; Linux x86_64) AppleWebKit/537.36 (KHTML, like Gecko) Chrome/145.0.0.0 Safari/537.36" uniquesolutionconstructions.in 10.44.34.235
31.13.115.5 - - [12/Feb/2026:19:42:16 -0700] "GET / HTTP/2.0" 200 215916 "-" "facebookexternalhit/1.1 (+http://www.facebook.com/externalhit_uatext.php)" uniquesolutionconstructions.in 10.44.34.235
173.252.127.112 - - [12/Feb/2026:19:42:18 -0700] "GET /wp-content/plugins/header-footer-elementor/inc/widgets-css/frontend.css?ver=2.5.2 HTTP/2.0" 200 12859 "https://uniquesolutionconstructions.in/?fbclid=IwZXh0bgNhZW0CMTEAc3J0YwZhcHBfaWQMMjU2MjgxMDQwNTU4AAEehR_zqREUaMjG-A92qwH6q3WXCWCETzbI0st8QRWjn6SPc_MR4zNpMH4tNpY_aem_RCwPBBW_5yOnl8wp7RrhEA" "Mozilla/5.0 (X11; Linux x86_64) AppleWebKit/537.36 (KHTML, like Gecko) Chrome/145.0.0.0 Safari/537.36" uniquesolutionconstructions.in 10.44.34.235
173.252.127.112 - - [12/Feb/2026:19:42:18 -0700] "GET /wp-content/plugins/bookly-responsive-appointment-booking-tool/frontend/resources/css/ladda.min.css?ver=24.8 HTTP/2.0" 200 1587 "https://uniquesolutionconstructions.in/?fbclid=IwZXh0bgNhZW0CMTEAc3J0YwZhcHBfaWQMMjU2MjgxMDQwNTU4AAEehR_zqREUaMjG-A92qwH6q3WXCWCETzbI0st8QRWjn6SPc_MR4zNpMH4tNpY_aem_RCwPBBW_5yOnl8wp7RrhEA" "Mozilla/5.0 (X11; Linux x86_64) AppleWebKit/537.36 (KHTML, like Gecko) Chrome/145.0.0.0 Safari/537.36" uniquesolutionconstructions.in 10.44.34.235
31.13.115.35 - - [12/Feb/2026:19:42:18 -0700] "GET / HTTP/1.1" 200 215916 "-" "facebookexternalhit/1.1 (+http://www.facebook.com/externalhit_uatext.php)" uniquesolutionconstructions.in 10.44.34.235
173.252.127.112 - - [12/Feb/2026:19:42:19 -0700] "GET /wp-content/plugins/bookly-responsive-appointment-booking-tool/backend/resources/tailwind/tailwind.css?ver=24.8 HTTP/2.0" 200 8477 "https://uniquesolutionconstructions.in/?fbclid=IwZXh0bgNhZW0CMTEAc3J0YwZhcHBfaWQMMjU2MjgxMDQwNTU4AAEehR_zqREUaMjG-A92qwH6q3WXCWCETzbI0st8QRWjn6SPc_MR4zNpMH4tNpY_aem_RCwPBBW_5yOnl8wp7RrhEA" "Mozilla/5.0 (X11; Linux x86_64) AppleWebKit/537.36 (KHTML, like Gecko) Chrome/145.0.0.0 Safari/537.36" uniquesolutionconstructions.in 10.44.34.235
31.13.115.35 - - [12/Feb/2026:19:42:18 -0700] "GET / HTTP/2.0" 200 215916 "-" "facebookexternalhit/1.1 (+http://www.facebook.com/externalhit_uatext.php)" uniquesolutionconstructions.in 10.44.34.235
173.252.127.112 - - [12/Feb/2026:19:42:18 -0700] "GET /wp-content/plugins/contact-form-7/includes/css/styles.css?ver=6.0.6 HTTP/2.0" 200 1066 "https://uniquesolutionconstructions.in/?fbclid=IwZXh0bgNhZW0CMTEAc3J0YwZhcHBfaWQMMjU2MjgxMDQwNTU4AAEehR_zqREUaMjG-A92qwH6q3WXCWCETzbI0st8QRWjn6SPc_MR4zNpMH4tNpY_aem_RCwPBBW_5yOnl8wp7RrhEA" "Mozilla/5.0 (X11; Linux x86_64) AppleWebKit/537.36 (KHTML, like Gecko) Chrome/145.0.0.0 Safari/537.36" uniquesolutionconstructions.in 10.44.34.235
173.252.127.112 - - [12/Feb/2026:19:42:19 -0700] "GET /wp-content/plugins/bookly-responsive-appointment-booking-tool/frontend/resources/css/modern-booking-form-calendar.css?ver=24.8 HTTP/2.0" 200 162 "https://uniquesolutionconstructions.in/?fbclid=IwZXh0bgNhZW0CMTEAc3J0YwZhcHBfaWQMMjU2MjgxMDQwNTU4AAEehR_zqREUaMjG-A92qwH6q3WXCWCETzbI0st8QRWjn6SPc_MR4zNpMH4tNpY_aem_RCwPBBW_5yOnl8wp7RrhEA" "Mozilla/5.0 (X11; Linux x86_64) AppleWebKit/537.36 (KHTML, like Gecko) Chrome/145.0.0.0 Safari/537.36" uniquesolutionconstructions.in 10.44.34.235
173.252.127.112 - - [12/Feb/2026:19:42:20 -0700] "GET /wp-content/plugins/bookly-responsive-appointment-booking-tool/frontend/resources/css/bootstrap-icons.min.css?ver=24.8 HTTP/2.0" 200 12205 "https://uniquesolutionconstructions.in/?fbclid=IwZXh0bgNhZW0CMTEAc3J0YwZhcHBfaWQMMjU2MjgxMDQwNTU4AAEehR_zqREUaMjG-A92qwH6q3WXCWCETzbI0st8QRWjn6SPc_MR4zNpMH4tNpY_aem_RCwPBBW_5yOnl8wp7RrhEA" "Mozilla/5.0 (X11; Linux x86_64) AppleWebKit/537.36 (KHTML, like Gecko) Chrome/145.0.0.0 Safari/537.36" uniquesolutionconstructions.in 10.44.34.235
173.252.127.112 - - [12/Feb/2026:19:42:20 -0700] "GET /wp-content/plugins/bookly-responsive-appointment-booking-tool/frontend/resources/css/intlTelInput.css?ver=24.8 HTTP/2.0" 200 4637 "https://uniquesolutionconstructions.in/?fbclid=IwZXh0bgNhZW0CMTEAc3J0YwZhcHBfaWQMMjU2MjgxMDQwNTU4AAEehR_zqREUaMjG-A92qwH6q3WXCWCETzbI0st8QRWjn6SPc_MR4zNpMH4tNpY_aem_RCwPBBW_5yOnl8wp7RrhEA" "Mozilla/5.0 (X11; Linux x86_64) AppleWebKit/537.36 (KHTML, like Gecko) Chrome/145.0.0.0 Safari/537.36" uniquesolutionconstructions.in 10.44.34.235
173.252.127.112 - - [12/Feb/2026:19:42:20 -0700] "GET /wp-content/plugins/bookly-responsive-appointment-booking-tool/frontend/resources/css/bookly-main.css?ver=24.8 HTTP/2.0" 200 9673 "https://uniquesolutionconstructions.in/?fbclid=IwZXh0bgNhZW0CMTEAc3J0YwZhcHBfaWQMMjU2MjgxMDQwNTU4AAEehR_zqREUaMjG-A92qwH6q3WXCWCETzbI0st8QRWjn6SPc_MR4zNpMH4tNpY_aem_RCwPBBW_5yOnl8wp7RrhEA" "Mozilla/5.0 (X11; Linux x86_64) AppleWebKit/537.36 (KHTML, like Gecko) Chrome/145.0.0.0 Safari/537.36" uniquesolutionconstructions.in 10.44.34.235
173.252.127.112 - - [12/Feb/2026:19:42:21 -0700] "GET /wp-content/plugins/header-footer-elementor/assets/css/header-footer-elementor.css?ver=2.5.2 HTTP/2.0" 200 323 "https://uniquesolutionconstructions.in/?fbclid=IwZXh0bgNhZW0CMTEAc3J0YwZhcHBfaWQMMjU2MjgxMDQwNTU4AAEehR_zqREUaMjG-A92qwH6q3WXCWCETzbI0st8QRWjn6SPc_MR4zNpMH4tNpY_aem_RCwPBBW_5yOnl8wp7RrhEA" "Mozilla/5.0 (X11; Linux x86_64) AppleWebKit/537.36 (KHTML, like Gecko) Chrome/145.0.0.0 Safari/537.36" uniquesolutionconstructions.in 10.44.34.235
173.252.127.112 - - [12/Feb/2026:19:42:21 -0700] "GET /wp-content/plugins/elementor/assets/lib/eicons/css/elementor-icons.min.css?ver=5.44.0 HTTP/2.0" 200 4420 "https://uniquesolutionconstructions.in/?fbclid=IwZXh0bgNhZW0CMTEAc3J0YwZhcHBfaWQMMjU2MjgxMDQwNTU4AAEehR_zqREUaMjG-A92qwH6q3WXCWCETzbI0st8QRWjn6SPc_MR4zNpMH4tNpY_aem_RCwPBBW_5yOnl8wp7RrhEA" "Mozilla/5.0 (X11; Linux x86_64) AppleWebKit/537.36 (KHTML, like Gecko) Chrome/145.0.0.0 Safari/537.36" uniquesolutionconstructions.in 10.44.34.235
173.252.127.112 - - [12/Feb/2026:19:42:21 -0700] "GET /wp-content/plugins/elementor/assets/css/frontend.min.css?ver=3.33.4 HTTP/2.0" 200 9984 "https://uniquesolutionconstructions.in/?fbclid=IwZXh0bgNhZW0CMTEAc3J0YwZhcHBfaWQMMjU2MjgxMDQwNTU4AAEehR_zqREUaMjG-A92qwH6q3WXCWCETzbI0st8QRWjn6SPc_MR4zNpMH4tNpY_aem_RCwPBBW_5yOnl8wp7RrhEA" "Mozilla/5.0 (X11; Linux x86_64) AppleWebKit/537.36 (KHTML, like Gecko) Chrome/145.0.0.0 Safari/537.36" uniquesolutionconstructions.in 10.44.34.235
173.252.127.112 - - [12/Feb/2026:19:42:21 -0700] "GET /wp-content/uploads/elementor/css/post-7.css?ver=1765415573 HTTP/2.0" 200 455 "https://uniquesolutionconstructions.in/?fbclid=IwZXh0bgNhZW0CMTEAc3J0YwZhcHBfaWQMMjU2MjgxMDQwNTU4AAEehR_zqREUaMjG-A92qwH6q3WXCWCETzbI0st8QRWjn6SPc_MR4zNpMH4tNpY_aem_RCwPBBW_5yOnl8wp7RrhEA" "Mozilla/5.0 (X11; Linux x86_64) AppleWebKit/537.36 (KHTML, like Gecko) Chrome/145.0.0.0 Safari/537.36" uniquesolutionconstructions.in 10.44.34.235
31.13.115.19 - - [12/Feb/2026:19:42:22 -0700] "GET /?fbclid=IwZXh0bgNhZW0CMTEAc3J0YwZhcHBfaWQMMjU2MjgxMDQwNTU4AAEeWMPxiFfjZ7ZqQRyDJVRRwl5695a7lytQyciTXukV7eRzdo8Q0S-ofwCpKLI_aem_UzxS8OUE2IccC9g6t5u-Fg HTTP/1.1" 200 49199 "https://www.facebook.com/" "Mozilla/5.0 (X11; Linux x86_64) AppleWebKit/537.36 (KHTML, like Gecko) Chrome/145.0.0.0 Safari/537.36" uniquesolutionconstructions.in 10.44.34.235
31.13.115.19 - - [12/Feb/2026:19:42:22 -0700] "GET /?fbclid=IwZXh0bgNhZW0CMTEAc3J0YwZhcHBfaWQMMjU2MjgxMDQwNTU4AAEeWMPxiFfjZ7ZqQRyDJVRRwl5695a7lytQyciTXukV7eRzdo8Q0S-ofwCpKLI_aem_UzxS8OUE2IccC9g6t5u-Fg HTTP/2.0" 200 49199 "https://www.facebook.com/" "Mozilla/5.0 (X11; Linux x86_64) AppleWebKit/537.36 (KHTML, like Gecko) Chrome/145.0.0.0 Safari/537.36" uniquesolutionconstructions.in 10.44.34.235
173.252.127.112 - - [12/Feb/2026:19:42:22 -0700] "GET /wp-content/plugins/elementor/assets/css/widget-image-carousel.min.css?ver=3.33.4 HTTP/2.0" 200 183 "https://uniquesolutionconstructions.in/?fbclid=IwZXh0bgNhZW0CMTEAc3J0YwZhcHBfaWQMMjU2MjgxMDQwNTU4AAEehR_zqREUaMjG-A92qwH6q3WXCWCETzbI0st8QRWjn6SPc_MR4zNpMH4tNpY_aem_RCwPBBW_5yOnl8wp7RrhEA" "Mozilla/5.0 (X11; Linux x86_64) AppleWebKit/537.36 (KHTML, like Gecko) Chrome/145.0.0.0 Safari/537.36" uniquesolutionconstructions.in 10.44.34.235
173.252.127.112 - - [12/Feb/2026:19:42:22 -0700] "GET /wp-content/plugins/elementor/assets/lib/swiper/v8/css/swiper.min.css?ver=8.4.5 HTTP/2.0" 200 5361 "https://uniquesolutionconstructions.in/?fbclid=IwZXh0bgNhZW0CMTEAc3J0YwZhcHBfaWQMMjU2MjgxMDQwNTU4AAEehR_zqREUaMjG-A92qwH6q3WXCWCETzbI0st8QRWjn6SPc_MR4zNpMH4tNpY_aem_RCwPBBW_5yOnl8wp7RrhEA" "Mozilla/5.0 (X11; Linux x86_64) AppleWebKit/537.36 (KHTML, like Gecko) Chrome/145.0.0.0 Safari/537.36" uniquesolutionconstructions.in 10.44.34.235
173.252.127.112 - - [12/Feb/2026:19:42:22 -0700] "GET /wp-content/plugins/elementor/assets/css/conditionals/e-swiper.min.css?ver=3.33.4 HTTP/2.0" 200 861 "https://uniquesolutionconstructions.in/?fbclid=IwZXh0bgNhZW0CMTEAc3J0YwZhcHBfaWQMMjU2MjgxMDQwNTU4AAEehR_zqREUaMjG-A92qwH6q3WXCWCETzbI0st8QRWjn6SPc_MR4zNpMH4tNpY_aem_RCwPBBW_5yOnl8wp7RrhEA" "Mozilla/5.0 (X11; Linux x86_64) AppleWebKit/537.36 (KHTML, like Gecko) Chrome/145.0.0.0 Safari/537.36" uniquesolutionconstructions.in 10.44.34.235
31.13.115.19 - - [12/Feb/2026:19:42:23 -0700] "GET /wp-content/plugins/bookly-responsive-appointment-booking-tool/frontend/resources/css/ladda.min.css?ver=24.8 HTTP/2.0" 200 1587 "https://uniquesolutionconstructions.in/?fbclid=IwZXh0bgNhZW0CMTEAc3J0YwZhcHBfaWQMMjU2MjgxMDQwNTU4AAEeWMPxiFfjZ7ZqQRyDJVRRwl5695a7lytQyciTXukV7eRzdo8Q0S-ofwCpKLI_aem_UzxS8OUE2IccC9g6t5u-Fg" "Mozilla/5.0 (X11; Linux x86_64) AppleWebKit/537.36 (KHTML, like Gecko) Chrome/145.0.0.0 Safari/537.36" uniquesolutionconstructions.in 10.44.34.235
31.13.115.19 - - [12/Feb/2026:19:42:23 -0700] "GET /wp-content/plugins/header-footer-elementor/inc/widgets-css/frontend.css?ver=2.5.2 HTTP/2.0" 200 12859 "https://uniquesolutionconstructions.in/?fbclid=IwZXh0bgNhZW0CMTEAc3J0YwZhcHBfaWQMMjU2MjgxMDQwNTU4AAEeWMPxiFfjZ7ZqQRyDJVRRwl5695a7lytQyciTXukV7eRzdo8Q0S-ofwCpKLI_aem_UzxS8OUE2IccC9g6t5u-Fg" "Mozilla/5.0 (X11; Linux x86_64) AppleWebKit/537.36 (KHTML, like Gecko) Chrome/145.0.0.0 Safari/537.36" uniquesolutionconstructions.in 10.44.34.235
173.252.127.112 - - [12/Feb/2026:19:42:23 -0700] "GET /wp-content/uploads/elementor/css/post-123.css?ver=1765414829 HTTP/2.0" 200 763 "https://uniquesolutionconstructions.in/?fbclid=IwZXh0bgNhZW0CMTEAc3J0YwZhcHBfaWQMMjU2MjgxMDQwNTU4AAEehR_zqREUaMjG-A92qwH6q3WXCWCETzbI0st8QRWjn6SPc_MR4zNpMH4tNpY_aem_RCwPBBW_5yOnl8wp7RrhEA" "Mozilla/5.0 (X11; Linux x86_64) AppleWebKit/537.36 (KHTML, like Gecko) Chrome/145.0.0.0 Safari/537.36" uniquesolutionconstructions.in 10.44.34.235
173.252.127.112 - - [12/Feb/2026:19:42:23 -0700] "GET /wp-content/plugins/happy-elementor-addons/assets/fonts/style.min.css?ver=3.20.4 HTTP/2.0" 200 5659 "https://uniquesolutionconstructions.in/?fbclid=IwZXh0bgNhZW0CMTEAc3J0YwZhcHBfaWQMMjU2MjgxMDQwNTU4AAEehR_zqREUaMjG-A92qwH6q3WXCWCETzbI0st8QRWjn6SPc_MR4zNpMH4tNpY_aem_RCwPBBW_5yOnl8wp7RrhEA" "Mozilla/5.0 (X11; Linux x86_64) AppleWebKit/537.36 (KHTML, like Gecko) Chrome/145.0.0.0 Safari/537.36" uniquesolutionconstructions.in 10.44.34.235
173.252.127.112 - - [12/Feb/2026:19:42:23 -0700] "GET /wp-content/uploads/elementor/css/post-1112.css?ver=1765415573 HTTP/2.0" 200 2107 "https://uniquesolutionconstructions.in/?fbclid=IwZXh0bgNhZW0CMTEAc3J0YwZhcHBfaWQMMjU2MjgxMDQwNTU4AAEehR_zqREUaMjG-A92qwH6q3WXCWCETzbI0st8QRWjn6SPc_MR4zNpMH4tNpY_aem_RCwPBBW_5yOnl8wp7RrhEA" "Mozilla/5.0 (X11; Linux x86_64) AppleWebKit/537.36 (KHTML, like Gecko) Chrome/145.0.0.0 Safari/537.36" uniquesolutionconstructions.in 10.44.34.235
31.13.115.19 - - [12/Feb/2026:19:42:24 -0700] "GET /wp-content/plugins/bookly-responsive-appointment-booking-tool/backend/resources/tailwind/tailwind.css?ver=24.8 HTTP/2.0" 200 8477 "https://uniquesolutionconstructions.in/?fbclid=IwZXh0bgNhZW0CMTEAc3J0YwZhcHBfaWQMMjU2MjgxMDQwNTU4AAEeWMPxiFfjZ7ZqQRyDJVRRwl5695a7lytQyciTXukV7eRzdo8Q0S-ofwCpKLI_aem_UzxS8OUE2IccC9g6t5u-Fg" "Mozilla/5.0 (X11; Linux x86_64) AppleWebKit/537.36 (KHTML, like Gecko) Chrome/145.0.0.0 Safari/537.36" uniquesolutionconstructions.in 10.44.34.235
31.13.115.19 - - [12/Feb/2026:19:42:24 -0700] "GET /wp-content/plugins/bookly-responsive-appointment-booking-tool/frontend/resources/css/modern-booking-form-calendar.css?ver=24.8 HTTP/2.0" 200 162 "https://uniquesolutionconstructions.in/?fbclid=IwZXh0bgNhZW0CMTEAc3J0YwZhcHBfaWQMMjU2MjgxMDQwNTU4AAEeWMPxiFfjZ7ZqQRyDJVRRwl5695a7lytQyciTXukV7eRzdo8Q0S-ofwCpKLI_aem_UzxS8OUE2IccC9g6t5u-Fg" "Mozilla/5.0 (X11; Linux x86_64) AppleWebKit/537.36 (KHTML, like Gecko) Chrome/145.0.0.0 Safari/537.36" uniquesolutionconstructions.in 10.44.34.235
173.252.127.112 - - [12/Feb/2026:19:42:24 -0700] "GET /wp-content/uploads/elementor/css/post-1117.css?ver=1765414829 HTTP/2.0" 200 1998 "https://uniquesolutionconstructions.in/?fbclid=IwZXh0bgNhZW0CMTEAc3J0YwZhcHBfaWQMMjU2MjgxMDQwNTU4AAEehR_zqREUaMjG-A92qwH6q3WXCWCETzbI0st8QRWjn6SPc_MR4zNpMH4tNpY_aem_RCwPBBW_5yOnl8wp7RrhEA" "Mozilla/5.0 (X11; Linux x86_64) AppleWebKit/537.36 (KHTML, like Gecko) Chrome/145.0.0.0 Safari/537.36" uniquesolutionconstructions.in 10.44.34.235
173.252.127.112 - - [12/Feb/2026:19:42:24 -0700] "GET /wp-content/plugins/elementor/assets/lib/font-awesome/css/font-awesome.min.css?ver=4.7.0 HTTP/2.0" 200 7112 "https://uniquesolutionconstructions.in/?fbclid=IwZXh0bgNhZW0CMTEAc3J0YwZhcHBfaWQMMjU2MjgxMDQwNTU4AAEehR_zqREUaMjG-A92qwH6q3WXCWCETzbI0st8QRWjn6SPc_MR4zNpMH4tNpY_aem_RCwPBBW_5yOnl8wp7RrhEA" "Mozilla/5.0 (X11; Linux x86_64) AppleWebKit/537.36 (KHTML, like Gecko) Chrome/145.0.0.0 Safari/537.36" uniquesolutionconstructions.in 10.44.34.235
173.252.127.112 - - [12/Feb/2026:19:42:24 -0700] "GET /wp-content/themes/norcon/css/plugins.css?ver=6.8.3 HTTP/2.0" 200 251 "https://uniquesolutionconstructions.in/?fbclid=IwZXh0bgNhZW0CMTEAc3J0YwZhcHBfaWQMMjU2MjgxMDQwNTU4AAEehR_zqREUaMjG-A92qwH6q3WXCWCETzbI0st8QRWjn6SPc_MR4zNpMH4tNpY_aem_RCwPBBW_5yOnl8wp7RrhEA" "Mozilla/5.0 (X11; Linux x86_64) AppleWebKit/537.36 (KHTML, like Gecko) Chrome/145.0.0.0 Safari/537.36" uniquesolutionconstructions.in 10.44.34.235
31.13.115.19 - - [12/Feb/2026:19:42:23 -0700] "GET /wp-content/plugins/contact-form-7/includes/css/styles.css?ver=6.0.6 HTTP/2.0" 200 1066 "https://uniquesolutionconstructions.in/?fbclid=IwZXh0bgNhZW0CMTEAc3J0YwZhcHBfaWQMMjU2MjgxMDQwNTU4AAEeWMPxiFfjZ7ZqQRyDJVRRwl5695a7lytQyciTXukV7eRzdo8Q0S-ofwCpKLI_aem_UzxS8OUE2IccC9g6t5u-Fg" "Mozilla/5.0 (X11; Linux x86_64) AppleWebKit/537.36 (KHTML, like Gecko) Chrome/145.0.0.0 Safari/537.36" uniquesolutionconstructions.in 10.44.34.235
31.13.115.19 - - [12/Feb/2026:19:42:25 -0700] "GET /wp-content/plugins/bookly-responsive-appointment-booking-tool/frontend/resources/css/bootstrap-icons.min.css?ver=24.8 HTTP/2.0" 200 12205 "https://uniquesolutionconstructions.in/?fbclid=IwZXh0bgNhZW0CMTEAc3J0YwZhcHBfaWQMMjU2MjgxMDQwNTU4AAEeWMPxiFfjZ7ZqQRyDJVRRwl5695a7lytQyciTXukV7eRzdo8Q0S-ofwCpKLI_aem_UzxS8OUE2IccC9g6t5u-Fg" "Mozilla/5.0 (X11; Linux x86_64) AppleWebKit/537.36 (KHTML, like Gecko) Chrome/145.0.0.0 Safari/537.36" uniquesolutionconstructions.in 10.44.34.235
31.13.115.19 - - [12/Feb/2026:19:42:25 -0700] "GET /wp-content/plugins/bookly-responsive-appointment-booking-tool/frontend/resources/css/bookly-main.css?ver=24.8 HTTP/2.0" 200 9673 "https://uniquesolutionconstructions.in/?fbclid=IwZXh0bgNhZW0CMTEAc3J0YwZhcHBfaWQMMjU2MjgxMDQwNTU4AAEeWMPxiFfjZ7ZqQRyDJVRRwl5695a7lytQyciTXukV7eRzdo8Q0S-ofwCpKLI_aem_UzxS8OUE2IccC9g6t5u-Fg" "Mozilla/5.0 (X11; Linux x86_64) AppleWebKit/537.36 (KHTML, like Gecko) Chrome/145.0.0.0 Safari/537.36" uniquesolutionconstructions.in 10.44.34.235
31.13.115.19 - - [12/Feb/2026:19:42:25 -0700] "GET /wp-content/plugins/bookly-responsive-appointment-booking-tool/frontend/resources/css/intlTelInput.css?ver=24.8 HTTP/2.0" 200 4637 "https://uniquesolutionconstructions.in/?fbclid=IwZXh0bgNhZW0CMTEAc3J0YwZhcHBfaWQMMjU2MjgxMDQwNTU4AAEeWMPxiFfjZ7ZqQRyDJVRRwl5695a7lytQyciTXukV7eRzdo8Q0S-ofwCpKLI_aem_UzxS8OUE2IccC9g6t5u-Fg" "Mozilla/5.0 (X11; Linux x86_64) AppleWebKit/537.36 (KHTML, like Gecko) Chrome/145.0.0.0 Safari/537.36" uniquesolutionconstructions.in 10.44.34.235
173.252.127.112 - - [12/Feb/2026:19:42:25 -0700] "GET /wp-content/themes/norcon/css/style.css?ver=6.8.3 HTTP/2.0" 200 21293 "https://uniquesolutionconstructions.in/?fbclid=IwZXh0bgNhZW0CMTEAc3J0YwZhcHBfaWQMMjU2MjgxMDQwNTU4AAEehR_zqREUaMjG-A92qwH6q3WXCWCETzbI0st8QRWjn6SPc_MR4zNpMH4tNpY_aem_RCwPBBW_5yOnl8wp7RrhEA" "Mozilla/5.0 (X11; Linux x86_64) AppleWebKit/537.36 (KHTML, like Gecko) Chrome/145.0.0.0 Safari/537.36" uniquesolutionconstructions.in 10.44.34.235
173.252.127.112 - - [12/Feb/2026:19:42:25 -0700] "GET /wp-content/themes/norcon/style.css?ver=2022-4-28 HTTP/2.0" 200 3410 "https://uniquesolutionconstructions.in/?fbclid=IwZXh0bgNhZW0CMTEAc3J0YwZhcHBfaWQMMjU2MjgxMDQwNTU4AAEehR_zqREUaMjG-A92qwH6q3WXCWCETzbI0st8QRWjn6SPc_MR4zNpMH4tNpY_aem_RCwPBBW_5yOnl8wp7RrhEA" "Mozilla/5.0 (X11; Linux x86_64) AppleWebKit/537.36 (KHTML, like Gecko) Chrome/145.0.0.0 Safari/537.36" uniquesolutionconstructions.in 10.44.34.235
173.252.127.112 - - [12/Feb/2026:19:42:25 -0700] "GET /wp-content/themes/norcon/framework/color.php?ver=6.8.3 HTTP/2.0" 409 83 "https://uniquesolutionconstructions.in/?fbclid=IwZXh0bgNhZW0CMTEAc3J0YwZhcHBfaWQMMjU2MjgxMDQwNTU4AAEehR_zqREUaMjG-A92qwH6q3WXCWCETzbI0st8QRWjn6SPc_MR4zNpMH4tNpY_aem_RCwPBBW_5yOnl8wp7RrhEA" "Mozilla/5.0 (X11; Linux x86_64) AppleWebKit/537.36 (KHTML, like Gecko) Chrome/145.0.0.0 Safari/537.36" uniquesolutionconstructions.in 10.44.34.235
31.13.115.19 - - [12/Feb/2026:19:42:26 -0700] "GET /wp-content/plugins/header-footer-elementor/assets/css/header-footer-elementor.css?ver=2.5.2 HTTP/2.0" 200 323 "https://uniquesolutionconstructions.in/?fbclid=IwZXh0bgNhZW0CMTEAc3J0YwZhcHBfaWQMMjU2MjgxMDQwNTU4AAEeWMPxiFfjZ7ZqQRyDJVRRwl5695a7lytQyciTXukV7eRzdo8Q0S-ofwCpKLI_aem_UzxS8OUE2IccC9g6t5u-Fg" "Mozilla/5.0 (X11; Linux x86_64) AppleWebKit/537.36 (KHTML, like Gecko) Chrome/145.0.0.0 Safari/537.36" uniquesolutionconstructions.in 10.44.34.235
173.252.127.112 - - [12/Feb/2026:19:42:26 -0700] "GET /wp-content/plugins/elementor/assets/lib/eicons/css/elementor-icons.min.css?ver=5.34.0 HTTP/2.0" 200 4420 "https://uniquesolutionconstructions.in/?fbclid=IwZXh0bgNhZW0CMTEAc3J0YwZhcHBfaWQMMjU2MjgxMDQwNTU4AAEehR_zqREUaMjG-A92qwH6q3WXCWCETzbI0st8QRWjn6SPc_MR4zNpMH4tNpY_aem_RCwPBBW_5yOnl8wp7RrhEA" "Mozilla/5.0 (X11; Linux x86_64) AppleWebKit/537.36 (KHTML, like Gecko) Chrome/145.0.0.0 Safari/537.36" uniquesolutionconstructions.in 10.44.34.235
31.13.115.19 - - [12/Feb/2026:19:42:26 -0700] "GET /wp-content/plugins/elementor/assets/lib/eicons/css/elementor-icons.min.css?ver=5.44.0 HTTP/2.0" 200 4420 "https://uniquesolutionconstructions.in/?fbclid=IwZXh0bgNhZW0CMTEAc3J0YwZhcHBfaWQMMjU2MjgxMDQwNTU4AAEeWMPxiFfjZ7ZqQRyDJVRRwl5695a7lytQyciTXukV7eRzdo8Q0S-ofwCpKLI_aem_UzxS8OUE2IccC9g6t5u-Fg" "Mozilla/5.0 (X11; Linux x86_64) AppleWebKit/537.36 (KHTML, like Gecko) Chrome/145.0.0.0 Safari/537.36" uniquesolutionconstructions.in 10.44.34.235
31.13.115.19 - - [12/Feb/2026:19:42:26 -0700] "GET /wp-content/plugins/elementor/assets/css/frontend.min.css?ver=3.33.4 HTTP/2.0" 200 9984 "https://uniquesolutionconstructions.in/?fbclid=IwZXh0bgNhZW0CMTEAc3J0YwZhcHBfaWQMMjU2MjgxMDQwNTU4AAEeWMPxiFfjZ7ZqQRyDJVRRwl5695a7lytQyciTXukV7eRzdo8Q0S-ofwCpKLI_aem_UzxS8OUE2IccC9g6t5u-Fg" "Mozilla/5.0 (X11; Linux x86_64) AppleWebKit/537.36 (KHTML, like Gecko) Chrome/145.0.0.0 Safari/537.36" uniquesolutionconstructions.in 10.44.34.235
173.252.127.112 - - [12/Feb/2026:19:42:26 -0700] "GET /wp-content/plugins/elementor/assets/css/widget-icon-list.min.css?ver=3.24.3 HTTP/2.0" 200 1540 "https://uniquesolutionconstructions.in/?fbclid=IwZXh0bgNhZW0CMTEAc3J0YwZhcHBfaWQMMjU2MjgxMDQwNTU4AAEehR_zqREUaMjG-A92qwH6q3WXCWCETzbI0st8QRWjn6SPc_MR4zNpMH4tNpY_aem_RCwPBBW_5yOnl8wp7RrhEA" "Mozilla/5.0 (X11; Linux x86_64) AppleWebKit/537.36 (KHTML, like Gecko) Chrome/145.0.0.0 Safari/537.36" uniquesolutionconstructions.in 10.44.34.235
173.252.127.112 - - [12/Feb/2026:19:42:27 -0700] "GET /wp-content/plugins/elementor/assets/css/widget-social-icons.min.css?ver=3.24.0 HTTP/2.0" 200 1126 "https://uniquesolutionconstructions.in/?fbclid=IwZXh0bgNhZW0CMTEAc3J0YwZhcHBfaWQMMjU2MjgxMDQwNTU4AAEehR_zqREUaMjG-A92qwH6q3WXCWCETzbI0st8QRWjn6SPc_MR4zNpMH4tNpY_aem_RCwPBBW_5yOnl8wp7RrhEA" "Mozilla/5.0 (X11; Linux x86_64) AppleWebKit/537.36 (KHTML, like Gecko) Chrome/145.0.0.0 Safari/537.36" uniquesolutionconstructions.in 10.44.34.235
31.13.115.19 - - [12/Feb/2026:19:42:27 -0700] "GET /wp-content/uploads/elementor/css/post-7.css?ver=1765415573 HTTP/2.0" 200 455 "https://uniquesolutionconstructions.in/?fbclid=IwZXh0bgNhZW0CMTEAc3J0YwZhcHBfaWQMMjU2MjgxMDQwNTU4AAEeWMPxiFfjZ7ZqQRyDJVRRwl5695a7lytQyciTXukV7eRzdo8Q0S-ofwCpKLI_aem_UzxS8OUE2IccC9g6t5u-Fg" "Mozilla/5.0 (X11; Linux x86_64) AppleWebKit/537.36 (KHTML, like Gecko) Chrome/145.0.0.0 Safari/537.36" uniquesolutionconstructions.in 10.44.34.235
31.13.115.19 - - [12/Feb/2026:19:42:27 -0700] "GET /wp-content/plugins/elementor/assets/lib/swiper/v8/css/swiper.min.css?ver=8.4.5 HTTP/2.0" 200 5361 "https://uniquesolutionconstructions.in/?fbclid=IwZXh0bgNhZW0CMTEAc3J0YwZhcHBfaWQMMjU2MjgxMDQwNTU4AAEeWMPxiFfjZ7ZqQRyDJVRRwl5695a7lytQyciTXukV7eRzdo8Q0S-ofwCpKLI_aem_UzxS8OUE2IccC9g6t5u-Fg" "Mozilla/5.0 (X11; Linux x86_64) AppleWebKit/537.36 (KHTML, like Gecko) Chrome/145.0.0.0 Safari/537.36" uniquesolutionconstructions.in 10.44.34.235
173.252.127.112 - - [12/Feb/2026:19:42:27 -0700] "GET /wp-content/plugins/elementor/assets/lib/font-awesome/css/fontawesome.css?ver=5.15.3 HTTP/2.0" 200 13029 "https://uniquesolutionconstructions.in/?fbclid=IwZXh0bgNhZW0CMTEAc3J0YwZhcHBfaWQMMjU2MjgxMDQwNTU4AAEehR_zqREUaMjG-A92qwH6q3WXCWCETzbI0st8QRWjn6SPc_MR4zNpMH4tNpY_aem_RCwPBBW_5yOnl8wp7RrhEA" "Mozilla/5.0 (X11; Linux x86_64) AppleWebKit/537.36 (KHTML, like Gecko) Chrome/145.0.0.0 Safari/537.36" uniquesolutionconstructions.in 10.44.34.235
31.13.115.19 - - [12/Feb/2026:19:42:27 -0700] "GET /wp-content/plugins/elementor/assets/css/conditionals/e-swiper.min.css?ver=3.33.4 HTTP/2.0" 200 861 "https://uniquesolutionconstructions.in/?fbclid=IwZXh0bgNhZW0CMTEAc3J0YwZhcHBfaWQMMjU2MjgxMDQwNTU4AAEeWMPxiFfjZ7ZqQRyDJVRRwl5695a7lytQyciTXukV7eRzdo8Q0S-ofwCpKLI_aem_UzxS8OUE2IccC9g6t5u-Fg" "Mozilla/5.0 (X11; Linux x86_64) AppleWebKit/537.36 (KHTML, like Gecko) Chrome/145.0.0.0 Safari/537.36" uniquesolutionconstructions.in 10.44.34.235
173.252.127.112 - - [12/Feb/2026:19:42:27 -0700] "GET /wp-content/plugins/elementor/assets/lib/font-awesome/css/brands.css?ver=5.15.3 HTTP/2.0" 200 322 "https://uniquesolutionconstructions.in/?fbclid=IwZXh0bgNhZW0CMTEAc3J0YwZhcHBfaWQMMjU2MjgxMDQwNTU4AAEehR_zqREUaMjG-A92qwH6q3WXCWCETzbI0st8QRWjn6SPc_MR4zNpMH4tNpY_aem_RCwPBBW_5yOnl8wp7RrhEA" "Mozilla/5.0 (X11; Linux x86_64) AppleWebKit/537.36 (KHTML, like Gecko) Chrome/145.0.0.0 Safari/537.36" uniquesolutionconstructions.in 10.44.34.235
173.252.127.112 - - [12/Feb/2026:19:42:27 -0700] "GET /wp-content/plugins/elementor/assets/lib/font-awesome/css/solid.css?ver=5.15.3 HTTP/2.0" 200 325 "https://uniquesolutionconstructions.in/?fbclid=IwZXh0bgNhZW0CMTEAc3J0YwZhcHBfaWQMMjU2MjgxMDQwNTU4AAEehR_zqREUaMjG-A92qwH6q3WXCWCETzbI0st8QRWjn6SPc_MR4zNpMH4tNpY_aem_RCwPBBW_5yOnl8wp7RrhEA" "Mozilla/5.0 (X11; Linux x86_64) AppleWebKit/537.36 (KHTML, like Gecko) Chrome/145.0.0.0 Safari/537.36" uniquesolutionconstructions.in 10.44.34.235
31.13.115.19 - - [12/Feb/2026:19:42:27 -0700] "GET /wp-content/plugins/elementor/assets/css/widget-image-carousel.min.css?ver=3.33.4 HTTP/2.0" 200 183 "https://uniquesolutionconstructions.in/?fbclid=IwZXh0bgNhZW0CMTEAc3J0YwZhcHBfaWQMMjU2MjgxMDQwNTU4AAEeWMPxiFfjZ7ZqQRyDJVRRwl5695a7lytQyciTXukV7eRzdo8Q0S-ofwCpKLI_aem_UzxS8OUE2IccC9g6t5u-Fg" "Mozilla/5.0 (X11; Linux x86_64) AppleWebKit/537.36 (KHTML, like Gecko) Chrome/145.0.0.0 Safari/537.36" uniquesolutionconstructions.in 10.44.34.235
31.13.115.19 - - [12/Feb/2026:19:42:28 -0700] "GET /wp-content/uploads/elementor/css/post-123.css?ver=1765414829 HTTP/2.0" 200 763 "https://uniquesolutionconstructions.in/?fbclid=IwZXh0bgNhZW0CMTEAc3J0YwZhcHBfaWQMMjU2MjgxMDQwNTU4AAEeWMPxiFfjZ7ZqQRyDJVRRwl5695a7lytQyciTXukV7eRzdo8Q0S-ofwCpKLI_aem_UzxS8OUE2IccC9g6t5u-Fg" "Mozilla/5.0 (X11; Linux x86_64) AppleWebKit/537.36 (KHTML, like Gecko) Chrome/145.0.0.0 Safari/537.36" uniquesolutionconstructions.in 10.44.34.235
31.13.115.19 - - [12/Feb/2026:19:42:28 -0700] "GET /wp-content/uploads/elementor/css/post-1112.css?ver=1765415573 HTTP/2.0" 200 2107 "https://uniquesolutionconstructions.in/?fbclid=IwZXh0bgNhZW0CMTEAc3J0YwZhcHBfaWQMMjU2MjgxMDQwNTU4AAEeWMPxiFfjZ7ZqQRyDJVRRwl5695a7lytQyciTXukV7eRzdo8Q0S-ofwCpKLI_aem_UzxS8OUE2IccC9g6t5u-Fg" "Mozilla/5.0 (X11; Linux x86_64) AppleWebKit/537.36 (KHTML, like Gecko) Chrome/145.0.0.0 Safari/537.36" uniquesolutionconstructions.in 10.44.34.235
173.252.127.112 - - [12/Feb/2026:19:42:28 -0700] "GET /wp-content/plugins/elementskit-lite/widgets/init/assets/css/responsive.css?ver=3.5.3 HTTP/2.0" 200 4455 "https://uniquesolutionconstructions.in/?fbclid=IwZXh0bgNhZW0CMTEAc3J0YwZhcHBfaWQMMjU2MjgxMDQwNTU4AAEehR_zqREUaMjG-A92qwH6q3WXCWCETzbI0st8QRWjn6SPc_MR4zNpMH4tNpY_aem_RCwPBBW_5yOnl8wp7RrhEA" "Mozilla/5.0 (X11; Linux x86_64) AppleWebKit/537.36 (KHTML, like Gecko) Chrome/145.0.0.0 Safari/537.36" uniquesolutionconstructions.in 10.44.34.235
173.252.127.112 - - [12/Feb/2026:19:42:28 -0700] "GET /wp-content/uploads/happyaddons/css/ha-123.css?ver=3.20.4.1741850604 HTTP/2.0" 200 6481 "https://uniquesolutionconstructions.in/?fbclid=IwZXh0bgNhZW0CMTEAc3J0YwZhcHBfaWQMMjU2MjgxMDQwNTU4AAEehR_zqREUaMjG-A92qwH6q3WXCWCETzbI0st8QRWjn6SPc_MR4zNpMH4tNpY_aem_RCwPBBW_5yOnl8wp7RrhEA" "Mozilla/5.0 (X11; Linux x86_64) AppleWebKit/537.36 (KHTML, like Gecko) Chrome/145.0.0.0 Safari/537.36" uniquesolutionconstructions.in 10.44.34.235
31.13.115.19 - - [12/Feb/2026:19:42:28 -0700] "GET /wp-content/plugins/happy-elementor-addons/assets/fonts/style.min.css?ver=3.20.4 HTTP/2.0" 200 5659 "https://uniquesolutionconstructions.in/?fbclid=IwZXh0bgNhZW0CMTEAc3J0YwZhcHBfaWQMMjU2MjgxMDQwNTU4AAEeWMPxiFfjZ7ZqQRyDJVRRwl5695a7lytQyciTXukV7eRzdo8Q0S-ofwCpKLI_aem_UzxS8OUE2IccC9g6t5u-Fg" "Mozilla/5.0 (X11; Linux x86_64) AppleWebKit/537.36 (KHTML, like Gecko) Chrome/145.0.0.0 Safari/537.36" uniquesolutionconstructions.in 10.44.34.235
31.13.115.19 - - [12/Feb/2026:19:42:29 -0700] "GET /wp-content/plugins/elementor/assets/lib/font-awesome/css/font-awesome.min.css?ver=4.7.0 HTTP/2.0" 200 7112 "https://uniquesolutionconstructions.in/?fbclid=IwZXh0bgNhZW0CMTEAc3J0YwZhcHBfaWQMMjU2MjgxMDQwNTU4AAEeWMPxiFfjZ7ZqQRyDJVRRwl5695a7lytQyciTXukV7eRzdo8Q0S-ofwCpKLI_aem_UzxS8OUE2IccC9g6t5u-Fg" "Mozilla/5.0 (X11; Linux x86_64) AppleWebKit/537.36 (KHTML, like Gecko) Chrome/145.0.0.0 Safari/537.36" uniquesolutionconstructions.in 10.44.34.235
173.252.127.112 - - [12/Feb/2026:19:42:28 -0700] "GET /wp-content/plugins/elementskit-lite/widgets/init/assets/css/widget-styles.css?ver=3.5.3 HTTP/2.0" 200 81963 "https://uniquesolutionconstructions.in/?fbclid=IwZXh0bgNhZW0CMTEAc3J0YwZhcHBfaWQMMjU2MjgxMDQwNTU4AAEehR_zqREUaMjG-A92qwH6q3WXCWCETzbI0st8QRWjn6SPc_MR4zNpMH4tNpY_aem_RCwPBBW_5yOnl8wp7RrhEA" "Mozilla/5.0 (X11; Linux x86_64) AppleWebKit/537.36 (KHTML, like Gecko) Chrome/145.0.0.0 Safari/537.36" uniquesolutionconstructions.in 10.44.34.235
31.13.115.19 - - [12/Feb/2026:19:42:29 -0700] "GET /wp-content/uploads/elementor/css/post-1117.css?ver=1765414829 HTTP/2.0" 200 1998 "https://uniquesolutionconstructions.in/?fbclid=IwZXh0bgNhZW0CMTEAc3J0YwZhcHBfaWQMMjU2MjgxMDQwNTU4AAEeWMPxiFfjZ7ZqQRyDJVRRwl5695a7lytQyciTXukV7eRzdo8Q0S-ofwCpKLI_aem_UzxS8OUE2IccC9g6t5u-Fg" "Mozilla/5.0 (X11; Linux x86_64) AppleWebKit/537.36 (KHTML, like Gecko) Chrome/145.0.0.0 Safari/537.36" uniquesolutionconstructions.in 10.44.34.235
31.13.115.19 - - [12/Feb/2026:19:42:29 -0700] "GET /wp-content/themes/norcon/css/plugins.css?ver=6.8.3 HTTP/2.0" 200 251 "https://uniquesolutionconstructions.in/?fbclid=IwZXh0bgNhZW0CMTEAc3J0YwZhcHBfaWQMMjU2MjgxMDQwNTU4AAEeWMPxiFfjZ7ZqQRyDJVRRwl5695a7lytQyciTXukV7eRzdo8Q0S-ofwCpKLI_aem_UzxS8OUE2IccC9g6t5u-Fg" "Mozilla/5.0 (X11; Linux x86_64) AppleWebKit/537.36 (KHTML, like Gecko) Chrome/145.0.0.0 Safari/537.36" uniquesolutionconstructions.in 10.44.34.235
173.252.127.112 - - [12/Feb/2026:19:42:29 -0700] "GET /wp-content/plugins/elementor/assets/lib/font-awesome/css/fontawesome.min.css?ver=5.15.3 HTTP/2.0" 200 12618 "https://uniquesolutionconstructions.in/?fbclid=IwZXh0bgNhZW0CMTEAc3J0YwZhcHBfaWQMMjU2MjgxMDQwNTU4AAEehR_zqREUaMjG-A92qwH6q3WXCWCETzbI0st8QRWjn6SPc_MR4zNpMH4tNpY_aem_RCwPBBW_5yOnl8wp7RrhEA" "Mozilla/5.0 (X11; Linux x86_64) AppleWebKit/537.36 (KHTML, like Gecko) Chrome/145.0.0.0 Safari/537.36" uniquesolutionconstructions.in 10.44.34.235
31.13.115.19 - - [12/Feb/2026:19:42:29 -0700] "GET /wp-content/themes/norcon/css/style.css?ver=6.8.3 HTTP/2.0" 200 21293 "https://uniquesolutionconstructions.in/?fbclid=IwZXh0bgNhZW0CMTEAc3J0YwZhcHBfaWQMMjU2MjgxMDQwNTU4AAEeWMPxiFfjZ7ZqQRyDJVRRwl5695a7lytQyciTXukV7eRzdo8Q0S-ofwCpKLI_aem_UzxS8OUE2IccC9g6t5u-Fg" "Mozilla/5.0 (X11; Linux x86_64) AppleWebKit/537.36 (KHTML, like Gecko) Chrome/145.0.0.0 Safari/537.36" uniquesolutionconstructions.in 10.44.34.235
173.252.127.112 - - [12/Feb/2026:19:42:29 -0700] "GET /wp-content/plugins/elementor/assets/lib/font-awesome/css/brands.min.css?ver=5.15.3 HTTP/2.0" 200 308 "https://uniquesolutionconstructions.in/?fbclid=IwZXh0bgNhZW0CMTEAc3J0YwZhcHBfaWQMMjU2MjgxMDQwNTU4AAEehR_zqREUaMjG-A92qwH6q3WXCWCETzbI0st8QRWjn6SPc_MR4zNpMH4tNpY_aem_RCwPBBW_5yOnl8wp7RrhEA" "Mozilla/5.0 (X11; Linux x86_64) AppleWebKit/537.36 (KHTML, like Gecko) Chrome/145.0.0.0 Safari/537.36" uniquesolutionconstructions.in 10.44.34.235
173.252.127.112 - - [12/Feb/2026:19:42:29 -0700] "GET /wp-content/plugins/elementor/assets/lib/font-awesome/css/solid.min.css?ver=5.15.3 HTTP/2.0" 200 309 "https://uniquesolutionconstructions.in/?fbclid=IwZXh0bgNhZW0CMTEAc3J0YwZhcHBfaWQMMjU2MjgxMDQwNTU4AAEehR_zqREUaMjG-A92qwH6q3WXCWCETzbI0st8QRWjn6SPc_MR4zNpMH4tNpY_aem_RCwPBBW_5yOnl8wp7RrhEA" "Mozilla/5.0 (X11; Linux x86_64) AppleWebKit/537.36 (KHTML, like Gecko) Chrome/145.0.0.0 Safari/537.36" uniquesolutionconstructions.in 10.44.34.235
31.13.115.19 - - [12/Feb/2026:19:42:29 -0700] "GET /wp-content/themes/norcon/style.css?ver=2022-4-28 HTTP/2.0" 200 3410 "https://uniquesolutionconstructions.in/?fbclid=IwZXh0bgNhZW0CMTEAc3J0YwZhcHBfaWQMMjU2MjgxMDQwNTU4AAEeWMPxiFfjZ7ZqQRyDJVRRwl5695a7lytQyciTXukV7eRzdo8Q0S-ofwCpKLI_aem_UzxS8OUE2IccC9g6t5u-Fg" "Mozilla/5.0 (X11; Linux x86_64) AppleWebKit/537.36 (KHTML, like Gecko) Chrome/145.0.0.0 Safari/537.36" uniquesolutionconstructions.in 10.44.34.235
31.13.115.19 - - [12/Feb/2026:19:42:30 -0700] "GET /wp-content/plugins/elementor/assets/lib/eicons/css/elementor-icons.min.css?ver=5.34.0 HTTP/2.0" 200 4420 "https://uniquesolutionconstructions.in/?fbclid=IwZXh0bgNhZW0CMTEAc3J0YwZhcHBfaWQMMjU2MjgxMDQwNTU4AAEeWMPxiFfjZ7ZqQRyDJVRRwl5695a7lytQyciTXukV7eRzdo8Q0S-ofwCpKLI_aem_UzxS8OUE2IccC9g6t5u-Fg" "Mozilla/5.0 (X11; Linux x86_64) AppleWebKit/537.36 (KHTML, like Gecko) Chrome/145.0.0.0 Safari/537.36" uniquesolutionconstructions.in 10.44.34.235
173.252.127.112 - - [12/Feb/2026:19:42:30 -0700] "GET /wp-content/plugins/elementor/assets/lib/font-awesome/css/regular.min.css?ver=5.15.3 HTTP/2.0" 200 308 "https://uniquesolutionconstructions.in/?fbclid=IwZXh0bgNhZW0CMTEAc3J0YwZhcHBfaWQMMjU2MjgxMDQwNTU4AAEehR_zqREUaMjG-A92qwH6q3WXCWCETzbI0st8QRWjn6SPc_MR4zNpMH4tNpY_aem_RCwPBBW_5yOnl8wp7RrhEA" "Mozilla/5.0 (X11; Linux x86_64) AppleWebKit/537.36 (KHTML, like Gecko) Chrome/145.0.0.0 Safari/537.36" uniquesolutionconstructions.in 10.44.34.235
173.252.127.112 - - [12/Feb/2026:19:42:30 -0700] "GET /wp-content/plugins/happy-elementor-addons/assets/fonts/huge-icons/huge-icons.min.css?ver=3.20.4 HTTP/2.0" 200 27349 "https://uniquesolutionconstructions.in/?fbclid=IwZXh0bgNhZW0CMTEAc3J0YwZhcHBfaWQMMjU2MjgxMDQwNTU4AAEehR_zqREUaMjG-A92qwH6q3WXCWCETzbI0st8QRWjn6SPc_MR4zNpMH4tNpY_aem_RCwPBBW_5yOnl8wp7RrhEA" "Mozilla/5.0 (X11; Linux x86_64) AppleWebKit/537.36 (KHTML, like Gecko) Chrome/145.0.0.0 Safari/537.36" uniquesolutionconstructions.in 10.44.34.235
31.13.115.19 - - [12/Feb/2026:19:42:30 -0700] "GET /wp-content/plugins/elementor/assets/css/widget-icon-list.min.css?ver=3.24.3 HTTP/2.0" 200 1540 "https://uniquesolutionconstructions.in/?fbclid=IwZXh0bgNhZW0CMTEAc3J0YwZhcHBfaWQMMjU2MjgxMDQwNTU4AAEeWMPxiFfjZ7ZqQRyDJVRRwl5695a7lytQyciTXukV7eRzdo8Q0S-ofwCpKLI_aem_UzxS8OUE2IccC9g6t5u-Fg" "Mozilla/5.0 (X11; Linux x86_64) AppleWebKit/537.36 (KHTML, like Gecko) Chrome/145.0.0.0 Safari/537.36" uniquesolutionconstructions.in 10.44.34.235
31.13.115.19 - - [12/Feb/2026:19:42:30 -0700] "GET /wp-content/themes/norcon/framework/color.php?ver=6.8.3 HTTP/2.0" 409 83 "https://uniquesolutionconstructions.in/?fbclid=IwZXh0bgNhZW0CMTEAc3J0YwZhcHBfaWQMMjU2MjgxMDQwNTU4AAEeWMPxiFfjZ7ZqQRyDJVRRwl5695a7lytQyciTXukV7eRzdo8Q0S-ofwCpKLI_aem_UzxS8OUE2IccC9g6t5u-Fg" "Mozilla/5.0 (X11; Linux x86_64) AppleWebKit/537.36 (KHTML, like Gecko) Chrome/145.0.0.0 Safari/537.36" uniquesolutionconstructions.in 10.44.34.235
173.252.127.112 - - [12/Feb/2026:19:42:31 -0700] "GET /wp-content/themes/norcon/css/plugins/bootstrap.min.css HTTP/2.0" 200 37952 "https://uniquesolutionconstructions.in/wp-content/themes/norcon/css/plugins.css?ver=6.8.3" "Mozilla/5.0 (X11; Linux x86_64) AppleWebKit/537.36 (KHTML, like Gecko) Chrome/145.0.0.0 Safari/537.36" uniquesolutionconstructions.in 10.44.34.235
31.13.115.19 - - [12/Feb/2026:19:42:31 -0700] "GET /wp-content/plugins/elementor/assets/css/widget-social-icons.min.css?ver=3.24.0 HTTP/2.0" 200 1126 "https://uniquesolutionconstructions.in/?fbclid=IwZXh0bgNhZW0CMTEAc3J0YwZhcHBfaWQMMjU2MjgxMDQwNTU4AAEeWMPxiFfjZ7ZqQRyDJVRRwl5695a7lytQyciTXukV7eRzdo8Q0S-ofwCpKLI_aem_UzxS8OUE2IccC9g6t5u-Fg" "Mozilla/5.0 (X11; Linux x86_64) AppleWebKit/537.36 (KHTML, like Gecko) Chrome/145.0.0.0 Safari/537.36" uniquesolutionconstructions.in 10.44.34.235
173.252.127.112 - - [12/Feb/2026:19:42:31 -0700] "GET /wp-content/themes/norcon/css/plugins/owl.carousel.min.css HTTP/2.0" 200 1087 "https://uniquesolutionconstructions.in/wp-content/themes/norcon/css/plugins.css?ver=6.8.3" "Mozilla/5.0 (X11; Linux x86_64) AppleWebKit/537.36 (KHTML, like Gecko) Chrome/145.0.0.0 Safari/537.36" uniquesolutionconstructions.in 10.44.34.235
31.13.115.19 - - [12/Feb/2026:19:42:31 -0700] "GET /wp-content/plugins/elementor/assets/lib/font-awesome/css/brands.css?ver=5.15.3 HTTP/2.0" 200 322 "https://uniquesolutionconstructions.in/?fbclid=IwZXh0bgNhZW0CMTEAc3J0YwZhcHBfaWQMMjU2MjgxMDQwNTU4AAEeWMPxiFfjZ7ZqQRyDJVRRwl5695a7lytQyciTXukV7eRzdo8Q0S-ofwCpKLI_aem_UzxS8OUE2IccC9g6t5u-Fg" "Mozilla/5.0 (X11; Linux x86_64) AppleWebKit/537.36 (KHTML, like Gecko) Chrome/145.0.0.0 Safari/537.36" uniquesolutionconstructions.in 10.44.34.235
31.13.115.19 - - [12/Feb/2026:19:42:31 -0700] "GET /wp-content/plugins/elementor/assets/lib/font-awesome/css/fontawesome.css?ver=5.15.3 HTTP/2.0" 200 13029 "https://uniquesolutionconstructions.in/?fbclid=IwZXh0bgNhZW0CMTEAc3J0YwZhcHBfaWQMMjU2MjgxMDQwNTU4AAEeWMPxiFfjZ7ZqQRyDJVRRwl5695a7lytQyciTXukV7eRzdo8Q0S-ofwCpKLI_aem_UzxS8OUE2IccC9g6t5u-Fg" "Mozilla/5.0 (X11; Linux x86_64) AppleWebKit/537.36 (KHTML, like Gecko) Chrome/145.0.0.0 Safari/537.36" uniquesolutionconstructions.in 10.44.34.235
173.252.127.112 - - [12/Feb/2026:19:42:32 -0700] "GET /wp-content/themes/norcon/css/plugins/owl.theme.default.min.css HTTP/2.0" 200 477 "https://uniquesolutionconstructions.in/wp-content/themes/norcon/css/plugins.css?ver=6.8.3" "Mozilla/5.0 (X11; Linux x86_64) AppleWebKit/537.36 (KHTML, like Gecko) Chrome/145.0.0.0 Safari/537.36" uniquesolutionconstructions.in 10.44.34.235
31.13.115.19 - - [12/Feb/2026:19:42:32 -0700] "GET /wp-content/plugins/elementor/assets/lib/font-awesome/css/solid.css?ver=5.15.3 HTTP/2.0" 200 325 "https://uniquesolutionconstructions.in/?fbclid=IwZXh0bgNhZW0CMTEAc3J0YwZhcHBfaWQMMjU2MjgxMDQwNTU4AAEeWMPxiFfjZ7ZqQRyDJVRRwl5695a7lytQyciTXukV7eRzdo8Q0S-ofwCpKLI_aem_UzxS8OUE2IccC9g6t5u-Fg" "Mozilla/5.0 (X11; Linux x86_64) AppleWebKit/537.36 (KHTML, like Gecko) Chrome/145.0.0.0 Safari/537.36" uniquesolutionconstructions.in 10.44.34.235
173.252.127.112 - - [12/Feb/2026:19:42:32 -0700] "GET /wp-content/themes/norcon/css/plugins/animate.min.css HTTP/2.0" 200 7005 "https://uniquesolutionconstructions.in/wp-content/themes/norcon/css/plugins.css?ver=6.8.3" "Mozilla/5.0 (X11; Linux x86_64) AppleWebKit/537.36 (KHTML, like Gecko) Chrome/145.0.0.0 Safari/537.36" uniquesolutionconstructions.in 10.44.34.235
173.252.127.112 - - [12/Feb/2026:19:42:32 -0700] "GET /wp-content/themes/norcon/css/plugins/font-awesome.min.css HTTP/2.0" 200 7125 "https://uniquesolutionconstructions.in/wp-content/themes/norcon/css/plugins.css?ver=6.8.3" "Mozilla/5.0 (X11; Linux x86_64) AppleWebKit/537.36 (KHTML, like Gecko) Chrome/145.0.0.0 Safari/537.36" uniquesolutionconstructions.in 10.44.34.235
31.13.115.19 - - [12/Feb/2026:19:42:32 -0700] "GET /wp-content/plugins/elementskit-lite/widgets/init/assets/css/responsive.css?ver=3.5.3 HTTP/2.0" 200 4455 "https://uniquesolutionconstructions.in/?fbclid=IwZXh0bgNhZW0CMTEAc3J0YwZhcHBfaWQMMjU2MjgxMDQwNTU4AAEeWMPxiFfjZ7ZqQRyDJVRRwl5695a7lytQyciTXukV7eRzdo8Q0S-ofwCpKLI_aem_UzxS8OUE2IccC9g6t5u-Fg" "Mozilla/5.0 (X11; Linux x86_64) AppleWebKit/537.36 (KHTML, like Gecko) Chrome/145.0.0.0 Safari/537.36" uniquesolutionconstructions.in 10.44.34.235
173.252.127.112 - - [12/Feb/2026:19:42:32 -0700] "GET /wp-content/themes/norcon/css/plugins/nucleo.css HTTP/2.0" 200 1713 "https://uniquesolutionconstructions.in/wp-content/themes/norcon/css/plugins.css?ver=6.8.3" "Mozilla/5.0 (X11; Linux x86_64) AppleWebKit/537.36 (KHTML, like Gecko) Chrome/145.0.0.0 Safari/537.36" uniquesolutionconstructions.in 10.44.34.235
31.13.115.19 - - [12/Feb/2026:19:42:32 -0700] "GET /wp-content/plugins/elementskit-lite/widgets/init/assets/css/widget-styles.css?ver=3.5.3 HTTP/2.0" 200 81963 "https://uniquesolutionconstructions.in/?fbclid=IwZXh0bgNhZW0CMTEAc3J0YwZhcHBfaWQMMjU2MjgxMDQwNTU4AAEeWMPxiFfjZ7ZqQRyDJVRRwl5695a7lytQyciTXukV7eRzdo8Q0S-ofwCpKLI_aem_UzxS8OUE2IccC9g6t5u-Fg" "Mozilla/5.0 (X11; Linux x86_64) AppleWebKit/537.36 (KHTML, like Gecko) Chrome/145.0.0.0 Safari/537.36" uniquesolutionconstructions.in 10.44.34.235
