31.13.115.19 - - [12/Feb/2026:19:42:33 -0700] "GET /wp-content/uploads/happyaddons/css/ha-123.css?ver=3.20.4.1741850604 HTTP/2.0" 200 6481 "https://uniquesolutionconstructions.in/?fbclid=IwZXh0bgNhZW0CMTEAc3J0YwZhcHBfaWQMMjU2MjgxMDQwNTU4AAEeWMPxiFfjZ7ZqQRyDJVRRwl5695a7lytQyciTXukV7eRzdo8Q0S-ofwCpKLI_aem_UzxS8OUE2IccC9g6t5u-Fg" "Mozilla/5.0 (X11; Linux x86_64) AppleWebKit/537.36 (KHTML, like Gecko) Chrome/145.0.0.0 Safari/537.36" uniquesolutionconstructions.in 10.44.34.235
173.252.127.112 - - [12/Feb/2026:19:42:33 -0700] "GET /wp-content/themes/norcon/css/plugins/magnific-popup.css HTTP/2.0" 200 2186 "https://uniquesolutionconstructions.in/wp-content/themes/norcon/css/plugins.css?ver=6.8.3" "Mozilla/5.0 (X11; Linux x86_64) AppleWebKit/537.36 (KHTML, like Gecko) Chrome/145.0.0.0 Safari/537.36" uniquesolutionconstructions.in 10.44.34.235
173.252.127.112 - - [12/Feb/2026:19:42:33 -0700] "GET /wp-content/themes/norcon/css/plugins/YouTubePopUp.css HTTP/2.0" 200 1015 "https://uniquesolutionconstructions.in/wp-content/themes/norcon/css/plugins.css?ver=6.8.3" "Mozilla/5.0 (X11; Linux x86_64) AppleWebKit/537.36 (KHTML, like Gecko) Chrome/145.0.0.0 Safari/537.36" uniquesolutionconstructions.in 10.44.34.235
31.13.115.19 - - [12/Feb/2026:19:42:33 -0700] "GET /wp-content/plugins/elementor/assets/lib/font-awesome/css/fontawesome.min.css?ver=5.15.3 HTTP/2.0" 200 12618 "https://uniquesolutionconstructions.in/?fbclid=IwZXh0bgNhZW0CMTEAc3J0YwZhcHBfaWQMMjU2MjgxMDQwNTU4AAEeWMPxiFfjZ7ZqQRyDJVRRwl5695a7lytQyciTXukV7eRzdo8Q0S-ofwCpKLI_aem_UzxS8OUE2IccC9g6t5u-Fg" "Mozilla/5.0 (X11; Linux x86_64) AppleWebKit/537.36 (KHTML, like Gecko) Chrome/145.0.0.0 Safari/537.36" uniquesolutionconstructions.in 10.44.34.235
173.252.127.112 - - [12/Feb/2026:19:42:33 -0700] "GET /wp-includes/js/jquery/jquery.min.js?ver=3.7.1 HTTP/2.0" 200 38349 "https://uniquesolutionconstructions.in/?fbclid=IwZXh0bgNhZW0CMTEAc3J0YwZhcHBfaWQMMjU2MjgxMDQwNTU4AAEehR_zqREUaMjG-A92qwH6q3WXCWCETzbI0st8QRWjn6SPc_MR4zNpMH4tNpY_aem_RCwPBBW_5yOnl8wp7RrhEA" "Mozilla/5.0 (X11; Linux x86_64) AppleWebKit/537.36 (KHTML, like Gecko) Chrome/145.0.0.0 Safari/537.36" uniquesolutionconstructions.in 10.44.34.235
31.13.115.19 - - [12/Feb/2026:19:42:33 -0700] "GET /wp-content/plugins/elementor/assets/lib/font-awesome/css/brands.min.css?ver=5.15.3 HTTP/2.0" 200 308 "https://uniquesolutionconstructions.in/?fbclid=IwZXh0bgNhZW0CMTEAc3J0YwZhcHBfaWQMMjU2MjgxMDQwNTU4AAEeWMPxiFfjZ7ZqQRyDJVRRwl5695a7lytQyciTXukV7eRzdo8Q0S-ofwCpKLI_aem_UzxS8OUE2IccC9g6t5u-Fg" "Mozilla/5.0 (X11; Linux x86_64) AppleWebKit/537.36 (KHTML, like Gecko) Chrome/145.0.0.0 Safari/537.36" uniquesolutionconstructions.in 10.44.34.235
31.13.115.19 - - [12/Feb/2026:19:42:33 -0700] "GET /wp-content/plugins/elementor/assets/lib/font-awesome/css/solid.min.css?ver=5.15.3 HTTP/2.0" 200 309 "https://uniquesolutionconstructions.in/?fbclid=IwZXh0bgNhZW0CMTEAc3J0YwZhcHBfaWQMMjU2MjgxMDQwNTU4AAEeWMPxiFfjZ7ZqQRyDJVRRwl5695a7lytQyciTXukV7eRzdo8Q0S-ofwCpKLI_aem_UzxS8OUE2IccC9g6t5u-Fg" "Mozilla/5.0 (X11; Linux x86_64) AppleWebKit/537.36 (KHTML, like Gecko) Chrome/145.0.0.0 Safari/537.36" uniquesolutionconstructions.in 10.44.34.235
173.252.127.112 - - [12/Feb/2026:19:42:34 -0700] "GET /wp-includes/js/jquery/jquery-migrate.min.js?ver=3.4.1 HTTP/2.0" 200 5422 "https://uniquesolutionconstructions.in/?fbclid=IwZXh0bgNhZW0CMTEAc3J0YwZhcHBfaWQMMjU2MjgxMDQwNTU4AAEehR_zqREUaMjG-A92qwH6q3WXCWCETzbI0st8QRWjn6SPc_MR4zNpMH4tNpY_aem_RCwPBBW_5yOnl8wp7RrhEA" "Mozilla/5.0 (X11; Linux x86_64) AppleWebKit/537.36 (KHTML, like Gecko) Chrome/145.0.0.0 Safari/537.36" uniquesolutionconstructions.in 10.44.34.235
173.252.127.112 - - [12/Feb/2026:19:42:34 -0700] "GET /wp-content/plugins/bookly-responsive-appointment-booking-tool/frontend/resources/js/spin.min.js?ver=24.8 HTTP/2.0" 200 2212 "https://uniquesolutionconstructions.in/?fbclid=IwZXh0bgNhZW0CMTEAc3J0YwZhcHBfaWQMMjU2MjgxMDQwNTU4AAEehR_zqREUaMjG-A92qwH6q3WXCWCETzbI0st8QRWjn6SPc_MR4zNpMH4tNpY_aem_RCwPBBW_5yOnl8wp7RrhEA" "Mozilla/5.0 (X11; Linux x86_64) AppleWebKit/537.36 (KHTML, like Gecko) Chrome/145.0.0.0 Safari/537.36" uniquesolutionconstructions.in 10.44.34.235
31.13.115.19 - - [12/Feb/2026:19:42:34 -0700] "GET /wp-content/plugins/elementor/assets/lib/font-awesome/css/regular.min.css?ver=5.15.3 HTTP/2.0" 200 308 "https://uniquesolutionconstructions.in/?fbclid=IwZXh0bgNhZW0CMTEAc3J0YwZhcHBfaWQMMjU2MjgxMDQwNTU4AAEeWMPxiFfjZ7ZqQRyDJVRRwl5695a7lytQyciTXukV7eRzdo8Q0S-ofwCpKLI_aem_UzxS8OUE2IccC9g6t5u-Fg" "Mozilla/5.0 (X11; Linux x86_64) AppleWebKit/537.36 (KHTML, like Gecko) Chrome/145.0.0.0 Safari/537.36" uniquesolutionconstructions.in 10.44.34.235
31.13.115.19 - - [12/Feb/2026:19:42:34 -0700] "GET /wp-content/plugins/happy-elementor-addons/assets/fonts/huge-icons/huge-icons.min.css?ver=3.20.4 HTTP/2.0" 200 27349 "https://uniquesolutionconstructions.in/?fbclid=IwZXh0bgNhZW0CMTEAc3J0YwZhcHBfaWQMMjU2MjgxMDQwNTU4AAEeWMPxiFfjZ7ZqQRyDJVRRwl5695a7lytQyciTXukV7eRzdo8Q0S-ofwCpKLI_aem_UzxS8OUE2IccC9g6t5u-Fg" "Mozilla/5.0 (X11; Linux x86_64) AppleWebKit/537.36 (KHTML, like Gecko) Chrome/145.0.0.0 Safari/537.36" uniquesolutionconstructions.in 10.44.34.235
31.13.115.19 - - [12/Feb/2026:19:42:34 -0700] "GET /wp-content/themes/norcon/css/plugins/bootstrap.min.css HTTP/2.0" 200 37952 "https://uniquesolutionconstructions.in/wp-content/themes/norcon/css/plugins.css?ver=6.8.3" "Mozilla/5.0 (X11; Linux x86_64) AppleWebKit/537.36 (KHTML, like Gecko) Chrome/145.0.0.0 Safari/537.36" uniquesolutionconstructions.in 10.44.34.235
173.252.127.112 - - [12/Feb/2026:19:42:35 -0700] "GET /wp-content/plugins/bookly-responsive-appointment-booking-tool/frontend/resources/js/ladda.min.js?ver=24.8 HTTP/2.0" 200 1705 "https://uniquesolutionconstructions.in/?fbclid=IwZXh0bgNhZW0CMTEAc3J0YwZhcHBfaWQMMjU2MjgxMDQwNTU4AAEehR_zqREUaMjG-A92qwH6q3WXCWCETzbI0st8QRWjn6SPc_MR4zNpMH4tNpY_aem_RCwPBBW_5yOnl8wp7RrhEA" "Mozilla/5.0 (X11; Linux x86_64) AppleWebKit/537.36 (KHTML, like Gecko) Chrome/145.0.0.0 Safari/537.36" uniquesolutionconstructions.in 10.44.34.235
173.252.127.112 - - [12/Feb/2026:19:42:35 -0700] "GET /wp-content/plugins/bookly-responsive-appointment-booking-tool/backend/resources/js/moment.min.js?ver=24.8 HTTP/2.0" 200 22317 "https://uniquesolutionconstructions.in/?fbclid=IwZXh0bgNhZW0CMTEAc3J0YwZhcHBfaWQMMjU2MjgxMDQwNTU4AAEehR_zqREUaMjG-A92qwH6q3WXCWCETzbI0st8QRWjn6SPc_MR4zNpMH4tNpY_aem_RCwPBBW_5yOnl8wp7RrhEA" "Mozilla/5.0 (X11; Linux x86_64) AppleWebKit/537.36 (KHTML, like Gecko) Chrome/145.0.0.0 Safari/537.36" uniquesolutionconstructions.in 10.44.34.235
173.252.127.112 - - [12/Feb/2026:19:42:35 -0700] "GET /wp-content/plugins/bookly-responsive-appointment-booking-tool/frontend/resources/js/hammer.min.js?ver=24.8 HTTP/2.0" 200 7949 "https://uniquesolutionconstructions.in/?fbclid=IwZXh0bgNhZW0CMTEAc3J0YwZhcHBfaWQMMjU2MjgxMDQwNTU4AAEehR_zqREUaMjG-A92qwH6q3WXCWCETzbI0st8QRWjn6SPc_MR4zNpMH4tNpY_aem_RCwPBBW_5yOnl8wp7RrhEA" "Mozilla/5.0 (X11; Linux x86_64) AppleWebKit/537.36 (KHTML, like Gecko) Chrome/145.0.0.0 Safari/537.36" uniquesolutionconstructions.in 10.44.34.235
31.13.115.19 - - [12/Feb/2026:19:42:35 -0700] "GET /wp-content/themes/norcon/css/plugins/owl.carousel.min.css HTTP/2.0" 200 1087 "https://uniquesolutionconstructions.in/wp-content/themes/norcon/css/plugins.css?ver=6.8.3" "Mozilla/5.0 (X11; Linux x86_64) AppleWebKit/537.36 (KHTML, like Gecko) Chrome/145.0.0.0 Safari/537.36" uniquesolutionconstructions.in 10.44.34.235
31.13.115.19 - - [12/Feb/2026:19:42:35 -0700] "GET /wp-content/themes/norcon/css/plugins/owl.theme.default.min.css HTTP/2.0" 200 477 "https://uniquesolutionconstructions.in/wp-content/themes/norcon/css/plugins.css?ver=6.8.3" "Mozilla/5.0 (X11; Linux x86_64) AppleWebKit/537.36 (KHTML, like Gecko) Chrome/145.0.0.0 Safari/537.36" uniquesolutionconstructions.in 10.44.34.235
173.252.127.112 - - [12/Feb/2026:19:42:35 -0700] "GET /wp-content/plugins/bookly-responsive-appointment-booking-tool/frontend/resources/js/jquery.hammer.min.js?ver=24.8 HTTP/2.0" 200 414 "https://uniquesolutionconstructions.in/?fbclid=IwZXh0bgNhZW0CMTEAc3J0YwZhcHBfaWQMMjU2MjgxMDQwNTU4AAEehR_zqREUaMjG-A92qwH6q3WXCWCETzbI0st8QRWjn6SPc_MR4zNpMH4tNpY_aem_RCwPBBW_5yOnl8wp7RrhEA" "Mozilla/5.0 (X11; Linux x86_64) AppleWebKit/537.36 (KHTML, like Gecko) Chrome/145.0.0.0 Safari/537.36" uniquesolutionconstructions.in 10.44.34.235
31.13.115.19 - - [12/Feb/2026:19:42:36 -0700] "GET /wp-content/themes/norcon/css/plugins/animate.min.css HTTP/2.0" 200 7005 "https://uniquesolutionconstructions.in/wp-content/themes/norcon/css/plugins.css?ver=6.8.3" "Mozilla/5.0 (X11; Linux x86_64) AppleWebKit/537.36 (KHTML, like Gecko) Chrome/145.0.0.0 Safari/537.36" uniquesolutionconstructions.in 10.44.34.235
173.252.127.112 - - [12/Feb/2026:19:42:36 -0700] "GET /wp-content/plugins/bookly-responsive-appointment-booking-tool/frontend/resources/js/qrcode.js?ver=24.8 HTTP/2.0" 200 11755 "https://uniquesolutionconstructions.in/?fbclid=IwZXh0bgNhZW0CMTEAc3J0YwZhcHBfaWQMMjU2MjgxMDQwNTU4AAEehR_zqREUaMjG-A92qwH6q3WXCWCETzbI0st8QRWjn6SPc_MR4zNpMH4tNpY_aem_RCwPBBW_5yOnl8wp7RrhEA" "Mozilla/5.0 (X11; Linux x86_64) AppleWebKit/537.36 (KHTML, like Gecko) Chrome/145.0.0.0 Safari/537.36" uniquesolutionconstructions.in 10.44.34.235
173.252.127.112 - - [12/Feb/2026:19:42:36 -0700] "GET /wp-content/plugins/norcon-elementor/assets/js/bdevs-elementor.js?ver=1.0.0 HTTP/2.0" 200 308 "https://uniquesolutionconstructions.in/?fbclid=IwZXh0bgNhZW0CMTEAc3J0YwZhcHBfaWQMMjU2MjgxMDQwNTU4AAEehR_zqREUaMjG-A92qwH6q3WXCWCETzbI0st8QRWjn6SPc_MR4zNpMH4tNpY_aem_RCwPBBW_5yOnl8wp7RrhEA" "Mozilla/5.0 (X11; Linux x86_64) AppleWebKit/537.36 (KHTML, like Gecko) Chrome/145.0.0.0 Safari/537.36" uniquesolutionconstructions.in 10.44.34.235
173.252.127.112 - - [12/Feb/2026:19:42:36 -0700] "GET /wp-content/plugins/happy-elementor-addons/assets/vendor/dom-purify/purify.min.js?ver=3.1.6 HTTP/2.0" 200 9855 "https://uniquesolutionconstructions.in/?fbclid=IwZXh0bgNhZW0CMTEAc3J0YwZhcHBfaWQMMjU2MjgxMDQwNTU4AAEehR_zqREUaMjG-A92qwH6q3WXCWCETzbI0st8QRWjn6SPc_MR4zNpMH4tNpY_aem_RCwPBBW_5yOnl8wp7RrhEA" "Mozilla/5.0 (X11; Linux x86_64) AppleWebKit/537.36 (KHTML, like Gecko) Chrome/145.0.0.0 Safari/537.36" uniquesolutionconstructions.in 10.44.34.235
173.252.127.112 - - [12/Feb/2026:19:42:36 -0700] "GET /wp-content/uploads/2025/02/WhatsApp-Image-2025-02-14-at-18.19.53_a384d363.jpg HTTP/2.0" 200 33846 "https://uniquesolutionconstructions.in/?fbclid=IwZXh0bgNhZW0CMTEAc3J0YwZhcHBfaWQMMjU2MjgxMDQwNTU4AAEehR_zqREUaMjG-A92qwH6q3WXCWCETzbI0st8QRWjn6SPc_MR4zNpMH4tNpY_aem_RCwPBBW_5yOnl8wp7RrhEA" "Mozilla/5.0 (X11; Linux x86_64) AppleWebKit/537.36 (KHTML, like Gecko) Chrome/145.0.0.0 Safari/537.36" uniquesolutionconstructions.in 10.44.34.235
31.13.115.19 - - [12/Feb/2026:19:42:36 -0700] "GET /wp-content/themes/norcon/css/plugins/font-awesome.min.css HTTP/2.0" 200 7125 "https://uniquesolutionconstructions.in/wp-content/themes/norcon/css/plugins.css?ver=6.8.3" "Mozilla/5.0 (X11; Linux x86_64) AppleWebKit/537.36 (KHTML, like Gecko) Chrome/145.0.0.0 Safari/537.36" uniquesolutionconstructions.in 10.44.34.235
31.13.115.19 - - [12/Feb/2026:19:42:36 -0700] "GET /wp-content/themes/norcon/css/plugins/nucleo.css HTTP/2.0" 200 1713 "https://uniquesolutionconstructions.in/wp-content/themes/norcon/css/plugins.css?ver=6.8.3" "Mozilla/5.0 (X11; Linux x86_64) AppleWebKit/537.36 (KHTML, like Gecko) Chrome/145.0.0.0 Safari/537.36" uniquesolutionconstructions.in 10.44.34.235
173.252.127.112 - - [12/Feb/2026:19:42:36 -0700] "GET /wp-content/plugins/bookly-responsive-appointment-booking-tool/frontend/resources/js/intlTelInput.min.js?ver=24.8 HTTP/2.0" 200 91524 "https://uniquesolutionconstructions.in/?fbclid=IwZXh0bgNhZW0CMTEAc3J0YwZhcHBfaWQMMjU2MjgxMDQwNTU4AAEehR_zqREUaMjG-A92qwH6q3WXCWCETzbI0st8QRWjn6SPc_MR4zNpMH4tNpY_aem_RCwPBBW_5yOnl8wp7RrhEA" "Mozilla/5.0 (X11; Linux x86_64) AppleWebKit/537.36 (KHTML, like Gecko) Chrome/145.0.0.0 Safari/537.36" uniquesolutionconstructions.in 10.44.34.235
173.252.127.112 - - [12/Feb/2026:19:42:36 -0700] "GET /wp-content/plugins/bookly-responsive-appointment-booking-tool/frontend/resources/js/bookly.min.js?ver=24.8 HTTP/2.0" 200 85380 "https://uniquesolutionconstructions.in/?fbclid=IwZXh0bgNhZW0CMTEAc3J0YwZhcHBfaWQMMjU2MjgxMDQwNTU4AAEehR_zqREUaMjG-A92qwH6q3WXCWCETzbI0st8QRWjn6SPc_MR4zNpMH4tNpY_aem_RCwPBBW_5yOnl8wp7RrhEA" "Mozilla/5.0 (X11; Linux x86_64) AppleWebKit/537.36 (KHTML, like Gecko) Chrome/145.0.0.0 Safari/537.36" uniquesolutionconstructions.in 10.44.34.235
31.13.115.19 - - [12/Feb/2026:19:42:36 -0700] "GET /wp-content/themes/norcon/css/plugins/magnific-popup.css HTTP/2.0" 200 2186 "https://uniquesolutionconstructions.in/wp-content/themes/norcon/css/plugins.css?ver=6.8.3" "Mozilla/5.0 (X11; Linux x86_64) AppleWebKit/537.36 (KHTML, like Gecko) Chrome/145.0.0.0 Safari/537.36" uniquesolutionconstructions.in 10.44.34.235
173.252.127.112 - - [12/Feb/2026:19:42:36 -0700] "GET /wp-content/uploads/2025/02/1-8.png HTTP/2.0" 200 242084 "https://uniquesolutionconstructions.in/?fbclid=IwZXh0bgNhZW0CMTEAc3J0YwZhcHBfaWQMMjU2MjgxMDQwNTU4AAEehR_zqREUaMjG-A92qwH6q3WXCWCETzbI0st8QRWjn6SPc_MR4zNpMH4tNpY_aem_RCwPBBW_5yOnl8wp7RrhEA" "Mozilla/5.0 (X11; Linux x86_64) AppleWebKit/537.36 (KHTML, like Gecko) Chrome/145.0.0.0 Safari/537.36" uniquesolutionconstructions.in 10.44.34.235
31.13.115.19 - - [12/Feb/2026:19:42:37 -0700] "GET /wp-content/themes/norcon/css/plugins/YouTubePopUp.css HTTP/2.0" 200 1015 "https://uniquesolutionconstructions.in/wp-content/themes/norcon/css/plugins.css?ver=6.8.3" "Mozilla/5.0 (X11; Linux x86_64) AppleWebKit/537.36 (KHTML, like Gecko) Chrome/145.0.0.0 Safari/537.36" uniquesolutionconstructions.in 10.44.34.235
31.13.115.19 - - [12/Feb/2026:19:42:37 -0700] "GET /wp-includes/js/jquery/jquery.min.js?ver=3.7.1 HTTP/2.0" 200 38349 "https://uniquesolutionconstructions.in/?fbclid=IwZXh0bgNhZW0CMTEAc3J0YwZhcHBfaWQMMjU2MjgxMDQwNTU4AAEeWMPxiFfjZ7ZqQRyDJVRRwl5695a7lytQyciTXukV7eRzdo8Q0S-ofwCpKLI_aem_UzxS8OUE2IccC9g6t5u-Fg" "Mozilla/5.0 (X11; Linux x86_64) AppleWebKit/537.36 (KHTML, like Gecko) Chrome/145.0.0.0 Safari/537.36" uniquesolutionconstructions.in 10.44.34.235
173.252.127.112 - - [12/Feb/2026:19:42:36 -0700] "GET /wp-content/uploads/2025/04/2.png HTTP/2.0" 200 929379 "https://uniquesolutionconstructions.in/?fbclid=IwZXh0bgNhZW0CMTEAc3J0YwZhcHBfaWQMMjU2MjgxMDQwNTU4AAEehR_zqREUaMjG-A92qwH6q3WXCWCETzbI0st8QRWjn6SPc_MR4zNpMH4tNpY_aem_RCwPBBW_5yOnl8wp7RrhEA" "Mozilla/5.0 (X11; Linux x86_64) AppleWebKit/537.36 (KHTML, like Gecko) Chrome/145.0.0.0 Safari/537.36" uniquesolutionconstructions.in 10.44.34.235
31.13.115.19 - - [12/Feb/2026:19:42:37 -0700] "GET /wp-includes/js/jquery/jquery-migrate.min.js?ver=3.4.1 HTTP/2.0" 200 5422 "https://uniquesolutionconstructions.in/?fbclid=IwZXh0bgNhZW0CMTEAc3J0YwZhcHBfaWQMMjU2MjgxMDQwNTU4AAEeWMPxiFfjZ7ZqQRyDJVRRwl5695a7lytQyciTXukV7eRzdo8Q0S-ofwCpKLI_aem_UzxS8OUE2IccC9g6t5u-Fg" "Mozilla/5.0 (X11; Linux x86_64) AppleWebKit/537.36 (KHTML, like Gecko) Chrome/145.0.0.0 Safari/537.36" uniquesolutionconstructions.in 10.44.34.235
173.252.127.112 - - [12/Feb/2026:19:42:37 -0700] "GET /wp-content/plugins/elementor/assets/css/widget-heading.min.css?ver=3.33.4 HTTP/2.0" 200 160 "https://uniquesolutionconstructions.in/?fbclid=IwZXh0bgNhZW0CMTEAc3J0YwZhcHBfaWQMMjU2MjgxMDQwNTU4AAEehR_zqREUaMjG-A92qwH6q3WXCWCETzbI0st8QRWjn6SPc_MR4zNpMH4tNpY_aem_RCwPBBW_5yOnl8wp7RrhEA" "Mozilla/5.0 (X11; Linux x86_64) AppleWebKit/537.36 (KHTML, like Gecko) Chrome/145.0.0.0 Safari/537.36" uniquesolutionconstructions.in 10.44.34.235
173.252.127.112 - - [12/Feb/2026:19:42:37 -0700] "GET /wp-content/plugins/elementor/assets/css/widget-image.min.css?ver=3.33.4 HTTP/2.0" 200 135 "https://uniquesolutionconstructions.in/?fbclid=IwZXh0bgNhZW0CMTEAc3J0YwZhcHBfaWQMMjU2MjgxMDQwNTU4AAEehR_zqREUaMjG-A92qwH6q3WXCWCETzbI0st8QRWjn6SPc_MR4zNpMH4tNpY_aem_RCwPBBW_5yOnl8wp7RrhEA" "Mozilla/5.0 (X11; Linux x86_64) AppleWebKit/537.36 (KHTML, like Gecko) Chrome/145.0.0.0 Safari/537.36" uniquesolutionconstructions.in 10.44.34.235
173.252.127.112 - - [12/Feb/2026:19:42:37 -0700] "GET /wp-content/uploads/2025/02/3-3.png HTTP/2.0" 200 15577 "https://uniquesolutionconstructions.in/?fbclid=IwZXh0bgNhZW0CMTEAc3J0YwZhcHBfaWQMMjU2MjgxMDQwNTU4AAEehR_zqREUaMjG-A92qwH6q3WXCWCETzbI0st8QRWjn6SPc_MR4zNpMH4tNpY_aem_RCwPBBW_5yOnl8wp7RrhEA" "Mozilla/5.0 (X11; Linux x86_64) AppleWebKit/537.36 (KHTML, like Gecko) Chrome/145.0.0.0 Safari/537.36" uniquesolutionconstructions.in 10.44.34.235
173.252.127.112 - - [12/Feb/2026:19:42:37 -0700] "GET /wp-content/plugins/elementor/assets/css/conditionals/apple-webkit.min.css?ver=3.33.4 HTTP/2.0" 200 861 "https://uniquesolutionconstructions.in/?fbclid=IwZXh0bgNhZW0CMTEAc3J0YwZhcHBfaWQMMjU2MjgxMDQwNTU4AAEehR_zqREUaMjG-A92qwH6q3WXCWCETzbI0st8QRWjn6SPc_MR4zNpMH4tNpY_aem_RCwPBBW_5yOnl8wp7RrhEA" "Mozilla/5.0 (X11; Linux x86_64) AppleWebKit/537.36 (KHTML, like Gecko) Chrome/145.0.0.0 Safari/537.36" uniquesolutionconstructions.in 10.44.34.235
173.252.127.112 - - [12/Feb/2026:19:42:37 -0700] "GET /wp-content/plugins/elementor/assets/css/widget-social-icons.min.css?ver=3.33.4 HTTP/2.0" 200 1126 "https://uniquesolutionconstructions.in/?fbclid=IwZXh0bgNhZW0CMTEAc3J0YwZhcHBfaWQMMjU2MjgxMDQwNTU4AAEehR_zqREUaMjG-A92qwH6q3WXCWCETzbI0st8QRWjn6SPc_MR4zNpMH4tNpY_aem_RCwPBBW_5yOnl8wp7RrhEA" "Mozilla/5.0 (X11; Linux x86_64) AppleWebKit/537.36 (KHTML, like Gecko) Chrome/145.0.0.0 Safari/537.36" uniquesolutionconstructions.in 10.44.34.235
173.252.127.112 - - [12/Feb/2026:19:42:37 -0700] "GET /wp-content/uploads/2025/02/4.png HTTP/2.0" 200 24055 "https://uniquesolutionconstructions.in/?fbclid=IwZXh0bgNhZW0CMTEAc3J0YwZhcHBfaWQMMjU2MjgxMDQwNTU4AAEehR_zqREUaMjG-A92qwH6q3WXCWCETzbI0st8QRWjn6SPc_MR4zNpMH4tNpY_aem_RCwPBBW_5yOnl8wp7RrhEA" "Mozilla/5.0 (X11; Linux x86_64) AppleWebKit/537.36 (KHTML, like Gecko) Chrome/145.0.0.0 Safari/537.36" uniquesolutionconstructions.in 10.44.34.235
173.252.127.112 - - [12/Feb/2026:19:42:38 -0700] "GET /wp-content/uploads/2025/02/8.png HTTP/2.0" 200 21502 "https://uniquesolutionconstructions.in/?fbclid=IwZXh0bgNhZW0CMTEAc3J0YwZhcHBfaWQMMjU2MjgxMDQwNTU4AAEehR_zqREUaMjG-A92qwH6q3WXCWCETzbI0st8QRWjn6SPc_MR4zNpMH4tNpY_aem_RCwPBBW_5yOnl8wp7RrhEA" "Mozilla/5.0 (X11; Linux x86_64) AppleWebKit/537.36 (KHTML, like Gecko) Chrome/145.0.0.0 Safari/537.36" uniquesolutionconstructions.in 10.44.34.235
173.252.127.112 - - [12/Feb/2026:19:42:38 -0700] "GET /wp-content/plugins/elementor/assets/lib/animations/styles/e-animation-wobble-horizontal.min.css?ver=3.33.4 HTTP/2.0" 200 213 "https://uniquesolutionconstructions.in/?fbclid=IwZXh0bgNhZW0CMTEAc3J0YwZhcHBfaWQMMjU2MjgxMDQwNTU4AAEehR_zqREUaMjG-A92qwH6q3WXCWCETzbI0st8QRWjn6SPc_MR4zNpMH4tNpY_aem_RCwPBBW_5yOnl8wp7RrhEA" "Mozilla/5.0 (X11; Linux x86_64) AppleWebKit/537.36 (KHTML, like Gecko) Chrome/145.0.0.0 Safari/537.36" uniquesolutionconstructions.in 10.44.34.235
173.252.127.112 - - [12/Feb/2026:19:42:38 -0700] "GET /wp-content/plugins/elementor/assets/css/widget-google_maps.min.css?ver=3.33.4 HTTP/2.0" 200 138 "https://uniquesolutionconstructions.in/?fbclid=IwZXh0bgNhZW0CMTEAc3J0YwZhcHBfaWQMMjU2MjgxMDQwNTU4AAEehR_zqREUaMjG-A92qwH6q3WXCWCETzbI0st8QRWjn6SPc_MR4zNpMH4tNpY_aem_RCwPBBW_5yOnl8wp7RrhEA" "Mozilla/5.0 (X11; Linux x86_64) AppleWebKit/537.36 (KHTML, like Gecko) Chrome/145.0.0.0 Safari/537.36" uniquesolutionconstructions.in 10.44.34.235
173.252.127.112 - - [12/Feb/2026:19:42:38 -0700] "GET /wp-content/plugins/happy-elementor-addons/assets/js/happy-addons.min.js?ver=3.20.4 HTTP/2.0" 200 11689 "https://uniquesolutionconstructions.in/?fbclid=IwZXh0bgNhZW0CMTEAc3J0YwZhcHBfaWQMMjU2MjgxMDQwNTU4AAEehR_zqREUaMjG-A92qwH6q3WXCWCETzbI0st8QRWjn6SPc_MR4zNpMH4tNpY_aem_RCwPBBW_5yOnl8wp7RrhEA" "Mozilla/5.0 (X11; Linux x86_64) AppleWebKit/537.36 (KHTML, like Gecko) Chrome/145.0.0.0 Safari/537.36" uniquesolutionconstructions.in 10.44.34.235
173.252.127.112 - - [12/Feb/2026:19:42:38 -0700] "GET /wp-includes/js/dist/i18n.min.js?ver=5e580eb46a90c2b997e6 HTTP/2.0" 200 3937 "https://uniquesolutionconstructions.in/?fbclid=IwZXh0bgNhZW0CMTEAc3J0YwZhcHBfaWQMMjU2MjgxMDQwNTU4AAEehR_zqREUaMjG-A92qwH6q3WXCWCETzbI0st8QRWjn6SPc_MR4zNpMH4tNpY_aem_RCwPBBW_5yOnl8wp7RrhEA" "Mozilla/5.0 (X11; Linux x86_64) AppleWebKit/537.36 (KHTML, like Gecko) Chrome/145.0.0.0 Safari/537.36" uniquesolutionconstructions.in 10.44.34.235
173.252.127.112 - - [12/Feb/2026:19:42:38 -0700] "GET /wp-content/plugins/elementskit-lite/modules/elementskit-icon-pack/assets/css/ekiticons.css?ver=3.5.3 HTTP/2.0" 200 12972 "https://uniquesolutionconstructions.in/?fbclid=IwZXh0bgNhZW0CMTEAc3J0YwZhcHBfaWQMMjU2MjgxMDQwNTU4AAEehR_zqREUaMjG-A92qwH6q3WXCWCETzbI0st8QRWjn6SPc_MR4zNpMH4tNpY_aem_RCwPBBW_5yOnl8wp7RrhEA" "Mozilla/5.0 (X11; Linux x86_64) AppleWebKit/537.36 (KHTML, like Gecko) Chrome/145.0.0.0 Safari/537.36" uniquesolutionconstructions.in 10.44.34.235
173.252.127.112 - - [12/Feb/2026:19:42:38 -0700] "GET /wp-content/plugins/elementor/assets/css/widget-icon-list.min.css?ver=3.33.4 HTTP/2.0" 200 1540 "https://uniquesolutionconstructions.in/?fbclid=IwZXh0bgNhZW0CMTEAc3J0YwZhcHBfaWQMMjU2MjgxMDQwNTU4AAEehR_zqREUaMjG-A92qwH6q3WXCWCETzbI0st8QRWjn6SPc_MR4zNpMH4tNpY_aem_RCwPBBW_5yOnl8wp7RrhEA" "Mozilla/5.0 (X11; Linux x86_64) AppleWebKit/537.36 (KHTML, like Gecko) Chrome/145.0.0.0 Safari/537.36" uniquesolutionconstructions.in 10.44.34.235
173.252.127.112 - - [12/Feb/2026:19:42:38 -0700] "GET /wp-content/themes/norcon/js/jquery-migrate-3.0.0.min.js?ver=6.8.3 HTTP/2.0" 200 2914 "https://uniquesolutionconstructions.in/?fbclid=IwZXh0bgNhZW0CMTEAc3J0YwZhcHBfaWQMMjU2MjgxMDQwNTU4AAEehR_zqREUaMjG-A92qwH6q3WXCWCETzbI0st8QRWjn6SPc_MR4zNpMH4tNpY_aem_RCwPBBW_5yOnl8wp7RrhEA" "Mozilla/5.0 (X11; Linux x86_64) AppleWebKit/537.36 (KHTML, like Gecko) Chrome/145.0.0.0 Safari/537.36" uniquesolutionconstructions.in 10.44.34.235
173.252.127.112 - - [12/Feb/2026:19:42:38 -0700] "GET /wp-content/uploads/2025/02/6.png HTTP/2.0" 200 18351 "https://uniquesolutionconstructions.in/?fbclid=IwZXh0bgNhZW0CMTEAc3J0YwZhcHBfaWQMMjU2MjgxMDQwNTU4AAEehR_zqREUaMjG-A92qwH6q3WXCWCETzbI0st8QRWjn6SPc_MR4zNpMH4tNpY_aem_RCwPBBW_5yOnl8wp7RrhEA" "Mozilla/5.0 (X11; Linux x86_64) AppleWebKit/537.36 (KHTML, like Gecko) Chrome/145.0.0.0 Safari/537.36" uniquesolutionconstructions.in 10.44.34.235
173.252.127.112 - - [12/Feb/2026:19:42:38 -0700] "GET /wp-content/uploads/2025/02/7.png HTTP/2.0" 200 14415 "https://uniquesolutionconstructions.in/?fbclid=IwZXh0bgNhZW0CMTEAc3J0YwZhcHBfaWQMMjU2MjgxMDQwNTU4AAEehR_zqREUaMjG-A92qwH6q3WXCWCETzbI0st8QRWjn6SPc_MR4zNpMH4tNpY_aem_RCwPBBW_5yOnl8wp7RrhEA" "Mozilla/5.0 (X11; Linux x86_64) AppleWebKit/537.36 (KHTML, like Gecko) Chrome/145.0.0.0 Safari/537.36" uniquesolutionconstructions.in 10.44.34.235
173.252.127.112 - - [12/Feb/2026:19:42:38 -0700] "GET /wp-content/plugins/elementor/assets/lib/swiper/v8/swiper.min.js?ver=8.4.5 HTTP/2.0" 200 55047 "https://uniquesolutionconstructions.in/?fbclid=IwZXh0bgNhZW0CMTEAc3J0YwZhcHBfaWQMMjU2MjgxMDQwNTU4AAEehR_zqREUaMjG-A92qwH6q3WXCWCETzbI0st8QRWjn6SPc_MR4zNpMH4tNpY_aem_RCwPBBW_5yOnl8wp7RrhEA" "Mozilla/5.0 (X11; Linux x86_64) AppleWebKit/537.36 (KHTML, like Gecko) Chrome/145.0.0.0 Safari/537.36" uniquesolutionconstructions.in 10.44.34.235
173.252.127.112 - - [12/Feb/2026:19:42:38 -0700] "GET /wp-content/uploads/2025/02/2-3.png HTTP/2.0" 200 16154 "https://uniquesolutionconstructions.in/?fbclid=IwZXh0bgNhZW0CMTEAc3J0YwZhcHBfaWQMMjU2MjgxMDQwNTU4AAEehR_zqREUaMjG-A92qwH6q3WXCWCETzbI0st8QRWjn6SPc_MR4zNpMH4tNpY_aem_RCwPBBW_5yOnl8wp7RrhEA" "Mozilla/5.0 (X11; Linux x86_64) AppleWebKit/537.36 (KHTML, like Gecko) Chrome/145.0.0.0 Safari/537.36" uniquesolutionconstructions.in 10.44.34.235
173.252.127.112 - - [12/Feb/2026:19:42:38 -0700] "GET /wp-content/uploads/2025/02/1-3.png HTTP/2.0" 200 30233 "https://uniquesolutionconstructions.in/?fbclid=IwZXh0bgNhZW0CMTEAc3J0YwZhcHBfaWQMMjU2MjgxMDQwNTU4AAEehR_zqREUaMjG-A92qwH6q3WXCWCETzbI0st8QRWjn6SPc_MR4zNpMH4tNpY_aem_RCwPBBW_5yOnl8wp7RrhEA" "Mozilla/5.0 (X11; Linux x86_64) AppleWebKit/537.36 (KHTML, like Gecko) Chrome/145.0.0.0 Safari/537.36" uniquesolutionconstructions.in 10.44.34.235
173.252.127.112 - - [12/Feb/2026:19:42:38 -0700] "GET /wp-includes/js/tinymce/skins/lightgray/img/loader.gif HTTP/2.0" 200 2608 "https://uniquesolutionconstructions.in/?fbclid=IwZXh0bgNhZW0CMTEAc3J0YwZhcHBfaWQMMjU2MjgxMDQwNTU4AAEehR_zqREUaMjG-A92qwH6q3WXCWCETzbI0st8QRWjn6SPc_MR4zNpMH4tNpY_aem_RCwPBBW_5yOnl8wp7RrhEA" "Mozilla/5.0 (X11; Linux x86_64) AppleWebKit/537.36 (KHTML, like Gecko) Chrome/145.0.0.0 Safari/537.36" uniquesolutionconstructions.in 10.44.34.235
173.252.127.112 - - [12/Feb/2026:19:42:38 -0700] "GET /wp-content/themes/norcon/js/owl.carousel.min.js?ver=6.8.3 HTTP/2.0" 200 15384 "https://uniquesolutionconstructions.in/?fbclid=IwZXh0bgNhZW0CMTEAc3J0YwZhcHBfaWQMMjU2MjgxMDQwNTU4AAEehR_zqREUaMjG-A92qwH6q3WXCWCETzbI0st8QRWjn6SPc_MR4zNpMH4tNpY_aem_RCwPBBW_5yOnl8wp7RrhEA" "Mozilla/5.0 (X11; Linux x86_64) AppleWebKit/537.36 (KHTML, like Gecko) Chrome/145.0.0.0 Safari/537.36" uniquesolutionconstructions.in 10.44.34.235
173.252.127.112 - - [12/Feb/2026:19:42:38 -0700] "GET /wp-content/uploads/2025/02/5.png HTTP/2.0" 200 14467 "https://uniquesolutionconstructions.in/?fbclid=IwZXh0bgNhZW0CMTEAc3J0YwZhcHBfaWQMMjU2MjgxMDQwNTU4AAEehR_zqREUaMjG-A92qwH6q3WXCWCETzbI0st8QRWjn6SPc_MR4zNpMH4tNpY_aem_RCwPBBW_5yOnl8wp7RrhEA" "Mozilla/5.0 (X11; Linux x86_64) AppleWebKit/537.36 (KHTML, like Gecko) Chrome/145.0.0.0 Safari/537.36" uniquesolutionconstructions.in 10.44.34.235
173.252.127.112 - - [12/Feb/2026:19:42:38 -0700] "GET /wp-includes/js/jquery/ui/core.min.js?ver=1.13.3 HTTP/2.0" 200 8375 "https://uniquesolutionconstructions.in/?fbclid=IwZXh0bgNhZW0CMTEAc3J0YwZhcHBfaWQMMjU2MjgxMDQwNTU4AAEehR_zqREUaMjG-A92qwH6q3WXCWCETzbI0st8QRWjn6SPc_MR4zNpMH4tNpY_aem_RCwPBBW_5yOnl8wp7RrhEA" "Mozilla/5.0 (X11; Linux x86_64) AppleWebKit/537.36 (KHTML, like Gecko) Chrome/145.0.0.0 Safari/537.36" uniquesolutionconstructions.in 10.44.34.235
173.252.127.112 - - [12/Feb/2026:19:42:38 -0700] "GET /wp-content/plugins/elementor/assets/js/frontend-modules.min.js?ver=3.33.4 HTTP/2.0" 200 34883 "https://uniquesolutionconstructions.in/?fbclid=IwZXh0bgNhZW0CMTEAc3J0YwZhcHBfaWQMMjU2MjgxMDQwNTU4AAEehR_zqREUaMjG-A92qwH6q3WXCWCETzbI0st8QRWjn6SPc_MR4zNpMH4tNpY_aem_RCwPBBW_5yOnl8wp7RrhEA" "Mozilla/5.0 (X11; Linux x86_64) AppleWebKit/537.36 (KHTML, like Gecko) Chrome/145.0.0.0 Safari/537.36" uniquesolutionconstructions.in 10.44.34.235
173.252.127.112 - - [12/Feb/2026:19:42:38 -0700] "GET /wp-content/uploads/2025/02/1-2.png HTTP/2.0" 200 36461 "https://uniquesolutionconstructions.in/?fbclid=IwZXh0bgNhZW0CMTEAc3J0YwZhcHBfaWQMMjU2MjgxMDQwNTU4AAEehR_zqREUaMjG-A92qwH6q3WXCWCETzbI0st8QRWjn6SPc_MR4zNpMH4tNpY_aem_RCwPBBW_5yOnl8wp7RrhEA" "Mozilla/5.0 (X11; Linux x86_64) AppleWebKit/537.36 (KHTML, like Gecko) Chrome/145.0.0.0 Safari/537.36" uniquesolutionconstructions.in 10.44.34.235
173.252.127.112 - - [12/Feb/2026:19:42:38 -0700] "GET /wp-content/uploads/2025/02/3-2.png HTTP/2.0" 200 38337 "https://uniquesolutionconstructions.in/?fbclid=IwZXh0bgNhZW0CMTEAc3J0YwZhcHBfaWQMMjU2MjgxMDQwNTU4AAEehR_zqREUaMjG-A92qwH6q3WXCWCETzbI0st8QRWjn6SPc_MR4zNpMH4tNpY_aem_RCwPBBW_5yOnl8wp7RrhEA" "Mozilla/5.0 (X11; Linux x86_64) AppleWebKit/537.36 (KHTML, like Gecko) Chrome/145.0.0.0 Safari/537.36" uniquesolutionconstructions.in 10.44.34.235
173.252.127.112 - - [12/Feb/2026:19:42:38 -0700] "GET /wp-content/plugins/bluehost-wordpress-plugin/vendor/newfold-labs/wp-module-performance/build/assets/image-lazy-loader.min.js?ver=1768020521 HTTP/2.0" 200 387 "https://uniquesolutionconstructions.in/?fbclid=IwZXh0bgNhZW0CMTEAc3J0YwZhcHBfaWQMMjU2MjgxMDQwNTU4AAEehR_zqREUaMjG-A92qwH6q3WXCWCETzbI0st8QRWjn6SPc_MR4zNpMH4tNpY_aem_RCwPBBW_5yOnl8wp7RrhEA" "Mozilla/5.0 (X11; Linux x86_64) AppleWebKit/537.36 (KHTML, like Gecko) Chrome/145.0.0.0 Safari/537.36" uniquesolutionconstructions.in 10.44.34.235
173.252.127.112 - - [12/Feb/2026:19:42:38 -0700] "GET /wp-content/uploads/2025/02/2-2.png HTTP/2.0" 200 37167 "https://uniquesolutionconstructions.in/?fbclid=IwZXh0bgNhZW0CMTEAc3J0YwZhcHBfaWQMMjU2MjgxMDQwNTU4AAEehR_zqREUaMjG-A92qwH6q3WXCWCETzbI0st8QRWjn6SPc_MR4zNpMH4tNpY_aem_RCwPBBW_5yOnl8wp7RrhEA" "Mozilla/5.0 (X11; Linux x86_64) AppleWebKit/537.36 (KHTML, like Gecko) Chrome/145.0.0.0 Safari/537.36" uniquesolutionconstructions.in 10.44.34.235
173.252.127.112 - - [12/Feb/2026:19:42:38 -0700] "GET /wp-includes/js/dist/hooks.min.js?ver=4d63a3d491d11ffd8ac6 HTTP/2.0" 200 1717 "https://uniquesolutionconstructions.in/?fbclid=IwZXh0bgNhZW0CMTEAc3J0YwZhcHBfaWQMMjU2MjgxMDQwNTU4AAEehR_zqREUaMjG-A92qwH6q3WXCWCETzbI0st8QRWjn6SPc_MR4zNpMH4tNpY_aem_RCwPBBW_5yOnl8wp7RrhEA" "Mozilla/5.0 (X11; Linux x86_64) AppleWebKit/537.36 (KHTML, like Gecko) Chrome/145.0.0.0 Safari/537.36" uniquesolutionconstructions.in 10.44.34.235
173.252.127.112 - - [12/Feb/2026:19:42:38 -0700] "GET /wp-content/plugins/contact-form-7/includes/js/index.js?ver=6.0.6 HTTP/2.0" 200 5501 "https://uniquesolutionconstructions.in/?fbclid=IwZXh0bgNhZW0CMTEAc3J0YwZhcHBfaWQMMjU2MjgxMDQwNTU4AAEehR_zqREUaMjG-A92qwH6q3WXCWCETzbI0st8QRWjn6SPc_MR4zNpMH4tNpY_aem_RCwPBBW_5yOnl8wp7RrhEA" "Mozilla/5.0 (X11; Linux x86_64) AppleWebKit/537.36 (KHTML, like Gecko) Chrome/145.0.0.0 Safari/537.36" uniquesolutionconstructions.in 10.44.34.235
173.252.127.112 - - [12/Feb/2026:19:42:38 -0700] "GET /wp-content/plugins/elementor/assets/js/webpack.runtime.min.js?ver=3.33.4 HTTP/2.0" 200 2625 "https://uniquesolutionconstructions.in/?fbclid=IwZXh0bgNhZW0CMTEAc3J0YwZhcHBfaWQMMjU2MjgxMDQwNTU4AAEehR_zqREUaMjG-A92qwH6q3WXCWCETzbI0st8QRWjn6SPc_MR4zNpMH4tNpY_aem_RCwPBBW_5yOnl8wp7RrhEA" "Mozilla/5.0 (X11; Linux x86_64) AppleWebKit/537.36 (KHTML, like Gecko) Chrome/145.0.0.0 Safari/537.36" uniquesolutionconstructions.in 10.44.34.235
173.252.127.112 - - [12/Feb/2026:19:42:38 -0700] "GET /wp-content/themes/norcon/js/jquery.counterup.min.js?ver=6.8.3 HTTP/2.0" 200 516 "https://uniquesolutionconstructions.in/?fbclid=IwZXh0bgNhZW0CMTEAc3J0YwZhcHBfaWQMMjU2MjgxMDQwNTU4AAEehR_zqREUaMjG-A92qwH6q3WXCWCETzbI0st8QRWjn6SPc_MR4zNpMH4tNpY_aem_RCwPBBW_5yOnl8wp7RrhEA" "Mozilla/5.0 (X11; Linux x86_64) AppleWebKit/537.36 (KHTML, like Gecko) Chrome/145.0.0.0 Safari/537.36" uniquesolutionconstructions.in 10.44.34.235
173.252.127.112 - - [12/Feb/2026:19:42:38 -0700] "GET /wp-content/plugins/elementskit-lite/widgets/init/assets/js/widget-scripts.js?ver=3.5.3 HTTP/2.0" 200 54432 "https://uniquesolutionconstructions.in/?fbclid=IwZXh0bgNhZW0CMTEAc3J0YwZhcHBfaWQMMjU2MjgxMDQwNTU4AAEehR_zqREUaMjG-A92qwH6q3WXCWCETzbI0st8QRWjn6SPc_MR4zNpMH4tNpY_aem_RCwPBBW_5yOnl8wp7RrhEA" "Mozilla/5.0 (X11; Linux x86_64) AppleWebKit/537.36 (KHTML, like Gecko) Chrome/145.0.0.0 Safari/537.36" uniquesolutionconstructions.in 10.44.34.235
173.252.127.112 - - [12/Feb/2026:19:42:38 -0700] "GET /wp-content/plugins/header-footer-elementor/inc/js/frontend.js?ver=2.5.2 HTTP/2.0" 200 7953 "https://uniquesolutionconstructions.in/?fbclid=IwZXh0bgNhZW0CMTEAc3J0YwZhcHBfaWQMMjU2MjgxMDQwNTU4AAEehR_zqREUaMjG-A92qwH6q3WXCWCETzbI0st8QRWjn6SPc_MR4zNpMH4tNpY_aem_RCwPBBW_5yOnl8wp7RrhEA" "Mozilla/5.0 (X11; Linux x86_64) AppleWebKit/537.36 (KHTML, like Gecko) Chrome/145.0.0.0 Safari/537.36" uniquesolutionconstructions.in 10.44.34.235
173.252.127.112 - - [12/Feb/2026:19:42:38 -0700] "GET /wp-content/themes/norcon/js/popper.min.js?ver=6.8.3 HTTP/2.0" 200 8178 "https://uniquesolutionconstructions.in/?fbclid=IwZXh0bgNhZW0CMTEAc3J0YwZhcHBfaWQMMjU2MjgxMDQwNTU4AAEehR_zqREUaMjG-A92qwH6q3WXCWCETzbI0st8QRWjn6SPc_MR4zNpMH4tNpY_aem_RCwPBBW_5yOnl8wp7RrhEA" "Mozilla/5.0 (X11; Linux x86_64) AppleWebKit/537.36 (KHTML, like Gecko) Chrome/145.0.0.0 Safari/537.36" uniquesolutionconstructions.in 10.44.34.235
173.252.127.112 - - [12/Feb/2026:19:42:38 -0700] "GET /wp-content/plugins/contact-form-7/includes/swv/js/index.js?ver=6.0.6 HTTP/2.0" 200 3813 "https://uniquesolutionconstructions.in/?fbclid=IwZXh0bgNhZW0CMTEAc3J0YwZhcHBfaWQMMjU2MjgxMDQwNTU4AAEehR_zqREUaMjG-A92qwH6q3WXCWCETzbI0st8QRWjn6SPc_MR4zNpMH4tNpY_aem_RCwPBBW_5yOnl8wp7RrhEA" "Mozilla/5.0 (X11; Linux x86_64) AppleWebKit/537.36 (KHTML, like Gecko) Chrome/145.0.0.0 Safari/537.36" uniquesolutionconstructions.in 10.44.34.235
173.252.127.112 - - [12/Feb/2026:19:42:38 -0700] "GET /wp-content/plugins/elementor/assets/js/frontend.min.js?ver=3.33.4 HTTP/2.0" 200 13257 "https://uniquesolutionconstructions.in/?fbclid=IwZXh0bgNhZW0CMTEAc3J0YwZhcHBfaWQMMjU2MjgxMDQwNTU4AAEehR_zqREUaMjG-A92qwH6q3WXCWCETzbI0st8QRWjn6SPc_MR4zNpMH4tNpY_aem_RCwPBBW_5yOnl8wp7RrhEA" "Mozilla/5.0 (X11; Linux x86_64) AppleWebKit/537.36 (KHTML, like Gecko) Chrome/145.0.0.0 Safari/537.36" uniquesolutionconstructions.in 10.44.34.235
173.252.127.112 - - [12/Feb/2026:19:42:38 -0700] "GET /wp-content/themes/norcon/js/jquery.stellar.min.js?ver=6.8.3 HTTP/2.0" 200 4109 "https://uniquesolutionconstructions.in/?fbclid=IwZXh0bgNhZW0CMTEAc3J0YwZhcHBfaWQMMjU2MjgxMDQwNTU4AAEehR_zqREUaMjG-A92qwH6q3WXCWCETzbI0st8QRWjn6SPc_MR4zNpMH4tNpY_aem_RCwPBBW_5yOnl8wp7RrhEA" "Mozilla/5.0 (X11; Linux x86_64) AppleWebKit/537.36 (KHTML, like Gecko) Chrome/145.0.0.0 Safari/537.36" uniquesolutionconstructions.in 10.44.34.235
173.252.127.112 - - [12/Feb/2026:19:42:38 -0700] "GET /wp-content/themes/norcon/js/YouTubePopUp.js?ver=6.8.3 HTTP/2.0" 200 536 "https://uniquesolutionconstructions.in/?fbclid=IwZXh0bgNhZW0CMTEAc3J0YwZhcHBfaWQMMjU2MjgxMDQwNTU4AAEehR_zqREUaMjG-A92qwH6q3WXCWCETzbI0st8QRWjn6SPc_MR4zNpMH4tNpY_aem_RCwPBBW_5yOnl8wp7RrhEA" "Mozilla/5.0 (X11; Linux x86_64) AppleWebKit/537.36 (KHTML, like Gecko) Chrome/145.0.0.0 Safari/537.36" uniquesolutionconstructions.in 10.44.34.235
173.252.127.112 - - [12/Feb/2026:19:42:38 -0700] "GET /wp-content/themes/norcon/js/jquery.waypoints.min.js?ver=6.8.3 HTTP/2.0" 200 3151 "https://uniquesolutionconstructions.in/?fbclid=IwZXh0bgNhZW0CMTEAc3J0YwZhcHBfaWQMMjU2MjgxMDQwNTU4AAEehR_zqREUaMjG-A92qwH6q3WXCWCETzbI0st8QRWjn6SPc_MR4zNpMH4tNpY_aem_RCwPBBW_5yOnl8wp7RrhEA" "Mozilla/5.0 (X11; Linux x86_64) AppleWebKit/537.36 (KHTML, like Gecko) Chrome/145.0.0.0 Safari/537.36" uniquesolutionconstructions.in 10.44.34.235
173.252.127.112 - - [12/Feb/2026:19:42:38 -0700] "GET /wp-content/themes/norcon/js/jquery.magnific-popup.js?ver=6.8.3 HTTP/2.0" 200 16637 "https://uniquesolutionconstructions.in/?fbclid=IwZXh0bgNhZW0CMTEAc3J0YwZhcHBfaWQMMjU2MjgxMDQwNTU4AAEehR_zqREUaMjG-A92qwH6q3WXCWCETzbI0st8QRWjn6SPc_MR4zNpMH4tNpY_aem_RCwPBBW_5yOnl8wp7RrhEA" "Mozilla/5.0 (X11; Linux x86_64) AppleWebKit/537.36 (KHTML, like Gecko) Chrome/145.0.0.0 Safari/537.36" uniquesolutionconstructions.in 10.44.34.235
173.252.127.112 - - [12/Feb/2026:19:42:38 -0700] "GET /wp-content/themes/norcon/js/imagesloaded.pkgd.min.js?ver=6.8.3 HTTP/2.0" 200 2006 "https://uniquesolutionconstructions.in/?fbclid=IwZXh0bgNhZW0CMTEAc3J0YwZhcHBfaWQMMjU2MjgxMDQwNTU4AAEehR_zqREUaMjG-A92qwH6q3WXCWCETzbI0st8QRWjn6SPc_MR4zNpMH4tNpY_aem_RCwPBBW_5yOnl8wp7RrhEA" "Mozilla/5.0 (X11; Linux x86_64) AppleWebKit/537.36 (KHTML, like Gecko) Chrome/145.0.0.0 Safari/537.36" uniquesolutionconstructions.in 10.44.34.235
173.252.127.112 - - [12/Feb/2026:19:42:38 -0700] "GET /wp-content/plugins/happy-elementor-addons/assets/js/extension-reading-progress-bar.min.js?ver=3.20.4 HTTP/2.0" 200 584 "https://uniquesolutionconstructions.in/?fbclid=IwZXh0bgNhZW0CMTEAc3J0YwZhcHBfaWQMMjU2MjgxMDQwNTU4AAEehR_zqREUaMjG-A92qwH6q3WXCWCETzbI0st8QRWjn6SPc_MR4zNpMH4tNpY_aem_RCwPBBW_5yOnl8wp7RrhEA" "Mozilla/5.0 (X11; Linux x86_64) AppleWebKit/537.36 (KHTML, like Gecko) Chrome/145.0.0.0 Safari/537.36" uniquesolutionconstructions.in 10.44.34.235
31.13.115.19 - - [12/Feb/2026:19:42:38 -0700] "GET /wp-content/plugins/bookly-responsive-appointment-booking-tool/frontend/resources/js/spin.min.js?ver=24.8 HTTP/2.0" 200 2212 "https://uniquesolutionconstructions.in/?fbclid=IwZXh0bgNhZW0CMTEAc3J0YwZhcHBfaWQMMjU2MjgxMDQwNTU4AAEeWMPxiFfjZ7ZqQRyDJVRRwl5695a7lytQyciTXukV7eRzdo8Q0S-ofwCpKLI_aem_UzxS8OUE2IccC9g6t5u-Fg" "Mozilla/5.0 (X11; Linux x86_64) AppleWebKit/537.36 (KHTML, like Gecko) Chrome/145.0.0.0 Safari/537.36" uniquesolutionconstructions.in 10.44.34.235
173.252.127.112 - - [12/Feb/2026:19:42:38 -0700] "GET /wp-content/themes/norcon/js/scrollIt.min.js?ver=6.8.3 HTTP/2.0" 200 638 "https://uniquesolutionconstructions.in/?fbclid=IwZXh0bgNhZW0CMTEAc3J0YwZhcHBfaWQMMjU2MjgxMDQwNTU4AAEehR_zqREUaMjG-A92qwH6q3WXCWCETzbI0st8QRWjn6SPc_MR4zNpMH4tNpY_aem_RCwPBBW_5yOnl8wp7RrhEA" "Mozilla/5.0 (X11; Linux x86_64) AppleWebKit/537.36 (KHTML, like Gecko) Chrome/145.0.0.0 Safari/537.36" uniquesolutionconstructions.in 10.44.34.235
173.252.127.112 - - [12/Feb/2026:19:42:38 -0700] "GET /wp-content/themes/norcon/js/bootstrap.min.js?ver=6.8.3 HTTP/2.0" 200 23912 "https://uniquesolutionconstructions.in/?fbclid=IwZXh0bgNhZW0CMTEAc3J0YwZhcHBfaWQMMjU2MjgxMDQwNTU4AAEehR_zqREUaMjG-A92qwH6q3WXCWCETzbI0st8QRWjn6SPc_MR4zNpMH4tNpY_aem_RCwPBBW_5yOnl8wp7RrhEA" "Mozilla/5.0 (X11; Linux x86_64) AppleWebKit/537.36 (KHTML, like Gecko) Chrome/145.0.0.0 Safari/537.36" uniquesolutionconstructions.in 10.44.34.235
173.252.127.112 - - [12/Feb/2026:19:42:38 -0700] "GET /wp-content/plugins/elementskit-lite/widgets/init/assets/js/animate-circle.min.js?ver=3.5.3 HTTP/2.0" 200 451 "https://uniquesolutionconstructions.in/?fbclid=IwZXh0bgNhZW0CMTEAc3J0YwZhcHBfaWQMMjU2MjgxMDQwNTU4AAEehR_zqREUaMjG-A92qwH6q3WXCWCETzbI0st8QRWjn6SPc_MR4zNpMH4tNpY_aem_RCwPBBW_5yOnl8wp7RrhEA" "Mozilla/5.0 (X11; Linux x86_64) AppleWebKit/537.36 (KHTML, like Gecko) Chrome/145.0.0.0 Safari/537.36" uniquesolutionconstructions.in 10.44.34.235
173.252.127.112 - - [12/Feb/2026:19:42:38 -0700] "GET /wp-content/plugins/elementskit-lite/libs/framework/assets/js/frontend-script.js?ver=3.5.3 HTTP/2.0" 200 40 "https://uniquesolutionconstructions.in/?fbclid=IwZXh0bgNhZW0CMTEAc3J0YwZhcHBfaWQMMjU2MjgxMDQwNTU4AAEehR_zqREUaMjG-A92qwH6q3WXCWCETzbI0st8QRWjn6SPc_MR4zNpMH4tNpY_aem_RCwPBBW_5yOnl8wp7RrhEA" "Mozilla/5.0 (X11; Linux x86_64) AppleWebKit/537.36 (KHTML, like Gecko) Chrome/145.0.0.0 Safari/537.36" uniquesolutionconstructions.in 10.44.34.235
173.252.127.112 - - [12/Feb/2026:19:42:38 -0700] "GET /wp-content/plugins/google-site-kit/dist/assets/js/googlesitekit-events-provider-contact-form-7-21cf1c445673c649970d.js HTTP/2.0" 200 651 "https://uniquesolutionconstructions.in/?fbclid=IwZXh0bgNhZW0CMTEAc3J0YwZhcHBfaWQMMjU2MjgxMDQwNTU4AAEehR_zqREUaMjG-A92qwH6q3WXCWCETzbI0st8QRWjn6SPc_MR4zNpMH4tNpY_aem_RCwPBBW_5yOnl8wp7RrhEA" "Mozilla/5.0 (X11; Linux x86_64) AppleWebKit/537.36 (KHTML, like Gecko) Chrome/145.0.0.0 Safari/537.36" uniquesolutionconstructions.in 10.44.34.235
173.252.127.112 - - [12/Feb/2026:19:42:38 -0700] "GET /wp-content/plugins/elementskit-lite/widgets/init/assets/js/elementor.js?ver=3.5.3 HTTP/2.0" 200 6798 "https://uniquesolutionconstructions.in/?fbclid=IwZXh0bgNhZW0CMTEAc3J0YwZhcHBfaWQMMjU2MjgxMDQwNTU4AAEehR_zqREUaMjG-A92qwH6q3WXCWCETzbI0st8QRWjn6SPc_MR4zNpMH4tNpY_aem_RCwPBBW_5yOnl8wp7RrhEA" "Mozilla/5.0 (X11; Linux x86_64) AppleWebKit/537.36 (KHTML, like Gecko) Chrome/145.0.0.0 Safari/537.36" uniquesolutionconstructions.in 10.44.34.235
173.252.127.112 - - [12/Feb/2026:19:42:38 -0700] "GET /wp-content/plugins/happy-elementor-addons/assets/vendor/jquery.isotope.js?ver=3.20.4 HTTP/2.0" 200 39116 "https://uniquesolutionconstructions.in/?fbclid=IwZXh0bgNhZW0CMTEAc3J0YwZhcHBfaWQMMjU2MjgxMDQwNTU4AAEehR_zqREUaMjG-A92qwH6q3WXCWCETzbI0st8QRWjn6SPc_MR4zNpMH4tNpY_aem_RCwPBBW_5yOnl8wp7RrhEA" "Mozilla/5.0 (X11; Linux x86_64) AppleWebKit/537.36 (KHTML, like Gecko) Chrome/145.0.0.0 Safari/537.36" uniquesolutionconstructions.in 10.44.34.235
173.252.127.112 - - [12/Feb/2026:19:42:38 -0700] "GET /wp-content/themes/norcon/js/modernizr-2.6.2.min.js?ver=6.8.3 HTTP/2.0" 200 7005 "https://uniquesolutionconstructions.in/?fbclid=IwZXh0bgNhZW0CMTEAc3J0YwZhcHBfaWQMMjU2MjgxMDQwNTU4AAEehR_zqREUaMjG-A92qwH6q3WXCWCETzbI0st8QRWjn6SPc_MR4zNpMH4tNpY_aem_RCwPBBW_5yOnl8wp7RrhEA" "Mozilla/5.0 (X11; Linux x86_64) AppleWebKit/537.36 (KHTML, like Gecko) Chrome/145.0.0.0 Safari/537.36" uniquesolutionconstructions.in 10.44.34.235
173.252.127.112 - - [12/Feb/2026:19:42:38 -0700] "GET /wp-content/themes/norcon/js/custom.js?ver=6.8.3 HTTP/2.0" 200 3031 "https://uniquesolutionconstructions.in/?fbclid=IwZXh0bgNhZW0CMTEAc3J0YwZhcHBfaWQMMjU2MjgxMDQwNTU4AAEehR_zqREUaMjG-A92qwH6q3WXCWCETzbI0st8QRWjn6SPc_MR4zNpMH4tNpY_aem_RCwPBBW_5yOnl8wp7RrhEA" "Mozilla/5.0 (X11; Linux x86_64) AppleWebKit/537.36 (KHTML, like Gecko) Chrome/145.0.0.0 Safari/537.36" uniquesolutionconstructions.in 10.44.34.235
173.252.127.112 - - [12/Feb/2026:19:42:38 -0700] "GET /wp-content/plugins/bluehost-wordpress-plugin/vendor/newfold-labs/wp-module-performance/build/assets/link-prefetch.min.js?ver=4.12.0 HTTP/2.0" 200 1181 "https://uniquesolutionconstructions.in/?fbclid=IwZXh0bgNhZW0CMTEAc3J0YwZhcHBfaWQMMjU2MjgxMDQwNTU4AAEehR_zqREUaMjG-A92qwH6q3WXCWCETzbI0st8QRWjn6SPc_MR4zNpMH4tNpY_aem_RCwPBBW_5yOnl8wp7RrhEA" "Mozilla/5.0 (X11; Linux x86_64) AppleWebKit/537.36 (KHTML, like Gecko) Chrome/145.0.0.0 Safari/537.36" uniquesolutionconstructions.in 10.44.34.235
173.252.127.112 - - [12/Feb/2026:19:42:38 -0700] "GET /wp-content/plugins/bit-assist/iframe/bit-assist.js?ver=1.6.0 HTTP/2.0" 200 2058 "https://uniquesolutionconstructions.in/?fbclid=IwZXh0bgNhZW0CMTEAc3J0YwZhcHBfaWQMMjU2MjgxMDQwNTU4AAEehR_zqREUaMjG-A92qwH6q3WXCWCETzbI0st8QRWjn6SPc_MR4zNpMH4tNpY_aem_RCwPBBW_5yOnl8wp7RrhEA" "Mozilla/5.0 (X11; Linux x86_64) AppleWebKit/537.36 (KHTML, like Gecko) Chrome/145.0.0.0 Safari/537.36" uniquesolutionconstructions.in 10.44.34.235
173.252.127.112 - - [12/Feb/2026:19:42:38 -0700] "GET /wp-content/themes/norcon/fonts/Nucleo.woff2 HTTP/2.0" 200 13060 "https://uniquesolutionconstructions.in/wp-content/themes/norcon/css/plugins/nucleo.css" "Mozilla/5.0 (X11; Linux x86_64) AppleWebKit/537.36 (KHTML, like Gecko) Chrome/145.0.0.0 Safari/537.36" uniquesolutionconstructions.in 10.44.34.235
173.252.127.112 - - [12/Feb/2026:19:42:38 -0700] "GET /wp-content/plugins/elementor/assets/lib/font-awesome/webfonts/fa-brands-400.woff2 HTTP/2.0" 200 81612 "https://uniquesolutionconstructions.in/wp-content/plugins/elementor/assets/lib/font-awesome/css/brands.css?ver=5.15.3" "Mozilla/5.0 (X11; Linux x86_64) AppleWebKit/537.36 (KHTML, like Gecko) Chrome/145.0.0.0 Safari/537.36" uniquesolutionconstructions.in 10.44.34.235
31.13.115.19 - - [12/Feb/2026:19:42:38 -0700] "GET /wp-content/plugins/bookly-responsive-appointment-booking-tool/frontend/resources/js/ladda.min.js?ver=24.8 HTTP/2.0" 200 1705 "https://uniquesolutionconstructions.in/?fbclid=IwZXh0bgNhZW0CMTEAc3J0YwZhcHBfaWQMMjU2MjgxMDQwNTU4AAEeWMPxiFfjZ7ZqQRyDJVRRwl5695a7lytQyciTXukV7eRzdo8Q0S-ofwCpKLI_aem_UzxS8OUE2IccC9g6t5u-Fg" "Mozilla/5.0 (X11; Linux x86_64) AppleWebKit/537.36 (KHTML, like Gecko) Chrome/145.0.0.0 Safari/537.36" uniquesolutionconstructions.in 10.44.34.235
173.252.127.112 - - [12/Feb/2026:19:42:37 -0700] "GET /wp-content/uploads/2025/03/1-2.png HTTP/2.0" 200 206000 "https://uniquesolutionconstructions.in/?fbclid=IwZXh0bgNhZW0CMTEAc3J0YwZhcHBfaWQMMjU2MjgxMDQwNTU4AAEehR_zqREUaMjG-A92qwH6q3WXCWCETzbI0st8QRWjn6SPc_MR4zNpMH4tNpY_aem_RCwPBBW_5yOnl8wp7RrhEA" "Mozilla/5.0 (X11; Linux x86_64) AppleWebKit/537.36 (KHTML, like Gecko) Chrome/145.0.0.0 Safari/537.36" uniquesolutionconstructions.in 10.44.34.235
173.252.127.112 - - [12/Feb/2026:19:42:37 -0700] "GET /wp-content/uploads/2025/03/1-4.png HTTP/2.0" 200 262842 "https://uniquesolutionconstructions.in/?fbclid=IwZXh0bgNhZW0CMTEAc3J0YwZhcHBfaWQMMjU2MjgxMDQwNTU4AAEehR_zqREUaMjG-A92qwH6q3WXCWCETzbI0st8QRWjn6SPc_MR4zNpMH4tNpY_aem_RCwPBBW_5yOnl8wp7RrhEA" "Mozilla/5.0 (X11; Linux x86_64) AppleWebKit/537.36 (KHTML, like Gecko) Chrome/145.0.0.0 Safari/537.36" uniquesolutionconstructions.in 10.44.34.235
31.13.115.19 - - [12/Feb/2026:19:42:38 -0700] "GET /wp-content/plugins/bookly-responsive-appointment-booking-tool/frontend/resources/js/hammer.min.js?ver=24.8 HTTP/2.0" 200 7949 "https://uniquesolutionconstructions.in/?fbclid=IwZXh0bgNhZW0CMTEAc3J0YwZhcHBfaWQMMjU2MjgxMDQwNTU4AAEeWMPxiFfjZ7ZqQRyDJVRRwl5695a7lytQyciTXukV7eRzdo8Q0S-ofwCpKLI_aem_UzxS8OUE2IccC9g6t5u-Fg" "Mozilla/5.0 (X11; Linux x86_64) AppleWebKit/537.36 (KHTML, like Gecko) Chrome/145.0.0.0 Safari/537.36" uniquesolutionconstructions.in 10.44.34.235
31.13.115.19 - - [12/Feb/2026:19:42:38 -0700] "GET /wp-content/plugins/bookly-responsive-appointment-booking-tool/backend/resources/js/moment.min.js?ver=24.8 HTTP/2.0" 200 22317 "https://uniquesolutionconstructions.in/?fbclid=IwZXh0bgNhZW0CMTEAc3J0YwZhcHBfaWQMMjU2MjgxMDQwNTU4AAEeWMPxiFfjZ7ZqQRyDJVRRwl5695a7lytQyciTXukV7eRzdo8Q0S-ofwCpKLI_aem_UzxS8OUE2IccC9g6t5u-Fg" "Mozilla/5.0 (X11; Linux x86_64) AppleWebKit/537.36 (KHTML, like Gecko) Chrome/145.0.0.0 Safari/537.36" uniquesolutionconstructions.in 10.44.34.235
173.252.127.112 - - [12/Feb/2026:19:42:38 -0700] "GET /wp-content/uploads/2025/03/2-5.png HTTP/2.0" 200 276065 "https://uniquesolutionconstructions.in/?fbclid=IwZXh0bgNhZW0CMTEAc3J0YwZhcHBfaWQMMjU2MjgxMDQwNTU4AAEehR_zqREUaMjG-A92qwH6q3WXCWCETzbI0st8QRWjn6SPc_MR4zNpMH4tNpY_aem_RCwPBBW_5yOnl8wp7RrhEA" "Mozilla/5.0 (X11; Linux x86_64) AppleWebKit/537.36 (KHTML, like Gecko) Chrome/145.0.0.0 Safari/537.36" uniquesolutionconstructions.in 10.44.34.235
173.252.127.112 - - [12/Feb/2026:19:42:38 -0700] "GET /wp-content/uploads/2022/04/2-1.png HTTP/2.0" 200 317013 "https://uniquesolutionconstructions.in/?fbclid=IwZXh0bgNhZW0CMTEAc3J0YwZhcHBfaWQMMjU2MjgxMDQwNTU4AAEehR_zqREUaMjG-A92qwH6q3WXCWCETzbI0st8QRWjn6SPc_MR4zNpMH4tNpY_aem_RCwPBBW_5yOnl8wp7RrhEA" "Mozilla/5.0 (X11; Linux x86_64) AppleWebKit/537.36 (KHTML, like Gecko) Chrome/145.0.0.0 Safari/537.36" uniquesolutionconstructions.in 10.44.34.235
173.252.127.112 - - [12/Feb/2026:19:42:38 -0700] "GET /wp-content/uploads/2022/04/7-1.png HTTP/2.0" 200 356479 "https://uniquesolutionconstructions.in/?fbclid=IwZXh0bgNhZW0CMTEAc3J0YwZhcHBfaWQMMjU2MjgxMDQwNTU4AAEehR_zqREUaMjG-A92qwH6q3WXCWCETzbI0st8QRWjn6SPc_MR4zNpMH4tNpY_aem_RCwPBBW_5yOnl8wp7RrhEA" "Mozilla/5.0 (X11; Linux x86_64) AppleWebKit/537.36 (KHTML, like Gecko) Chrome/145.0.0.0 Safari/537.36" uniquesolutionconstructions.in 10.44.34.235
173.252.127.112 - - [12/Feb/2026:19:42:38 -0700] "GET /wp-content/uploads/2022/04/1-1.png HTTP/2.0" 200 401522 "https://uniquesolutionconstructions.in/?fbclid=IwZXh0bgNhZW0CMTEAc3J0YwZhcHBfaWQMMjU2MjgxMDQwNTU4AAEehR_zqREUaMjG-A92qwH6q3WXCWCETzbI0st8QRWjn6SPc_MR4zNpMH4tNpY_aem_RCwPBBW_5yOnl8wp7RrhEA" "Mozilla/5.0 (X11; Linux x86_64) AppleWebKit/537.36 (KHTML, like Gecko) Chrome/145.0.0.0 Safari/537.36" uniquesolutionconstructions.in 10.44.34.235
173.252.127.112 - - [12/Feb/2026:19:42:38 -0700] "GET /wp-content/uploads/2022/04/6-2.png HTTP/2.0" 200 434466 "https://uniquesolutionconstructions.in/?fbclid=IwZXh0bgNhZW0CMTEAc3J0YwZhcHBfaWQMMjU2MjgxMDQwNTU4AAEehR_zqREUaMjG-A92qwH6q3WXCWCETzbI0st8QRWjn6SPc_MR4zNpMH4tNpY_aem_RCwPBBW_5yOnl8wp7RrhEA" "Mozilla/5.0 (X11; Linux x86_64) AppleWebKit/537.36 (KHTML, like Gecko) Chrome/145.0.0.0 Safari/537.36" uniquesolutionconstructions.in 10.44.34.235
173.252.127.112 - - [12/Feb/2026:19:42:38 -0700] "GET /wp-content/uploads/2022/04/5-2.png HTTP/2.0" 200 507672 "https://uniquesolutionconstructions.in/?fbclid=IwZXh0bgNhZW0CMTEAc3J0YwZhcHBfaWQMMjU2MjgxMDQwNTU4AAEehR_zqREUaMjG-A92qwH6q3WXCWCETzbI0st8QRWjn6SPc_MR4zNpMH4tNpY_aem_RCwPBBW_5yOnl8wp7RrhEA" "Mozilla/5.0 (X11; Linux x86_64) AppleWebKit/537.36 (KHTML, like Gecko) Chrome/145.0.0.0 Safari/537.36" uniquesolutionconstructions.in 10.44.34.235
173.252.127.112 - - [12/Feb/2026:19:42:38 -0700] "GET /wp-content/uploads/2022/04/3-1.png HTTP/2.0" 200 503452 "https://uniquesolutionconstructions.in/?fbclid=IwZXh0bgNhZW0CMTEAc3J0YwZhcHBfaWQMMjU2MjgxMDQwNTU4AAEehR_zqREUaMjG-A92qwH6q3WXCWCETzbI0st8QRWjn6SPc_MR4zNpMH4tNpY_aem_RCwPBBW_5yOnl8wp7RrhEA" "Mozilla/5.0 (X11; Linux x86_64) AppleWebKit/537.36 (KHTML, like Gecko) Chrome/145.0.0.0 Safari/537.36" uniquesolutionconstructions.in 10.44.34.235
173.252.127.112 - - [12/Feb/2026:19:42:38 -0700] "GET /wp-content/uploads/2022/04/4-1.png HTTP/2.0" 200 444327 "https://uniquesolutionconstructions.in/?fbclid=IwZXh0bgNhZW0CMTEAc3J0YwZhcHBfaWQMMjU2MjgxMDQwNTU4AAEehR_zqREUaMjG-A92qwH6q3WXCWCETzbI0st8QRWjn6SPc_MR4zNpMH4tNpY_aem_RCwPBBW_5yOnl8wp7RrhEA" "Mozilla/5.0 (X11; Linux x86_64) AppleWebKit/537.36 (KHTML, like Gecko) Chrome/145.0.0.0 Safari/537.36" uniquesolutionconstructions.in 10.44.34.235
173.252.127.112 - - [12/Feb/2026:19:42:38 -0700] "GET /wp-content/plugins/happy-elementor-addons/assets/fonts/huge-icons/huge-icons.woff2 HTTP/2.0" 200 569672 "https://uniquesolutionconstructions.in/wp-content/plugins/happy-elementor-addons/assets/fonts/huge-icons/huge-icons.min.css?ver=3.20.4" "Mozilla/5.0 (X11; Linux x86_64) AppleWebKit/537.36 (KHTML, like Gecko) Chrome/145.0.0.0 Safari/537.36" uniquesolutionconstructions.in 10.44.34.235
173.252.127.112 - - [12/Feb/2026:19:42:39 -0700] "GET /wp-json/bit-assist/v1/iframe?clientDomain=s-protocol-bit-assist-uniquesolutionconstructions.in HTTP/2.0" 200 462 "https://uniquesolutionconstructions.in/?fbclid=IwZXh0bgNhZW0CMTEAc3J0YwZhcHBfaWQMMjU2MjgxMDQwNTU4AAEehR_zqREUaMjG-A92qwH6q3WXCWCETzbI0st8QRWjn6SPc_MR4zNpMH4tNpY_aem_RCwPBBW_5yOnl8wp7RrhEA" "Mozilla/5.0 (X11; Linux x86_64) AppleWebKit/537.36 (KHTML, like Gecko) Chrome/145.0.0.0 Safari/537.36" uniquesolutionconstructions.in 10.44.34.235
31.13.115.19 - - [12/Feb/2026:19:42:39 -0700] "GET /wp-content/plugins/bookly-responsive-appointment-booking-tool/frontend/resources/js/jquery.hammer.min.js?ver=24.8 HTTP/2.0" 200 414 "https://uniquesolutionconstructions.in/?fbclid=IwZXh0bgNhZW0CMTEAc3J0YwZhcHBfaWQMMjU2MjgxMDQwNTU4AAEeWMPxiFfjZ7ZqQRyDJVRRwl5695a7lytQyciTXukV7eRzdo8Q0S-ofwCpKLI_aem_UzxS8OUE2IccC9g6t5u-Fg" "Mozilla/5.0 (X11; Linux x86_64) AppleWebKit/537.36 (KHTML, like Gecko) Chrome/145.0.0.0 Safari/537.36" uniquesolutionconstructions.in 10.44.34.235
