141.94.94.103 - - [04/Aug/2026:10:40:15 -0600] "GET /shop-2/page/2/?product-cata=55&add_to_wishlist=2289&per_page=15 HTTP/1.1" 502 - "-" "Mozilla/5.0 (Windows NT 10.0; Win64; x64) AppleWebKit/537.36 (KHTML, like Gecko) Chrome/148.0.0.0 Safari/537.36" kanharequipments.com 10.44.34.235
141.94.94.32 - - [04/Aug/2026:10:40:20 -0600] "GET /shop-2/?product-cata=55&add_to_wishlist=2220&add-to-cart=1939 HTTP/1.1" 502 - "-" "Mozilla/5.0 (Windows NT 10.0; Win64; x64) AppleWebKit/537.36 (KHTML, like Gecko) Chrome/148.0.0.0 Safari/537.36" kanharequipments.com 10.44.34.235
51.75.23.120 - - [04/Aug/2026:10:40:20 -0600] "GET /shop-2/?product-cata=55&add_to_wishlist=1989&per_page=15&add-to-cart=2220 HTTP/1.1" 502 - "-" "Mozilla/5.0 (Windows NT 10.0; Win64; x64) AppleWebKit/537.36 (KHTML, like Gecko) Chrome/148.0.0.0 Safari/537.36" kanharequipments.com 10.44.34.235
141.94.94.40 - - [04/Aug/2026:10:40:20 -0600] "GET /shop-2/?product-cata=55&add_to_wishlist=1989&per_page=15&add-to-cart=2220 HTTP/1.1" 502 - "-" "Mozilla/5.0 (Windows NT 10.0; Win64; x64) AppleWebKit/537.36 (KHTML, like Gecko) Chrome/148.0.0.0 Safari/537.36" kanharequipments.com 10.44.34.235
51.75.21.177 - - [04/Aug/2026:10:40:20 -0600] "GET /shop-2/?product-cata=55&add_to_wishlist=2220&add-to-cart=1939 HTTP/1.1" 502 - "-" "Mozilla/5.0 (Windows NT 10.0; Win64; x64) AppleWebKit/537.36 (KHTML, like Gecko) Chrome/148.0.0.0 Safari/537.36" kanharequipments.com 10.44.34.235
141.94.94.103 - - [04/Aug/2026:10:40:25 -0600] "GET /shop-2/page/2/?product-cata=55&add_to_wishlist=2289&per_page=15 HTTP/1.1" 502 - "-" "Mozilla/5.0 (Windows NT 10.0; Win64; x64) AppleWebKit/537.36 (KHTML, like Gecko) Chrome/148.0.0.0 Safari/537.36" kanharequipments.com 10.44.34.235
51.38.187.130 - - [04/Aug/2026:10:40:25 -0600] "GET /shop-2/page/2/?product-cata=55&add_to_wishlist=2289&per_page=15 HTTP/1.1" 502 - "-" "Mozilla/5.0 (Windows NT 10.0; Win64; x64) AppleWebKit/537.36 (KHTML, like Gecko) Chrome/148.0.0.0 Safari/537.36" kanharequipments.com 10.44.34.235
141.94.94.40 - - [04/Aug/2026:10:40:30 -0600] "GET /shop-2/?product-cata=55&add_to_wishlist=1989&per_page=15&add-to-cart=2220 HTTP/1.1" 502 - "-" "Mozilla/5.0 (Windows NT 10.0; Win64; x64) AppleWebKit/537.36 (KHTML, like Gecko) Chrome/148.0.0.0 Safari/537.36" kanharequipments.com 10.44.34.235
51.75.21.177 - - [04/Aug/2026:10:40:31 -0600] "GET /shop-2/?product-cata=55&add_to_wishlist=2220&add-to-cart=1939 HTTP/1.1" 502 - "-" "Mozilla/5.0 (Windows NT 10.0; Win64; x64) AppleWebKit/537.36 (KHTML, like Gecko) Chrome/148.0.0.0 Safari/537.36" kanharequipments.com 10.44.34.235
51.38.187.130 - - [04/Aug/2026:10:40:35 -0600] "GET /shop-2/page/2/?product-cata=55&add_to_wishlist=2289&per_page=15 HTTP/1.1" 502 - "-" "Mozilla/5.0 (Windows NT 10.0; Win64; x64) AppleWebKit/537.36 (KHTML, like Gecko) Chrome/148.0.0.0 Safari/537.36" kanharequipments.com 10.44.34.235
63.34.153.202 - - [04/Aug/2026:10:47:19 -0600] "GET /wp-login.php HTTP/2.0" 409 83 "-" "Mozilla/5.0 (Windows NT 10.0; Win64; x64) AppleWebKit/537.36 (KHTML, like Gecko) Chrome/150.0.0.0 Safari/537.36" kanharequipments.com 10.44.34.235
70.71.230.219 - - [04/Aug/2026:10:45:58 -0600] "GET /product-category/work-table-trolly/?add-to-cart=2312&add_to_wishlist=2336 HTTP/2.0" 502 - "https://kanharequipments.com" "Mozilla/5.0 (Windows NT 10.0; Win64; x64) AppleWebKit/537.36 (KHTML, like Gecko) Chrome/144.0.0.0 Safari/537.36" kanharequipments.com 10.44.34.235
105.76.182.115 - - [04/Aug/2026:10:46:25 -0600] "GET /product-category/work-table-trolly/?add-to-cart=2312&add_to_wishlist=2336 HTTP/2.0" 502 - "https://kanharequipments.com" "Mozilla/5.0 (Windows NT 10.0; Win64; x64) AppleWebKit/537.36 (KHTML, like Gecko) Chrome/144.0.0.0 Safari/537.36" kanharequipments.com 10.44.34.235
35.247.57.193 - - [04/Aug/2026:10:46:55 -0600] "GET / HTTP/1.1" 502 - "-" "Mozilla/5.0 (X11; Linux x86_64) AppleWebKit/537.36 (KHTML, like Gecko) Chrome/146.0.0.0 Safari/537.36" mail.kanharequipments.com 10.44.34.235
52.167.144.160 - - [04/Aug/2026:10:49:18 -0600] "GET /?n=5704087021160 HTTP/2.0" 502 - "-" "Mozilla/5.0 AppleWebKit/537.36 (KHTML, like Gecko; compatible; bingbot/2.0; +http://www.bing.com/bingbot.htm) Chrome/116.0.1938.76 Safari/537.36" www.kanharequipments.com 10.44.34.235
66.249.64.224 - - [04/Aug/2026:10:51:30 -0600] "GET /product/category/29069701021160 HTTP/1.1" 502 - "-" "Mozilla/5.0 (Linux; Android 6.0.1; Nexus 5X Build/MMB29P) AppleWebKit/537.36 (KHTML, like Gecko) Chrome/150.0.7871.186 Mobile Safari/537.36 (compatible; Googlebot/2.1; +http://www.google.com/bot.html)" kanharequipments.com 10.44.34.235
114.119.144.80 - - [04/Aug/2026:11:00:52 -0600] "GET /shopdetail/93295469 HTTP/1.1" 406 226 "https://kanharequipments.com/shopdetail/93295469" "Mozilla/5.0 (Linux; Android 7.0;) AppleWebKit/537.36 (HTML, like Gecko) Mobile Safari/537.36 (compatible; PetalBot;+https://webmaster.petalsearch.com/site/petalbot)" kanharequipments.com 10.44.34.235
52.167.144.227 - - [04/Aug/2026:10:33:46 -0600] "GET /?n=27276654041160 HTTP/1.1" 301 - "-" "Mozilla/5.0 AppleWebKit/537.36 (KHTML, like Gecko; compatible; bingbot/2.0; +http://www.bing.com/bingbot.htm) Chrome/116.0.1938.76 Safari/537.36" www.kanharequipments.com 10.44.34.235
40.77.167.14 - - [04/Aug/2026:10:33:14 -0600] "GET /product/category/33493750071160 HTTP/1.1" 301 - "-" "Mozilla/5.0 AppleWebKit/537.36 (KHTML, like Gecko; compatible; bingbot/2.0; +http://www.bing.com/bingbot.htm) Chrome/116.0.1938.76 Safari/537.36" kanharequipments.com 10.44.34.235
40.77.167.14 - - [04/Aug/2026:10:34:53 -0600] "GET /?n=1261566031160 HTTP/1.1" 200 29196 "-" "Mozilla/5.0 AppleWebKit/537.36 (KHTML, like Gecko; compatible; bingbot/2.0; +http://www.bing.com/bingbot.htm) Chrome/116.0.1938.76 Safari/537.36" kanharequipments.com 10.44.34.235
40.77.167.14 - - [04/Aug/2026:10:36:14 -0600] "GET /502.shtml HTTP/1.1" 404 17652 "-" "Mozilla/5.0 AppleWebKit/537.36 (KHTML, like Gecko; compatible; bingbot/2.0; +http://www.bing.com/bingbot.htm) Chrome/116.0.1938.76 Safari/537.36" kanharequipments.com 10.44.34.235
40.77.167.14 - - [04/Aug/2026:10:36:14 -0600] "GET /502.shtml HTTP/1.1" 404 17652 "-" "Mozilla/5.0 AppleWebKit/537.36 (KHTML, like Gecko; compatible; bingbot/2.0; +http://www.bing.com/bingbot.htm) Chrome/116.0.1938.76 Safari/537.36" kanharequipments.com 10.44.34.235
193.19.109.59 - - [04/Aug/2026:10:36:44 -0600] "POST /wp-login.php HTTP/1.1" 200 2279 "-" "Mozilla/5.0 (Macintosh; Intel Mac OS X 10_15_7) AppleWebKit/605.1.15 Version/17.0 Safari/605.1.15" kanharequipments.com 10.44.34.235
52.167.144.227 - - [04/Aug/2026:10:36:46 -0600] "GET /502.shtml HTTP/1.1" 301 - "-" "Mozilla/5.0 AppleWebKit/537.36 (KHTML, like Gecko; compatible; bingbot/2.0; +http://www.bing.com/bingbot.htm) Chrome/116.0.1938.76 Safari/537.36" www.kanharequipments.com 10.44.34.235
52.167.144.227 - - [04/Aug/2026:10:36:46 -0600] "GET /502.shtml HTTP/1.1" 301 - "-" "Mozilla/5.0 AppleWebKit/537.36 (KHTML, like Gecko; compatible; bingbot/2.0; +http://www.bing.com/bingbot.htm) Chrome/116.0.1938.76 Safari/537.36" www.kanharequipments.com 10.44.34.235
173.239.254.192 - - [04/Aug/2026:10:36:44 -0600] "POST /wp-login.php HTTP/1.1" 200 2286 "-" "Mozilla/5.0 (Macintosh; Intel Mac OS X 10_15_7) AppleWebKit/605.1.15 Version/17.0 Safari/605.1.15" kanharequipments.com 10.44.34.235
46.43.77.233 - - [04/Aug/2026:10:37:20 -0600] "GET /product-category/work-table-trolly/?add-to-cart=2338&add_to_wishlist=2313&per_page=30 HTTP/1.1" 301 - "https://kanharequipments.com" "Mozilla/5.0 (Windows NT 10.0; Win64; x64) AppleWebKit/537.36 (KHTML, like Gecko) Chrome/142.0.0.0 Safari/537.36" kanharequipments.com 10.44.34.235
87.192.231.139 - - [04/Aug/2026:10:37:33 -0600] "GET /product-category/work-table-trolly/?add-to-cart=2338&add_to_wishlist=2313&per_page=30 HTTP/1.1" 301 - "https://kanharequipments.com" "Mozilla/5.0 (Windows NT 10.0; Win64; x64) AppleWebKit/537.36 (KHTML, like Gecko) Chrome/142.0.0.0 Safari/537.36" kanharequipments.com 10.44.34.235
66.9.171.249 - - [04/Aug/2026:10:37:48 -0600] "GET /product-category/work-table-trolly/?add-to-cart=2338&add_to_wishlist=2313&per_page=30 HTTP/1.1" 301 - "https://kanharequipments.com" "Mozilla/5.0 (Windows NT 10.0; Win64; x64) AppleWebKit/537.36 (KHTML, like Gecko) Chrome/142.0.0.0 Safari/537.36" kanharequipments.com 10.44.34.235
40.77.167.14 - - [04/Aug/2026:10:37:53 -0600] "GET /502.shtml HTTP/1.1" 404 17652 "-" "Mozilla/5.0 AppleWebKit/537.36 (KHTML, like Gecko; compatible; bingbot/2.0; +http://www.bing.com/bingbot.htm) Chrome/116.0.1938.76 Safari/537.36" kanharequipments.com 10.44.34.235
40.77.167.14 - - [04/Aug/2026:10:37:53 -0600] "GET /502.shtml HTTP/1.1" 404 17652 "-" "Mozilla/5.0 AppleWebKit/537.36 (KHTML, like Gecko; compatible; bingbot/2.0; +http://www.bing.com/bingbot.htm) Chrome/116.0.1938.76 Safari/537.36" kanharequipments.com 10.44.34.235
105.154.82.46 - - [04/Aug/2026:10:38:33 -0600] "GET /shop-2/?add-to-cart=1939&add_to_wishlist=2363&per_page=30 HTTP/1.1" 301 - "https://kanharequipments.com" "Mozilla/5.0 (Windows NT 10.0; Win64; x64) AppleWebKit/537.36 (KHTML, like Gecko) Chrome/143.0.0.0 Safari/537.36" kanharequipments.com 10.44.34.235
216.73.217.120 - - [04/Aug/2026:10:38:34 -0600] "GET /sitemap.xml HTTP/1.1" 301 - "-" "Mozilla/5.0 AppleWebKit/537.36 (KHTML, like Gecko; compatible; ClaudeBot/1.0; +claudebot@anthropic.com)" kanharequipments.com 10.44.34.235
49.37.213.127 - - [04/Aug/2026:10:38:41 -0600] "GET /product-tag/scrub-sink/?add-to-cart=2347&add_to_wishlist=2347 HTTP/1.1" 301 - "https://kanharequipments.com" "Mozilla/5.0 (Windows NT 10.0; Win64; x64) AppleWebKit/537.36 (KHTML, like Gecko) Chrome/145.0.0.0 Safari/537.36" kanharequipments.com 10.44.34.235
188.163.50.203 - - [04/Aug/2026:10:38:55 -0600] "GET /product-tag/scrub-sink/?add-to-cart=2347&add_to_wishlist=2347 HTTP/1.1" 301 - "https://kanharequipments.com" "Mozilla/5.0 (Windows NT 10.0; Win64; x64) AppleWebKit/537.36 (KHTML, like Gecko) Chrome/145.0.0.0 Safari/537.36" kanharequipments.com 10.44.34.235
105.235.129.220 - - [04/Aug/2026:10:38:55 -0600] "GET /shop-2/?add-to-cart=1939&add_to_wishlist=2363&per_page=30 HTTP/1.1" 301 - "https://kanharequipments.com" "Mozilla/5.0 (Windows NT 10.0; Win64; x64) AppleWebKit/537.36 (KHTML, like Gecko) Chrome/143.0.0.0 Safari/537.36" kanharequipments.com 10.44.34.235
40.77.167.14 - - [04/Aug/2026:10:39:15 -0600] "GET /502.shtml HTTP/1.1" 404 17652 "-" "Mozilla/5.0 AppleWebKit/537.36 (KHTML, like Gecko; compatible; bingbot/2.0; +http://www.bing.com/bingbot.htm) Chrome/116.0.1938.76 Safari/537.36" kanharequipments.com 10.44.34.235
52.167.144.227 - - [04/Aug/2026:10:39:46 -0600] "GET /502.shtml HTTP/1.1" 301 - "-" "Mozilla/5.0 AppleWebKit/537.36 (KHTML, like Gecko; compatible; bingbot/2.0; +http://www.bing.com/bingbot.htm) Chrome/116.0.1938.76 Safari/537.36" www.kanharequipments.com 10.44.34.235
51.75.23.120 - - [04/Aug/2026:10:40:10 -0600] "GET /shop-2/?product-cata=55&add_to_wishlist=1989&per_page=15&add-to-cart=2220 HTTP/1.1" 301 - "-" "Mozilla/5.0 (Windows NT 10.0; Win64; x64) AppleWebKit/537.36 (KHTML, like Gecko) Chrome/148.0.0.0 Safari/537.36" kanharequipments.com 10.44.34.235
141.94.94.32 - - [04/Aug/2026:10:40:10 -0600] "GET /shop-2/?product-cata=55&add_to_wishlist=2220&add-to-cart=1939 HTTP/1.1" 301 - "-" "Mozilla/5.0 (Windows NT 10.0; Win64; x64) AppleWebKit/537.36 (KHTML, like Gecko) Chrome/148.0.0.0 Safari/537.36" kanharequipments.com 10.44.34.235
141.94.94.103 - - [04/Aug/2026:10:40:15 -0600] "GET /shop-2/page/2/?product-cata=55&add_to_wishlist=2289&per_page=15 HTTP/1.1" 301 - "-" "Mozilla/5.0 (Windows NT 10.0; Win64; x64) AppleWebKit/537.36 (KHTML, like Gecko) Chrome/148.0.0.0 Safari/537.36" kanharequipments.com 10.44.34.235
141.94.94.32 - - [04/Aug/2026:10:40:20 -0600] "GET /shop-2/?product-cata=55&add_to_wishlist=2220&add-to-cart=1939 HTTP/1.1" 301 - "-" "Mozilla/5.0 (Windows NT 10.0; Win64; x64) AppleWebKit/537.36 (KHTML, like Gecko) Chrome/148.0.0.0 Safari/537.36" kanharequipments.com 10.44.34.235
51.75.23.120 - - [04/Aug/2026:10:40:20 -0600] "GET /shop-2/?product-cata=55&add_to_wishlist=1989&per_page=15&add-to-cart=2220 HTTP/1.1" 301 - "-" "Mozilla/5.0 (Windows NT 10.0; Win64; x64) AppleWebKit/537.36 (KHTML, like Gecko) Chrome/148.0.0.0 Safari/537.36" kanharequipments.com 10.44.34.235
46.43.77.233 - - [04/Aug/2026:10:40:20 -0600] "GET /502.shtml HTTP/1.1" 404 17652 "https://kanharequipments.com" "Mozilla/5.0 (Windows NT 10.0; Win64; x64) AppleWebKit/537.36 (KHTML, like Gecko) Chrome/142.0.0.0 Safari/537.36" kanharequipments.com 10.44.34.235
46.43.77.233 - - [04/Aug/2026:10:40:20 -0600] "GET /502.shtml HTTP/1.1" 404 17652 "https://kanharequipments.com" "Mozilla/5.0 (Windows NT 10.0; Win64; x64) AppleWebKit/537.36 (KHTML, like Gecko) Chrome/142.0.0.0 Safari/537.36" kanharequipments.com 10.44.34.235
51.75.21.177 - - [04/Aug/2026:10:40:20 -0600] "GET /shop-2/?product-cata=55&add_to_wishlist=2220&add-to-cart=1939 HTTP/1.1" 301 - "-" "Mozilla/5.0 (Windows NT 10.0; Win64; x64) AppleWebKit/537.36 (KHTML, like Gecko) Chrome/148.0.0.0 Safari/537.36" kanharequipments.com 10.44.34.235
141.94.94.40 - - [04/Aug/2026:10:40:20 -0600] "GET /shop-2/?product-cata=55&add_to_wishlist=1989&per_page=15&add-to-cart=2220 HTTP/1.1" 301 - "-" "Mozilla/5.0 (Windows NT 10.0; Win64; x64) AppleWebKit/537.36 (KHTML, like Gecko) Chrome/148.0.0.0 Safari/537.36" kanharequipments.com 10.44.34.235
141.94.94.103 - - [04/Aug/2026:10:40:25 -0600] "GET /shop-2/page/2/?product-cata=55&add_to_wishlist=2289&per_page=15 HTTP/1.1" 301 - "-" "Mozilla/5.0 (Windows NT 10.0; Win64; x64) AppleWebKit/537.36 (KHTML, like Gecko) Chrome/148.0.0.0 Safari/537.36" kanharequipments.com 10.44.34.235
51.38.187.130 - - [04/Aug/2026:10:40:25 -0600] "GET /shop-2/page/2/?product-cata=55&add_to_wishlist=2289&per_page=15 HTTP/1.1" 301 - "-" "Mozilla/5.0 (Windows NT 10.0; Win64; x64) AppleWebKit/537.36 (KHTML, like Gecko) Chrome/148.0.0.0 Safari/537.36" kanharequipments.com 10.44.34.235
141.94.94.40 - - [04/Aug/2026:10:40:30 -0600] "GET /shop-2/?product-cata=55&add_to_wishlist=1989&per_page=15&add-to-cart=2220 HTTP/1.1" 301 - "-" "Mozilla/5.0 (Windows NT 10.0; Win64; x64) AppleWebKit/537.36 (KHTML, like Gecko) Chrome/148.0.0.0 Safari/537.36" kanharequipments.com 10.44.34.235
51.75.21.177 - - [04/Aug/2026:10:40:31 -0600] "GET /shop-2/?product-cata=55&add_to_wishlist=2220&add-to-cart=1939 HTTP/1.1" 301 - "-" "Mozilla/5.0 (Windows NT 10.0; Win64; x64) AppleWebKit/537.36 (KHTML, like Gecko) Chrome/148.0.0.0 Safari/537.36" kanharequipments.com 10.44.34.235
87.192.231.139 - - [04/Aug/2026:10:40:33 -0600] "GET /502.shtml HTTP/1.1" 404 17652 "https://kanharequipments.com" "Mozilla/5.0 (Windows NT 10.0; Win64; x64) AppleWebKit/537.36 (KHTML, like Gecko) Chrome/142.0.0.0 Safari/537.36" kanharequipments.com 10.44.34.235
87.192.231.139 - - [04/Aug/2026:10:40:33 -0600] "GET /502.shtml HTTP/1.1" 404 17652 "https://kanharequipments.com" "Mozilla/5.0 (Windows NT 10.0; Win64; x64) AppleWebKit/537.36 (KHTML, like Gecko) Chrome/142.0.0.0 Safari/537.36" kanharequipments.com 10.44.34.235
51.38.187.130 - - [04/Aug/2026:10:40:35 -0600] "GET /shop-2/page/2/?product-cata=55&add_to_wishlist=2289&per_page=15 HTTP/1.1" 301 - "-" "Mozilla/5.0 (Windows NT 10.0; Win64; x64) AppleWebKit/537.36 (KHTML, like Gecko) Chrome/148.0.0.0 Safari/537.36" kanharequipments.com 10.44.34.235
66.9.171.249 - - [04/Aug/2026:10:40:48 -0600] "GET /502.shtml HTTP/1.1" 404 17652 "https://kanharequipments.com" "Mozilla/5.0 (Windows NT 10.0; Win64; x64) AppleWebKit/537.36 (KHTML, like Gecko) Chrome/142.0.0.0 Safari/537.36" kanharequipments.com 10.44.34.235
66.9.171.249 - - [04/Aug/2026:10:40:48 -0600] "GET /502.shtml HTTP/1.1" 404 17652 "https://kanharequipments.com" "Mozilla/5.0 (Windows NT 10.0; Win64; x64) AppleWebKit/537.36 (KHTML, like Gecko) Chrome/142.0.0.0 Safari/537.36" kanharequipments.com 10.44.34.235
40.77.167.14 - - [04/Aug/2026:10:40:53 -0600] "GET /502.shtml HTTP/1.1" 404 17652 "-" "Mozilla/5.0 AppleWebKit/537.36 (KHTML, like Gecko; compatible; bingbot/2.0; +http://www.bing.com/bingbot.htm) Chrome/116.0.1938.76 Safari/537.36" kanharequipments.com 10.44.34.235
105.154.82.46 - - [04/Aug/2026:10:41:34 -0600] "GET /502.shtml HTTP/1.1" 404 17652 "https://kanharequipments.com" "Mozilla/5.0 (Windows NT 10.0; Win64; x64) AppleWebKit/537.36 (KHTML, like Gecko) Chrome/143.0.0.0 Safari/537.36" kanharequipments.com 10.44.34.235
216.73.217.120 - - [04/Aug/2026:10:41:34 -0600] "GET /502.shtml HTTP/1.1" 404 17652 "-" "Mozilla/5.0 AppleWebKit/537.36 (KHTML, like Gecko; compatible; ClaudeBot/1.0; +claudebot@anthropic.com)" kanharequipments.com 10.44.34.235
105.154.82.46 - - [04/Aug/2026:10:41:34 -0600] "GET /502.shtml HTTP/1.1" 404 17652 "https://kanharequipments.com" "Mozilla/5.0 (Windows NT 10.0; Win64; x64) AppleWebKit/537.36 (KHTML, like Gecko) Chrome/143.0.0.0 Safari/537.36" kanharequipments.com 10.44.34.235
216.73.217.120 - - [04/Aug/2026:10:41:34 -0600] "GET /502.shtml HTTP/1.1" 404 17652 "-" "Mozilla/5.0 AppleWebKit/537.36 (KHTML, like Gecko; compatible; ClaudeBot/1.0; +claudebot@anthropic.com)" kanharequipments.com 10.44.34.235
49.37.213.127 - - [04/Aug/2026:10:41:41 -0600] "GET /502.shtml HTTP/1.1" 404 17652 "https://kanharequipments.com" "Mozilla/5.0 (Windows NT 10.0; Win64; x64) AppleWebKit/537.36 (KHTML, like Gecko) Chrome/145.0.0.0 Safari/537.36" kanharequipments.com 10.44.34.235
49.37.213.127 - - [04/Aug/2026:10:41:41 -0600] "GET /502.shtml HTTP/1.1" 404 17652 "https://kanharequipments.com" "Mozilla/5.0 (Windows NT 10.0; Win64; x64) AppleWebKit/537.36 (KHTML, like Gecko) Chrome/145.0.0.0 Safari/537.36" kanharequipments.com 10.44.34.235
188.163.50.203 - - [04/Aug/2026:10:41:55 -0600] "GET /502.shtml HTTP/1.1" 404 17652 "https://kanharequipments.com" "Mozilla/5.0 (Windows NT 10.0; Win64; x64) AppleWebKit/537.36 (KHTML, like Gecko) Chrome/145.0.0.0 Safari/537.36" kanharequipments.com 10.44.34.235
188.163.50.203 - - [04/Aug/2026:10:41:55 -0600] "GET /502.shtml HTTP/1.1" 404 17652 "https://kanharequipments.com" "Mozilla/5.0 (Windows NT 10.0; Win64; x64) AppleWebKit/537.36 (KHTML, like Gecko) Chrome/145.0.0.0 Safari/537.36" kanharequipments.com 10.44.34.235
105.235.129.220 - - [04/Aug/2026:10:41:55 -0600] "GET /502.shtml HTTP/1.1" 404 17652 "https://kanharequipments.com" "Mozilla/5.0 (Windows NT 10.0; Win64; x64) AppleWebKit/537.36 (KHTML, like Gecko) Chrome/143.0.0.0 Safari/537.36" kanharequipments.com 10.44.34.235
105.235.129.220 - - [04/Aug/2026:10:41:55 -0600] "GET /502.shtml HTTP/1.1" 404 17652 "https://kanharequipments.com" "Mozilla/5.0 (Windows NT 10.0; Win64; x64) AppleWebKit/537.36 (KHTML, like Gecko) Chrome/143.0.0.0 Safari/537.36" kanharequipments.com 10.44.34.235
141.94.94.32 - - [04/Aug/2026:10:43:10 -0600] "GET /502.shtml HTTP/1.1" 404 17652 "-" "Mozilla/5.0 (Windows NT 10.0; Win64; x64) AppleWebKit/537.36 (KHTML, like Gecko) Chrome/148.0.0.0 Safari/537.36" kanharequipments.com 10.44.34.235
141.94.94.32 - - [04/Aug/2026:10:43:10 -0600] "GET /502.shtml HTTP/1.1" 404 17652 "-" "Mozilla/5.0 (Windows NT 10.0; Win64; x64) AppleWebKit/537.36 (KHTML, like Gecko) Chrome/148.0.0.0 Safari/537.36" kanharequipments.com 10.44.34.235
51.75.23.120 - - [04/Aug/2026:10:43:10 -0600] "GET /502.shtml HTTP/1.1" 404 17652 "-" "Mozilla/5.0 (Windows NT 10.0; Win64; x64) AppleWebKit/537.36 (KHTML, like Gecko) Chrome/148.0.0.0 Safari/537.36" kanharequipments.com 10.44.34.235
51.75.23.120 - - [04/Aug/2026:10:43:10 -0600] "GET /502.shtml HTTP/1.1" 404 17652 "-" "Mozilla/5.0 (Windows NT 10.0; Win64; x64) AppleWebKit/537.36 (KHTML, like Gecko) Chrome/148.0.0.0 Safari/537.36" kanharequipments.com 10.44.34.235
141.94.94.103 - - [04/Aug/2026:10:43:15 -0600] "GET /502.shtml HTTP/1.1" 404 17652 "-" "Mozilla/5.0 (Windows NT 10.0; Win64; x64) AppleWebKit/537.36 (KHTML, like Gecko) Chrome/148.0.0.0 Safari/537.36" kanharequipments.com 10.44.34.235
141.94.94.103 - - [04/Aug/2026:10:43:15 -0600] "GET /502.shtml HTTP/1.1" 404 17652 "-" "Mozilla/5.0 (Windows NT 10.0; Win64; x64) AppleWebKit/537.36 (KHTML, like Gecko) Chrome/148.0.0.0 Safari/537.36" kanharequipments.com 10.44.34.235
141.94.94.32 - - [04/Aug/2026:10:43:20 -0600] "GET /502.shtml HTTP/1.1" 404 17652 "-" "Mozilla/5.0 (Windows NT 10.0; Win64; x64) AppleWebKit/537.36 (KHTML, like Gecko) Chrome/148.0.0.0 Safari/537.36" kanharequipments.com 10.44.34.235
141.94.94.32 - - [04/Aug/2026:10:43:20 -0600] "GET /502.shtml HTTP/1.1" 404 17652 "-" "Mozilla/5.0 (Windows NT 10.0; Win64; x64) AppleWebKit/537.36 (KHTML, like Gecko) Chrome/148.0.0.0 Safari/537.36" kanharequipments.com 10.44.34.235
51.75.23.120 - - [04/Aug/2026:10:43:20 -0600] "GET /502.shtml HTTP/1.1" 404 17652 "-" "Mozilla/5.0 (Windows NT 10.0; Win64; x64) AppleWebKit/537.36 (KHTML, like Gecko) Chrome/148.0.0.0 Safari/537.36" kanharequipments.com 10.44.34.235
46.43.77.233 - - [04/Aug/2026:10:43:20 -0600] "GET /502.shtml HTTP/1.1" 404 17652 "https://kanharequipments.com" "Mozilla/5.0 (Windows NT 10.0; Win64; x64) AppleWebKit/537.36 (KHTML, like Gecko) Chrome/142.0.0.0 Safari/537.36" kanharequipments.com 10.44.34.235
51.75.23.120 - - [04/Aug/2026:10:43:20 -0600] "GET /502.shtml HTTP/1.1" 404 17652 "-" "Mozilla/5.0 (Windows NT 10.0; Win64; x64) AppleWebKit/537.36 (KHTML, like Gecko) Chrome/148.0.0.0 Safari/537.36" kanharequipments.com 10.44.34.235
141.94.94.40 - - [04/Aug/2026:10:43:20 -0600] "GET /502.shtml HTTP/1.1" 404 17652 "-" "Mozilla/5.0 (Windows NT 10.0; Win64; x64) AppleWebKit/537.36 (KHTML, like Gecko) Chrome/148.0.0.0 Safari/537.36" kanharequipments.com 10.44.34.235
51.75.21.177 - - [04/Aug/2026:10:43:20 -0600] "GET /502.shtml HTTP/1.1" 404 17652 "-" "Mozilla/5.0 (Windows NT 10.0; Win64; x64) AppleWebKit/537.36 (KHTML, like Gecko) Chrome/148.0.0.0 Safari/537.36" kanharequipments.com 10.44.34.235
141.94.94.40 - - [04/Aug/2026:10:43:21 -0600] "GET /502.shtml HTTP/1.1" 404 17652 "-" "Mozilla/5.0 (Windows NT 10.0; Win64; x64) AppleWebKit/537.36 (KHTML, like Gecko) Chrome/148.0.0.0 Safari/537.36" kanharequipments.com 10.44.34.235
51.75.21.177 - - [04/Aug/2026:10:43:20 -0600] "GET /502.shtml HTTP/1.1" 404 17652 "-" "Mozilla/5.0 (Windows NT 10.0; Win64; x64) AppleWebKit/537.36 (KHTML, like Gecko) Chrome/148.0.0.0 Safari/537.36" kanharequipments.com 10.44.34.235
141.94.94.103 - - [04/Aug/2026:10:43:25 -0600] "GET /502.shtml HTTP/1.1" 404 17652 "-" "Mozilla/5.0 (Windows NT 10.0; Win64; x64) AppleWebKit/537.36 (KHTML, like Gecko) Chrome/148.0.0.0 Safari/537.36" kanharequipments.com 10.44.34.235
141.94.94.103 - - [04/Aug/2026:10:43:25 -0600] "GET /502.shtml HTTP/1.1" 404 17652 "-" "Mozilla/5.0 (Windows NT 10.0; Win64; x64) AppleWebKit/537.36 (KHTML, like Gecko) Chrome/148.0.0.0 Safari/537.36" kanharequipments.com 10.44.34.235
141.94.94.40 - - [04/Aug/2026:10:43:30 -0600] "GET /502.shtml HTTP/1.1" 404 17652 "-" "Mozilla/5.0 (Windows NT 10.0; Win64; x64) AppleWebKit/537.36 (KHTML, like Gecko) Chrome/148.0.0.0 Safari/537.36" kanharequipments.com 10.44.34.235
51.38.187.130 - - [04/Aug/2026:10:43:26 -0600] "GET /502.shtml HTTP/1.1" 404 17652 "-" "Mozilla/5.0 (Windows NT 10.0; Win64; x64) AppleWebKit/537.36 (KHTML, like Gecko) Chrome/148.0.0.0 Safari/537.36" kanharequipments.com 10.44.34.235
141.94.94.40 - - [04/Aug/2026:10:43:30 -0600] "GET /502.shtml HTTP/1.1" 404 17652 "-" "Mozilla/5.0 (Windows NT 10.0; Win64; x64) AppleWebKit/537.36 (KHTML, like Gecko) Chrome/148.0.0.0 Safari/537.36" kanharequipments.com 10.44.34.235
51.38.187.130 - - [04/Aug/2026:10:43:26 -0600] "GET /502.shtml HTTP/1.1" 404 17652 "-" "Mozilla/5.0 (Windows NT 10.0; Win64; x64) AppleWebKit/537.36 (KHTML, like Gecko) Chrome/148.0.0.0 Safari/537.36" kanharequipments.com 10.44.34.235
51.75.21.177 - - [04/Aug/2026:10:43:31 -0600] "GET /502.shtml HTTP/1.1" 404 17652 "-" "Mozilla/5.0 (Windows NT 10.0; Win64; x64) AppleWebKit/537.36 (KHTML, like Gecko) Chrome/148.0.0.0 Safari/537.36" kanharequipments.com 10.44.34.235
51.75.21.177 - - [04/Aug/2026:10:43:31 -0600] "GET /502.shtml HTTP/1.1" 404 17652 "-" "Mozilla/5.0 (Windows NT 10.0; Win64; x64) AppleWebKit/537.36 (KHTML, like Gecko) Chrome/148.0.0.0 Safari/537.36" kanharequipments.com 10.44.34.235
87.192.231.139 - - [04/Aug/2026:10:43:33 -0600] "GET /502.shtml HTTP/1.1" 404 17652 "https://kanharequipments.com" "Mozilla/5.0 (Windows NT 10.0; Win64; x64) AppleWebKit/537.36 (KHTML, like Gecko) Chrome/142.0.0.0 Safari/537.36" kanharequipments.com 10.44.34.235
51.38.187.130 - - [04/Aug/2026:10:43:35 -0600] "GET /502.shtml HTTP/1.1" 404 17652 "-" "Mozilla/5.0 (Windows NT 10.0; Win64; x64) AppleWebKit/537.36 (KHTML, like Gecko) Chrome/148.0.0.0 Safari/537.36" kanharequipments.com 10.44.34.235
51.38.187.130 - - [04/Aug/2026:10:43:35 -0600] "GET /502.shtml HTTP/1.1" 404 17652 "-" "Mozilla/5.0 (Windows NT 10.0; Win64; x64) AppleWebKit/537.36 (KHTML, like Gecko) Chrome/148.0.0.0 Safari/537.36" kanharequipments.com 10.44.34.235
66.9.171.249 - - [04/Aug/2026:10:43:48 -0600] "GET /502.shtml HTTP/1.1" 404 17652 "https://kanharequipments.com" "Mozilla/5.0 (Windows NT 10.0; Win64; x64) AppleWebKit/537.36 (KHTML, like Gecko) Chrome/142.0.0.0 Safari/537.36" kanharequipments.com 10.44.34.235
105.154.82.46 - - [04/Aug/2026:10:44:34 -0600] "GET /502.shtml HTTP/1.1" 404 17652 "https://kanharequipments.com" "Mozilla/5.0 (Windows NT 10.0; Win64; x64) AppleWebKit/537.36 (KHTML, like Gecko) Chrome/143.0.0.0 Safari/537.36" kanharequipments.com 10.44.34.235
216.73.217.120 - - [04/Aug/2026:10:44:34 -0600] "GET /502.shtml HTTP/1.1" 404 17652 "-" "Mozilla/5.0 AppleWebKit/537.36 (KHTML, like Gecko; compatible; ClaudeBot/1.0; +claudebot@anthropic.com)" kanharequipments.com 10.44.34.235
49.37.213.127 - - [04/Aug/2026:10:44:41 -0600] "GET /502.shtml HTTP/1.1" 404 17652 "https://kanharequipments.com" "Mozilla/5.0 (Windows NT 10.0; Win64; x64) AppleWebKit/537.36 (KHTML, like Gecko) Chrome/145.0.0.0 Safari/537.36" kanharequipments.com 10.44.34.235
105.235.129.220 - - [04/Aug/2026:10:44:55 -0600] "GET /502.shtml HTTP/1.1" 404 17652 "https://kanharequipments.com" "Mozilla/5.0 (Windows NT 10.0; Win64; x64) AppleWebKit/537.36 (KHTML, like Gecko) Chrome/143.0.0.0 Safari/537.36" kanharequipments.com 10.44.34.235
188.163.50.203 - - [04/Aug/2026:10:44:55 -0600] "GET /502.shtml HTTP/1.1" 404 17652 "https://kanharequipments.com" "Mozilla/5.0 (Windows NT 10.0; Win64; x64) AppleWebKit/537.36 (KHTML, like Gecko) Chrome/145.0.0.0 Safari/537.36" kanharequipments.com 10.44.34.235
193.19.109.57 - - [04/Aug/2026:10:45:50 -0600] "POST /wp-login.php HTTP/1.1" 200 2286 "-" "Mozilla/5.0 (Windows NT 10.0; Win64; rv:143.0) Gecko/20100101 Firefox/143.0" kanharequipments.com 10.44.34.235
173.239.254.207 - - [04/Aug/2026:10:45:50 -0600] "POST /wp-login.php HTTP/1.1" 200 2279 "-" "Mozilla/5.0 (Macintosh; Intel Mac OS X 10_15_7) AppleWebKit/605.1.15 Version/17.0 Safari/605.1.15" kanharequipments.com 10.44.34.235
70.71.230.219 - - [04/Aug/2026:10:45:58 -0600] "GET /product-category/work-table-trolly/?add-to-cart=2312&add_to_wishlist=2336 HTTP/1.1" 301 - "https://kanharequipments.com" "Mozilla/5.0 (Windows NT 10.0; Win64; x64) AppleWebKit/537.36 (KHTML, like Gecko) Chrome/144.0.0.0 Safari/537.36" kanharequipments.com 10.44.34.235
141.94.94.32 - - [04/Aug/2026:10:46:10 -0600] "GET /502.shtml HTTP/1.1" 404 17652 "-" "Mozilla/5.0 (Windows NT 10.0; Win64; x64) AppleWebKit/537.36 (KHTML, like Gecko) Chrome/148.0.0.0 Safari/537.36" kanharequipments.com 10.44.34.235
51.75.23.120 - - [04/Aug/2026:10:46:10 -0600] "GET /502.shtml HTTP/1.1" 404 17652 "-" "Mozilla/5.0 (Windows NT 10.0; Win64; x64) AppleWebKit/537.36 (KHTML, like Gecko) Chrome/148.0.0.0 Safari/537.36" kanharequipments.com 10.44.34.235
141.94.94.103 - - [04/Aug/2026:10:46:15 -0600] "GET /502.shtml HTTP/1.1" 404 17652 "-" "Mozilla/5.0 (Windows NT 10.0; Win64; x64) AppleWebKit/537.36 (KHTML, like Gecko) Chrome/148.0.0.0 Safari/537.36" kanharequipments.com 10.44.34.235
141.94.94.32 - - [04/Aug/2026:10:46:20 -0600] "GET /502.shtml HTTP/1.1" 404 17652 "-" "Mozilla/5.0 (Windows NT 10.0; Win64; x64) AppleWebKit/537.36 (KHTML, like Gecko) Chrome/148.0.0.0 Safari/537.36" kanharequipments.com 10.44.34.235
141.94.94.40 - - [04/Aug/2026:10:46:21 -0600] "GET /502.shtml HTTP/1.1" 404 17652 "-" "Mozilla/5.0 (Windows NT 10.0; Win64; x64) AppleWebKit/537.36 (KHTML, like Gecko) Chrome/148.0.0.0 Safari/537.36" kanharequipments.com 10.44.34.235
51.75.23.120 - - [04/Aug/2026:10:46:20 -0600] "GET /502.shtml HTTP/1.1" 404 17652 "-" "Mozilla/5.0 (Windows NT 10.0; Win64; x64) AppleWebKit/537.36 (KHTML, like Gecko) Chrome/148.0.0.0 Safari/537.36" kanharequipments.com 10.44.34.235
105.76.182.115 - - [04/Aug/2026:10:46:25 -0600] "GET /product-category/work-table-trolly/?add-to-cart=2312&add_to_wishlist=2336 HTTP/1.1" 301 - "https://kanharequipments.com" "Mozilla/5.0 (Windows NT 10.0; Win64; x64) AppleWebKit/537.36 (KHTML, like Gecko) Chrome/144.0.0.0 Safari/537.36" kanharequipments.com 10.44.34.235
141.94.94.103 - - [04/Aug/2026:10:46:25 -0600] "GET /502.shtml HTTP/1.1" 404 17652 "-" "Mozilla/5.0 (Windows NT 10.0; Win64; x64) AppleWebKit/537.36 (KHTML, like Gecko) Chrome/148.0.0.0 Safari/537.36" kanharequipments.com 10.44.34.235
51.75.21.177 - - [04/Aug/2026:10:46:21 -0600] "GET /502.shtml HTTP/1.1" 404 17652 "-" "Mozilla/5.0 (Windows NT 10.0; Win64; x64) AppleWebKit/537.36 (KHTML, like Gecko) Chrome/148.0.0.0 Safari/537.36" kanharequipments.com 10.44.34.235
51.38.187.130 - - [04/Aug/2026:10:46:26 -0600] "GET /502.shtml HTTP/1.1" 404 17652 "-" "Mozilla/5.0 (Windows NT 10.0; Win64; x64) AppleWebKit/537.36 (KHTML, like Gecko) Chrome/148.0.0.0 Safari/537.36" kanharequipments.com 10.44.34.235
141.94.94.40 - - [04/Aug/2026:10:46:30 -0600] "GET /502.shtml HTTP/1.1" 404 17652 "-" "Mozilla/5.0 (Windows NT 10.0; Win64; x64) AppleWebKit/537.36 (KHTML, like Gecko) Chrome/148.0.0.0 Safari/537.36" kanharequipments.com 10.44.34.235
51.75.21.177 - - [04/Aug/2026:10:46:31 -0600] "GET /502.shtml HTTP/1.1" 404 17652 "-" "Mozilla/5.0 (Windows NT 10.0; Win64; x64) AppleWebKit/537.36 (KHTML, like Gecko) Chrome/148.0.0.0 Safari/537.36" kanharequipments.com 10.44.34.235
142.147.161.153 - - [04/Aug/2026:10:46:42 -0600] "GET /wp-json/bit-assist/v1/iframe?clientDomain=s-protocol-bit-assist-kanharequipments.com HTTP/2.0" 404 - "-" "Mozilla/5.0 (Macintosh; Intel Mac OS X 10_15_7) AppleWebKit/537.36 (KHTML, like Gecko) Chrome/142.0.0.0 Safari/537.36" kanharequipments.com 10.44.34.235
51.38.187.130 - - [04/Aug/2026:10:46:35 -0600] "GET /502.shtml HTTP/1.1" 404 17652 "-" "Mozilla/5.0 (Windows NT 10.0; Win64; x64) AppleWebKit/537.36 (KHTML, like Gecko) Chrome/148.0.0.0 Safari/537.36" kanharequipments.com 10.44.34.235
35.247.57.193 - - [04/Aug/2026:10:46:55 -0600] "GET / HTTP/1.1" 301 - "-" "Mozilla/5.0 (X11; Linux x86_64) AppleWebKit/537.36 (KHTML, like Gecko) Chrome/146.0.0.0 Safari/537.36" mail.kanharequipments.com 10.44.34.235
43.130.56.207 - - [04/Aug/2026:10:48:37 -0600] "POST /wp-admin/admin-ajax.php HTTP/1.1" 400 21 "-" "Mozilla/5.0 (iPhone; CPU iPhone OS 18_3_2 like Mac OS X) AppleWebKit/605.1.15 (KHTML, like Gecko) Version/18.3.1 Mobile/15E148 Safari/604.1" kanharequipments.com 10.44.34.235
104.253.165.25 - - [04/Aug/2026:10:48:42 -0600] "GET /wp-json/bit-assist/v1/iframe?clientDomain=s-protocol-bit-assist-kanharequipments.com HTTP/2.0" 404 - "-" "Mozilla/5.0 (Macintosh; Intel Mac OS X 10_15_7) AppleWebKit/537.36 (KHTML, like Gecko) Chrome/142.0.0.0 Safari/537.36" kanharequipments.com 10.44.34.235
70.71.230.219 - - [04/Aug/2026:10:48:58 -0600] "GET /502.shtml HTTP/1.1" 404 17652 "https://kanharequipments.com" "Mozilla/5.0 (Windows NT 10.0; Win64; x64) AppleWebKit/537.36 (KHTML, like Gecko) Chrome/144.0.0.0 Safari/537.36" kanharequipments.com 10.44.34.235
70.71.230.219 - - [04/Aug/2026:10:48:58 -0600] "GET /502.shtml HTTP/1.1" 404 17652 "https://kanharequipments.com" "Mozilla/5.0 (Windows NT 10.0; Win64; x64) AppleWebKit/537.36 (KHTML, like Gecko) Chrome/144.0.0.0 Safari/537.36" kanharequipments.com 10.44.34.235
52.167.144.160 - - [04/Aug/2026:10:49:18 -0600] "GET /?n=5704087021160 HTTP/1.1" 301 - "-" "Mozilla/5.0 AppleWebKit/537.36 (KHTML, like Gecko; compatible; bingbot/2.0; +http://www.bing.com/bingbot.htm) Chrome/116.0.1938.76 Safari/537.36" www.kanharequipments.com 10.44.34.235
105.76.182.115 - - [04/Aug/2026:10:49:25 -0600] "GET /502.shtml HTTP/1.1" 404 17652 "https://kanharequipments.com" "Mozilla/5.0 (Windows NT 10.0; Win64; x64) AppleWebKit/537.36 (KHTML, like Gecko) Chrome/144.0.0.0 Safari/537.36" kanharequipments.com 10.44.34.235
105.76.182.115 - - [04/Aug/2026:10:49:25 -0600] "GET /502.shtml HTTP/1.1" 404 17652 "https://kanharequipments.com" "Mozilla/5.0 (Windows NT 10.0; Win64; x64) AppleWebKit/537.36 (KHTML, like Gecko) Chrome/144.0.0.0 Safari/537.36" kanharequipments.com 10.44.34.235
35.247.57.193 - - [04/Aug/2026:10:49:55 -0600] "GET /502.shtml HTTP/1.1" 404 17654 "-" "Mozilla/5.0 (X11; Linux x86_64) AppleWebKit/537.36 (KHTML, like Gecko) Chrome/146.0.0.0 Safari/537.36" mail.kanharequipments.com 10.44.34.235
35.247.57.193 - - [04/Aug/2026:10:49:55 -0600] "GET /502.shtml HTTP/1.1" 404 17654 "-" "Mozilla/5.0 (X11; Linux x86_64) AppleWebKit/537.36 (KHTML, like Gecko) Chrome/146.0.0.0 Safari/537.36" mail.kanharequipments.com 10.44.34.235
50.114.106.103 - - [04/Aug/2026:10:50:42 -0600] "GET /wp-json/bit-assist/v1/iframe?clientDomain=s-protocol-bit-assist-kanharequipments.com HTTP/2.0" 404 - "-" "Mozilla/5.0 (Macintosh; Intel Mac OS X 10_15_7) AppleWebKit/537.36 (KHTML, like Gecko) Chrome/142.0.0.0 Safari/537.36" kanharequipments.com 10.44.34.235
66.249.64.224 - - [04/Aug/2026:10:51:30 -0600] "GET /product/category/29069701021160 HTTP/1.1" 301 - "-" "Mozilla/5.0 (Linux; Android 6.0.1; Nexus 5X Build/MMB29P) AppleWebKit/537.36 (KHTML, like Gecko) Chrome/150.0.7871.186 Mobile Safari/537.36 (compatible; Googlebot/2.1; +http://www.google.com/bot.html)" kanharequipments.com 10.44.34.235
70.71.230.219 - - [04/Aug/2026:10:51:58 -0600] "GET /502.shtml HTTP/1.1" 404 17652 "https://kanharequipments.com" "Mozilla/5.0 (Windows NT 10.0; Win64; x64) AppleWebKit/537.36 (KHTML, like Gecko) Chrome/144.0.0.0 Safari/537.36" kanharequipments.com 10.44.34.235
52.167.144.160 - - [04/Aug/2026:10:52:18 -0600] "GET /502.shtml HTTP/1.1" 301 - "-" "Mozilla/5.0 AppleWebKit/537.36 (KHTML, like Gecko; compatible; bingbot/2.0; +http://www.bing.com/bingbot.htm) Chrome/116.0.1938.76 Safari/537.36" www.kanharequipments.com 10.44.34.235
105.76.182.115 - - [04/Aug/2026:10:52:25 -0600] "GET /502.shtml HTTP/1.1" 404 17652 "https://kanharequipments.com" "Mozilla/5.0 (Windows NT 10.0; Win64; x64) AppleWebKit/537.36 (KHTML, like Gecko) Chrome/144.0.0.0 Safari/537.36" kanharequipments.com 10.44.34.235
91.124.144.162 - - [04/Aug/2026:10:52:46 -0600] "GET /wp-json/bit-assist/v1/iframe?clientDomain=s-protocol-bit-assist-kanharequipments.com HTTP/2.0" 404 - "-" "Mozilla/5.0 (Macintosh; Intel Mac OS X 10_15_7) AppleWebKit/537.36 (KHTML, like Gecko) Chrome/142.0.0.0 Safari/537.36" kanharequipments.com 10.44.34.235
35.247.57.193 - - [04/Aug/2026:10:52:55 -0600] "GET /502.shtml HTTP/1.1" 404 17654 "-" "Mozilla/5.0 (X11; Linux x86_64) AppleWebKit/537.36 (KHTML, like Gecko) Chrome/146.0.0.0 Safari/537.36" mail.kanharequipments.com 10.44.34.235
52.167.144.160 - - [04/Aug/2026:10:52:18 -0600] "GET /502.shtml HTTP/1.1" 301 - "-" "Mozilla/5.0 AppleWebKit/537.36 (KHTML, like Gecko; compatible; bingbot/2.0; +http://www.bing.com/bingbot.htm) Chrome/116.0.1938.76 Safari/537.36" www.kanharequipments.com 10.44.34.235
66.249.64.224 - - [04/Aug/2026:10:54:30 -0600] "GET /502.shtml HTTP/1.1" 404 17652 "-" "Mozilla/5.0 (Linux; Android 6.0.1; Nexus 5X Build/MMB29P) AppleWebKit/537.36 (KHTML, like Gecko) Chrome/150.0.7871.186 Mobile Safari/537.36 (compatible; Googlebot/2.1; +http://www.google.com/bot.html)" kanharequipments.com 10.44.34.235
66.249.64.224 - - [04/Aug/2026:10:54:30 -0600] "GET /502.shtml HTTP/1.1" 404 17652 "-" "Mozilla/5.0 (Linux; Android 6.0.1; Nexus 5X Build/MMB29P) AppleWebKit/537.36 (KHTML, like Gecko) Chrome/150.0.7871.186 Mobile Safari/537.36 (compatible; Googlebot/2.1; +http://www.google.com/bot.html)" kanharequipments.com 10.44.34.235
108.165.151.52 - - [04/Aug/2026:10:54:46 -0600] "GET /wp-json/bit-assist/v1/iframe?clientDomain=s-protocol-bit-assist-kanharequipments.com HTTP/2.0" 404 - "-" "Mozilla/5.0 (Macintosh; Intel Mac OS X 10_15_7) AppleWebKit/537.36 (KHTML, like Gecko) Chrome/142.0.0.0 Safari/537.36" kanharequipments.com 10.44.34.235
193.19.109.57 - - [04/Aug/2026:10:54:54 -0600] "POST /wp-login.php HTTP/1.1" 200 2279 "-" "Mozilla/5.0 (Windows NT 10.0; Win64; rv:143.0) Gecko/20100101 Firefox/143.0" kanharequipments.com 10.44.34.235
193.19.109.59 - - [04/Aug/2026:10:54:54 -0600] "POST /wp-login.php HTTP/1.1" 200 2286 "-" "Mozilla/5.0 (Windows NT 10.0; Win64; x64) AppleWebKit/537.36 Chrome/129.0.0.0 Safari/537.36" kanharequipments.com 10.44.34.235
52.167.144.160 - - [04/Aug/2026:10:55:18 -0600] "GET /502.shtml HTTP/1.1" 301 - "-" "Mozilla/5.0 AppleWebKit/537.36 (KHTML, like Gecko; compatible; bingbot/2.0; +http://www.bing.com/bingbot.htm) Chrome/116.0.1938.76 Safari/537.36" www.kanharequipments.com 10.44.34.235
190.98.110.126 - - [04/Aug/2026:10:56:53 -0600] "GET /product/four-door-vertical-refrigerators/?add-to-cart=2313&add_to_wishlist=2336 HTTP/2.0" 502 - "https://kanharequipments.com" "Mozilla/5.0 (Windows NT 10.0; Win64; x64) AppleWebKit/537.36 (KHTML, like Gecko) Chrome/142.0.0.0 Safari/537.36" kanharequipments.com 10.44.34.235
45.39.101.100 - - [04/Aug/2026:10:56:46 -0600] "GET /wp-json/bit-assist/v1/iframe?clientDomain=s-protocol-bit-assist-kanharequipments.com HTTP/2.0" 404 - "-" "Mozilla/5.0 (Macintosh; Intel Mac OS X 10_15_7) AppleWebKit/537.36 (KHTML, like Gecko) Chrome/142.0.0.0 Safari/537.36" kanharequipments.com 10.44.34.235
190.98.110.126 - - [04/Aug/2026:10:56:53 -0600] "GET /product/four-door-vertical-refrigerators/?add-to-cart=2313&add_to_wishlist=2336 HTTP/1.1" 301 - "https://kanharequipments.com" "Mozilla/5.0 (Windows NT 10.0; Win64; x64) AppleWebKit/537.36 (KHTML, like Gecko) Chrome/142.0.0.0 Safari/537.36" kanharequipments.com 10.44.34.235
176.173.214.154 - - [04/Aug/2026:10:57:03 -0600] "GET /product/four-door-vertical-refrigerators/?add-to-cart=2313&add_to_wishlist=2336 HTTP/1.1" 301 - "https://kanharequipments.com" "Mozilla/5.0 (Windows NT 10.0; Win64; x64) AppleWebKit/537.36 (KHTML, like Gecko) Chrome/142.0.0.0 Safari/537.36" kanharequipments.com 10.44.34.235
176.173.214.154 - - [04/Aug/2026:10:57:03 -0600] "GET /product/four-door-vertical-refrigerators/?add-to-cart=2313&add_to_wishlist=2336 HTTP/2.0" 502 - "https://kanharequipments.com" "Mozilla/5.0 (Windows NT 10.0; Win64; x64) AppleWebKit/537.36 (KHTML, like Gecko) Chrome/142.0.0.0 Safari/537.36" kanharequipments.com 10.44.34.235
188.232.8.245 - - [04/Aug/2026:10:57:19 -0600] "GET /product/four-door-vertical-refrigerators/?add-to-cart=2313&add_to_wishlist=2336 HTTP/1.1" 301 - "https://kanharequipments.com" "Mozilla/5.0 (Windows NT 10.0; Win64; x64) AppleWebKit/537.36 (KHTML, like Gecko) Chrome/142.0.0.0 Safari/537.36" kanharequipments.com 10.44.34.235
45.181.6.114 - - [04/Aug/2026:10:57:14 -0600] "GET /shop-2/page/2/?add-to-cart=2301&add_to_wishlist=2313 HTTP/1.1" 301 - "https://kanharequipments.com" "Mozilla/5.0 (Macintosh; Intel Mac OS X 10_15_7) AppleWebKit/537.36 (KHTML, like Gecko) Chrome/144.0.0.0 Safari/537.36" kanharequipments.com 10.44.34.235
103.110.250.218 - - [04/Aug/2026:10:57:29 -0600] "GET /shop-2/page/2/?add-to-cart=2301&add_to_wishlist=2313 HTTP/1.1" 301 - "https://kanharequipments.com" "Mozilla/5.0 (Macintosh; Intel Mac OS X 10_15_7) AppleWebKit/537.36 (KHTML, like Gecko) Chrome/144.0.0.0 Safari/537.36" kanharequipments.com 10.44.34.235
66.249.64.224 - - [04/Aug/2026:10:57:30 -0600] "GET /502.shtml HTTP/1.1" 404 17652 "-" "Mozilla/5.0 (Linux; Android 6.0.1; Nexus 5X Build/MMB29P) AppleWebKit/537.36 (KHTML, like Gecko) Chrome/150.0.7871.186 Mobile Safari/537.36 (compatible; Googlebot/2.1; +http://www.google.com/bot.html)" kanharequipments.com 10.44.34.235
103.171.251.235 - - [04/Aug/2026:10:57:40 -0600] "GET /shop-2/page/2/?add-to-cart=2301&add_to_wishlist=2313 HTTP/1.1" 301 - "https://kanharequipments.com" "Mozilla/5.0 (Macintosh; Intel Mac OS X 10_15_7) AppleWebKit/537.36 (KHTML, like Gecko) Chrome/144.0.0.0 Safari/537.36" kanharequipments.com 10.44.34.235
45.181.6.114 - - [04/Aug/2026:10:57:14 -0600] "GET /shop-2/page/2/?add-to-cart=2301&add_to_wishlist=2313 HTTP/2.0" 502 - "https://kanharequipments.com" "Mozilla/5.0 (Macintosh; Intel Mac OS X 10_15_7) AppleWebKit/537.36 (KHTML, like Gecko) Chrome/144.0.0.0 Safari/537.36" kanharequipments.com 10.44.34.235
138.226.18.81 - - [04/Aug/2026:10:58:50 -0600] "GET /wp-json/bit-assist/v1/iframe?clientDomain=s-protocol-bit-assist-kanharequipments.com HTTP/2.0" 404 - "-" "Mozilla/5.0 (Macintosh; Intel Mac OS X 10_15_7) AppleWebKit/537.36 (KHTML, like Gecko) Chrome/142.0.0.0 Safari/537.36" kanharequipments.com 10.44.34.235
188.232.8.245 - - [04/Aug/2026:10:57:19 -0600] "GET /product/four-door-vertical-refrigerators/?add-to-cart=2313&add_to_wishlist=2336 HTTP/2.0" 502 - "https://kanharequipments.com" "Mozilla/5.0 (Windows NT 10.0; Win64; x64) AppleWebKit/537.36 (KHTML, like Gecko) Chrome/142.0.0.0 Safari/537.36" kanharequipments.com 10.44.34.235
190.98.110.126 - - [04/Aug/2026:10:59:53 -0600] "GET /502.shtml HTTP/1.1" 404 17652 "https://kanharequipments.com" "Mozilla/5.0 (Windows NT 10.0; Win64; x64) AppleWebKit/537.36 (KHTML, like Gecko) Chrome/142.0.0.0 Safari/537.36" kanharequipments.com 10.44.34.235
190.98.110.126 - - [04/Aug/2026:10:59:53 -0600] "GET /502.shtml HTTP/1.1" 404 17652 "https://kanharequipments.com" "Mozilla/5.0 (Windows NT 10.0; Win64; x64) AppleWebKit/537.36 (KHTML, like Gecko) Chrome/142.0.0.0 Safari/537.36" kanharequipments.com 10.44.34.235
176.173.214.154 - - [04/Aug/2026:11:00:03 -0600] "GET /502.shtml HTTP/1.1" 404 17652 "https://kanharequipments.com" "Mozilla/5.0 (Windows NT 10.0; Win64; x64) AppleWebKit/537.36 (KHTML, like Gecko) Chrome/142.0.0.0 Safari/537.36" kanharequipments.com 10.44.34.235
176.173.214.154 - - [04/Aug/2026:11:00:03 -0600] "GET /502.shtml HTTP/1.1" 404 17652 "https://kanharequipments.com" "Mozilla/5.0 (Windows NT 10.0; Win64; x64) AppleWebKit/537.36 (KHTML, like Gecko) Chrome/142.0.0.0 Safari/537.36" kanharequipments.com 10.44.34.235
45.181.6.114 - - [04/Aug/2026:11:00:14 -0600] "GET /502.shtml HTTP/1.1" 404 17652 "https://kanharequipments.com" "Mozilla/5.0 (Macintosh; Intel Mac OS X 10_15_7) AppleWebKit/537.36 (KHTML, like Gecko) Chrome/144.0.0.0 Safari/537.36" kanharequipments.com 10.44.34.235
188.232.8.245 - - [04/Aug/2026:11:00:19 -0600] "GET /502.shtml HTTP/1.1" 404 17652 "https://kanharequipments.com" "Mozilla/5.0 (Windows NT 10.0; Win64; x64) AppleWebKit/537.36 (KHTML, like Gecko) Chrome/142.0.0.0 Safari/537.36" kanharequipments.com 10.44.34.235
103.110.250.218 - - [04/Aug/2026:10:57:29 -0600] "GET /shop-2/page/2/?add-to-cart=2301&add_to_wishlist=2313 HTTP/2.0" 502 - "https://kanharequipments.com" "Mozilla/5.0 (Macintosh; Intel Mac OS X 10_15_7) AppleWebKit/537.36 (KHTML, like Gecko) Chrome/144.0.0.0 Safari/537.36" kanharequipments.com 10.44.34.235
188.232.8.245 - - [04/Aug/2026:11:00:19 -0600] "GET /502.shtml HTTP/1.1" 404 17652 "https://kanharequipments.com" "Mozilla/5.0 (Windows NT 10.0; Win64; x64) AppleWebKit/537.36 (KHTML, like Gecko) Chrome/142.0.0.0 Safari/537.36" kanharequipments.com 10.44.34.235
103.110.250.218 - - [04/Aug/2026:11:00:29 -0600] "GET /502.shtml HTTP/1.1" 404 17652 "https://kanharequipments.com" "Mozilla/5.0 (Macintosh; Intel Mac OS X 10_15_7) AppleWebKit/537.36 (KHTML, like Gecko) Chrome/144.0.0.0 Safari/537.36" kanharequipments.com 10.44.34.235
45.181.6.114 - - [04/Aug/2026:11:00:14 -0600] "GET /502.shtml HTTP/1.1" 404 17652 "https://kanharequipments.com" "Mozilla/5.0 (Macintosh; Intel Mac OS X 10_15_7) AppleWebKit/537.36 (KHTML, like Gecko) Chrome/144.0.0.0 Safari/537.36" kanharequipments.com 10.44.34.235
103.171.251.235 - - [04/Aug/2026:11:00:40 -0600] "GET /502.shtml HTTP/1.1" 404 17652 "https://kanharequipments.com" "Mozilla/5.0 (Macintosh; Intel Mac OS X 10_15_7) AppleWebKit/537.36 (KHTML, like Gecko) Chrome/144.0.0.0 Safari/537.36" kanharequipments.com 10.44.34.235
103.171.251.235 - - [04/Aug/2026:10:57:40 -0600] "GET /shop-2/page/2/?add-to-cart=2301&add_to_wishlist=2313 HTTP/2.0" 404 8192 "https://kanharequipments.com" "Mozilla/5.0 (Macintosh; Intel Mac OS X 10_15_7) AppleWebKit/537.36 (KHTML, like Gecko) Chrome/144.0.0.0 Safari/537.36" kanharequipments.com 10.44.34.235
103.171.251.235 - - [04/Aug/2026:11:00:40 -0600] "GET /502.shtml HTTP/1.1" 404 17652 "https://kanharequipments.com" "Mozilla/5.0 (Macintosh; Intel Mac OS X 10_15_7) AppleWebKit/537.36 (KHTML, like Gecko) Chrome/144.0.0.0 Safari/537.36" kanharequipments.com 10.44.34.235
103.110.250.218 - - [04/Aug/2026:11:00:29 -0600] "GET /502.shtml HTTP/1.1" 404 17652 "https://kanharequipments.com" "Mozilla/5.0 (Macintosh; Intel Mac OS X 10_15_7) AppleWebKit/537.36 (KHTML, like Gecko) Chrome/144.0.0.0 Safari/537.36" kanharequipments.com 10.44.34.235
52.167.144.191 - - [04/Aug/2026:11:00:49 -0600] "GET /?n=6109580021160 HTTP/1.1" 301 - "-" "Mozilla/5.0 AppleWebKit/537.36 (KHTML, like Gecko; compatible; bingbot/2.0; +http://www.bing.com/bingbot.htm) Chrome/116.0.1938.76 Safari/537.36" www.kanharequipments.com 10.44.34.235
52.167.144.191 - - [04/Aug/2026:11:00:49 -0600] "GET /?n=6109580021160 HTTP/2.0" 301 - "-" "Mozilla/5.0 AppleWebKit/537.36 (KHTML, like Gecko; compatible; bingbot/2.0; +http://www.bing.com/bingbot.htm) Chrome/116.0.1938.76 Safari/537.36" www.kanharequipments.com 10.44.34.235
204.93.235.33 - - [04/Aug/2026:11:00:52 -0600] "GET /wp-json/bit-assist/v1/iframe?clientDomain=s-protocol-bit-assist-kanharequipments.com HTTP/2.0" 404 - "-" "Mozilla/5.0 (Macintosh; Intel Mac OS X 10_15_7) AppleWebKit/537.36 (KHTML, like Gecko) Chrome/142.0.0.0 Safari/537.36" kanharequipments.com 10.44.34.235
50.6.43.128 - - [04/Aug/2026:11:01:16 -0600] "POST /wp-cron.php?doing_wp_cron=1785862876.8517739772796630859375 HTTP/1.1" 200 - "-" "WordPress/7.0.2; https://kanharequipments.com" kanharequipments.com 10.44.34.235
52.167.144.191 - - [04/Aug/2026:11:01:49 -0600] "GET /contents/event/kansyasai/5722260040160 HTTP/1.1" 301 - "-" "Mozilla/5.0 AppleWebKit/537.36 (KHTML, like Gecko; compatible; bingbot/2.0; +http://www.bing.com/bingbot.htm) Chrome/116.0.1938.76 Safari/537.36" www.kanharequipments.com 10.44.34.235
52.167.144.191 - - [04/Aug/2026:11:01:49 -0600] "GET /contents/event/kansyasai/5722260040160 HTTP/2.0" 301 - "-" "Mozilla/5.0 AppleWebKit/537.36 (KHTML, like Gecko; compatible; bingbot/2.0; +http://www.bing.com/bingbot.htm) Chrome/116.0.1938.76 Safari/537.36" www.kanharequipments.com 10.44.34.235
50.6.43.128 - - [04/Aug/2026:11:02:17 -0600] "POST /wp-cron.php?doing_wp_cron=1785862937.0254399776458740234375 HTTP/1.1" 200 - "-" "WordPress/7.0.2; https://kanharequipments.com" kanharequipments.com 10.44.34.235
50.6.43.128 - - [04/Aug/2026:11:02:17 -0600] "POST /wp-cron.php?doing_wp_cron=1785862937.0294189453125000000000 HTTP/1.1" 200 - "-" "WordPress/7.0.2; https://kanharequipments.com" kanharequipments.com 10.44.34.235
170.23.4.178 - - [04/Aug/2026:11:02:50 -0600] "GET /wp-json/bit-assist/v1/iframe?clientDomain=s-protocol-bit-assist-kanharequipments.com HTTP/2.0" 404 117 "-" "Mozilla/5.0 (Macintosh; Intel Mac OS X 10_15_7) AppleWebKit/537.36 (KHTML, like Gecko) Chrome/142.0.0.0 Safari/537.36" kanharequipments.com 10.44.34.235
190.98.110.126 - - [04/Aug/2026:11:02:53 -0600] "GET /502.shtml HTTP/1.1" 404 17652 "https://kanharequipments.com" "Mozilla/5.0 (Windows NT 10.0; Win64; x64) AppleWebKit/537.36 (KHTML, like Gecko) Chrome/142.0.0.0 Safari/537.36" kanharequipments.com 10.44.34.235
176.173.214.154 - - [04/Aug/2026:11:03:03 -0600] "GET /502.shtml HTTP/1.1" 404 17652 "https://kanharequipments.com" "Mozilla/5.0 (Windows NT 10.0; Win64; x64) AppleWebKit/537.36 (KHTML, like Gecko) Chrome/142.0.0.0 Safari/537.36" kanharequipments.com 10.44.34.235
50.6.43.128 - - [04/Aug/2026:11:03:17 -0600] "POST /wp-cron.php?doing_wp_cron=1785862997.0407299995422363281250 HTTP/1.1" 200 - "-" "WordPress/7.0.2; https://kanharequipments.com" kanharequipments.com 10.44.34.235
188.232.8.245 - - [04/Aug/2026:11:03:19 -0600] "GET /502.shtml HTTP/1.1" 404 17652 "https://kanharequipments.com" "Mozilla/5.0 (Windows NT 10.0; Win64; x64) AppleWebKit/537.36 (KHTML, like Gecko) Chrome/142.0.0.0 Safari/537.36" kanharequipments.com 10.44.34.235
45.181.6.114 - - [04/Aug/2026:11:03:14 -0600] "GET /502.shtml HTTP/1.1" 404 17652 "https://kanharequipments.com" "Mozilla/5.0 (Macintosh; Intel Mac OS X 10_15_7) AppleWebKit/537.36 (KHTML, like Gecko) Chrome/144.0.0.0 Safari/537.36" kanharequipments.com 10.44.34.235
103.110.250.218 - - [04/Aug/2026:11:03:29 -0600] "GET /502.shtml HTTP/1.1" 404 17652 "https://kanharequipments.com" "Mozilla/5.0 (Macintosh; Intel Mac OS X 10_15_7) AppleWebKit/537.36 (KHTML, like Gecko) Chrome/144.0.0.0 Safari/537.36" kanharequipments.com 10.44.34.235
193.37.33.220 - - [04/Aug/2026:11:04:00 -0600] "POST /wp-login.php HTTP/1.1" 200 2286 "-" "Mozilla/5.0 (Windows NT 10.0; Win64; x64) AppleWebKit/537.36 Chrome/129.0.0.0 Safari/537.36" kanharequipments.com 10.44.34.235
193.19.109.48 - - [04/Aug/2026:11:04:01 -0600] "POST /wp-login.php HTTP/1.1" 200 2279 "-" "Mozilla/5.0 (Windows NT 10.0; Win64; rv:143.0) Gecko/20100101 Firefox/143.0" kanharequipments.com 10.44.34.235
27.4.199.247 - - [04/Aug/2026:11:04:06 -0600] "GET / HTTP/1.1" 200 29196 "-" "Mozilla/5.0 (X11; Linux x86_64; rv:125.0) Gecko/20100101 Firefox/125.0" kanharequipments.com 10.44.34.235
27.4.199.247 - - [04/Aug/2026:11:04:06 -0600] "GET / HTTP/1.1" 200 29196 "-" "Mozilla/5.0 (X11; Linux x86_64; rv:125.0) Gecko/20100101 Firefox/125.0" kanharequipments.com 10.44.34.235
50.6.43.128 - - [04/Aug/2026:11:04:17 -0600] "POST /wp-cron.php?doing_wp_cron=1785863057.9355800151824951171875 HTTP/1.1" 200 - "-" "WordPress/7.0.2; https://kanharequipments.com" kanharequipments.com 10.44.34.235
