216.73.217.120 - - [04/Aug/2026:10:01:54 -0600] "GET /shop-2/?product-cata=55 HTTP/2.0" 301 - "-" "Mozilla/5.0 AppleWebKit/537.36 (KHTML, like Gecko; compatible; ClaudeBot/1.0; +claudebot@anthropic.com)" kanharequipments.com 10.44.34.235
185.191.171.5 - - [04/Aug/2026:10:05:11 -0600] "GET /product-tag/chapati-plate-with-puffer/?per_page=15 HTTP/1.1" 406 226 "-" "Mozilla/5.0 (compatible; SemrushBot/7~bl; +http://www.semrush.com/bot.html)" kanharequipments.com 10.44.34.235
152.53.111.131 - - [04/Aug/2026:10:09:49 -0600] "GET /wp-login.php HTTP/2.0" 409 83 "-" "Mozilla/5.0 (Windows NT 10.0; Win64; x64) AppleWebKit/537.36 (KHTML, like Gecko) Chrome/150.0.0.0 Safari/537.36" kanharequipments.com 10.44.34.235
213.32.68.86 - - [04/Aug/2026:10:16:18 -0600] "GET /shop-2/?product-cata=55&add_to_wishlist=1989&per_page=15&add-to-cart=2226 HTTP/1.1" 502 - "-" "Mozilla/5.0 (Windows NT 10.0; Win64; x64) AppleWebKit/537.36 (KHTML, like Gecko) Chrome/148.0.0.0 Safari/537.36" kanharequipments.com 10.44.34.235
141.94.94.32 - - [04/Aug/2026:10:16:21 -0600] "GET /shop-2/page/2/?product-cata=55&add_to_wishlist=2313&per_page=15&add-to-cart=2003 HTTP/1.1" 502 - "-" "Mozilla/5.0 (Windows NT 10.0; Win64; x64) AppleWebKit/537.36 (KHTML, like Gecko) Chrome/148.0.0.0 Safari/537.36" kanharequipments.com 10.44.34.235
213.32.68.80 - - [04/Aug/2026:10:16:23 -0600] "GET /shop-2/page/2/?product-cata=55&add_to_wishlist=2246&per_page=15 HTTP/1.1" 502 - "-" "Mozilla/5.0 (Windows NT 10.0; Win64; x64) AppleWebKit/537.36 (KHTML, like Gecko) Chrome/148.0.0.0 Safari/537.36" kanharequipments.com 10.44.34.235
213.32.68.86 - - [04/Aug/2026:10:16:28 -0600] "GET /shop-2/?product-cata=55&add_to_wishlist=1989&per_page=15&add-to-cart=2226 HTTP/1.1" 502 - "-" "Mozilla/5.0 (Windows NT 10.0; Win64; x64) AppleWebKit/537.36 (KHTML, like Gecko) Chrome/148.0.0.0 Safari/537.36" kanharequipments.com 10.44.34.235
141.94.94.103 - - [04/Aug/2026:10:16:28 -0600] "GET /shop-2/?product-cata=55&add_to_wishlist=1989&per_page=15&add-to-cart=2226 HTTP/1.1" 502 - "-" "Mozilla/5.0 (Windows NT 10.0; Win64; x64) AppleWebKit/537.36 (KHTML, like Gecko) Chrome/148.0.0.0 Safari/537.36" kanharequipments.com 10.44.34.235
141.94.94.32 - - [04/Aug/2026:10:16:31 -0600] "GET /shop-2/page/2/?product-cata=55&add_to_wishlist=2313&per_page=15&add-to-cart=2003 HTTP/1.1" 502 - "-" "Mozilla/5.0 (Windows NT 10.0; Win64; x64) AppleWebKit/537.36 (KHTML, like Gecko) Chrome/148.0.0.0 Safari/537.36" kanharequipments.com 10.44.34.235
57.129.81.224 - - [04/Aug/2026:10:16:31 -0600] "GET /shop-2/page/2/?product-cata=55&add_to_wishlist=2313&per_page=15&add-to-cart=2003 HTTP/1.1" 502 - "-" "Mozilla/5.0 (Windows NT 10.0; Win64; x64) AppleWebKit/537.36 (KHTML, like Gecko) Chrome/148.0.0.0 Safari/537.36" kanharequipments.com 10.44.34.235
103.114.11.40 - - [04/Aug/2026:10:16:31 -0600] "GET /product/live-roll-counter-fast-food-counter/?add-to-cart=2246&add_to_wishlist=2244 HTTP/2.0" 502 - "https://kanharequipments.com" "Mozilla/5.0 (Windows NT 10.0; Win64; x64) AppleWebKit/537.36 (KHTML, like Gecko) Chrome/145.0.0.0 Safari/537.36" kanharequipments.com 10.44.34.235
213.32.68.80 - - [04/Aug/2026:10:16:33 -0600] "GET /shop-2/page/2/?product-cata=55&add_to_wishlist=2246&per_page=15 HTTP/1.1" 502 - "-" "Mozilla/5.0 (Windows NT 10.0; Win64; x64) AppleWebKit/537.36 (KHTML, like Gecko) Chrome/148.0.0.0 Safari/537.36" kanharequipments.com 10.44.34.235
196.240.143.30 - - [04/Aug/2026:10:16:33 -0600] "GET /1xslots-%D1%80%D0%B0%D0%B1%D0%BE%D1%87%D0%B5%D0%B5-%D0%B7%D0%B5%D1%80%D0%BA%D0%B0%D0%BB%D0%BE-%D0%BD%D0%B0-%D1%81%D0%B5%D0%B3%D0%BE%D0%B4%D0%BD%D1%8F/ HTTP/1.1" 502 - "https://kanharequipments.com/" "Mozilla/5.0 (Macintosh; Intel Mac OS X 10_15_7) AppleWebKit/605.1.15 (KHTML, like Gecko) Version/17.5 Safari/605.1.15" kanharequipments.com 10.44.34.235
57.129.81.227 - - [04/Aug/2026:10:16:34 -0600] "GET /shop-2/page/2/?product-cata=55&add_to_wishlist=2246&per_page=15 HTTP/1.1" 502 - "-" "Mozilla/5.0 (Windows NT 10.0; Win64; x64) AppleWebKit/537.36 (KHTML, like Gecko) Chrome/148.0.0.0 Safari/537.36" kanharequipments.com 10.44.34.235
141.94.94.103 - - [04/Aug/2026:10:16:38 -0600] "GET /shop-2/?product-cata=55&add_to_wishlist=1989&per_page=15&add-to-cart=2226 HTTP/1.1" 502 - "-" "Mozilla/5.0 (Windows NT 10.0; Win64; x64) AppleWebKit/537.36 (KHTML, like Gecko) Chrome/148.0.0.0 Safari/537.36" kanharequipments.com 10.44.34.235
57.129.81.224 - - [04/Aug/2026:10:16:41 -0600] "GET /shop-2/page/2/?product-cata=55&add_to_wishlist=2313&per_page=15&add-to-cart=2003 HTTP/1.1" 502 - "-" "Mozilla/5.0 (Windows NT 10.0; Win64; x64) AppleWebKit/537.36 (KHTML, like Gecko) Chrome/148.0.0.0 Safari/537.36" kanharequipments.com 10.44.34.235
57.129.81.227 - - [04/Aug/2026:10:16:44 -0600] "GET /shop-2/page/2/?product-cata=55&add_to_wishlist=2246&per_page=15 HTTP/1.1" 502 - "-" "Mozilla/5.0 (Windows NT 10.0; Win64; x64) AppleWebKit/537.36 (KHTML, like Gecko) Chrome/148.0.0.0 Safari/537.36" kanharequipments.com 10.44.34.235
185.24.61.119 - - [04/Aug/2026:10:16:46 -0600] "GET /product/live-roll-counter-fast-food-counter/?add-to-cart=2246&add_to_wishlist=2244 HTTP/2.0" 502 - "https://kanharequipments.com" "Mozilla/5.0 (Windows NT 10.0; Win64; x64) AppleWebKit/537.36 (KHTML, like Gecko) Chrome/145.0.0.0 Safari/537.36" kanharequipments.com 10.44.34.235
170.82.104.47 - - [04/Aug/2026:10:17:00 -0600] "GET /product/live-roll-counter-fast-food-counter/?add-to-cart=2246&add_to_wishlist=2244 HTTP/2.0" 502 - "https://kanharequipments.com" "Mozilla/5.0 (Windows NT 10.0; Win64; x64) AppleWebKit/537.36 (KHTML, like Gecko) Chrome/145.0.0.0 Safari/537.36" kanharequipments.com 10.44.34.235
151.80.133.130 - - [04/Aug/2026:10:15:42 -0600] "GET /502.shtml HTTP/1.1" 404 17652 "-" "Mozilla/5.0 (Windows NT 10.0; Win64; x64) AppleWebKit/537.36 (KHTML, like Gecko) Chrome/148.0.0.0 Safari/537.36" kanharequipments.com 10.44.34.235
151.80.133.130 - - [04/Aug/2026:10:15:42 -0600] "GET /502.shtml HTTP/1.1" 404 17652 "-" "Mozilla/5.0 (Windows NT 10.0; Win64; x64) AppleWebKit/537.36 (KHTML, like Gecko) Chrome/148.0.0.0 Safari/537.36" kanharequipments.com 10.44.34.235
213.32.68.76 - - [04/Aug/2026:10:15:42 -0600] "GET /502.shtml HTTP/1.1" 404 17652 "-" "Mozilla/5.0 (Windows NT 10.0; Win64; x64) AppleWebKit/537.36 (KHTML, like Gecko) Chrome/148.0.0.0 Safari/537.36" kanharequipments.com 10.44.34.235
213.32.68.76 - - [04/Aug/2026:10:15:42 -0600] "GET /502.shtml HTTP/1.1" 404 17652 "-" "Mozilla/5.0 (Windows NT 10.0; Win64; x64) AppleWebKit/537.36 (KHTML, like Gecko) Chrome/148.0.0.0 Safari/537.36" kanharequipments.com 10.44.34.235
51.77.211.229 - - [04/Aug/2026:10:15:42 -0600] "GET /502.shtml HTTP/1.1" 404 17652 "-" "Mozilla/5.0 (Windows NT 10.0; Win64; x64) AppleWebKit/537.36 (KHTML, like Gecko) Chrome/148.0.0.0 Safari/537.36" kanharequipments.com 10.44.34.235
51.77.211.229 - - [04/Aug/2026:10:15:42 -0600] "GET /502.shtml HTTP/1.1" 404 17652 "-" "Mozilla/5.0 (Windows NT 10.0; Win64; x64) AppleWebKit/537.36 (KHTML, like Gecko) Chrome/148.0.0.0 Safari/537.36" kanharequipments.com 10.44.34.235
66.249.64.224 - - [04/Aug/2026:10:17:25 -0600] "GET /product/category/29069701021160 HTTP/1.1" 502 - "-" "Mozilla/5.0 (Linux; Android 6.0.1; Nexus 5X Build/MMB29P) AppleWebKit/537.36 (KHTML, like Gecko) Chrome/150.0.7871.186 Mobile Safari/537.36 (compatible; Googlebot/2.1; +http://www.google.com/bot.html)" kanharequipments.com 10.44.34.235
51.77.210.64 - - [04/Aug/2026:10:15:52 -0600] "GET /502.shtml HTTP/1.1" 404 17652 "-" "Mozilla/5.0 (Windows NT 10.0; Win64; x64) AppleWebKit/537.36 (KHTML, like Gecko) Chrome/148.0.0.0 Safari/537.36" kanharequipments.com 10.44.34.235
51.77.210.64 - - [04/Aug/2026:10:15:52 -0600] "GET /502.shtml HTTP/1.1" 404 17652 "-" "Mozilla/5.0 (Windows NT 10.0; Win64; x64) AppleWebKit/537.36 (KHTML, like Gecko) Chrome/148.0.0.0 Safari/537.36" kanharequipments.com 10.44.34.235
213.32.68.76 - - [04/Aug/2026:10:15:52 -0600] "GET /502.shtml HTTP/1.1" 404 17652 "-" "Mozilla/5.0 (Windows NT 10.0; Win64; x64) AppleWebKit/537.36 (KHTML, like Gecko) Chrome/148.0.0.0 Safari/537.36" kanharequipments.com 10.44.34.235
51.77.211.229 - - [04/Aug/2026:10:15:52 -0600] "GET /502.shtml HTTP/1.1" 404 17652 "-" "Mozilla/5.0 (Windows NT 10.0; Win64; x64) AppleWebKit/537.36 (KHTML, like Gecko) Chrome/148.0.0.0 Safari/537.36" kanharequipments.com 10.44.34.235
51.77.211.229 - - [04/Aug/2026:10:15:52 -0600] "GET /502.shtml HTTP/1.1" 404 17652 "-" "Mozilla/5.0 (Windows NT 10.0; Win64; x64) AppleWebKit/537.36 (KHTML, like Gecko) Chrome/148.0.0.0 Safari/537.36" kanharequipments.com 10.44.34.235
213.32.68.76 - - [04/Aug/2026:10:15:52 -0600] "GET /502.shtml HTTP/1.1" 404 17652 "-" "Mozilla/5.0 (Windows NT 10.0; Win64; x64) AppleWebKit/537.36 (KHTML, like Gecko) Chrome/148.0.0.0 Safari/537.36" kanharequipments.com 10.44.34.235
57.129.81.225 - - [04/Aug/2026:10:15:53 -0600] "GET /502.shtml HTTP/1.1" 404 17652 "-" "Mozilla/5.0 (Windows NT 10.0; Win64; x64) AppleWebKit/537.36 (KHTML, like Gecko) Chrome/148.0.0.0 Safari/537.36" kanharequipments.com 10.44.34.235
151.80.133.55 - - [04/Aug/2026:10:15:53 -0600] "GET /502.shtml HTTP/1.1" 404 17652 "-" "Mozilla/5.0 (Windows NT 10.0; Win64; x64) AppleWebKit/537.36 (KHTML, like Gecko) Chrome/148.0.0.0 Safari/537.36" kanharequipments.com 10.44.34.235
57.129.81.225 - - [04/Aug/2026:10:15:53 -0600] "GET /502.shtml HTTP/1.1" 404 17652 "-" "Mozilla/5.0 (Windows NT 10.0; Win64; x64) AppleWebKit/537.36 (KHTML, like Gecko) Chrome/148.0.0.0 Safari/537.36" kanharequipments.com 10.44.34.235
151.80.133.55 - - [04/Aug/2026:10:15:53 -0600] "GET /502.shtml HTTP/1.1" 404 17652 "-" "Mozilla/5.0 (Windows NT 10.0; Win64; x64) AppleWebKit/537.36 (KHTML, like Gecko) Chrome/148.0.0.0 Safari/537.36" kanharequipments.com 10.44.34.235
51.77.210.64 - - [04/Aug/2026:10:16:02 -0600] "GET /502.shtml HTTP/1.1" 404 17652 "-" "Mozilla/5.0 (Windows NT 10.0; Win64; x64) AppleWebKit/537.36 (KHTML, like Gecko) Chrome/148.0.0.0 Safari/537.36" kanharequipments.com 10.44.34.235
57.129.81.225 - - [04/Aug/2026:10:16:02 -0600] "GET /502.shtml HTTP/1.1" 404 17652 "-" "Mozilla/5.0 (Windows NT 10.0; Win64; x64) AppleWebKit/537.36 (KHTML, like Gecko) Chrome/148.0.0.0 Safari/537.36" kanharequipments.com 10.44.34.235
57.129.81.225 - - [04/Aug/2026:10:16:02 -0600] "GET /502.shtml HTTP/1.1" 404 17652 "-" "Mozilla/5.0 (Windows NT 10.0; Win64; x64) AppleWebKit/537.36 (KHTML, like Gecko) Chrome/148.0.0.0 Safari/537.36" kanharequipments.com 10.44.34.235
51.77.210.64 - - [04/Aug/2026:10:16:02 -0600] "GET /502.shtml HTTP/1.1" 404 17652 "-" "Mozilla/5.0 (Windows NT 10.0; Win64; x64) AppleWebKit/537.36 (KHTML, like Gecko) Chrome/148.0.0.0 Safari/537.36" kanharequipments.com 10.44.34.235
151.80.133.55 - - [04/Aug/2026:10:16:03 -0600] "GET /502.shtml HTTP/1.1" 404 17652 "-" "Mozilla/5.0 (Windows NT 10.0; Win64; x64) AppleWebKit/537.36 (KHTML, like Gecko) Chrome/148.0.0.0 Safari/537.36" kanharequipments.com 10.44.34.235
151.80.133.55 - - [04/Aug/2026:10:16:03 -0600] "GET /502.shtml HTTP/1.1" 404 17652 "-" "Mozilla/5.0 (Windows NT 10.0; Win64; x64) AppleWebKit/537.36 (KHTML, like Gecko) Chrome/148.0.0.0 Safari/537.36" kanharequipments.com 10.44.34.235
44.250.38.65 - - [04/Aug/2026:10:16:08 -0600] "GET /502.shtml HTTP/1.1" 301 - "-" "Mozilla/5.0 (Windows NT 10.0; Win64; x64) AppleWebKit/537.36 (KHTML, like Gecko) Chrome/113.0.0.0 Safari/537.36" www.kanharequipments.com 10.44.34.235
213.32.68.86 - - [04/Aug/2026:10:16:18 -0600] "GET /shop-2/?product-cata=55&add_to_wishlist=1989&per_page=15&add-to-cart=2226 HTTP/1.1" 301 - "-" "Mozilla/5.0 (Windows NT 10.0; Win64; x64) AppleWebKit/537.36 (KHTML, like Gecko) Chrome/148.0.0.0 Safari/537.36" kanharequipments.com 10.44.34.235
141.94.94.32 - - [04/Aug/2026:10:16:21 -0600] "GET /shop-2/page/2/?product-cata=55&add_to_wishlist=2313&per_page=15&add-to-cart=2003 HTTP/1.1" 301 - "-" "Mozilla/5.0 (Windows NT 10.0; Win64; x64) AppleWebKit/537.36 (KHTML, like Gecko) Chrome/148.0.0.0 Safari/537.36" kanharequipments.com 10.44.34.235
213.32.68.80 - - [04/Aug/2026:10:16:23 -0600] "GET /shop-2/page/2/?product-cata=55&add_to_wishlist=2246&per_page=15 HTTP/1.1" 301 - "-" "Mozilla/5.0 (Windows NT 10.0; Win64; x64) AppleWebKit/537.36 (KHTML, like Gecko) Chrome/148.0.0.0 Safari/537.36" kanharequipments.com 10.44.34.235
50.6.43.128 - - [04/Aug/2026:10:16:27 -0600] "POST /wp-cron.php?doing_wp_cron=1785860187.4141559600830078125000 HTTP/1.1" 200 - "-" "WordPress/7.0.2; https://kanharequipments.com" kanharequipments.com 10.44.34.235
213.32.68.86 - - [04/Aug/2026:10:16:28 -0600] "GET /shop-2/?product-cata=55&add_to_wishlist=1989&per_page=15&add-to-cart=2226 HTTP/1.1" 301 - "-" "Mozilla/5.0 (Windows NT 10.0; Win64; x64) AppleWebKit/537.36 (KHTML, like Gecko) Chrome/148.0.0.0 Safari/537.36" kanharequipments.com 10.44.34.235
141.94.94.103 - - [04/Aug/2026:10:16:28 -0600] "GET /shop-2/?product-cata=55&add_to_wishlist=1989&per_page=15&add-to-cart=2226 HTTP/1.1" 301 - "-" "Mozilla/5.0 (Windows NT 10.0; Win64; x64) AppleWebKit/537.36 (KHTML, like Gecko) Chrome/148.0.0.0 Safari/537.36" kanharequipments.com 10.44.34.235
196.240.143.244 - - [04/Aug/2026:10:16:29 -0600] "GET /502.shtml HTTP/1.1" 404 17652 "https://kanharequipments.com/" "Mozilla/5.0 (Macintosh; Intel Mac OS X 10_15_7) AppleWebKit/605.1.15 (KHTML, like Gecko) Version/17.5 Safari/605.1.15" kanharequipments.com 10.44.34.235
196.240.143.244 - - [04/Aug/2026:10:16:29 -0600] "GET /502.shtml HTTP/1.1" 404 17652 "https://kanharequipments.com/" "Mozilla/5.0 (Macintosh; Intel Mac OS X 10_15_7) AppleWebKit/605.1.15 (KHTML, like Gecko) Version/17.5 Safari/605.1.15" kanharequipments.com 10.44.34.235
103.114.11.40 - - [04/Aug/2026:10:16:31 -0600] "GET /product/live-roll-counter-fast-food-counter/?add-to-cart=2246&add_to_wishlist=2244 HTTP/1.1" 301 - "https://kanharequipments.com" "Mozilla/5.0 (Windows NT 10.0; Win64; x64) AppleWebKit/537.36 (KHTML, like Gecko) Chrome/145.0.0.0 Safari/537.36" kanharequipments.com 10.44.34.235
141.94.94.32 - - [04/Aug/2026:10:16:31 -0600] "GET /shop-2/page/2/?product-cata=55&add_to_wishlist=2313&per_page=15&add-to-cart=2003 HTTP/1.1" 301 - "-" "Mozilla/5.0 (Windows NT 10.0; Win64; x64) AppleWebKit/537.36 (KHTML, like Gecko) Chrome/148.0.0.0 Safari/537.36" kanharequipments.com 10.44.34.235
57.129.81.224 - - [04/Aug/2026:10:16:31 -0600] "GET /shop-2/page/2/?product-cata=55&add_to_wishlist=2313&per_page=15&add-to-cart=2003 HTTP/1.1" 301 - "-" "Mozilla/5.0 (Windows NT 10.0; Win64; x64) AppleWebKit/537.36 (KHTML, like Gecko) Chrome/148.0.0.0 Safari/537.36" kanharequipments.com 10.44.34.235
213.32.68.80 - - [04/Aug/2026:10:16:33 -0600] "GET /shop-2/page/2/?product-cata=55&add_to_wishlist=2246&per_page=15 HTTP/1.1" 301 - "-" "Mozilla/5.0 (Windows NT 10.0; Win64; x64) AppleWebKit/537.36 (KHTML, like Gecko) Chrome/148.0.0.0 Safari/537.36" kanharequipments.com 10.44.34.235
196.240.143.30 - - [04/Aug/2026:10:16:33 -0600] "GET /1xslots-%D1%80%D0%B0%D0%B1%D0%BE%D1%87%D0%B5%D0%B5-%D0%B7%D0%B5%D1%80%D0%BA%D0%B0%D0%BB%D0%BE-%D0%BD%D0%B0-%D1%81%D0%B5%D0%B3%D0%BE%D0%B4%D0%BD%D1%8F/ HTTP/1.1" 404 17652 "https://kanharequipments.com/" "Mozilla/5.0 (Macintosh; Intel Mac OS X 10_15_7) AppleWebKit/605.1.15 (KHTML, like Gecko) Version/17.5 Safari/605.1.15" kanharequipments.com 10.44.34.235
57.129.81.227 - - [04/Aug/2026:10:16:34 -0600] "GET /shop-2/page/2/?product-cata=55&add_to_wishlist=2246&per_page=15 HTTP/1.1" 301 - "-" "Mozilla/5.0 (Windows NT 10.0; Win64; x64) AppleWebKit/537.36 (KHTML, like Gecko) Chrome/148.0.0.0 Safari/537.36" kanharequipments.com 10.44.34.235
35.164.233.245 - - [04/Aug/2026:10:16:34 -0600] "GET /502.shtml HTTP/1.1" 301 - "-" "Mozilla/5.0 (X11; Linux x86_64) AppleWebKit/537.36 (KHTML, like Gecko) Ubuntu Chromium/113.0.5669.208 Chrome/113.0.5669.208 Safari/537.36" www.kanharequipments.com 10.44.34.235
141.94.94.103 - - [04/Aug/2026:10:16:38 -0600] "GET /shop-2/?product-cata=55&add_to_wishlist=1989&per_page=15&add-to-cart=2226 HTTP/1.1" 301 - "-" "Mozilla/5.0 (Windows NT 10.0; Win64; x64) AppleWebKit/537.36 (KHTML, like Gecko) Chrome/148.0.0.0 Safari/537.36" kanharequipments.com 10.44.34.235
57.129.81.224 - - [04/Aug/2026:10:16:41 -0600] "GET /shop-2/page/2/?product-cata=55&add_to_wishlist=2313&per_page=15&add-to-cart=2003 HTTP/1.1" 301 - "-" "Mozilla/5.0 (Windows NT 10.0; Win64; x64) AppleWebKit/537.36 (KHTML, like Gecko) Chrome/148.0.0.0 Safari/537.36" kanharequipments.com 10.44.34.235
57.129.81.227 - - [04/Aug/2026:10:16:44 -0600] "GET /shop-2/page/2/?product-cata=55&add_to_wishlist=2246&per_page=15 HTTP/1.1" 301 - "-" "Mozilla/5.0 (Windows NT 10.0; Win64; x64) AppleWebKit/537.36 (KHTML, like Gecko) Chrome/148.0.0.0 Safari/537.36" kanharequipments.com 10.44.34.235
185.24.61.119 - - [04/Aug/2026:10:16:46 -0600] "GET /product/live-roll-counter-fast-food-counter/?add-to-cart=2246&add_to_wishlist=2244 HTTP/1.1" 301 - "https://kanharequipments.com" "Mozilla/5.0 (Windows NT 10.0; Win64; x64) AppleWebKit/537.36 (KHTML, like Gecko) Chrome/145.0.0.0 Safari/537.36" kanharequipments.com 10.44.34.235
170.82.104.47 - - [04/Aug/2026:10:17:00 -0600] "GET /product/live-roll-counter-fast-food-counter/?add-to-cart=2246&add_to_wishlist=2244 HTTP/1.1" 301 - "https://kanharequipments.com" "Mozilla/5.0 (Windows NT 10.0; Win64; x64) AppleWebKit/537.36 (KHTML, like Gecko) Chrome/145.0.0.0 Safari/537.36" kanharequipments.com 10.44.34.235
115.146.125.52 - - [04/Aug/2026:10:24:39 -0600] "GET /wp-login.php HTTP/2.0" 409 83 "-" "Mozilla/5.0 (Windows NT 10.0; Win64; x64) AppleWebKit/537.36 (KHTML, like Gecko) Chrome/150.0.0.0 Safari/537.36" kanharequipments.com 10.44.34.235
66.249.64.224 - - [04/Aug/2026:10:17:25 -0600] "GET /product/category/29069701021160 HTTP/1.1" 301 - "-" "Mozilla/5.0 (Linux; Android 6.0.1; Nexus 5X Build/MMB29P) AppleWebKit/537.36 (KHTML, like Gecko) Chrome/150.0.7871.186 Mobile Safari/537.36 (compatible; Googlebot/2.1; +http://www.google.com/bot.html)" kanharequipments.com 10.44.34.235
196.240.143.30 - - [04/Aug/2026:10:18:02 -0600] "GET /502.shtml HTTP/1.1" 404 17652 "https://kanharequipments.com/" "Mozilla/5.0 (Macintosh; Intel Mac OS X 10_15_7) AppleWebKit/605.1.15 (KHTML, like Gecko) Version/17.5 Safari/605.1.15" kanharequipments.com 10.44.34.235
196.240.143.30 - - [04/Aug/2026:10:18:02 -0600] "GET /502.shtml HTTP/1.1" 404 17652 "https://kanharequipments.com/" "Mozilla/5.0 (Macintosh; Intel Mac OS X 10_15_7) AppleWebKit/605.1.15 (KHTML, like Gecko) Version/17.5 Safari/605.1.15" kanharequipments.com 10.44.34.235
49.37.102.137 - - [04/Aug/2026:10:19:02 -0600] "GET /shop-2/?add-to-cart=2302&add_to_wishlist=1937&per_page=15&product-cata=47 HTTP/2.0" 502 - "https://kanharequipments.com" "Mozilla/5.0 (Macintosh; Intel Mac OS X 10_15_7) AppleWebKit/537.36 (KHTML, like Gecko) Chrome/144.0.0.0 Safari/537.36" kanharequipments.com 10.44.34.235
50.6.43.128 - - [04/Aug/2026:10:18:11 -0600] "POST /wp-cron.php?doing_wp_cron=1785860291.9313499927520751953125 HTTP/1.1" 200 - "-" "WordPress/7.0.2; https://kanharequipments.com" kanharequipments.com 10.44.34.235
49.43.0.166 - - [04/Aug/2026:10:19:14 -0600] "GET /shop-2/?add-to-cart=2302&add_to_wishlist=1937&per_page=15&product-cata=47 HTTP/2.0" 502 - "https://kanharequipments.com" "Mozilla/5.0 (Macintosh; Intel Mac OS X 10_15_7) AppleWebKit/537.36 (KHTML, like Gecko) Chrome/144.0.0.0 Safari/537.36" kanharequipments.com 10.44.34.235
193.19.109.49 - - [04/Aug/2026:10:18:23 -0600] "POST /wp-login.php HTTP/1.1" 200 2286 "-" "Mozilla/5.0 (Windows NT 10.0; Win64; x64) AppleWebKit/537.36 Chrome/129.0.0.0 Safari/537.36" kanharequipments.com 10.44.34.235
151.80.133.130 - - [04/Aug/2026:10:18:42 -0600] "GET /502.shtml HTTP/1.1" 404 17652 "-" "Mozilla/5.0 (Windows NT 10.0; Win64; x64) AppleWebKit/537.36 (KHTML, like Gecko) Chrome/148.0.0.0 Safari/537.36" kanharequipments.com 10.44.34.235
213.32.68.76 - - [04/Aug/2026:10:18:42 -0600] "GET /502.shtml HTTP/1.1" 404 17652 "-" "Mozilla/5.0 (Windows NT 10.0; Win64; x64) AppleWebKit/537.36 (KHTML, like Gecko) Chrome/148.0.0.0 Safari/537.36" kanharequipments.com 10.44.34.235
51.77.211.229 - - [04/Aug/2026:10:18:42 -0600] "GET /502.shtml HTTP/1.1" 404 17652 "-" "Mozilla/5.0 (Windows NT 10.0; Win64; x64) AppleWebKit/537.36 (KHTML, like Gecko) Chrome/148.0.0.0 Safari/537.36" kanharequipments.com 10.44.34.235
190.205.183.70 - - [04/Aug/2026:10:19:28 -0600] "GET /shop-2/?add-to-cart=2302&add_to_wishlist=1937&per_page=15&product-cata=47 HTTP/2.0" 502 - "https://kanharequipments.com" "Mozilla/5.0 (Macintosh; Intel Mac OS X 10_15_7) AppleWebKit/537.36 (KHTML, like Gecko) Chrome/144.0.0.0 Safari/537.36" kanharequipments.com 10.44.34.235
173.239.254.198 - - [04/Aug/2026:10:18:47 -0600] "POST /wp-login.php HTTP/1.1" 200 2279 "-" "Mozilla/5.0 (Windows NT 10.0; Win64; rv:143.0) Gecko/20100101 Firefox/143.0" kanharequipments.com 10.44.34.235
51.77.210.64 - - [04/Aug/2026:10:18:52 -0600] "GET /502.shtml HTTP/1.1" 404 17652 "-" "Mozilla/5.0 (Windows NT 10.0; Win64; x64) AppleWebKit/537.36 (KHTML, like Gecko) Chrome/148.0.0.0 Safari/537.36" kanharequipments.com 10.44.34.235
213.32.68.76 - - [04/Aug/2026:10:18:52 -0600] "GET /502.shtml HTTP/1.1" 404 17652 "-" "Mozilla/5.0 (Windows NT 10.0; Win64; x64) AppleWebKit/537.36 (KHTML, like Gecko) Chrome/148.0.0.0 Safari/537.36" kanharequipments.com 10.44.34.235
51.77.211.229 - - [04/Aug/2026:10:18:52 -0600] "GET /502.shtml HTTP/1.1" 404 17652 "-" "Mozilla/5.0 (Windows NT 10.0; Win64; x64) AppleWebKit/537.36 (KHTML, like Gecko) Chrome/148.0.0.0 Safari/537.36" kanharequipments.com 10.44.34.235
57.129.81.225 - - [04/Aug/2026:10:18:53 -0600] "GET /502.shtml HTTP/1.1" 404 17652 "-" "Mozilla/5.0 (Windows NT 10.0; Win64; x64) AppleWebKit/537.36 (KHTML, like Gecko) Chrome/148.0.0.0 Safari/537.36" kanharequipments.com 10.44.34.235
151.80.133.55 - - [04/Aug/2026:10:18:53 -0600] "GET /502.shtml HTTP/1.1" 404 17652 "-" "Mozilla/5.0 (Windows NT 10.0; Win64; x64) AppleWebKit/537.36 (KHTML, like Gecko) Chrome/148.0.0.0 Safari/537.36" kanharequipments.com 10.44.34.235
49.37.102.137 - - [04/Aug/2026:10:19:02 -0600] "GET /shop-2/?add-to-cart=2302&add_to_wishlist=1937&per_page=15&product-cata=47 HTTP/1.1" 301 - "https://kanharequipments.com" "Mozilla/5.0 (Macintosh; Intel Mac OS X 10_15_7) AppleWebKit/537.36 (KHTML, like Gecko) Chrome/144.0.0.0 Safari/537.36" kanharequipments.com 10.44.34.235
57.129.81.225 - - [04/Aug/2026:10:19:02 -0600] "GET /502.shtml HTTP/1.1" 404 17652 "-" "Mozilla/5.0 (Windows NT 10.0; Win64; x64) AppleWebKit/537.36 (KHTML, like Gecko) Chrome/148.0.0.0 Safari/537.36" kanharequipments.com 10.44.34.235
51.77.210.64 - - [04/Aug/2026:10:19:02 -0600] "GET /502.shtml HTTP/1.1" 404 17652 "-" "Mozilla/5.0 (Windows NT 10.0; Win64; x64) AppleWebKit/537.36 (KHTML, like Gecko) Chrome/148.0.0.0 Safari/537.36" kanharequipments.com 10.44.34.235
151.80.133.55 - - [04/Aug/2026:10:19:03 -0600] "GET /502.shtml HTTP/1.1" 404 17652 "-" "Mozilla/5.0 (Windows NT 10.0; Win64; x64) AppleWebKit/537.36 (KHTML, like Gecko) Chrome/148.0.0.0 Safari/537.36" kanharequipments.com 10.44.34.235
50.6.43.128 - - [04/Aug/2026:10:19:12 -0600] "POST /wp-cron.php?doing_wp_cron=1785860352.6358010768890380859375 HTTP/1.1" 200 - "-" "WordPress/7.0.2; https://kanharequipments.com" kanharequipments.com 10.44.34.235
213.32.68.86 - - [04/Aug/2026:10:19:18 -0600] "GET /502.shtml HTTP/1.1" 404 17652 "-" "Mozilla/5.0 (Windows NT 10.0; Win64; x64) AppleWebKit/537.36 (KHTML, like Gecko) Chrome/148.0.0.0 Safari/537.36" kanharequipments.com 10.44.34.235
213.32.68.86 - - [04/Aug/2026:10:19:18 -0600] "GET /502.shtml HTTP/1.1" 404 17652 "-" "Mozilla/5.0 (Windows NT 10.0; Win64; x64) AppleWebKit/537.36 (KHTML, like Gecko) Chrome/148.0.0.0 Safari/537.36" kanharequipments.com 10.44.34.235
49.43.0.166 - - [04/Aug/2026:10:19:14 -0600] "GET /shop-2/?add-to-cart=2302&add_to_wishlist=1937&per_page=15&product-cata=47 HTTP/1.1" 301 - "https://kanharequipments.com" "Mozilla/5.0 (Macintosh; Intel Mac OS X 10_15_7) AppleWebKit/537.36 (KHTML, like Gecko) Chrome/144.0.0.0 Safari/537.36" kanharequipments.com 10.44.34.235
141.94.94.32 - - [04/Aug/2026:10:19:21 -0600] "GET /502.shtml HTTP/1.1" 404 17652 "-" "Mozilla/5.0 (Windows NT 10.0; Win64; x64) AppleWebKit/537.36 (KHTML, like Gecko) Chrome/148.0.0.0 Safari/537.36" kanharequipments.com 10.44.34.235
141.94.94.32 - - [04/Aug/2026:10:19:21 -0600] "GET /502.shtml HTTP/1.1" 404 17652 "-" "Mozilla/5.0 (Windows NT 10.0; Win64; x64) AppleWebKit/537.36 (KHTML, like Gecko) Chrome/148.0.0.0 Safari/537.36" kanharequipments.com 10.44.34.235
213.32.68.80 - - [04/Aug/2026:10:19:23 -0600] "GET /502.shtml HTTP/1.1" 404 17652 "-" "Mozilla/5.0 (Windows NT 10.0; Win64; x64) AppleWebKit/537.36 (KHTML, like Gecko) Chrome/148.0.0.0 Safari/537.36" kanharequipments.com 10.44.34.235
213.32.68.80 - - [04/Aug/2026:10:19:23 -0600] "GET /502.shtml HTTP/1.1" 404 17652 "-" "Mozilla/5.0 (Windows NT 10.0; Win64; x64) AppleWebKit/537.36 (KHTML, like Gecko) Chrome/148.0.0.0 Safari/537.36" kanharequipments.com 10.44.34.235
190.205.183.70 - - [04/Aug/2026:10:19:28 -0600] "GET /shop-2/?add-to-cart=2302&add_to_wishlist=1937&per_page=15&product-cata=47 HTTP/1.1" 301 - "https://kanharequipments.com" "Mozilla/5.0 (Macintosh; Intel Mac OS X 10_15_7) AppleWebKit/537.36 (KHTML, like Gecko) Chrome/144.0.0.0 Safari/537.36" kanharequipments.com 10.44.34.235
213.32.68.86 - - [04/Aug/2026:10:19:28 -0600] "GET /502.shtml HTTP/1.1" 404 17652 "-" "Mozilla/5.0 (Windows NT 10.0; Win64; x64) AppleWebKit/537.36 (KHTML, like Gecko) Chrome/148.0.0.0 Safari/537.36" kanharequipments.com 10.44.34.235
213.32.68.86 - - [04/Aug/2026:10:19:28 -0600] "GET /502.shtml HTTP/1.1" 404 17652 "-" "Mozilla/5.0 (Windows NT 10.0; Win64; x64) AppleWebKit/537.36 (KHTML, like Gecko) Chrome/148.0.0.0 Safari/537.36" kanharequipments.com 10.44.34.235
141.94.94.103 - - [04/Aug/2026:10:19:29 -0600] "GET /502.shtml HTTP/1.1" 404 17652 "-" "Mozilla/5.0 (Windows NT 10.0; Win64; x64) AppleWebKit/537.36 (KHTML, like Gecko) Chrome/148.0.0.0 Safari/537.36" kanharequipments.com 10.44.34.235
141.94.94.103 - - [04/Aug/2026:10:19:29 -0600] "GET /502.shtml HTTP/1.1" 404 17652 "-" "Mozilla/5.0 (Windows NT 10.0; Win64; x64) AppleWebKit/537.36 (KHTML, like Gecko) Chrome/148.0.0.0 Safari/537.36" kanharequipments.com 10.44.34.235
196.240.143.244 - - [04/Aug/2026:10:19:29 -0600] "GET /502.shtml HTTP/1.1" 404 17652 "https://kanharequipments.com/" "Mozilla/5.0 (Macintosh; Intel Mac OS X 10_15_7) AppleWebKit/605.1.15 (KHTML, like Gecko) Version/17.5 Safari/605.1.15" kanharequipments.com 10.44.34.235
141.94.94.32 - - [04/Aug/2026:10:19:31 -0600] "GET /502.shtml HTTP/1.1" 404 17652 "-" "Mozilla/5.0 (Windows NT 10.0; Win64; x64) AppleWebKit/537.36 (KHTML, like Gecko) Chrome/148.0.0.0 Safari/537.36" kanharequipments.com 10.44.34.235
141.94.94.32 - - [04/Aug/2026:10:19:31 -0600] "GET /502.shtml HTTP/1.1" 404 17652 "-" "Mozilla/5.0 (Windows NT 10.0; Win64; x64) AppleWebKit/537.36 (KHTML, like Gecko) Chrome/148.0.0.0 Safari/537.36" kanharequipments.com 10.44.34.235
103.114.11.40 - - [04/Aug/2026:10:19:32 -0600] "GET /502.shtml HTTP/1.1" 404 17652 "https://kanharequipments.com" "Mozilla/5.0 (Windows NT 10.0; Win64; x64) AppleWebKit/537.36 (KHTML, like Gecko) Chrome/145.0.0.0 Safari/537.36" kanharequipments.com 10.44.34.235
57.129.81.224 - - [04/Aug/2026:10:19:32 -0600] "GET /502.shtml HTTP/1.1" 404 17652 "-" "Mozilla/5.0 (Windows NT 10.0; Win64; x64) AppleWebKit/537.36 (KHTML, like Gecko) Chrome/148.0.0.0 Safari/537.36" kanharequipments.com 10.44.34.235
103.114.11.40 - - [04/Aug/2026:10:19:32 -0600] "GET /502.shtml HTTP/1.1" 404 17652 "https://kanharequipments.com" "Mozilla/5.0 (Windows NT 10.0; Win64; x64) AppleWebKit/537.36 (KHTML, like Gecko) Chrome/145.0.0.0 Safari/537.36" kanharequipments.com 10.44.34.235
57.129.81.224 - - [04/Aug/2026:10:19:32 -0600] "GET /502.shtml HTTP/1.1" 404 17652 "-" "Mozilla/5.0 (Windows NT 10.0; Win64; x64) AppleWebKit/537.36 (KHTML, like Gecko) Chrome/148.0.0.0 Safari/537.36" kanharequipments.com 10.44.34.235
213.32.68.80 - - [04/Aug/2026:10:19:33 -0600] "GET /502.shtml HTTP/1.1" 404 17652 "-" "Mozilla/5.0 (Windows NT 10.0; Win64; x64) AppleWebKit/537.36 (KHTML, like Gecko) Chrome/148.0.0.0 Safari/537.36" kanharequipments.com 10.44.34.235
213.32.68.80 - - [04/Aug/2026:10:19:33 -0600] "GET /502.shtml HTTP/1.1" 404 17652 "-" "Mozilla/5.0 (Windows NT 10.0; Win64; x64) AppleWebKit/537.36 (KHTML, like Gecko) Chrome/148.0.0.0 Safari/537.36" kanharequipments.com 10.44.34.235
196.240.143.30 - - [04/Aug/2026:10:19:34 -0600] "GET /502.shtml HTTP/1.1" 404 17652 "https://kanharequipments.com/" "Mozilla/5.0 (Macintosh; Intel Mac OS X 10_15_7) AppleWebKit/605.1.15 (KHTML, like Gecko) Version/17.5 Safari/605.1.15" kanharequipments.com 10.44.34.235
196.240.143.30 - - [04/Aug/2026:10:19:34 -0600] "GET /502.shtml HTTP/1.1" 404 17652 "https://kanharequipments.com/" "Mozilla/5.0 (Macintosh; Intel Mac OS X 10_15_7) AppleWebKit/605.1.15 (KHTML, like Gecko) Version/17.5 Safari/605.1.15" kanharequipments.com 10.44.34.235
57.129.81.227 - - [04/Aug/2026:10:19:34 -0600] "GET /502.shtml HTTP/1.1" 404 17652 "-" "Mozilla/5.0 (Windows NT 10.0; Win64; x64) AppleWebKit/537.36 (KHTML, like Gecko) Chrome/148.0.0.0 Safari/537.36" kanharequipments.com 10.44.34.235
57.129.81.227 - - [04/Aug/2026:10:19:34 -0600] "GET /502.shtml HTTP/1.1" 404 17652 "-" "Mozilla/5.0 (Windows NT 10.0; Win64; x64) AppleWebKit/537.36 (KHTML, like Gecko) Chrome/148.0.0.0 Safari/537.36" kanharequipments.com 10.44.34.235
141.94.94.103 - - [04/Aug/2026:10:19:38 -0600] "GET /502.shtml HTTP/1.1" 404 17652 "-" "Mozilla/5.0 (Windows NT 10.0; Win64; x64) AppleWebKit/537.36 (KHTML, like Gecko) Chrome/148.0.0.0 Safari/537.36" kanharequipments.com 10.44.34.235
141.94.94.103 - - [04/Aug/2026:10:19:38 -0600] "GET /502.shtml HTTP/1.1" 404 17652 "-" "Mozilla/5.0 (Windows NT 10.0; Win64; x64) AppleWebKit/537.36 (KHTML, like Gecko) Chrome/148.0.0.0 Safari/537.36" kanharequipments.com 10.44.34.235
57.129.81.224 - - [04/Aug/2026:10:19:41 -0600] "GET /502.shtml HTTP/1.1" 404 17652 "-" "Mozilla/5.0 (Windows NT 10.0; Win64; x64) AppleWebKit/537.36 (KHTML, like Gecko) Chrome/148.0.0.0 Safari/537.36" kanharequipments.com 10.44.34.235
57.129.81.224 - - [04/Aug/2026:10:19:41 -0600] "GET /502.shtml HTTP/1.1" 404 17652 "-" "Mozilla/5.0 (Windows NT 10.0; Win64; x64) AppleWebKit/537.36 (KHTML, like Gecko) Chrome/148.0.0.0 Safari/537.36" kanharequipments.com 10.44.34.235
57.129.81.227 - - [04/Aug/2026:10:19:44 -0600] "GET /502.shtml HTTP/1.1" 404 17652 "-" "Mozilla/5.0 (Windows NT 10.0; Win64; x64) AppleWebKit/537.36 (KHTML, like Gecko) Chrome/148.0.0.0 Safari/537.36" kanharequipments.com 10.44.34.235
57.129.81.227 - - [04/Aug/2026:10:19:44 -0600] "GET /502.shtml HTTP/1.1" 404 17652 "-" "Mozilla/5.0 (Windows NT 10.0; Win64; x64) AppleWebKit/537.36 (KHTML, like Gecko) Chrome/148.0.0.0 Safari/537.36" kanharequipments.com 10.44.34.235
185.24.61.119 - - [04/Aug/2026:10:19:46 -0600] "GET /502.shtml HTTP/1.1" 404 17652 "https://kanharequipments.com" "Mozilla/5.0 (Windows NT 10.0; Win64; x64) AppleWebKit/537.36 (KHTML, like Gecko) Chrome/145.0.0.0 Safari/537.36" kanharequipments.com 10.44.34.235
185.24.61.119 - - [04/Aug/2026:10:19:46 -0600] "GET /502.shtml HTTP/1.1" 404 17652 "https://kanharequipments.com" "Mozilla/5.0 (Windows NT 10.0; Win64; x64) AppleWebKit/537.36 (KHTML, like Gecko) Chrome/145.0.0.0 Safari/537.36" kanharequipments.com 10.44.34.235
170.82.104.47 - - [04/Aug/2026:10:20:00 -0600] "GET /502.shtml HTTP/1.1" 404 17652 "https://kanharequipments.com" "Mozilla/5.0 (Windows NT 10.0; Win64; x64) AppleWebKit/537.36 (KHTML, like Gecko) Chrome/145.0.0.0 Safari/537.36" kanharequipments.com 10.44.34.235
170.82.104.47 - - [04/Aug/2026:10:20:00 -0600] "GET /502.shtml HTTP/1.1" 404 17652 "https://kanharequipments.com" "Mozilla/5.0 (Windows NT 10.0; Win64; x64) AppleWebKit/537.36 (KHTML, like Gecko) Chrome/145.0.0.0 Safari/537.36" kanharequipments.com 10.44.34.235
66.249.64.224 - - [04/Aug/2026:10:20:25 -0600] "GET /502.shtml HTTP/1.1" 404 17652 "-" "Mozilla/5.0 (Linux; Android 6.0.1; Nexus 5X Build/MMB29P) AppleWebKit/537.36 (KHTML, like Gecko) Chrome/150.0.7871.186 Mobile Safari/537.36 (compatible; Googlebot/2.1; +http://www.google.com/bot.html)" kanharequipments.com 10.44.34.235
66.249.64.224 - - [04/Aug/2026:10:20:25 -0600] "GET /502.shtml HTTP/1.1" 404 17652 "-" "Mozilla/5.0 (Linux; Android 6.0.1; Nexus 5X Build/MMB29P) AppleWebKit/537.36 (KHTML, like Gecko) Chrome/150.0.7871.186 Mobile Safari/537.36 (compatible; Googlebot/2.1; +http://www.google.com/bot.html)" kanharequipments.com 10.44.34.235
196.240.143.30 - - [04/Aug/2026:10:21:02 -0600] "GET /502.shtml HTTP/1.1" 404 17652 "https://kanharequipments.com/" "Mozilla/5.0 (Macintosh; Intel Mac OS X 10_15_7) AppleWebKit/605.1.15 (KHTML, like Gecko) Version/17.5 Safari/605.1.15" kanharequipments.com 10.44.34.235
50.6.43.128 - - [04/Aug/2026:10:21:16 -0600] "POST /wp-cron.php?doing_wp_cron=1785860476.3614289760589599609375 HTTP/1.1" 200 - "-" "WordPress/7.0.2; https://kanharequipments.com" kanharequipments.com 10.44.34.235
49.37.102.137 - - [04/Aug/2026:10:22:02 -0600] "GET /502.shtml HTTP/1.1" 404 17652 "https://kanharequipments.com" "Mozilla/5.0 (Macintosh; Intel Mac OS X 10_15_7) AppleWebKit/537.36 (KHTML, like Gecko) Chrome/144.0.0.0 Safari/537.36" kanharequipments.com 10.44.34.235
49.37.102.137 - - [04/Aug/2026:10:22:02 -0600] "GET /502.shtml HTTP/1.1" 404 17652 "https://kanharequipments.com" "Mozilla/5.0 (Macintosh; Intel Mac OS X 10_15_7) AppleWebKit/537.36 (KHTML, like Gecko) Chrome/144.0.0.0 Safari/537.36" kanharequipments.com 10.44.34.235
114.119.144.80 - - [04/Aug/2026:10:27:30 -0600] "GET /shopdetail/93377369 HTTP/1.1" 406 226 "https://kanharequipments.com/shopdetail/93377369" "Mozilla/5.0 (Linux; Android 7.0;) AppleWebKit/537.36 (HTML, like Gecko) Mobile Safari/537.36 (compatible; PetalBot;+https://webmaster.petalsearch.com/site/petalbot)" kanharequipments.com 10.44.34.235
49.43.0.166 - - [04/Aug/2026:10:22:14 -0600] "GET /502.shtml HTTP/1.1" 404 17652 "https://kanharequipments.com" "Mozilla/5.0 (Macintosh; Intel Mac OS X 10_15_7) AppleWebKit/537.36 (KHTML, like Gecko) Chrome/144.0.0.0 Safari/537.36" kanharequipments.com 10.44.34.235
49.43.0.166 - - [04/Aug/2026:10:22:15 -0600] "GET /502.shtml HTTP/1.1" 404 17652 "https://kanharequipments.com" "Mozilla/5.0 (Macintosh; Intel Mac OS X 10_15_7) AppleWebKit/537.36 (KHTML, like Gecko) Chrome/144.0.0.0 Safari/537.36" kanharequipments.com 10.44.34.235
213.32.68.86 - - [04/Aug/2026:10:22:18 -0600] "GET /502.shtml HTTP/1.1" 404 17652 "-" "Mozilla/5.0 (Windows NT 10.0; Win64; x64) AppleWebKit/537.36 (KHTML, like Gecko) Chrome/148.0.0.0 Safari/537.36" kanharequipments.com 10.44.34.235
141.94.94.32 - - [04/Aug/2026:10:22:21 -0600] "GET /502.shtml HTTP/1.1" 404 17652 "-" "Mozilla/5.0 (Windows NT 10.0; Win64; x64) AppleWebKit/537.36 (KHTML, like Gecko) Chrome/148.0.0.0 Safari/537.36" kanharequipments.com 10.44.34.235
50.6.43.128 - - [04/Aug/2026:10:22:22 -0600] "POST /wp-cron.php?doing_wp_cron=1785860542.7175230979919433593750 HTTP/1.1" 200 - "-" "WordPress/7.0.2; https://kanharequipments.com" kanharequipments.com 10.44.34.235
213.32.68.80 - - [04/Aug/2026:10:22:23 -0600] "GET /502.shtml HTTP/1.1" 404 17652 "-" "Mozilla/5.0 (Windows NT 10.0; Win64; x64) AppleWebKit/537.36 (KHTML, like Gecko) Chrome/148.0.0.0 Safari/537.36" kanharequipments.com 10.44.34.235
190.205.183.70 - - [04/Aug/2026:10:22:28 -0600] "GET /502.shtml HTTP/1.1" 404 17652 "https://kanharequipments.com" "Mozilla/5.0 (Macintosh; Intel Mac OS X 10_15_7) AppleWebKit/537.36 (KHTML, like Gecko) Chrome/144.0.0.0 Safari/537.36" kanharequipments.com 10.44.34.235
190.205.183.70 - - [04/Aug/2026:10:22:28 -0600] "GET /502.shtml HTTP/1.1" 404 17652 "https://kanharequipments.com" "Mozilla/5.0 (Macintosh; Intel Mac OS X 10_15_7) AppleWebKit/537.36 (KHTML, like Gecko) Chrome/144.0.0.0 Safari/537.36" kanharequipments.com 10.44.34.235
213.32.68.86 - - [04/Aug/2026:10:22:28 -0600] "GET /502.shtml HTTP/1.1" 404 17652 "-" "Mozilla/5.0 (Windows NT 10.0; Win64; x64) AppleWebKit/537.36 (KHTML, like Gecko) Chrome/148.0.0.0 Safari/537.36" kanharequipments.com 10.44.34.235
141.94.94.103 - - [04/Aug/2026:10:22:29 -0600] "GET /502.shtml HTTP/1.1" 404 17652 "-" "Mozilla/5.0 (Windows NT 10.0; Win64; x64) AppleWebKit/537.36 (KHTML, like Gecko) Chrome/148.0.0.0 Safari/537.36" kanharequipments.com 10.44.34.235
141.94.94.32 - - [04/Aug/2026:10:22:31 -0600] "GET /502.shtml HTTP/1.1" 404 17652 "-" "Mozilla/5.0 (Windows NT 10.0; Win64; x64) AppleWebKit/537.36 (KHTML, like Gecko) Chrome/148.0.0.0 Safari/537.36" kanharequipments.com 10.44.34.235
103.114.11.40 - - [04/Aug/2026:10:22:32 -0600] "GET /502.shtml HTTP/1.1" 404 17652 "https://kanharequipments.com" "Mozilla/5.0 (Windows NT 10.0; Win64; x64) AppleWebKit/537.36 (KHTML, like Gecko) Chrome/145.0.0.0 Safari/537.36" kanharequipments.com 10.44.34.235
57.129.81.224 - - [04/Aug/2026:10:22:32 -0600] "GET /502.shtml HTTP/1.1" 404 17652 "-" "Mozilla/5.0 (Windows NT 10.0; Win64; x64) AppleWebKit/537.36 (KHTML, like Gecko) Chrome/148.0.0.0 Safari/537.36" kanharequipments.com 10.44.34.235
213.32.68.80 - - [04/Aug/2026:10:22:33 -0600] "GET /502.shtml HTTP/1.1" 404 17652 "-" "Mozilla/5.0 (Windows NT 10.0; Win64; x64) AppleWebKit/537.36 (KHTML, like Gecko) Chrome/148.0.0.0 Safari/537.36" kanharequipments.com 10.44.34.235
196.240.143.30 - - [04/Aug/2026:10:22:34 -0600] "GET /502.shtml HTTP/1.1" 404 17652 "https://kanharequipments.com/" "Mozilla/5.0 (Macintosh; Intel Mac OS X 10_15_7) AppleWebKit/605.1.15 (KHTML, like Gecko) Version/17.5 Safari/605.1.15" kanharequipments.com 10.44.34.235
57.129.81.227 - - [04/Aug/2026:10:22:34 -0600] "GET /502.shtml HTTP/1.1" 404 17652 "-" "Mozilla/5.0 (Windows NT 10.0; Win64; x64) AppleWebKit/537.36 (KHTML, like Gecko) Chrome/148.0.0.0 Safari/537.36" kanharequipments.com 10.44.34.235
141.94.94.103 - - [04/Aug/2026:10:22:38 -0600] "GET /502.shtml HTTP/1.1" 404 17652 "-" "Mozilla/5.0 (Windows NT 10.0; Win64; x64) AppleWebKit/537.36 (KHTML, like Gecko) Chrome/148.0.0.0 Safari/537.36" kanharequipments.com 10.44.34.235
57.129.81.224 - - [04/Aug/2026:10:22:41 -0600] "GET /502.shtml HTTP/1.1" 404 17652 "-" "Mozilla/5.0 (Windows NT 10.0; Win64; x64) AppleWebKit/537.36 (KHTML, like Gecko) Chrome/148.0.0.0 Safari/537.36" kanharequipments.com 10.44.34.235
57.129.81.227 - - [04/Aug/2026:10:22:44 -0600] "GET /502.shtml HTTP/1.1" 404 17652 "-" "Mozilla/5.0 (Windows NT 10.0; Win64; x64) AppleWebKit/537.36 (KHTML, like Gecko) Chrome/148.0.0.0 Safari/537.36" kanharequipments.com 10.44.34.235
185.24.61.119 - - [04/Aug/2026:10:22:46 -0600] "GET /502.shtml HTTP/1.1" 404 17652 "https://kanharequipments.com" "Mozilla/5.0 (Windows NT 10.0; Win64; x64) AppleWebKit/537.36 (KHTML, like Gecko) Chrome/145.0.0.0 Safari/537.36" kanharequipments.com 10.44.34.235
170.82.104.47 - - [04/Aug/2026:10:23:00 -0600] "GET /502.shtml HTTP/1.1" 404 17652 "https://kanharequipments.com" "Mozilla/5.0 (Windows NT 10.0; Win64; x64) AppleWebKit/537.36 (KHTML, like Gecko) Chrome/145.0.0.0 Safari/537.36" kanharequipments.com 10.44.34.235
66.249.64.224 - - [04/Aug/2026:10:23:25 -0600] "GET /502.shtml HTTP/1.1" 404 17652 "-" "Mozilla/5.0 (Linux; Android 6.0.1; Nexus 5X Build/MMB29P) AppleWebKit/537.36 (KHTML, like Gecko) Chrome/150.0.7871.186 Mobile Safari/537.36 (compatible; Googlebot/2.1; +http://www.google.com/bot.html)" kanharequipments.com 10.44.34.235
50.6.43.128 - - [04/Aug/2026:10:23:42 -0600] "POST /wp-cron.php?doing_wp_cron=1785860622.6946070194244384765625 HTTP/1.1" 200 - "-" "WordPress/7.0.2; https://kanharequipments.com" kanharequipments.com 10.44.34.235
50.6.43.128 - - [04/Aug/2026:10:24:44 -0600] "POST /wp-cron.php?doing_wp_cron=1785860684.7941160202026367187500 HTTP/1.1" 200 - "-" "WordPress/7.0.2; https://kanharequipments.com" kanharequipments.com 10.44.34.235
49.37.102.137 - - [04/Aug/2026:10:25:02 -0600] "GET /502.shtml HTTP/1.1" 404 17652 "https://kanharequipments.com" "Mozilla/5.0 (Macintosh; Intel Mac OS X 10_15_7) AppleWebKit/537.36 (KHTML, like Gecko) Chrome/144.0.0.0 Safari/537.36" kanharequipments.com 10.44.34.235
49.43.0.166 - - [04/Aug/2026:10:25:15 -0600] "GET /502.shtml HTTP/1.1" 404 17652 "https://kanharequipments.com" "Mozilla/5.0 (Macintosh; Intel Mac OS X 10_15_7) AppleWebKit/537.36 (KHTML, like Gecko) Chrome/144.0.0.0 Safari/537.36" kanharequipments.com 10.44.34.235
190.205.183.70 - - [04/Aug/2026:10:25:28 -0600] "GET /502.shtml HTTP/1.1" 404 17652 "https://kanharequipments.com" "Mozilla/5.0 (Macintosh; Intel Mac OS X 10_15_7) AppleWebKit/537.36 (KHTML, like Gecko) Chrome/144.0.0.0 Safari/537.36" kanharequipments.com 10.44.34.235
50.6.43.128 - - [04/Aug/2026:10:25:49 -0600] "POST /wp-cron.php?doing_wp_cron=1785860749.2403619289398193359375 HTTP/1.1" 200 - "-" "WordPress/7.0.2; https://kanharequipments.com" kanharequipments.com 10.44.34.235
50.6.43.128 - - [04/Aug/2026:10:26:54 -0600] "POST /wp-cron.php?doing_wp_cron=1785860814.5045280456542968750000 HTTP/1.1" 200 - "-" "WordPress/7.0.2; https://kanharequipments.com" kanharequipments.com 10.44.34.235
173.239.254.190 - - [04/Aug/2026:10:27:28 -0600] "POST /wp-login.php HTTP/1.1" 200 2279 "-" "Mozilla/5.0 (Windows NT 10.0; Win64; x64) AppleWebKit/537.36 Chrome/129.0.0.0 Safari/537.36" kanharequipments.com 10.44.34.235
173.239.254.207 - - [04/Aug/2026:10:27:28 -0600] "POST /wp-login.php HTTP/1.1" 200 2286 "-" "Mozilla/5.0 (Windows NT 10.0; Win64; x64) AppleWebKit/537.36 Chrome/129.0.0.0 Safari/537.36" kanharequipments.com 10.44.34.235
50.6.43.128 - - [04/Aug/2026:10:27:55 -0600] "POST /wp-cron.php?doing_wp_cron=1785860875.2297580242156982421875 HTTP/1.1" 200 - "-" "WordPress/7.0.2; https://kanharequipments.com" kanharequipments.com 10.44.34.235
196.25.188.10 - - [04/Aug/2026:10:28:14 -0600] "GET /product/dining-table-with-seater/?add-to-cart=2303&add_to_wishlist=2325 HTTP/1.1" 301 - "https://kanharequipments.com" "Mozilla/5.0 (Windows NT 10.0; Win64; x64) AppleWebKit/537.36 (KHTML, like Gecko) Chrome/143.0.0.0 Safari/537.36" kanharequipments.com 10.44.34.235
196.25.188.10 - - [04/Aug/2026:10:28:14 -0600] "GET /product/dining-table-with-seater/?add-to-cart=2303&add_to_wishlist=2325 HTTP/2.0" 301 - "https://kanharequipments.com" "Mozilla/5.0 (Windows NT 10.0; Win64; x64) AppleWebKit/537.36 (KHTML, like Gecko) Chrome/143.0.0.0 Safari/537.36" kanharequipments.com 10.44.34.235
106.200.4.108 - - [04/Aug/2026:10:28:28 -0600] "GET /product/dining-table-with-seater/?add-to-cart=2303&add_to_wishlist=2325 HTTP/1.1" 301 - "https://kanharequipments.com" "Mozilla/5.0 (Windows NT 10.0; Win64; x64) AppleWebKit/537.36 (KHTML, like Gecko) Chrome/143.0.0.0 Safari/537.36" kanharequipments.com 10.44.34.235
106.200.4.108 - - [04/Aug/2026:10:28:28 -0600] "GET /product/dining-table-with-seater/?add-to-cart=2303&add_to_wishlist=2325 HTTP/2.0" 301 - "https://kanharequipments.com" "Mozilla/5.0 (Windows NT 10.0; Win64; x64) AppleWebKit/537.36 (KHTML, like Gecko) Chrome/143.0.0.0 Safari/537.36" kanharequipments.com 10.44.34.235
147.185.132.162 - - [04/Aug/2026:10:28:32 -0600] "GET / HTTP/1.1" 301 - "-" "Hello from Palo Alto Networks, find out more about our scans in https://docs-cortex.paloaltonetworks.com/r/1/Cortex-Xpanse/Scanning-activity" www.kanharequipments.com 10.44.34.235
147.185.132.162 - - [04/Aug/2026:10:28:32 -0600] "GET / HTTP/1.1" 301 - "-" "Hello from Palo Alto Networks, find out more about our scans in https://docs-cortex.paloaltonetworks.com/r/1/Cortex-Xpanse/Scanning-activity" www.kanharequipments.com 10.44.34.235
179.209.161.205 - - [04/Aug/2026:10:28:40 -0600] "GET /product/dining-table-with-seater/?add-to-cart=2303&add_to_wishlist=2325 HTTP/1.1" 301 - "https://kanharequipments.com" "Mozilla/5.0 (Windows NT 10.0; Win64; x64) AppleWebKit/537.36 (KHTML, like Gecko) Chrome/143.0.0.0 Safari/537.36" kanharequipments.com 10.44.34.235
179.209.161.205 - - [04/Aug/2026:10:28:40 -0600] "GET /product/dining-table-with-seater/?add-to-cart=2303&add_to_wishlist=2325 HTTP/2.0" 301 - "https://kanharequipments.com" "Mozilla/5.0 (Windows NT 10.0; Win64; x64) AppleWebKit/537.36 (KHTML, like Gecko) Chrome/143.0.0.0 Safari/537.36" kanharequipments.com 10.44.34.235
50.6.43.128 - - [04/Aug/2026:10:28:59 -0600] "POST /wp-cron.php?doing_wp_cron=1785860939.2629969120025634765625 HTTP/1.1" 200 - "-" "WordPress/7.0.2; https://kanharequipments.com" kanharequipments.com 10.44.34.235
50.6.43.128 - - [04/Aug/2026:10:30:31 -0600] "POST /wp-cron.php?doing_wp_cron=1785861030.9959321022033691406250 HTTP/1.1" 200 - "-" "WordPress/7.0.2; https://kanharequipments.com" kanharequipments.com 10.44.34.235
50.6.43.128 - - [04/Aug/2026:10:30:31 -0600] "POST /wp-cron.php?doing_wp_cron=1785861031.0318078994750976562500 HTTP/1.1" 200 - "-" "WordPress/7.0.2; https://kanharequipments.com" kanharequipments.com 10.44.34.235
46.210.204.3 - - [04/Aug/2026:10:30:33 -0600] "GET /shop-2/page/2/?add_to_wishlist=2336 HTTP/1.1" 301 - "-" "Mozilla/5.0 (Macintosh; Intel Mac OS X 11_5_0) AppleWebKit/537.36 (KHTML, like Gecko) Chrome/132.0.6834.110 Safari/537.36" kanharequipments.com 10.44.34.235
46.210.204.3 - - [04/Aug/2026:10:30:33 -0600] "GET /shop-2/page/2/?add_to_wishlist=2336 HTTP/1.1" 301 - "-" "Mozilla/5.0 (Macintosh; Intel Mac OS X 11_5_0) AppleWebKit/537.36 (KHTML, like Gecko) Chrome/132.0.6834.110 Safari/537.36" kanharequipments.com 10.44.34.235
66.249.64.226 - - [04/Aug/2026:10:32:08 -0600] "GET /?n=29664926141160 HTTP/1.1" 200 29196 "-" "Mozilla/5.0 (Linux; Android 6.0.1; Nexus 5X Build/MMB29P) AppleWebKit/537.36 (KHTML, like Gecko) Chrome/150.0.7871.186 Mobile Safari/537.36 (compatible; Googlebot/2.1; +http://www.google.com/bot.html)" kanharequipments.com 10.44.34.235
66.249.64.226 - - [04/Aug/2026:10:32:08 -0600] "GET /?n=29664926141160 HTTP/1.1" 200 29196 "-" "Mozilla/5.0 (Linux; Android 6.0.1; Nexus 5X Build/MMB29P) AppleWebKit/537.36 (KHTML, like Gecko) Chrome/150.0.7871.186 Mobile Safari/537.36 (compatible; Googlebot/2.1; +http://www.google.com/bot.html)" kanharequipments.com 10.44.34.235
40.77.167.14 - - [04/Aug/2026:10:33:14 -0600] "GET /product/category/33493750071160 HTTP/2.0" 502 - "-" "Mozilla/5.0 AppleWebKit/537.36 (KHTML, like Gecko; compatible; bingbot/2.0; +http://www.bing.com/bingbot.htm) Chrome/116.0.1938.76 Safari/537.36" kanharequipments.com 10.44.34.235
52.167.144.227 - - [04/Aug/2026:10:33:46 -0600] "GET /?n=27276654041160 HTTP/2.0" 502 - "-" "Mozilla/5.0 AppleWebKit/537.36 (KHTML, like Gecko; compatible; bingbot/2.0; +http://www.bing.com/bingbot.htm) Chrome/116.0.1938.76 Safari/537.36" www.kanharequipments.com 10.44.34.235
40.77.167.14 - - [04/Aug/2026:10:34:53 -0600] "GET /?n=1261566031160 HTTP/2.0" 502 - "-" "Mozilla/5.0 AppleWebKit/537.36 (KHTML, like Gecko; compatible; bingbot/2.0; +http://www.bing.com/bingbot.htm) Chrome/116.0.1938.76 Safari/537.36" kanharequipments.com 10.44.34.235
46.43.77.233 - - [04/Aug/2026:10:37:20 -0600] "GET /product-category/work-table-trolly/?add-to-cart=2338&add_to_wishlist=2313&per_page=30 HTTP/2.0" 502 - "https://kanharequipments.com" "Mozilla/5.0 (Windows NT 10.0; Win64; x64) AppleWebKit/537.36 (KHTML, like Gecko) Chrome/142.0.0.0 Safari/537.36" kanharequipments.com 10.44.34.235
87.192.231.139 - - [04/Aug/2026:10:37:33 -0600] "GET /product-category/work-table-trolly/?add-to-cart=2338&add_to_wishlist=2313&per_page=30 HTTP/2.0" 502 - "https://kanharequipments.com" "Mozilla/5.0 (Windows NT 10.0; Win64; x64) AppleWebKit/537.36 (KHTML, like Gecko) Chrome/142.0.0.0 Safari/537.36" kanharequipments.com 10.44.34.235
66.9.171.249 - - [04/Aug/2026:10:37:48 -0600] "GET /product-category/work-table-trolly/?add-to-cart=2338&add_to_wishlist=2313&per_page=30 HTTP/2.0" 502 - "https://kanharequipments.com" "Mozilla/5.0 (Windows NT 10.0; Win64; x64) AppleWebKit/537.36 (KHTML, like Gecko) Chrome/142.0.0.0 Safari/537.36" kanharequipments.com 10.44.34.235
105.154.82.46 - - [04/Aug/2026:10:38:33 -0600] "GET /shop-2/?add-to-cart=1939&add_to_wishlist=2363&per_page=30 HTTP/2.0" 502 - "https://kanharequipments.com" "Mozilla/5.0 (Windows NT 10.0; Win64; x64) AppleWebKit/537.36 (KHTML, like Gecko) Chrome/143.0.0.0 Safari/537.36" kanharequipments.com 10.44.34.235
216.73.217.120 - - [04/Aug/2026:10:38:34 -0600] "GET /sitemap.xml HTTP/2.0" 502 - "-" "Mozilla/5.0 AppleWebKit/537.36 (KHTML, like Gecko; compatible; ClaudeBot/1.0; +claudebot@anthropic.com)" kanharequipments.com 10.44.34.235
49.37.213.127 - - [04/Aug/2026:10:38:41 -0600] "GET /product-tag/scrub-sink/?add-to-cart=2347&add_to_wishlist=2347 HTTP/2.0" 502 - "https://kanharequipments.com" "Mozilla/5.0 (Windows NT 10.0; Win64; x64) AppleWebKit/537.36 (KHTML, like Gecko) Chrome/145.0.0.0 Safari/537.36" kanharequipments.com 10.44.34.235
188.163.50.203 - - [04/Aug/2026:10:38:55 -0600] "GET /product-tag/scrub-sink/?add-to-cart=2347&add_to_wishlist=2347 HTTP/2.0" 502 - "https://kanharequipments.com" "Mozilla/5.0 (Windows NT 10.0; Win64; x64) AppleWebKit/537.36 (KHTML, like Gecko) Chrome/145.0.0.0 Safari/537.36" kanharequipments.com 10.44.34.235
105.235.129.220 - - [04/Aug/2026:10:38:55 -0600] "GET /shop-2/?add-to-cart=1939&add_to_wishlist=2363&per_page=30 HTTP/2.0" 502 - "https://kanharequipments.com" "Mozilla/5.0 (Windows NT 10.0; Win64; x64) AppleWebKit/537.36 (KHTML, like Gecko) Chrome/143.0.0.0 Safari/537.36" kanharequipments.com 10.44.34.235
141.94.94.32 - - [04/Aug/2026:10:40:10 -0600] "GET /shop-2/?product-cata=55&add_to_wishlist=2220&add-to-cart=1939 HTTP/1.1" 502 - "-" "Mozilla/5.0 (Windows NT 10.0; Win64; x64) AppleWebKit/537.36 (KHTML, like Gecko) Chrome/148.0.0.0 Safari/537.36" kanharequipments.com 10.44.34.235
51.75.23.120 - - [04/Aug/2026:10:40:10 -0600] "GET /shop-2/?product-cata=55&add_to_wishlist=1989&per_page=15&add-to-cart=2220 HTTP/1.1" 502 - "-" "Mozilla/5.0 (Windows NT 10.0; Win64; x64) AppleWebKit/537.36 (KHTML, like Gecko) Chrome/148.0.0.0 Safari/537.36" kanharequipments.com 10.44.34.235
