190.106.222.128 - - [04/Aug/2026:14:26:52 -0600] "GET /502.shtml HTTP/1.1" 404 17652 "https://kanharequipments.com" "Mozilla/5.0 (Macintosh; Intel Mac OS X 10_15_7) AppleWebKit/537.36 (KHTML, like Gecko) Chrome/144.0.0.0 Safari/537.36" kanharequipments.com 10.44.34.235
45.44.250.29 - - [04/Aug/2026:14:26:56 -0600] "GET /shop-2/page/1/?add_to_wishlist=1939&product-cata=48 HTTP/1.1" 301 - "https://kanharequipments.com" "Mozilla/5.0 (Macintosh; Intel Mac OS X 10_15_7) AppleWebKit/537.36 (KHTML, like Gecko) Chrome/145.0.0.0 Safari/537.36" kanharequipments.com 10.44.34.235
190.106.222.128 - - [04/Aug/2026:14:26:52 -0600] "GET /502.shtml HTTP/1.1" 404 17652 "https://kanharequipments.com" "Mozilla/5.0 (Macintosh; Intel Mac OS X 10_15_7) AppleWebKit/537.36 (KHTML, like Gecko) Chrome/144.0.0.0 Safari/537.36" kanharequipments.com 10.44.34.235
102.213.71.211 - - [04/Aug/2026:14:27:06 -0600] "GET /502.shtml HTTP/1.1" 404 17652 "https://kanharequipments.com" "Mozilla/5.0 (Macintosh; Intel Mac OS X 10_15_7) AppleWebKit/537.36 (KHTML, like Gecko) Chrome/144.0.0.0 Safari/537.36" kanharequipments.com 10.44.34.235
102.213.71.211 - - [04/Aug/2026:14:27:06 -0600] "GET /502.shtml HTTP/1.1" 404 17652 "https://kanharequipments.com" "Mozilla/5.0 (Macintosh; Intel Mac OS X 10_15_7) AppleWebKit/537.36 (KHTML, like Gecko) Chrome/144.0.0.0 Safari/537.36" kanharequipments.com 10.44.34.235
192.223.105.199 - - [04/Aug/2026:14:28:22 -0600] "GET /502.shtml HTTP/1.1" 404 17652 "https://kanharequipments.com" "Mozilla/5.0 (Macintosh; Intel Mac OS X 10_15_7) AppleWebKit/537.36 (KHTML, like Gecko) Chrome/145.0.0.0 Safari/537.36" kanharequipments.com 10.44.34.235
192.223.105.199 - - [04/Aug/2026:14:28:22 -0600] "GET /502.shtml HTTP/1.1" 404 17652 "https://kanharequipments.com" "Mozilla/5.0 (Macintosh; Intel Mac OS X 10_15_7) AppleWebKit/537.36 (KHTML, like Gecko) Chrome/145.0.0.0 Safari/537.36" kanharequipments.com 10.44.34.235
66.249.64.224 - - [04/Aug/2026:14:28:22 -0600] "GET /502.shtml HTTP/1.1" 404 17652 "-" "Mozilla/5.0 (Linux; Android 6.0.1; Nexus 5X Build/MMB29P) AppleWebKit/537.36 (KHTML, like Gecko) Chrome/150.0.7871.186 Mobile Safari/537.36 (compatible; Googlebot/2.1; +http://www.google.com/bot.html)" kanharequipments.com 10.44.34.235
98.149.75.82 - - [04/Aug/2026:14:28:33 -0600] "GET /502.shtml HTTP/1.1" 404 17652 "https://kanharequipments.com" "Mozilla/5.0 (Macintosh; Intel Mac OS X 10_15_7) AppleWebKit/537.36 (KHTML, like Gecko) Chrome/145.0.0.0 Safari/537.36" kanharequipments.com 10.44.34.235
38.191.210.111 - - [04/Aug/2026:14:28:38 -0600] "GET /502.shtml HTTP/1.1" 404 17652 "https://kanharequipments.com" "Mozilla/5.0 (Windows NT 10.0; Win64; x64) AppleWebKit/537.36 (KHTML, like Gecko) Chrome/145.0.0.0 Safari/537.36" kanharequipments.com 10.44.34.235
98.149.75.82 - - [04/Aug/2026:14:28:33 -0600] "GET /502.shtml HTTP/1.1" 404 17652 "https://kanharequipments.com" "Mozilla/5.0 (Macintosh; Intel Mac OS X 10_15_7) AppleWebKit/537.36 (KHTML, like Gecko) Chrome/145.0.0.0 Safari/537.36" kanharequipments.com 10.44.34.235
89.154.126.123 - - [04/Aug/2026:14:28:46 -0600] "GET /502.shtml HTTP/1.1" 404 17652 "https://kanharequipments.com" "Mozilla/5.0 (Macintosh; Intel Mac OS X 10_15_7) AppleWebKit/537.36 (KHTML, like Gecko) Chrome/145.0.0.0 Safari/537.36" kanharequipments.com 10.44.34.235
38.191.210.111 - - [04/Aug/2026:14:28:38 -0600] "GET /502.shtml HTTP/1.1" 404 17652 "https://kanharequipments.com" "Mozilla/5.0 (Windows NT 10.0; Win64; x64) AppleWebKit/537.36 (KHTML, like Gecko) Chrome/145.0.0.0 Safari/537.36" kanharequipments.com 10.44.34.235
89.154.126.123 - - [04/Aug/2026:14:28:46 -0600] "GET /502.shtml HTTP/1.1" 404 17652 "https://kanharequipments.com" "Mozilla/5.0 (Macintosh; Intel Mac OS X 10_15_7) AppleWebKit/537.36 (KHTML, like Gecko) Chrome/145.0.0.0 Safari/537.36" kanharequipments.com 10.44.34.235
31.129.184.42 - - [04/Aug/2026:14:28:51 -0600] "GET /502.shtml HTTP/1.1" 404 17652 "https://kanharequipments.com" "Mozilla/5.0 (Windows NT 10.0; Win64; x64) AppleWebKit/537.36 (KHTML, like Gecko) Chrome/145.0.0.0 Safari/537.36" kanharequipments.com 10.44.34.235
31.129.184.42 - - [04/Aug/2026:14:28:51 -0600] "GET /502.shtml HTTP/1.1" 404 17652 "https://kanharequipments.com" "Mozilla/5.0 (Windows NT 10.0; Win64; x64) AppleWebKit/537.36 (KHTML, like Gecko) Chrome/145.0.0.0 Safari/537.36" kanharequipments.com 10.44.34.235
23.148.84.135 - - [04/Aug/2026:14:28:54 -0600] "GET /wp-content/plugins/vonica-demo-data/other-hook-method.php HTTP/1.1" 404 17652 "-" "Mozilla/5.0 (Windows NT 6.3; Win64; x64) AppleWebKit/537.36 (KHTML, like Gecko) Chrome/52.0.2743.116 Safari/537.36 Edge/15.15063" kanharequipments.com 10.44.34.235
103.231.57.127 - - [04/Aug/2026:14:29:23 -0600] "GET /wp-content/plugins/vonica-demo-data/other-hook-method.php HTTP/1.1" 404 17652 "-" "Mozilla/5.0 (Windows NT 6.3; Win64; x64) AppleWebKit/537.36 (KHTML, like Gecko) Chrome/52.0.2743.116 Safari/537.36 Edge/15.15063" kanharequipments.com 10.44.34.235
201.16.252.18 - - [04/Aug/2026:14:29:34 -0600] "GET /502.shtml HTTP/1.1" 404 17652 "https://kanharequipments.com" "Mozilla/5.0 (Macintosh; Intel Mac OS X 10_15_7) AppleWebKit/537.36 (KHTML, like Gecko) Chrome/145.0.0.0 Safari/537.36" kanharequipments.com 10.44.34.235
201.16.252.18 - - [04/Aug/2026:14:29:34 -0600] "GET /502.shtml HTTP/1.1" 404 17652 "https://kanharequipments.com" "Mozilla/5.0 (Macintosh; Intel Mac OS X 10_15_7) AppleWebKit/537.36 (KHTML, like Gecko) Chrome/145.0.0.0 Safari/537.36" kanharequipments.com 10.44.34.235
51.253.189.186 - - [04/Aug/2026:14:29:40 -0600] "GET /502.shtml HTTP/1.1" 404 17652 "https://kanharequipments.com" "Mozilla/5.0 (Macintosh; Intel Mac OS X 10_15_7) AppleWebKit/537.36 (KHTML, like Gecko) Chrome/144.0.0.0 Safari/537.36" kanharequipments.com 10.44.34.235
92.97.87.107 - - [04/Aug/2026:14:29:42 -0600] "GET /502.shtml HTTP/1.1" 404 17652 "https://kanharequipments.com" "Mozilla/5.0 (Macintosh; Intel Mac OS X 10_15_7) AppleWebKit/537.36 (KHTML, like Gecko) Chrome/145.0.0.0 Safari/537.36" kanharequipments.com 10.44.34.235
92.97.87.107 - - [04/Aug/2026:14:29:43 -0600] "GET /502.shtml HTTP/1.1" 404 17652 "https://kanharequipments.com" "Mozilla/5.0 (Macintosh; Intel Mac OS X 10_15_7) AppleWebKit/537.36 (KHTML, like Gecko) Chrome/145.0.0.0 Safari/537.36" kanharequipments.com 10.44.34.235
5.45.119.191 - - [04/Aug/2026:14:29:53 -0600] "GET /wp-content/plugins/vonica-demo-data/other-hook-method.php HTTP/1.1" 404 17652 "-" "Mozilla/5.0 (Windows NT 6.3; Win64; x64) AppleWebKit/537.36 (KHTML, like Gecko) Chrome/52.0.2743.116 Safari/537.36 Edge/15.15063" kanharequipments.com 10.44.34.235
190.106.222.128 - - [04/Aug/2026:14:29:52 -0600] "GET /502.shtml HTTP/1.1" 404 17652 "https://kanharequipments.com" "Mozilla/5.0 (Macintosh; Intel Mac OS X 10_15_7) AppleWebKit/537.36 (KHTML, like Gecko) Chrome/144.0.0.0 Safari/537.36" kanharequipments.com 10.44.34.235
45.44.250.29 - - [04/Aug/2026:14:29:56 -0600] "GET /502.shtml HTTP/1.1" 404 17652 "https://kanharequipments.com" "Mozilla/5.0 (Macintosh; Intel Mac OS X 10_15_7) AppleWebKit/537.36 (KHTML, like Gecko) Chrome/145.0.0.0 Safari/537.36" kanharequipments.com 10.44.34.235
45.44.250.29 - - [04/Aug/2026:14:29:56 -0600] "GET /502.shtml HTTP/1.1" 404 17652 "https://kanharequipments.com" "Mozilla/5.0 (Macintosh; Intel Mac OS X 10_15_7) AppleWebKit/537.36 (KHTML, like Gecko) Chrome/145.0.0.0 Safari/537.36" kanharequipments.com 10.44.34.235
102.213.71.211 - - [04/Aug/2026:14:30:06 -0600] "GET /502.shtml HTTP/1.1" 404 17652 "https://kanharequipments.com" "Mozilla/5.0 (Macintosh; Intel Mac OS X 10_15_7) AppleWebKit/537.36 (KHTML, like Gecko) Chrome/144.0.0.0 Safari/537.36" kanharequipments.com 10.44.34.235
104.28.153.183 - - [04/Aug/2026:14:30:25 -0600] "GET /wp-content/plugins/vonica-demo-data/other-hook-method.php HTTP/1.1" 404 17652 "-" "Mozilla/5.0 (Windows NT 6.3; Win64; x64) AppleWebKit/537.36 (KHTML, like Gecko) Chrome/52.0.2743.116 Safari/537.36 Edge/15.15063" kanharequipments.com 10.44.34.235
104.28.153.183 - - [04/Aug/2026:14:30:54 -0600] "GET /wp-content/plugins/vonica-demo-data/other-hook-method.php HTTP/1.1" 404 17652 "-" "Mozilla/5.0 (Windows NT 6.3; Win64; x64) AppleWebKit/537.36 (KHTML, like Gecko) Chrome/52.0.2743.116 Safari/537.36 Edge/15.15063" kanharequipments.com 10.44.34.235
103.142.115.6 - - [04/Aug/2026:14:31:23 -0600] "GET /wp-content/plugins/vonica-demo-data/other-hook-method.php HTTP/1.1" 404 17652 "-" "Mozilla/5.0 (Windows NT 6.3; Win64; x64) AppleWebKit/537.36 (KHTML, like Gecko) Chrome/52.0.2743.116 Safari/537.36 Edge/15.15063" kanharequipments.com 10.44.34.235
192.223.105.199 - - [04/Aug/2026:14:31:22 -0600] "GET /502.shtml HTTP/1.1" 404 17652 "https://kanharequipments.com" "Mozilla/5.0 (Macintosh; Intel Mac OS X 10_15_7) AppleWebKit/537.36 (KHTML, like Gecko) Chrome/145.0.0.0 Safari/537.36" kanharequipments.com 10.44.34.235
98.149.75.82 - - [04/Aug/2026:14:31:33 -0600] "GET /502.shtml HTTP/1.1" 404 17652 "https://kanharequipments.com" "Mozilla/5.0 (Macintosh; Intel Mac OS X 10_15_7) AppleWebKit/537.36 (KHTML, like Gecko) Chrome/145.0.0.0 Safari/537.36" kanharequipments.com 10.44.34.235
38.191.210.111 - - [04/Aug/2026:14:31:38 -0600] "GET /502.shtml HTTP/1.1" 404 17652 "https://kanharequipments.com" "Mozilla/5.0 (Windows NT 10.0; Win64; x64) AppleWebKit/537.36 (KHTML, like Gecko) Chrome/145.0.0.0 Safari/537.36" kanharequipments.com 10.44.34.235
89.154.126.123 - - [04/Aug/2026:14:31:46 -0600] "GET /502.shtml HTTP/1.1" 404 17652 "https://kanharequipments.com" "Mozilla/5.0 (Macintosh; Intel Mac OS X 10_15_7) AppleWebKit/537.36 (KHTML, like Gecko) Chrome/145.0.0.0 Safari/537.36" kanharequipments.com 10.44.34.235
31.129.184.42 - - [04/Aug/2026:14:31:52 -0600] "GET /502.shtml HTTP/1.1" 404 17652 "https://kanharequipments.com" "Mozilla/5.0 (Windows NT 10.0; Win64; x64) AppleWebKit/537.36 (KHTML, like Gecko) Chrome/145.0.0.0 Safari/537.36" kanharequipments.com 10.44.34.235
129.226.192.48 - - [04/Aug/2026:14:31:53 -0600] "GET /wp-content/plugins/vonica-demo-data/other-hook-method.php HTTP/1.1" 404 17652 "-" "Mozilla/5.0 (Windows NT 6.3; Win64; x64) AppleWebKit/537.36 (KHTML, like Gecko) Chrome/52.0.2743.116 Safari/537.36 Edge/15.15063" kanharequipments.com 10.44.34.235
23.148.84.135 - - [04/Aug/2026:14:31:54 -0600] "GET /502.shtml HTTP/1.1" 404 17652 "-" "Mozilla/5.0 (Windows NT 6.3; Win64; x64) AppleWebKit/537.36 (KHTML, like Gecko) Chrome/52.0.2743.116 Safari/537.36 Edge/15.15063" kanharequipments.com 10.44.34.235
23.148.84.135 - - [04/Aug/2026:14:31:54 -0600] "GET /502.shtml HTTP/1.1" 404 17652 "-" "Mozilla/5.0 (Windows NT 6.3; Win64; x64) AppleWebKit/537.36 (KHTML, like Gecko) Chrome/52.0.2743.116 Safari/537.36 Edge/15.15063" kanharequipments.com 10.44.34.235
151.80.133.171 - - [04/Aug/2026:14:32:24 -0600] "GET /product-category/work-table-trolly/?add-to-cart=2312&per_page=30&add_to_wishlist=2315 HTTP/1.1" 301 - "-" "Mozilla/5.0 (Windows NT 10.0; Win64; x64) AppleWebKit/537.36 (KHTML, like Gecko) Chrome/148.0.0.0 Safari/537.36" kanharequipments.com 10.44.34.235
103.107.71.206 - - [04/Aug/2026:14:32:23 -0600] "GET /wp-content/plugins/vonica-demo-data/other-hook-method.php HTTP/1.1" 404 17652 "-" "Mozilla/5.0 (Windows NT 6.3; Win64; x64) AppleWebKit/537.36 (KHTML, like Gecko) Chrome/52.0.2743.116 Safari/537.36 Edge/15.15063" kanharequipments.com 10.44.34.235
103.231.57.127 - - [04/Aug/2026:14:32:23 -0600] "GET /502.shtml HTTP/1.1" 404 17652 "-" "Mozilla/5.0 (Windows NT 6.3; Win64; x64) AppleWebKit/537.36 (KHTML, like Gecko) Chrome/52.0.2743.116 Safari/537.36 Edge/15.15063" kanharequipments.com 10.44.34.235
103.231.57.127 - - [04/Aug/2026:14:32:23 -0600] "GET /502.shtml HTTP/1.1" 404 17652 "-" "Mozilla/5.0 (Windows NT 6.3; Win64; x64) AppleWebKit/537.36 (KHTML, like Gecko) Chrome/52.0.2743.116 Safari/537.36 Edge/15.15063" kanharequipments.com 10.44.34.235
51.75.21.177 - - [04/Aug/2026:14:32:26 -0600] "GET /product-category/work-table-trolly/?add-to-cart=2312&per_page=30&add_to_wishlist=2338 HTTP/1.1" 301 - "-" "Mozilla/5.0 (Windows NT 10.0; Win64; x64) AppleWebKit/537.36 (KHTML, like Gecko) Chrome/148.0.0.0 Safari/537.36" kanharequipments.com 10.44.34.235
141.94.94.45 - - [04/Aug/2026:14:32:26 -0600] "GET /product-category/work-table-trolly/?add-to-cart=2312&per_page=30&add_to_wishlist=2314 HTTP/1.1" 301 - "-" "Mozilla/5.0 (Windows NT 10.0; Win64; x64) AppleWebKit/537.36 (KHTML, like Gecko) Chrome/148.0.0.0 Safari/537.36" kanharequipments.com 10.44.34.235
141.94.94.45 - - [04/Aug/2026:14:32:36 -0600] "GET /product-category/work-table-trolly/?add-to-cart=2312&per_page=30&add_to_wishlist=2314 HTTP/1.1" 301 - "-" "Mozilla/5.0 (Windows NT 10.0; Win64; x64) AppleWebKit/537.36 (KHTML, like Gecko) Chrome/148.0.0.0 Safari/537.36" kanharequipments.com 10.44.34.235
141.94.95.76 - - [04/Aug/2026:14:32:35 -0600] "GET /product-category/work-table-trolly/?add-to-cart=2312&per_page=30&add_to_wishlist=2315 HTTP/1.1" 301 - "-" "Mozilla/5.0 (Windows NT 10.0; Win64; x64) AppleWebKit/537.36 (KHTML, like Gecko) Chrome/148.0.0.0 Safari/537.36" kanharequipments.com 10.44.34.235
151.80.133.171 - - [04/Aug/2026:14:32:34 -0600] "GET /product-category/work-table-trolly/?add-to-cart=2312&per_page=30&add_to_wishlist=2315 HTTP/1.1" 301 - "-" "Mozilla/5.0 (Windows NT 10.0; Win64; x64) AppleWebKit/537.36 (KHTML, like Gecko) Chrome/148.0.0.0 Safari/537.36" kanharequipments.com 10.44.34.235
151.80.133.111 - - [04/Aug/2026:14:32:36 -0600] "GET /product-category/work-table-trolly/?add-to-cart=2312&per_page=30&add_to_wishlist=2314 HTTP/1.1" 301 - "-" "Mozilla/5.0 (Windows NT 10.0; Win64; x64) AppleWebKit/537.36 (KHTML, like Gecko) Chrome/148.0.0.0 Safari/537.36" kanharequipments.com 10.44.34.235
201.16.252.18 - - [04/Aug/2026:14:32:34 -0600] "GET /502.shtml HTTP/1.1" 404 17652 "https://kanharequipments.com" "Mozilla/5.0 (Macintosh; Intel Mac OS X 10_15_7) AppleWebKit/537.36 (KHTML, like Gecko) Chrome/145.0.0.0 Safari/537.36" kanharequipments.com 10.44.34.235
51.75.21.177 - - [04/Aug/2026:14:32:36 -0600] "GET /product-category/work-table-trolly/?add-to-cart=2312&per_page=30&add_to_wishlist=2338 HTTP/1.1" 301 - "-" "Mozilla/5.0 (Windows NT 10.0; Win64; x64) AppleWebKit/537.36 (KHTML, like Gecko) Chrome/148.0.0.0 Safari/537.36" kanharequipments.com 10.44.34.235
92.97.87.107 - - [04/Aug/2026:14:32:43 -0600] "GET /502.shtml HTTP/1.1" 404 17652 "https://kanharequipments.com" "Mozilla/5.0 (Macintosh; Intel Mac OS X 10_15_7) AppleWebKit/537.36 (KHTML, like Gecko) Chrome/145.0.0.0 Safari/537.36" kanharequipments.com 10.44.34.235
141.94.95.76 - - [04/Aug/2026:14:32:45 -0600] "GET /product-category/work-table-trolly/?add-to-cart=2312&per_page=30&add_to_wishlist=2315 HTTP/1.1" 301 - "-" "Mozilla/5.0 (Windows NT 10.0; Win64; x64) AppleWebKit/537.36 (KHTML, like Gecko) Chrome/148.0.0.0 Safari/537.36" kanharequipments.com 10.44.34.235
151.80.133.111 - - [04/Aug/2026:14:32:46 -0600] "GET /product-category/work-table-trolly/?add-to-cart=2312&per_page=30&add_to_wishlist=2314 HTTP/1.1" 301 - "-" "Mozilla/5.0 (Windows NT 10.0; Win64; x64) AppleWebKit/537.36 (KHTML, like Gecko) Chrome/148.0.0.0 Safari/537.36" kanharequipments.com 10.44.34.235
5.45.119.191 - - [04/Aug/2026:14:32:53 -0600] "GET /502.shtml HTTP/1.1" 404 17652 "-" "Mozilla/5.0 (Windows NT 6.3; Win64; x64) AppleWebKit/537.36 (KHTML, like Gecko) Chrome/52.0.2743.116 Safari/537.36 Edge/15.15063" kanharequipments.com 10.44.34.235
5.45.119.191 - - [04/Aug/2026:14:32:53 -0600] "GET /502.shtml HTTP/1.1" 404 17652 "-" "Mozilla/5.0 (Windows NT 6.3; Win64; x64) AppleWebKit/537.36 (KHTML, like Gecko) Chrome/52.0.2743.116 Safari/537.36 Edge/15.15063" kanharequipments.com 10.44.34.235
194.87.131.154 - - [04/Aug/2026:14:32:53 -0600] "GET /wp-content/plugins/vonica-demo-data/other-hook-method.php HTTP/1.1" 404 17652 "-" "Mozilla/5.0 (Windows NT 6.3; Win64; x64) AppleWebKit/537.36 (KHTML, like Gecko) Chrome/52.0.2743.116 Safari/537.36 Edge/15.15063" kanharequipments.com 10.44.34.235
45.44.250.29 - - [04/Aug/2026:14:32:56 -0600] "GET /502.shtml HTTP/1.1" 404 17652 "https://kanharequipments.com" "Mozilla/5.0 (Macintosh; Intel Mac OS X 10_15_7) AppleWebKit/537.36 (KHTML, like Gecko) Chrome/145.0.0.0 Safari/537.36" kanharequipments.com 10.44.34.235
104.28.153.183 - - [04/Aug/2026:14:33:25 -0600] "GET /502.shtml HTTP/1.1" 404 17652 "-" "Mozilla/5.0 (Windows NT 6.3; Win64; x64) AppleWebKit/537.36 (KHTML, like Gecko) Chrome/52.0.2743.116 Safari/537.36 Edge/15.15063" kanharequipments.com 10.44.34.235
23.151.104.236 - - [04/Aug/2026:14:33:24 -0600] "GET /wp-content/plugins/vonica-demo-data/other-hook-method.php HTTP/1.1" 404 17652 "-" "Mozilla/5.0 (Windows NT 6.3; Win64; x64) AppleWebKit/537.36 (KHTML, like Gecko) Chrome/52.0.2743.116 Safari/537.36 Edge/15.15063" kanharequipments.com 10.44.34.235
179.38.199.249 - - [04/Aug/2026:14:33:29 -0600] "GET /product/l-type-sweet-display-counter/?add-to-cart=2281&add_to_wishlist=2246 HTTP/1.1" 301 - "https://kanharequipments.com" "Mozilla/5.0 (Windows NT 10.0; Win64; x64) AppleWebKit/537.36 (KHTML, like Gecko) Chrome/142.0.0.0 Safari/537.36" kanharequipments.com 10.44.34.235
104.28.153.183 - - [04/Aug/2026:14:33:25 -0600] "GET /502.shtml HTTP/1.1" 404 17652 "-" "Mozilla/5.0 (Windows NT 6.3; Win64; x64) AppleWebKit/537.36 (KHTML, like Gecko) Chrome/52.0.2743.116 Safari/537.36 Edge/15.15063" kanharequipments.com 10.44.34.235
74.113.232.135 - - [04/Aug/2026:14:33:41 -0600] "GET /hello-world/ HTTP/1.1" 200 60515 "https://kanharequipments.com/hello-world/" "Mozilla/5.0 (Windows NT 10.0; Win64; x64) AppleWebKit/537.36 (KHTML, like Gecko) Chrome/131.0.0.0 Safari/537.36 Avast/131.0.0.0" kanharequipments.com 10.44.34.235
185.181.109.201 - - [04/Aug/2026:14:33:41 -0600] "GET /product/l-type-sweet-display-counter/?add-to-cart=2281&add_to_wishlist=2246 HTTP/1.1" 301 - "https://kanharequipments.com" "Mozilla/5.0 (Windows NT 10.0; Win64; x64) AppleWebKit/537.36 (KHTML, like Gecko) Chrome/142.0.0.0 Safari/537.36" kanharequipments.com 10.44.34.235
104.28.153.183 - - [04/Aug/2026:14:33:54 -0600] "GET /502.shtml HTTP/1.1" 404 17652 "-" "Mozilla/5.0 (Windows NT 6.3; Win64; x64) AppleWebKit/537.36 (KHTML, like Gecko) Chrome/52.0.2743.116 Safari/537.36 Edge/15.15063" kanharequipments.com 10.44.34.235
104.28.153.183 - - [04/Aug/2026:14:33:54 -0600] "GET /502.shtml HTTP/1.1" 404 17652 "-" "Mozilla/5.0 (Windows NT 6.3; Win64; x64) AppleWebKit/537.36 (KHTML, like Gecko) Chrome/52.0.2743.116 Safari/537.36 Edge/15.15063" kanharequipments.com 10.44.34.235
39.35.229.126 - - [04/Aug/2026:14:33:57 -0600] "GET /product/l-type-sweet-display-counter/?add-to-cart=2281&add_to_wishlist=2246 HTTP/1.1" 301 - "https://kanharequipments.com" "Mozilla/5.0 (Windows NT 10.0; Win64; x64) AppleWebKit/537.36 (KHTML, like Gecko) Chrome/142.0.0.0 Safari/537.36" kanharequipments.com 10.44.34.235
20.191.152.12 - - [04/Aug/2026:14:33:57 -0600] "GET /wp-login.php HTTP/1.1" 200 2121 "-" "Mozilla/5.0 (Windows NT 10.0; Win64; x64) AppleWebKit/537.36 Chrome/129.0.0.0 Safari/537.36" kanharequipments.com 10.44.34.235
103.142.115.6 - - [04/Aug/2026:14:34:23 -0600] "GET /502.shtml HTTP/1.1" 404 17652 "-" "Mozilla/5.0 (Windows NT 6.3; Win64; x64) AppleWebKit/537.36 (KHTML, like Gecko) Chrome/52.0.2743.116 Safari/537.36 Edge/15.15063" kanharequipments.com 10.44.34.235
103.142.115.6 - - [04/Aug/2026:14:34:23 -0600] "GET /502.shtml HTTP/1.1" 404 17652 "-" "Mozilla/5.0 (Windows NT 6.3; Win64; x64) AppleWebKit/537.36 (KHTML, like Gecko) Chrome/52.0.2743.116 Safari/537.36 Edge/15.15063" kanharequipments.com 10.44.34.235
74.113.232.135 - - [04/Aug/2026:14:34:36 -0600] "GET /wp-admin/admin-ajax.php?add_to_wishlist=2363 HTTP/1.0" 400 1 "https://kanharequipments.com/wp-admin/admin-ajax.php?add_to_wishlist=2363" "Mozilla/5.0 (Windows NT 10.0; Win64; x64) AppleWebKit/537.36 (KHTML, like Gecko) Chrome/131.0.0.0 Safari/537.36 Avast/131.0.0.0" kanharequipments.com 10.44.34.235
23.148.84.135 - - [04/Aug/2026:14:34:54 -0600] "GET /502.shtml HTTP/1.1" 404 17652 "-" "Mozilla/5.0 (Windows NT 6.3; Win64; x64) AppleWebKit/537.36 (KHTML, like Gecko) Chrome/52.0.2743.116 Safari/537.36 Edge/15.15063" kanharequipments.com 10.44.34.235
129.226.192.48 - - [04/Aug/2026:14:34:54 -0600] "GET /502.shtml HTTP/1.1" 404 17652 "-" "Mozilla/5.0 (Windows NT 6.3; Win64; x64) AppleWebKit/537.36 (KHTML, like Gecko) Chrome/52.0.2743.116 Safari/537.36 Edge/15.15063" kanharequipments.com 10.44.34.235
129.226.192.48 - - [04/Aug/2026:14:34:54 -0600] "GET /502.shtml HTTP/1.1" 404 17652 "-" "Mozilla/5.0 (Windows NT 6.3; Win64; x64) AppleWebKit/537.36 (KHTML, like Gecko) Chrome/52.0.2743.116 Safari/537.36 Edge/15.15063" kanharequipments.com 10.44.34.235
186.29.171.15 - - [04/Aug/2026:14:35:20 -0600] "GET /product/two-sink-unit/?add-to-cart=2325&add_to_wishlist=2338 HTTP/1.1" 301 - "https://kanharequipments.com" "Mozilla/5.0 (Macintosh; Intel Mac OS X 10_15_7) AppleWebKit/537.36 (KHTML, like Gecko) Chrome/144.0.0.0 Safari/537.36" kanharequipments.com 10.44.34.235
103.231.57.127 - - [04/Aug/2026:14:35:23 -0600] "GET /502.shtml HTTP/1.1" 404 17652 "-" "Mozilla/5.0 (Windows NT 6.3; Win64; x64) AppleWebKit/537.36 (KHTML, like Gecko) Chrome/52.0.2743.116 Safari/537.36 Edge/15.15063" kanharequipments.com 10.44.34.235
103.107.71.206 - - [04/Aug/2026:14:35:24 -0600] "GET /502.shtml HTTP/1.1" 404 17652 "-" "Mozilla/5.0 (Windows NT 6.3; Win64; x64) AppleWebKit/537.36 (KHTML, like Gecko) Chrome/52.0.2743.116 Safari/537.36 Edge/15.15063" kanharequipments.com 10.44.34.235
103.107.71.206 - - [04/Aug/2026:14:35:24 -0600] "GET /502.shtml HTTP/1.1" 404 17652 "-" "Mozilla/5.0 (Windows NT 6.3; Win64; x64) AppleWebKit/537.36 (KHTML, like Gecko) Chrome/52.0.2743.116 Safari/537.36 Edge/15.15063" kanharequipments.com 10.44.34.235
151.80.133.171 - - [04/Aug/2026:14:35:24 -0600] "GET /502.shtml HTTP/1.1" 404 17652 "-" "Mozilla/5.0 (Windows NT 10.0; Win64; x64) AppleWebKit/537.36 (KHTML, like Gecko) Chrome/148.0.0.0 Safari/537.36" kanharequipments.com 10.44.34.235
74.113.232.135 - - [04/Aug/2026:14:35:28 -0600] "GET /wp-admin/admin-ajax.php?add_to_wishlist=2362 HTTP/1.0" 400 1 "https://kanharequipments.com/wp-admin/admin-ajax.php?add_to_wishlist=2362" "Mozilla/5.0 (Windows NT 10.0; Win64; x64) AppleWebKit/537.36 (KHTML, like Gecko) Chrome/131.0.0.0 Safari/537.36 Avast/131.0.0.0" kanharequipments.com 10.44.34.235
151.80.133.171 - - [04/Aug/2026:14:35:24 -0600] "GET /502.shtml HTTP/1.1" 404 17652 "-" "Mozilla/5.0 (Windows NT 10.0; Win64; x64) AppleWebKit/537.36 (KHTML, like Gecko) Chrome/148.0.0.0 Safari/537.36" kanharequipments.com 10.44.34.235
141.94.94.45 - - [04/Aug/2026:14:35:26 -0600] "GET /502.shtml HTTP/1.1" 404 17652 "-" "Mozilla/5.0 (Windows NT 10.0; Win64; x64) AppleWebKit/537.36 (KHTML, like Gecko) Chrome/148.0.0.0 Safari/537.36" kanharequipments.com 10.44.34.235
51.75.21.177 - - [04/Aug/2026:14:35:26 -0600] "GET /502.shtml HTTP/1.1" 404 17652 "-" "Mozilla/5.0 (Windows NT 10.0; Win64; x64) AppleWebKit/537.36 (KHTML, like Gecko) Chrome/148.0.0.0 Safari/537.36" kanharequipments.com 10.44.34.235
51.75.21.177 - - [04/Aug/2026:14:35:26 -0600] "GET /502.shtml HTTP/1.1" 404 17652 "-" "Mozilla/5.0 (Windows NT 10.0; Win64; x64) AppleWebKit/537.36 (KHTML, like Gecko) Chrome/148.0.0.0 Safari/537.36" kanharequipments.com 10.44.34.235
141.94.94.45 - - [04/Aug/2026:14:35:26 -0600] "GET /502.shtml HTTP/1.1" 404 17652 "-" "Mozilla/5.0 (Windows NT 10.0; Win64; x64) AppleWebKit/537.36 (KHTML, like Gecko) Chrome/148.0.0.0 Safari/537.36" kanharequipments.com 10.44.34.235
86.97.35.91 - - [04/Aug/2026:14:35:30 -0600] "GET /product/two-sink-unit/?add-to-cart=2325&add_to_wishlist=2338 HTTP/1.1" 301 - "https://kanharequipments.com" "Mozilla/5.0 (Macintosh; Intel Mac OS X 10_15_7) AppleWebKit/537.36 (KHTML, like Gecko) Chrome/144.0.0.0 Safari/537.36" kanharequipments.com 10.44.34.235
141.94.95.76 - - [04/Aug/2026:14:35:35 -0600] "GET /502.shtml HTTP/1.1" 404 17652 "-" "Mozilla/5.0 (Windows NT 10.0; Win64; x64) AppleWebKit/537.36 (KHTML, like Gecko) Chrome/148.0.0.0 Safari/537.36" kanharequipments.com 10.44.34.235
151.80.133.171 - - [04/Aug/2026:14:35:34 -0600] "GET /502.shtml HTTP/1.1" 404 17652 "-" "Mozilla/5.0 (Windows NT 10.0; Win64; x64) AppleWebKit/537.36 (KHTML, like Gecko) Chrome/148.0.0.0 Safari/537.36" kanharequipments.com 10.44.34.235
151.80.133.171 - - [04/Aug/2026:14:35:34 -0600] "GET /502.shtml HTTP/1.1" 404 17652 "-" "Mozilla/5.0 (Windows NT 10.0; Win64; x64) AppleWebKit/537.36 (KHTML, like Gecko) Chrome/148.0.0.0 Safari/537.36" kanharequipments.com 10.44.34.235
51.75.21.177 - - [04/Aug/2026:14:35:36 -0600] "GET /502.shtml HTTP/1.1" 404 17652 "-" "Mozilla/5.0 (Windows NT 10.0; Win64; x64) AppleWebKit/537.36 (KHTML, like Gecko) Chrome/148.0.0.0 Safari/537.36" kanharequipments.com 10.44.34.235
141.94.95.76 - - [04/Aug/2026:14:35:35 -0600] "GET /502.shtml HTTP/1.1" 404 17652 "-" "Mozilla/5.0 (Windows NT 10.0; Win64; x64) AppleWebKit/537.36 (KHTML, like Gecko) Chrome/148.0.0.0 Safari/537.36" kanharequipments.com 10.44.34.235
141.94.94.45 - - [04/Aug/2026:14:35:36 -0600] "GET /502.shtml HTTP/1.1" 404 17652 "-" "Mozilla/5.0 (Windows NT 10.0; Win64; x64) AppleWebKit/537.36 (KHTML, like Gecko) Chrome/148.0.0.0 Safari/537.36" kanharequipments.com 10.44.34.235
51.75.21.177 - - [04/Aug/2026:14:35:36 -0600] "GET /502.shtml HTTP/1.1" 404 17652 "-" "Mozilla/5.0 (Windows NT 10.0; Win64; x64) AppleWebKit/537.36 (KHTML, like Gecko) Chrome/148.0.0.0 Safari/537.36" kanharequipments.com 10.44.34.235
141.94.94.45 - - [04/Aug/2026:14:35:36 -0600] "GET /502.shtml HTTP/1.1" 404 17652 "-" "Mozilla/5.0 (Windows NT 10.0; Win64; x64) AppleWebKit/537.36 (KHTML, like Gecko) Chrome/148.0.0.0 Safari/537.36" kanharequipments.com 10.44.34.235
151.80.133.111 - - [04/Aug/2026:14:35:37 -0600] "GET /502.shtml HTTP/1.1" 404 17652 "-" "Mozilla/5.0 (Windows NT 10.0; Win64; x64) AppleWebKit/537.36 (KHTML, like Gecko) Chrome/148.0.0.0 Safari/537.36" kanharequipments.com 10.44.34.235
151.80.133.111 - - [04/Aug/2026:14:35:37 -0600] "GET /502.shtml HTTP/1.1" 404 17652 "-" "Mozilla/5.0 (Windows NT 10.0; Win64; x64) AppleWebKit/537.36 (KHTML, like Gecko) Chrome/148.0.0.0 Safari/537.36" kanharequipments.com 10.44.34.235
151.80.133.111 - - [04/Aug/2026:14:35:46 -0600] "GET /502.shtml HTTP/1.1" 404 17652 "-" "Mozilla/5.0 (Windows NT 10.0; Win64; x64) AppleWebKit/537.36 (KHTML, like Gecko) Chrome/148.0.0.0 Safari/537.36" kanharequipments.com 10.44.34.235
141.94.95.76 - - [04/Aug/2026:14:35:45 -0600] "GET /502.shtml HTTP/1.1" 404 17652 "-" "Mozilla/5.0 (Windows NT 10.0; Win64; x64) AppleWebKit/537.36 (KHTML, like Gecko) Chrome/148.0.0.0 Safari/537.36" kanharequipments.com 10.44.34.235
151.80.133.111 - - [04/Aug/2026:14:35:46 -0600] "GET /502.shtml HTTP/1.1" 404 17652 "-" "Mozilla/5.0 (Windows NT 10.0; Win64; x64) AppleWebKit/537.36 (KHTML, like Gecko) Chrome/148.0.0.0 Safari/537.36" kanharequipments.com 10.44.34.235
141.94.95.76 - - [04/Aug/2026:14:35:45 -0600] "GET /502.shtml HTTP/1.1" 404 17652 "-" "Mozilla/5.0 (Windows NT 10.0; Win64; x64) AppleWebKit/537.36 (KHTML, like Gecko) Chrome/148.0.0.0 Safari/537.36" kanharequipments.com 10.44.34.235
62.4.34.166 - - [04/Aug/2026:14:35:49 -0600] "GET /product/two-sink-unit/?add-to-cart=2325&add_to_wishlist=2338 HTTP/1.1" 301 - "https://kanharequipments.com" "Mozilla/5.0 (Macintosh; Intel Mac OS X 10_15_7) AppleWebKit/537.36 (KHTML, like Gecko) Chrome/144.0.0.0 Safari/537.36" kanharequipments.com 10.44.34.235
5.45.119.191 - - [04/Aug/2026:14:35:53 -0600] "GET /502.shtml HTTP/1.1" 404 17652 "-" "Mozilla/5.0 (Windows NT 6.3; Win64; x64) AppleWebKit/537.36 (KHTML, like Gecko) Chrome/52.0.2743.116 Safari/537.36 Edge/15.15063" kanharequipments.com 10.44.34.235
194.87.131.154 - - [04/Aug/2026:14:35:53 -0600] "GET /502.shtml HTTP/1.1" 404 17652 "-" "Mozilla/5.0 (Windows NT 6.3; Win64; x64) AppleWebKit/537.36 (KHTML, like Gecko) Chrome/52.0.2743.116 Safari/537.36 Edge/15.15063" kanharequipments.com 10.44.34.235
74.113.232.135 - - [04/Aug/2026:14:36:20 -0600] "GET /wp-admin/admin-ajax.php?add_to_wishlist=2347 HTTP/1.0" 400 1 "https://kanharequipments.com/wp-admin/admin-ajax.php?add_to_wishlist=2347" "Mozilla/5.0 (Windows NT 10.0; Win64; x64) AppleWebKit/537.36 (KHTML, like Gecko) Chrome/131.0.0.0 Safari/537.36 Avast/131.0.0.0" kanharequipments.com 10.44.34.235
23.151.104.236 - - [04/Aug/2026:14:36:24 -0600] "GET /502.shtml HTTP/1.1" 404 17652 "-" "Mozilla/5.0 (Windows NT 6.3; Win64; x64) AppleWebKit/537.36 (KHTML, like Gecko) Chrome/52.0.2743.116 Safari/537.36 Edge/15.15063" kanharequipments.com 10.44.34.235
23.151.104.236 - - [04/Aug/2026:14:36:24 -0600] "GET /502.shtml HTTP/1.1" 404 17652 "-" "Mozilla/5.0 (Windows NT 6.3; Win64; x64) AppleWebKit/537.36 (KHTML, like Gecko) Chrome/52.0.2743.116 Safari/537.36 Edge/15.15063" kanharequipments.com 10.44.34.235
179.38.199.249 - - [04/Aug/2026:14:36:29 -0600] "GET /502.shtml HTTP/1.1" 404 17652 "https://kanharequipments.com" "Mozilla/5.0 (Windows NT 10.0; Win64; x64) AppleWebKit/537.36 (KHTML, like Gecko) Chrome/142.0.0.0 Safari/537.36" kanharequipments.com 10.44.34.235
179.38.199.249 - - [04/Aug/2026:14:36:29 -0600] "GET /502.shtml HTTP/1.1" 404 17652 "https://kanharequipments.com" "Mozilla/5.0 (Windows NT 10.0; Win64; x64) AppleWebKit/537.36 (KHTML, like Gecko) Chrome/142.0.0.0 Safari/537.36" kanharequipments.com 10.44.34.235
104.28.153.183 - - [04/Aug/2026:14:36:26 -0600] "GET /502.shtml HTTP/1.1" 404 17652 "-" "Mozilla/5.0 (Windows NT 6.3; Win64; x64) AppleWebKit/537.36 (KHTML, like Gecko) Chrome/52.0.2743.116 Safari/537.36 Edge/15.15063" kanharequipments.com 10.44.34.235
185.181.109.201 - - [04/Aug/2026:14:36:42 -0600] "GET /502.shtml HTTP/1.1" 404 17652 "https://kanharequipments.com" "Mozilla/5.0 (Windows NT 10.0; Win64; x64) AppleWebKit/537.36 (KHTML, like Gecko) Chrome/142.0.0.0 Safari/537.36" kanharequipments.com 10.44.34.235
74.113.232.135 - - [04/Aug/2026:14:36:41 -0600] "GET /502.shtml HTTP/1.1" 404 52874 "https://kanharequipments.com/hello-world/" "Mozilla/5.0 (Windows NT 10.0; Win64; x64) AppleWebKit/537.36 (KHTML, like Gecko) Chrome/131.0.0.0 Safari/537.36 Avast/131.0.0.0" kanharequipments.com 10.44.34.235
185.181.109.201 - - [04/Aug/2026:14:36:42 -0600] "GET /502.shtml HTTP/1.1" 404 17652 "https://kanharequipments.com" "Mozilla/5.0 (Windows NT 10.0; Win64; x64) AppleWebKit/537.36 (KHTML, like Gecko) Chrome/142.0.0.0 Safari/537.36" kanharequipments.com 10.44.34.235
39.35.229.126 - - [04/Aug/2026:14:36:57 -0600] "GET /502.shtml HTTP/1.1" 404 17652 "https://kanharequipments.com" "Mozilla/5.0 (Windows NT 10.0; Win64; x64) AppleWebKit/537.36 (KHTML, like Gecko) Chrome/142.0.0.0 Safari/537.36" kanharequipments.com 10.44.34.235
39.35.229.126 - - [04/Aug/2026:14:36:57 -0600] "GET /502.shtml HTTP/1.1" 404 17652 "https://kanharequipments.com" "Mozilla/5.0 (Windows NT 10.0; Win64; x64) AppleWebKit/537.36 (KHTML, like Gecko) Chrome/142.0.0.0 Safari/537.36" kanharequipments.com 10.44.34.235
104.28.153.183 - - [04/Aug/2026:14:36:54 -0600] "GET /502.shtml HTTP/1.1" 404 17652 "-" "Mozilla/5.0 (Windows NT 6.3; Win64; x64) AppleWebKit/537.36 (KHTML, like Gecko) Chrome/52.0.2743.116 Safari/537.36 Edge/15.15063" kanharequipments.com 10.44.34.235
74.113.232.135 - - [04/Aug/2026:14:37:12 -0600] "GET /wp-admin/admin-ajax.php?add_to_wishlist=2346 HTTP/1.0" 400 1 "https://kanharequipments.com/wp-admin/admin-ajax.php?add_to_wishlist=2346" "Mozilla/5.0 (Windows NT 10.0; Win64; x64) AppleWebKit/537.36 (KHTML, like Gecko) Chrome/131.0.0.0 Safari/537.36 Avast/131.0.0.0" kanharequipments.com 10.44.34.235
103.142.115.6 - - [04/Aug/2026:14:37:23 -0600] "GET /502.shtml HTTP/1.1" 404 17652 "-" "Mozilla/5.0 (Windows NT 6.3; Win64; x64) AppleWebKit/537.36 (KHTML, like Gecko) Chrome/52.0.2743.116 Safari/537.36 Edge/15.15063" kanharequipments.com 10.44.34.235
216.73.216.238 - - [04/Aug/2026:14:37:29 -0600] "GET /sitemap.xml HTTP/1.1" 301 - "-" "Mozilla/5.0 AppleWebKit/537.36 (KHTML, like Gecko; compatible; ClaudeBot/1.0; +claudebot@anthropic.com)" kanharequipments.com 10.44.34.235
201.42.80.115 - - [04/Aug/2026:14:37:56 -0600] "GET /shop-2/?add-to-cart=2292&add_to_wishlist=2313&per_page=30 HTTP/1.1" 301 - "https://kanharequipments.com" "Mozilla/5.0 (Macintosh; Intel Mac OS X 10_15_7) AppleWebKit/537.36 (KHTML, like Gecko) Chrome/145.0.0.0 Safari/537.36" kanharequipments.com 10.44.34.235
129.226.192.48 - - [04/Aug/2026:14:37:54 -0600] "GET /502.shtml HTTP/1.1" 404 17652 "-" "Mozilla/5.0 (Windows NT 6.3; Win64; x64) AppleWebKit/537.36 (KHTML, like Gecko) Chrome/52.0.2743.116 Safari/537.36 Edge/15.15063" kanharequipments.com 10.44.34.235
74.113.232.135 - - [04/Aug/2026:14:38:03 -0600] "GET /wp-admin/admin-ajax.php?add_to_wishlist=2345 HTTP/1.0" 400 1 "https://kanharequipments.com/wp-admin/admin-ajax.php?add_to_wishlist=2345" "Mozilla/5.0 (Windows NT 10.0; Win64; x64) AppleWebKit/537.36 (KHTML, like Gecko) Chrome/131.0.0.0 Safari/537.36 Avast/131.0.0.0" kanharequipments.com 10.44.34.235
109.236.40.161 - - [04/Aug/2026:14:38:12 -0600] "GET /shop-2/?add-to-cart=2292&add_to_wishlist=2313&per_page=30 HTTP/1.1" 301 - "https://kanharequipments.com" "Mozilla/5.0 (Macintosh; Intel Mac OS X 10_15_7) AppleWebKit/537.36 (KHTML, like Gecko) Chrome/145.0.0.0 Safari/537.36" kanharequipments.com 10.44.34.235
130.250.231.143 - - [04/Aug/2026:14:38:09 -0600] "GET /shop-2/?add-to-cart=2292&add_to_wishlist=2313&per_page=30 HTTP/1.1" 301 - "https://kanharequipments.com" "Mozilla/5.0 (Macintosh; Intel Mac OS X 10_15_7) AppleWebKit/537.36 (KHTML, like Gecko) Chrome/145.0.0.0 Safari/537.36" kanharequipments.com 10.44.34.235
186.29.171.15 - - [04/Aug/2026:14:38:20 -0600] "GET /502.shtml HTTP/1.1" 404 17652 "https://kanharequipments.com" "Mozilla/5.0 (Macintosh; Intel Mac OS X 10_15_7) AppleWebKit/537.36 (KHTML, like Gecko) Chrome/144.0.0.0 Safari/537.36" kanharequipments.com 10.44.34.235
186.29.171.15 - - [04/Aug/2026:14:38:20 -0600] "GET /502.shtml HTTP/1.1" 404 17652 "https://kanharequipments.com" "Mozilla/5.0 (Macintosh; Intel Mac OS X 10_15_7) AppleWebKit/537.36 (KHTML, like Gecko) Chrome/144.0.0.0 Safari/537.36" kanharequipments.com 10.44.34.235
151.80.133.171 - - [04/Aug/2026:14:38:24 -0600] "GET /502.shtml HTTP/1.1" 404 17652 "-" "Mozilla/5.0 (Windows NT 10.0; Win64; x64) AppleWebKit/537.36 (KHTML, like Gecko) Chrome/148.0.0.0 Safari/537.36" kanharequipments.com 10.44.34.235
51.75.21.177 - - [04/Aug/2026:14:38:26 -0600] "GET /502.shtml HTTP/1.1" 404 17652 "-" "Mozilla/5.0 (Windows NT 10.0; Win64; x64) AppleWebKit/537.36 (KHTML, like Gecko) Chrome/148.0.0.0 Safari/537.36" kanharequipments.com 10.44.34.235
141.94.94.45 - - [04/Aug/2026:14:38:26 -0600] "GET /502.shtml HTTP/1.1" 404 17652 "-" "Mozilla/5.0 (Windows NT 10.0; Win64; x64) AppleWebKit/537.36 (KHTML, like Gecko) Chrome/148.0.0.0 Safari/537.36" kanharequipments.com 10.44.34.235
103.107.71.206 - - [04/Aug/2026:14:38:24 -0600] "GET /502.shtml HTTP/1.1" 404 17652 "-" "Mozilla/5.0 (Windows NT 6.3; Win64; x64) AppleWebKit/537.36 (KHTML, like Gecko) Chrome/52.0.2743.116 Safari/537.36 Edge/15.15063" kanharequipments.com 10.44.34.235
86.97.35.91 - - [04/Aug/2026:14:38:31 -0600] "GET /502.shtml HTTP/1.1" 404 17652 "https://kanharequipments.com" "Mozilla/5.0 (Macintosh; Intel Mac OS X 10_15_7) AppleWebKit/537.36 (KHTML, like Gecko) Chrome/144.0.0.0 Safari/537.36" kanharequipments.com 10.44.34.235
86.97.35.91 - - [04/Aug/2026:14:38:31 -0600] "GET /502.shtml HTTP/1.1" 404 17652 "https://kanharequipments.com" "Mozilla/5.0 (Macintosh; Intel Mac OS X 10_15_7) AppleWebKit/537.36 (KHTML, like Gecko) Chrome/144.0.0.0 Safari/537.36" kanharequipments.com 10.44.34.235
51.75.21.177 - - [04/Aug/2026:14:38:36 -0600] "GET /502.shtml HTTP/1.1" 404 17652 "-" "Mozilla/5.0 (Windows NT 10.0; Win64; x64) AppleWebKit/537.36 (KHTML, like Gecko) Chrome/148.0.0.0 Safari/537.36" kanharequipments.com 10.44.34.235
141.94.95.76 - - [04/Aug/2026:14:38:35 -0600] "GET /502.shtml HTTP/1.1" 404 17652 "-" "Mozilla/5.0 (Windows NT 10.0; Win64; x64) AppleWebKit/537.36 (KHTML, like Gecko) Chrome/148.0.0.0 Safari/537.36" kanharequipments.com 10.44.34.235
151.80.133.111 - - [04/Aug/2026:14:38:37 -0600] "GET /502.shtml HTTP/1.1" 404 17652 "-" "Mozilla/5.0 (Windows NT 10.0; Win64; x64) AppleWebKit/537.36 (KHTML, like Gecko) Chrome/148.0.0.0 Safari/537.36" kanharequipments.com 10.44.34.235
151.80.133.171 - - [04/Aug/2026:14:38:34 -0600] "GET /502.shtml HTTP/1.1" 404 17652 "-" "Mozilla/5.0 (Windows NT 10.0; Win64; x64) AppleWebKit/537.36 (KHTML, like Gecko) Chrome/148.0.0.0 Safari/537.36" kanharequipments.com 10.44.34.235
141.94.94.45 - - [04/Aug/2026:14:38:36 -0600] "GET /502.shtml HTTP/1.1" 404 17652 "-" "Mozilla/5.0 (Windows NT 10.0; Win64; x64) AppleWebKit/537.36 (KHTML, like Gecko) Chrome/148.0.0.0 Safari/537.36" kanharequipments.com 10.44.34.235
141.94.95.76 - - [04/Aug/2026:14:38:45 -0600] "GET /502.shtml HTTP/1.1" 404 17652 "-" "Mozilla/5.0 (Windows NT 10.0; Win64; x64) AppleWebKit/537.36 (KHTML, like Gecko) Chrome/148.0.0.0 Safari/537.36" kanharequipments.com 10.44.34.235
62.4.34.166 - - [04/Aug/2026:14:38:49 -0600] "GET /502.shtml HTTP/1.1" 404 17652 "https://kanharequipments.com" "Mozilla/5.0 (Macintosh; Intel Mac OS X 10_15_7) AppleWebKit/537.36 (KHTML, like Gecko) Chrome/144.0.0.0 Safari/537.36" kanharequipments.com 10.44.34.235
151.80.133.111 - - [04/Aug/2026:14:38:46 -0600] "GET /502.shtml HTTP/1.1" 404 17652 "-" "Mozilla/5.0 (Windows NT 10.0; Win64; x64) AppleWebKit/537.36 (KHTML, like Gecko) Chrome/148.0.0.0 Safari/537.36" kanharequipments.com 10.44.34.235
62.4.34.166 - - [04/Aug/2026:14:38:49 -0600] "GET /502.shtml HTTP/1.1" 404 17652 "https://kanharequipments.com" "Mozilla/5.0 (Macintosh; Intel Mac OS X 10_15_7) AppleWebKit/537.36 (KHTML, like Gecko) Chrome/144.0.0.0 Safari/537.36" kanharequipments.com 10.44.34.235
74.113.232.135 - - [04/Aug/2026:14:38:55 -0600] "GET /wp-admin/admin-ajax.php?add_to_wishlist=2339 HTTP/1.0" 400 1 "https://kanharequipments.com/wp-admin/admin-ajax.php?add_to_wishlist=2339" "Mozilla/5.0 (Windows NT 10.0; Win64; x64) AppleWebKit/537.36 (KHTML, like Gecko) Chrome/131.0.0.0 Safari/537.36 Avast/131.0.0.0" kanharequipments.com 10.44.34.235
194.87.131.154 - - [04/Aug/2026:14:38:53 -0600] "GET /502.shtml HTTP/1.1" 404 17652 "-" "Mozilla/5.0 (Windows NT 6.3; Win64; x64) AppleWebKit/537.36 (KHTML, like Gecko) Chrome/52.0.2743.116 Safari/537.36 Edge/15.15063" kanharequipments.com 10.44.34.235
194.87.131.154 - - [04/Aug/2026:14:35:53 -0600] "GET /502.shtml HTTP/1.1" 404 17652 "-" "Mozilla/5.0 (Windows NT 6.3; Win64; x64) AppleWebKit/537.36 (KHTML, like Gecko) Chrome/52.0.2743.116 Safari/537.36 Edge/15.15063" kanharequipments.com 10.44.34.235
23.151.104.236 - - [04/Aug/2026:14:39:24 -0600] "GET /502.shtml HTTP/1.1" 404 17652 "-" "Mozilla/5.0 (Windows NT 6.3; Win64; x64) AppleWebKit/537.36 (KHTML, like Gecko) Chrome/52.0.2743.116 Safari/537.36 Edge/15.15063" kanharequipments.com 10.44.34.235
179.38.199.249 - - [04/Aug/2026:14:39:29 -0600] "GET /502.shtml HTTP/1.1" 404 17652 "https://kanharequipments.com" "Mozilla/5.0 (Windows NT 10.0; Win64; x64) AppleWebKit/537.36 (KHTML, like Gecko) Chrome/142.0.0.0 Safari/537.36" kanharequipments.com 10.44.34.235
185.181.109.201 - - [04/Aug/2026:14:39:42 -0600] "GET /502.shtml HTTP/1.1" 404 17652 "https://kanharequipments.com" "Mozilla/5.0 (Windows NT 10.0; Win64; x64) AppleWebKit/537.36 (KHTML, like Gecko) Chrome/142.0.0.0 Safari/537.36" kanharequipments.com 10.44.34.235
74.113.232.135 - - [04/Aug/2026:14:39:41 -0600] "GET /502.shtml HTTP/1.1" 404 52874 "https://kanharequipments.com/hello-world/" "Mozilla/5.0 (Windows NT 10.0; Win64; x64) AppleWebKit/537.36 (KHTML, like Gecko) Chrome/131.0.0.0 Safari/537.36 Avast/131.0.0.0" kanharequipments.com 10.44.34.235
74.113.232.135 - - [04/Aug/2026:14:39:47 -0600] "GET /wp-admin/admin-ajax.php?add_to_wishlist=2338 HTTP/1.0" 400 1 "https://kanharequipments.com/wp-admin/admin-ajax.php?add_to_wishlist=2338" "Mozilla/5.0 (Windows NT 10.0; Win64; x64) AppleWebKit/537.36 (KHTML, like Gecko) Chrome/131.0.0.0 Safari/537.36 Avast/131.0.0.0" kanharequipments.com 10.44.34.235
66.249.64.225 - - [04/Aug/2026:14:39:52 -0600] "GET /?n=32937850031160 HTTP/1.1" 200 29196 "-" "Mozilla/5.0 (Linux; Android 6.0.1; Nexus 5X Build/MMB29P) AppleWebKit/537.36 (KHTML, like Gecko) Chrome/151.0.7922.71 Mobile Safari/537.36 (compatible; Googlebot/2.1; +http://www.google.com/bot.html)" kanharequipments.com 10.44.34.235
39.35.229.126 - - [04/Aug/2026:14:39:57 -0600] "GET /502.shtml HTTP/1.1" 404 17652 "https://kanharequipments.com" "Mozilla/5.0 (Windows NT 10.0; Win64; x64) AppleWebKit/537.36 (KHTML, like Gecko) Chrome/142.0.0.0 Safari/537.36" kanharequipments.com 10.44.34.235
216.73.216.238 - - [04/Aug/2026:14:40:30 -0600] "GET /502.shtml HTTP/1.1" 404 17652 "-" "Mozilla/5.0 AppleWebKit/537.36 (KHTML, like Gecko; compatible; ClaudeBot/1.0; +claudebot@anthropic.com)" kanharequipments.com 10.44.34.235
216.73.216.238 - - [04/Aug/2026:14:40:29 -0600] "GET /502.shtml HTTP/1.1" 404 17652 "-" "Mozilla/5.0 AppleWebKit/537.36 (KHTML, like Gecko; compatible; ClaudeBot/1.0; +claudebot@anthropic.com)" kanharequipments.com 10.44.34.235
74.113.232.135 - - [04/Aug/2026:14:40:39 -0600] "GET /wp-admin/admin-ajax.php?add_to_wishlist=2336 HTTP/1.0" 400 1 "https://kanharequipments.com/wp-admin/admin-ajax.php?add_to_wishlist=2336" "Mozilla/5.0 (Windows NT 10.0; Win64; x64) AppleWebKit/537.36 (KHTML, like Gecko) Chrome/131.0.0.0 Safari/537.36 Avast/131.0.0.0" kanharequipments.com 10.44.34.235
201.42.80.115 - - [04/Aug/2026:14:40:57 -0600] "GET /502.shtml HTTP/1.1" 404 17652 "https://kanharequipments.com" "Mozilla/5.0 (Macintosh; Intel Mac OS X 10_15_7) AppleWebKit/537.36 (KHTML, like Gecko) Chrome/145.0.0.0 Safari/537.36" kanharequipments.com 10.44.34.235
201.42.80.115 - - [04/Aug/2026:14:40:57 -0600] "GET /502.shtml HTTP/1.1" 404 17652 "https://kanharequipments.com" "Mozilla/5.0 (Macintosh; Intel Mac OS X 10_15_7) AppleWebKit/537.36 (KHTML, like Gecko) Chrome/145.0.0.0 Safari/537.36" kanharequipments.com 10.44.34.235
130.250.231.143 - - [04/Aug/2026:14:41:09 -0600] "GET /502.shtml HTTP/1.1" 404 17652 "https://kanharequipments.com" "Mozilla/5.0 (Macintosh; Intel Mac OS X 10_15_7) AppleWebKit/537.36 (KHTML, like Gecko) Chrome/145.0.0.0 Safari/537.36" kanharequipments.com 10.44.34.235
130.250.231.143 - - [04/Aug/2026:14:41:09 -0600] "GET /502.shtml HTTP/1.1" 404 17652 "https://kanharequipments.com" "Mozilla/5.0 (Macintosh; Intel Mac OS X 10_15_7) AppleWebKit/537.36 (KHTML, like Gecko) Chrome/145.0.0.0 Safari/537.36" kanharequipments.com 10.44.34.235
109.236.40.161 - - [04/Aug/2026:14:41:12 -0600] "GET /502.shtml HTTP/1.1" 404 17652 "https://kanharequipments.com" "Mozilla/5.0 (Macintosh; Intel Mac OS X 10_15_7) AppleWebKit/537.36 (KHTML, like Gecko) Chrome/145.0.0.0 Safari/537.36" kanharequipments.com 10.44.34.235
186.29.171.15 - - [04/Aug/2026:14:41:20 -0600] "GET /502.shtml HTTP/1.1" 404 17652 "https://kanharequipments.com" "Mozilla/5.0 (Macintosh; Intel Mac OS X 10_15_7) AppleWebKit/537.36 (KHTML, like Gecko) Chrome/144.0.0.0 Safari/537.36" kanharequipments.com 10.44.34.235
74.113.232.135 - - [04/Aug/2026:14:41:31 -0600] "GET /wp-admin/admin-ajax.php?add_to_wishlist=2362 HTTP/1.0" 400 1 "https://kanharequipments.com/wp-admin/admin-ajax.php?add_to_wishlist=2362" "Mozilla/5.0 (Windows NT 10.0; Win64; x64) AppleWebKit/537.36 (KHTML, like Gecko) Chrome/131.0.0.0 Safari/537.36 Avast/131.0.0.0" kanharequipments.com 10.44.34.235
109.236.40.161 - - [04/Aug/2026:14:41:12 -0600] "GET /502.shtml HTTP/1.1" 404 17652 "https://kanharequipments.com" "Mozilla/5.0 (Macintosh; Intel Mac OS X 10_15_7) AppleWebKit/537.36 (KHTML, like Gecko) Chrome/145.0.0.0 Safari/537.36" kanharequipments.com 10.44.34.235
86.97.35.91 - - [04/Aug/2026:14:41:31 -0600] "GET /502.shtml HTTP/1.1" 404 17652 "https://kanharequipments.com" "Mozilla/5.0 (Macintosh; Intel Mac OS X 10_15_7) AppleWebKit/537.36 (KHTML, like Gecko) Chrome/144.0.0.0 Safari/537.36" kanharequipments.com 10.44.34.235
62.4.34.166 - - [04/Aug/2026:14:41:49 -0600] "GET /502.shtml HTTP/1.1" 404 17652 "https://kanharequipments.com" "Mozilla/5.0 (Macintosh; Intel Mac OS X 10_15_7) AppleWebKit/537.36 (KHTML, like Gecko) Chrome/144.0.0.0 Safari/537.36" kanharequipments.com 10.44.34.235
66.249.64.225 - - [04/Aug/2026:14:42:52 -0600] "GET /502.shtml HTTP/1.1" 404 17652 "-" "Mozilla/5.0 (Linux; Android 6.0.1; Nexus 5X Build/MMB29P) AppleWebKit/537.36 (KHTML, like Gecko) Chrome/151.0.7922.71 Mobile Safari/537.36 (compatible; Googlebot/2.1; +http://www.google.com/bot.html)" kanharequipments.com 10.44.34.235
66.249.64.225 - - [04/Aug/2026:14:42:52 -0600] "GET /502.shtml HTTP/1.1" 404 17652 "-" "Mozilla/5.0 (Linux; Android 6.0.1; Nexus 5X Build/MMB29P) AppleWebKit/537.36 (KHTML, like Gecko) Chrome/151.0.7922.71 Mobile Safari/537.36 (compatible; Googlebot/2.1; +http://www.google.com/bot.html)" kanharequipments.com 10.44.34.235
216.73.216.238 - - [04/Aug/2026:14:43:30 -0600] "GET /502.shtml HTTP/1.1" 404 17652 "-" "Mozilla/5.0 AppleWebKit/537.36 (KHTML, like Gecko; compatible; ClaudeBot/1.0; +claudebot@anthropic.com)" kanharequipments.com 10.44.34.235
43.172.194.164 - - [04/Aug/2026:14:43:39 -0600] "GET /shop-2/page/6?add_to_wishlist=1976&per_page=15&product-cata=55 HTTP/1.1" 301 - "-" "Mozilla/5.0 (Windows NT 10.0; Win64; x64) AppleWebKit/537.36 (KHTML, like Gecko) Chrome/107.0.0.0 Safari/537.36" kanharequipments.com 10.44.34.235
43.173.179.59 - - [04/Aug/2026:14:43:49 -0600] "GET /shop-2/page/6?add_to_wishlist=1976&per_page=15&product-cata=55 HTTP/1.1" 301 - "-" "Mozilla/5.0 (Windows NT 10.0; Win64; x64) AppleWebKit/537.36 (KHTML, like Gecko) Chrome/105.0.0.0 Safari/537.3" kanharequipments.com 10.44.34.235
66.249.64.224 - - [04/Aug/2026:14:43:49 -0600] "GET /?n=21403084061160 HTTP/1.1" 200 29196 "-" "Mozilla/5.0 (Linux; Android 6.0.1; Nexus 5X Build/MMB29P) AppleWebKit/537.36 (KHTML, like Gecko) Chrome/150.0.7871.186 Mobile Safari/537.36 (compatible; Googlebot/2.1; +http://www.google.com/bot.html)" kanharequipments.com 10.44.34.235
201.42.80.115 - - [04/Aug/2026:14:43:57 -0600] "GET /502.shtml HTTP/1.1" 404 17652 "https://kanharequipments.com" "Mozilla/5.0 (Macintosh; Intel Mac OS X 10_15_7) AppleWebKit/537.36 (KHTML, like Gecko) Chrome/145.0.0.0 Safari/537.36" kanharequipments.com 10.44.34.235
109.236.40.161 - - [04/Aug/2026:14:44:12 -0600] "GET /502.shtml HTTP/1.1" 404 17652 "https://kanharequipments.com" "Mozilla/5.0 (Macintosh; Intel Mac OS X 10_15_7) AppleWebKit/537.36 (KHTML, like Gecko) Chrome/145.0.0.0 Safari/537.36" kanharequipments.com 10.44.34.235
130.250.231.143 - - [04/Aug/2026:14:44:09 -0600] "GET /502.shtml HTTP/1.1" 404 17652 "https://kanharequipments.com" "Mozilla/5.0 (Macintosh; Intel Mac OS X 10_15_7) AppleWebKit/537.36 (KHTML, like Gecko) Chrome/145.0.0.0 Safari/537.36" kanharequipments.com 10.44.34.235
191.209.27.243 - - [04/Aug/2026:14:44:13 -0600] "GET /shop-2/page/6?add_to_wishlist=1976&per_page=15&product-cata=55 HTTP/1.1" 301 - "-" "Mozilla/5.0 (Windows NT 10.0; Win64; x64) AppleWebKit/537.36 (KHTML, like Gecko) Chrome/105.0.0.0 Safari/537.3" kanharequipments.com 10.44.34.235
50.6.43.128 - - [04/Aug/2026:15:03:17 -0600] "POST /wp-cron.php?doing_wp_cron=1785877397.8862190246582031250000 HTTP/1.1" 200 - "-" "WordPress/7.0.2; https://kanharequipments.com" kanharequipments.com 10.44.34.235
50.6.43.128 - - [04/Aug/2026:15:03:17 -0600] "POST /wp-cron.php?doing_wp_cron=1785877397.9438149929046630859375 HTTP/1.1" 200 - "-" "WordPress/7.0.2; https://kanharequipments.com" kanharequipments.com 10.44.34.235
50.6.43.128 - - [04/Aug/2026:15:03:17 -0600] "POST /wp-cron.php?doing_wp_cron=1785877397.9446239471435546875000 HTTP/1.1" 200 - "-" "WordPress/7.0.2; https://kanharequipments.com" kanharequipments.com 10.44.34.235
170.244.208.165 - - [04/Aug/2026:15:03:54 -0600] "GET /product/water-cooler/?add-to-cart=2311&add_to_wishlist=2313 HTTP/1.1" 301 - "https://kanharequipments.com" "Mozilla/5.0 (Macintosh; Intel Mac OS X 10_15_7) AppleWebKit/537.36 (KHTML, like Gecko) Chrome/144.0.0.0 Safari/537.36" kanharequipments.com 10.44.34.235
170.244.208.165 - - [04/Aug/2026:15:03:54 -0600] "GET /product/water-cooler/?add-to-cart=2311&add_to_wishlist=2313 HTTP/2.0" 301 - "https://kanharequipments.com" "Mozilla/5.0 (Macintosh; Intel Mac OS X 10_15_7) AppleWebKit/537.36 (KHTML, like Gecko) Chrome/144.0.0.0 Safari/537.36" kanharequipments.com 10.44.34.235
190.2.67.179 - - [04/Aug/2026:15:04:07 -0600] "GET /product/water-cooler/?add-to-cart=2311&add_to_wishlist=2313 HTTP/1.1" 301 - "https://kanharequipments.com" "Mozilla/5.0 (Macintosh; Intel Mac OS X 10_15_7) AppleWebKit/537.36 (KHTML, like Gecko) Chrome/144.0.0.0 Safari/537.36" kanharequipments.com 10.44.34.235
190.2.67.179 - - [04/Aug/2026:15:04:07 -0600] "GET /product/water-cooler/?add-to-cart=2311&add_to_wishlist=2313 HTTP/2.0" 301 - "https://kanharequipments.com" "Mozilla/5.0 (Macintosh; Intel Mac OS X 10_15_7) AppleWebKit/537.36 (KHTML, like Gecko) Chrome/144.0.0.0 Safari/537.36" kanharequipments.com 10.44.34.235
176.120.110.247 - - [04/Aug/2026:15:04:18 -0600] "GET /product/water-cooler/?add-to-cart=2311&add_to_wishlist=2313 HTTP/1.1" 301 - "https://kanharequipments.com" "Mozilla/5.0 (Macintosh; Intel Mac OS X 10_15_7) AppleWebKit/537.36 (KHTML, like Gecko) Chrome/144.0.0.0 Safari/537.36" kanharequipments.com 10.44.34.235
176.120.110.247 - - [04/Aug/2026:15:04:18 -0600] "GET /product/water-cooler/?add-to-cart=2311&add_to_wishlist=2313 HTTP/2.0" 301 - "https://kanharequipments.com" "Mozilla/5.0 (Macintosh; Intel Mac OS X 10_15_7) AppleWebKit/537.36 (KHTML, like Gecko) Chrome/144.0.0.0 Safari/537.36" kanharequipments.com 10.44.34.235
66.249.64.224 - - [04/Aug/2026:15:04:27 -0600] "GET /?n=21395198111160 HTTP/1.1" 200 29196 "-" "Mozilla/5.0 (Linux; Android 6.0.1; Nexus 5X Build/MMB29P) AppleWebKit/537.36 (KHTML, like Gecko) Chrome/150.0.7871.186 Mobile Safari/537.36 (compatible; Googlebot/2.1; +http://www.google.com/bot.html)" kanharequipments.com 10.44.34.235
