HEX
Server: Apache
System: Linux sh00683.bluehost.com 5.14.0-687.26.1.el9_8.x86_64 #1 SMP PREEMPT_DYNAMIC Tue Jul 14 16:32:02 EDT 2026 x86_64
User: hgdxabmy (1072)
PHP: 8.2.32
Disabled: NONE
Upload Files
File: /home1/hgdxabmy/access-logs/website-32bf1b07.hgd.xab.mybluehost.me-ssl_log
52.167.144.25 - - [04/Aug/2026:06:05:39 -0600] "GET /?n=7097325031160 HTTP/1.1" 301 - "-" "Mozilla/5.0 AppleWebKit/537.36 (KHTML, like Gecko; compatible; bingbot/2.0; +http://www.bing.com/bingbot.htm) Chrome/116.0.1938.76 Safari/537.36" www.kanharequipments.com 10.44.34.235
194.164.192.228 - - [04/Aug/2026:06:09:46 -0600] "GET /wp-login.php HTTP/2.0" 409 83 "-" "Mozilla/5.0 (Windows NT 10.0; Win64; x64) AppleWebKit/537.36 (KHTML, like Gecko) Chrome/150.0.0.0 Safari/537.36" kanharequipments.com 10.44.34.235
196.240.143.244 - - [04/Aug/2026:06:06:00 -0600] "GET /1xslots-%D1%80%D0%B0%D0%B1%D0%BE%D1%87%D0%B5%D0%B5-%D0%B7%D0%B5%D1%80%D0%BA%D0%B0%D0%BB%D0%BE-%D0%BD%D0%B0-%D1%81%D0%B5%D0%B3%D0%BE%D0%B4%D0%BD%D1%8F/ HTTP/1.1" 404 17652 "https://kanharequipments.com/" "Mozilla/5.0 (Macintosh; Intel Mac OS X 10_15_7) AppleWebKit/605.1.15 (KHTML, like Gecko) Version/18.3 Safari/605.1.15" kanharequipments.com 10.44.34.235
52.167.144.25 - - [04/Aug/2026:06:05:39 -0600] "GET /?n=7097325031160 HTTP/2.0" 502 - "-" "Mozilla/5.0 AppleWebKit/537.36 (KHTML, like Gecko; compatible; bingbot/2.0; +http://www.bing.com/bingbot.htm) Chrome/116.0.1938.76 Safari/537.36" www.kanharequipments.com 10.44.34.235
196.240.143.244 - - [04/Aug/2026:06:06:00 -0600] "GET /1xslots-%D1%80%D0%B0%D0%B1%D0%BE%D1%87%D0%B5%D0%B5-%D0%B7%D0%B5%D1%80%D0%BA%D0%B0%D0%BB%D0%BE-%D0%BD%D0%B0-%D1%81%D0%B5%D0%B3%D0%BE%D0%B4%D0%BD%D1%8F/ HTTP/1.1" 502 - "https://kanharequipments.com/" "Mozilla/5.0 (Macintosh; Intel Mac OS X 10_15_7) AppleWebKit/605.1.15 (KHTML, like Gecko) Version/18.3 Safari/605.1.15" kanharequipments.com 10.44.34.235
191.101.114.166 - - [04/Aug/2026:06:07:31 -0600] "GET /1xslots-%D1%80%D0%B0%D0%B1%D0%BE%D1%87%D0%B5%D0%B5-%D0%B7%D0%B5%D1%80%D0%BA%D0%B0%D0%BB%D0%BE-%D0%BD%D0%B0-%D1%81%D0%B5%D0%B3%D0%BE%D0%B4%D0%BD%D1%8F/ HTTP/1.1" 404 17652 "https://kanharequipments.com/" "Mozilla/5.0 (Macintosh; Intel Mac OS X 10_15_7) AppleWebKit/605.1.15 (KHTML, like Gecko) Version/18.3 Safari/605.1.15" kanharequipments.com 10.44.34.235
40.77.167.23 - - [04/Aug/2026:06:08:21 -0600] "GET /?n=5776326021160 HTTP/1.1" 301 - "-" "Mozilla/5.0 AppleWebKit/537.36 (KHTML, like Gecko; compatible; bingbot/2.0; +http://www.bing.com/bingbot.htm) Chrome/116.0.1938.76 Safari/537.36" www.kanharequipments.com 10.44.34.235
191.101.114.166 - - [04/Aug/2026:06:07:31 -0600] "GET /1xslots-%D1%80%D0%B0%D0%B1%D0%BE%D1%87%D0%B5%D0%B5-%D0%B7%D0%B5%D1%80%D0%BA%D0%B0%D0%BB%D0%BE-%D0%BD%D0%B0-%D1%81%D0%B5%D0%B3%D0%BE%D0%B4%D0%BD%D1%8F/ HTTP/1.1" 502 - "https://kanharequipments.com/" "Mozilla/5.0 (Macintosh; Intel Mac OS X 10_15_7) AppleWebKit/605.1.15 (KHTML, like Gecko) Version/18.3 Safari/605.1.15" kanharequipments.com 10.44.34.235
52.167.144.25 - - [04/Aug/2026:06:08:39 -0600] "GET /502.shtml HTTP/1.1" 301 - "-" "Mozilla/5.0 AppleWebKit/537.36 (KHTML, like Gecko; compatible; bingbot/2.0; +http://www.bing.com/bingbot.htm) Chrome/116.0.1938.76 Safari/537.36" www.kanharequipments.com 10.44.34.235
52.167.144.25 - - [04/Aug/2026:06:08:39 -0600] "GET /502.shtml HTTP/1.1" 301 - "-" "Mozilla/5.0 AppleWebKit/537.36 (KHTML, like Gecko; compatible; bingbot/2.0; +http://www.bing.com/bingbot.htm) Chrome/116.0.1938.76 Safari/537.36" www.kanharequipments.com 10.44.34.235
40.77.167.23 - - [04/Aug/2026:06:08:21 -0600] "GET /?n=5776326021160 HTTP/2.0" 502 - "-" "Mozilla/5.0 AppleWebKit/537.36 (KHTML, like Gecko; compatible; bingbot/2.0; +http://www.bing.com/bingbot.htm) Chrome/116.0.1938.76 Safari/537.36" www.kanharequipments.com 10.44.34.235
196.240.143.244 - - [04/Aug/2026:06:09:00 -0600] "GET /502.shtml HTTP/1.1" 404 17652 "https://kanharequipments.com/" "Mozilla/5.0 (Macintosh; Intel Mac OS X 10_15_7) AppleWebKit/605.1.15 (KHTML, like Gecko) Version/18.3 Safari/605.1.15" kanharequipments.com 10.44.34.235
196.240.143.244 - - [04/Aug/2026:06:09:00 -0600] "GET /502.shtml HTTP/1.1" 404 17652 "https://kanharequipments.com/" "Mozilla/5.0 (Macintosh; Intel Mac OS X 10_15_7) AppleWebKit/605.1.15 (KHTML, like Gecko) Version/18.3 Safari/605.1.15" kanharequipments.com 10.44.34.235
196.240.143.244 - - [04/Aug/2026:06:09:03 -0600] "GET /1xslots-%D1%80%D0%B0%D0%B1%D0%BE%D1%87%D0%B5%D0%B5-%D0%B7%D0%B5%D1%80%D0%BA%D0%B0%D0%BB%D0%BE-%D0%BD%D0%B0-%D1%81%D0%B5%D0%B3%D0%BE%D0%B4%D0%BD%D1%8F/ HTTP/1.1" 404 17652 "https://kanharequipments.com/" "Mozilla/5.0 (Macintosh; Intel Mac OS X 10_15_7) AppleWebKit/605.1.15 (KHTML, like Gecko) Version/18.3 Safari/605.1.15" kanharequipments.com 10.44.34.235
196.240.143.244 - - [04/Aug/2026:06:09:03 -0600] "GET /1xslots-%D1%80%D0%B0%D0%B1%D0%BE%D1%87%D0%B5%D0%B5-%D0%B7%D0%B5%D1%80%D0%BA%D0%B0%D0%BB%D0%BE-%D0%BD%D0%B0-%D1%81%D0%B5%D0%B3%D0%BE%D0%B4%D0%BD%D1%8F/ HTTP/1.1" 502 - "https://kanharequipments.com/" "Mozilla/5.0 (Macintosh; Intel Mac OS X 10_15_7) AppleWebKit/605.1.15 (KHTML, like Gecko) Version/18.3 Safari/605.1.15" kanharequipments.com 10.44.34.235
66.249.64.224 - - [04/Aug/2026:06:12:23 -0600] "GET /product/category/31953324121160 HTTP/1.1" 502 - "-" "Mozilla/5.0 (Linux; Android 6.0.1; Nexus 5X Build/MMB29P) AppleWebKit/537.36 (KHTML, like Gecko) Chrome/150.0.7871.186 Mobile Safari/537.36 (compatible; Googlebot/2.1; +http://www.google.com/bot.html)" kanharequipments.com 10.44.34.235
103.56.163.133 - - [04/Aug/2026:06:21:53 -0600] "GET /wp-login.php HTTP/2.0" 409 83 "-" "Mozilla/5.0 (Windows NT 10.0; Win64; x64) AppleWebKit/537.36 (KHTML, like Gecko) Chrome/150.0.0.0 Safari/537.36" kanharequipments.com 10.44.34.235
74.248.33.65 - - [04/Aug/2026:06:24:49 -0600] "GET /index/function.php HTTP/1.1" 409 83 "-" "Mozilla/5.0 (Windows NT 10.0; Win64; x64) AppleWebKit/537.36 (KHTML, like Gecko) Chrome/120.0.0.0 Safari/537.36" kanharequipments.com 10.44.34.235
74.248.33.65 - - [04/Aug/2026:06:24:50 -0600] "GET /i.php HTTP/1.1" 409 83 "-" "Mozilla/5.0 (Windows NT 10.0; Win64; x64) AppleWebKit/537.36 (KHTML, like Gecko) Chrome/120.0.0.0 Safari/537.36" kanharequipments.com 10.44.34.235
74.248.33.65 - - [04/Aug/2026:06:24:51 -0600] "GET /fone1.php HTTP/1.1" 409 83 "-" "Mozilla/5.0 (Windows NT 10.0; Win64; x64) AppleWebKit/537.36 (KHTML, like Gecko) Chrome/120.0.0.0 Safari/537.36" kanharequipments.com 10.44.34.235
74.248.33.65 - - [04/Aug/2026:06:24:51 -0600] "GET /doc.php HTTP/1.1" 409 83 "-" "Mozilla/5.0 (Windows NT 10.0; Win64; x64) AppleWebKit/537.36 (KHTML, like Gecko) Chrome/120.0.0.0 Safari/537.36" kanharequipments.com 10.44.34.235
74.248.33.65 - - [04/Aug/2026:06:24:52 -0600] "GET /min.php HTTP/1.1" 409 83 "-" "Mozilla/5.0 (Windows NT 10.0; Win64; x64) AppleWebKit/537.36 (KHTML, like Gecko) Chrome/120.0.0.0 Safari/537.36" kanharequipments.com 10.44.34.235
74.248.33.65 - - [04/Aug/2026:06:24:53 -0600] "GET /ws83.php HTTP/1.1" 409 83 "-" "Mozilla/5.0 (Windows NT 10.0; Win64; x64) AppleWebKit/537.36 (KHTML, like Gecko) Chrome/120.0.0.0 Safari/537.36" kanharequipments.com 10.44.34.235
74.248.33.65 - - [04/Aug/2026:06:24:53 -0600] "GET /wpc.php HTTP/1.1" 409 83 "-" "Mozilla/5.0 (Windows NT 10.0; Win64; x64) AppleWebKit/537.36 (KHTML, like Gecko) Chrome/120.0.0.0 Safari/537.36" kanharequipments.com 10.44.34.235
74.248.33.65 - - [04/Aug/2026:06:24:54 -0600] "GET /wp-blink.php HTTP/1.1" 409 83 "-" "Mozilla/5.0 (Windows NT 10.0; Win64; x64) AppleWebKit/537.36 (KHTML, like Gecko) Chrome/120.0.0.0 Safari/537.36" kanharequipments.com 10.44.34.235
74.248.33.65 - - [04/Aug/2026:06:24:55 -0600] "GET /wp-includes/ID3/index.php HTTP/1.1" 409 83 "-" "Mozilla/5.0 (Windows NT 10.0; Win64; x64) AppleWebKit/537.36 (KHTML, like Gecko) Chrome/120.0.0.0 Safari/537.36" kanharequipments.com 10.44.34.235
74.248.33.65 - - [04/Aug/2026:06:24:56 -0600] "GET /wp-admin/includes/ HTTP/1.1" 404 - "-" "Mozilla/5.0 (Windows NT 10.0; Win64; x64) AppleWebKit/537.36 (KHTML, like Gecko) Chrome/120.0.0.0 Safari/537.36" kanharequipments.com 10.44.34.235
74.248.33.65 - - [04/Aug/2026:06:24:56 -0600] "GET /wp-content/themes/pridmag/il.php HTTP/1.1" 409 83 "-" "Mozilla/5.0 (Windows NT 10.0; Win64; x64) AppleWebKit/537.36 (KHTML, like Gecko) Chrome/120.0.0.0 Safari/537.36" kanharequipments.com 10.44.34.235
74.248.33.65 - - [04/Aug/2026:06:24:57 -0600] "GET /aaa.php HTTP/1.1" 409 83 "-" "Mozilla/5.0 (Windows NT 10.0; Win64; x64) AppleWebKit/537.36 (KHTML, like Gecko) Chrome/120.0.0.0 Safari/537.36" kanharequipments.com 10.44.34.235
74.248.33.65 - - [04/Aug/2026:06:24:57 -0600] "GET /wp-admin/css/colors/ectoplasm/ HTTP/1.1" 404 - "-" "Mozilla/5.0 (Windows NT 10.0; Win64; x64) AppleWebKit/537.36 (KHTML, like Gecko) Chrome/120.0.0.0 Safari/537.36" kanharequipments.com 10.44.34.235
74.248.33.65 - - [04/Aug/2026:06:24:57 -0600] "GET /config.php HTTP/1.1" 409 83 "-" "Mozilla/5.0 (Windows NT 10.0; Win64; x64) AppleWebKit/537.36 (KHTML, like Gecko) Chrome/120.0.0.0 Safari/537.36" kanharequipments.com 10.44.34.235
74.248.33.65 - - [04/Aug/2026:06:24:58 -0600] "GET /wp-themes.php HTTP/1.1" 409 83 "-" "Mozilla/5.0 (Windows NT 10.0; Win64; x64) AppleWebKit/537.36 (KHTML, like Gecko) Chrome/120.0.0.0 Safari/537.36" kanharequipments.com 10.44.34.235
74.248.33.65 - - [04/Aug/2026:06:24:59 -0600] "GET /403.php HTTP/1.1" 409 83 "-" "Mozilla/5.0 (Windows NT 10.0; Win64; x64) AppleWebKit/537.36 (KHTML, like Gecko) Chrome/120.0.0.0 Safari/537.36" kanharequipments.com 10.44.34.235
74.248.33.65 - - [04/Aug/2026:06:24:59 -0600] "GET /admin.php HTTP/1.1" 409 83 "-" "Mozilla/5.0 (Windows NT 10.0; Win64; x64) AppleWebKit/537.36 (KHTML, like Gecko) Chrome/120.0.0.0 Safari/537.36" kanharequipments.com 10.44.34.235
74.248.33.65 - - [04/Aug/2026:06:25:00 -0600] "GET /deepseek_d.php HTTP/1.1" 409 83 "-" "Mozilla/5.0 (Windows NT 10.0; Win64; x64) AppleWebKit/537.36 (KHTML, like Gecko) Chrome/120.0.0.0 Safari/537.36" kanharequipments.com 10.44.34.235
74.248.33.65 - - [04/Aug/2026:06:25:01 -0600] "GET /wp-content/index.php HTTP/1.1" 409 83 "-" "Mozilla/5.0 (Windows NT 10.0; Win64; x64) AppleWebKit/537.36 (KHTML, like Gecko) Chrome/120.0.0.0 Safari/537.36" kanharequipments.com 10.44.34.235
74.248.33.65 - - [04/Aug/2026:06:25:01 -0600] "GET /simple.php HTTP/1.1" 409 83 "-" "Mozilla/5.0 (Windows NT 10.0; Win64; x64) AppleWebKit/537.36 (KHTML, like Gecko) Chrome/120.0.0.0 Safari/537.36" kanharequipments.com 10.44.34.235
74.248.33.65 - - [04/Aug/2026:06:25:02 -0600] "GET /wp-content/themes/admin.php HTTP/1.1" 409 83 "-" "Mozilla/5.0 (Windows NT 10.0; Win64; x64) AppleWebKit/537.36 (KHTML, like Gecko) Chrome/120.0.0.0 Safari/537.36" kanharequipments.com 10.44.34.235
74.248.33.65 - - [04/Aug/2026:06:25:03 -0600] "GET /.well-known/gecko-litespeed.php HTTP/1.1" 409 83 "-" "Mozilla/5.0 (Windows NT 10.0; Win64; x64) AppleWebKit/537.36 (KHTML, like Gecko) Chrome/120.0.0.0 Safari/537.36" kanharequipments.com 10.44.34.235
74.248.33.65 - - [04/Aug/2026:06:25:03 -0600] "GET /dvve.php HTTP/1.1" 409 83 "-" "Mozilla/5.0 (Windows NT 10.0; Win64; x64) AppleWebKit/537.36 (KHTML, like Gecko) Chrome/120.0.0.0 Safari/537.36" kanharequipments.com 10.44.34.235
74.248.33.65 - - [04/Aug/2026:06:25:04 -0600] "GET /wp-content/about.php HTTP/1.1" 409 83 "-" "Mozilla/5.0 (Windows NT 10.0; Win64; x64) AppleWebKit/537.36 (KHTML, like Gecko) Chrome/120.0.0.0 Safari/537.36" kanharequipments.com 10.44.34.235
74.248.33.65 - - [04/Aug/2026:06:25:04 -0600] "GET /php.php HTTP/1.1" 409 83 "-" "Mozilla/5.0 (Windows NT 10.0; Win64; x64) AppleWebKit/537.36 (KHTML, like Gecko) Chrome/120.0.0.0 Safari/537.36" kanharequipments.com 10.44.34.235
74.248.33.65 - - [04/Aug/2026:06:25:05 -0600] "GET /w1.php HTTP/1.1" 409 83 "-" "Mozilla/5.0 (Windows NT 10.0; Win64; x64) AppleWebKit/537.36 (KHTML, like Gecko) Chrome/120.0.0.0 Safari/537.36" kanharequipments.com 10.44.34.235
92.205.108.227 - - [04/Aug/2026:06:25:27 -0600] "GET /wp-login.php HTTP/2.0" 409 83 "-" "Mozilla/5.0 (Windows NT 10.0; Win64; x64) AppleWebKit/537.36 (KHTML, like Gecko) Chrome/150.0.0.0 Safari/537.36" kanharequipments.com 10.44.34.235
75.11.207.98 - - [04/Aug/2026:06:23:37 -0600] "GET / HTTP/2.0" 502 - "-" "Mozilla/5.0 (Windows NT 10.0; Win64; x64) AppleWebKit/537.36 (KHTML, like Gecko) Chrome/142.0.0.0 Safari/537.36" kanharequipments.com 10.44.34.235
74.248.33.65 - - [04/Aug/2026:06:25:05 -0600] "GET /randkeyword.PhP7 HTTP/1.1" 502 - "-" "Mozilla/5.0 (Windows NT 10.0; Win64; x64) AppleWebKit/537.36 (KHTML, like Gecko) Chrome/120.0.0.0 Safari/537.36" kanharequipments.com 10.44.34.235
74.248.33.65 - - [04/Aug/2026:06:34:51 -0600] "GET /index/function.php HTTP/1.1" 409 83 "-" "Mozilla/5.0 (Windows NT 10.0; Win64; x64) AppleWebKit/537.36 (KHTML, like Gecko) Chrome/120.0.0.0 Safari/537.36" cpanel.kanharequipments.com 10.44.34.235
74.248.33.65 - - [04/Aug/2026:06:34:57 -0600] "GET /i.php HTTP/1.1" 409 83 "-" "Mozilla/5.0 (Windows NT 10.0; Win64; x64) AppleWebKit/537.36 (KHTML, like Gecko) Chrome/120.0.0.0 Safari/537.36" cpanel.kanharequipments.com 10.44.34.235
66.249.64.225 - - [04/Aug/2026:06:31:51 -0600] "GET /?n=4719132031160 HTTP/1.1" 500 - "-" "Mozilla/5.0 (Linux; Android 6.0.1; Nexus 5X Build/MMB29P) AppleWebKit/537.36 (KHTML, like Gecko) Chrome/150.0.7871.186 Mobile Safari/537.36 (compatible; Googlebot/2.1; +http://www.google.com/bot.html)" kanharequipments.com 10.44.34.235
66.249.64.225 - - [04/Aug/2026:06:39:51 -0600] "GET /wp-content/uploads/2025/05/3-8.png HTTP/1.1" 304 - "-" "Googlebot-Image/1.0" kanharequipments.com 10.44.34.235
43.173.182.193 - - [04/Aug/2026:06:34:50 -0600] "GET /shop-2?add-to-cart=2220&add_to_wishlist=2362&per_page=30&product-cata=55 HTTP/1.1" 500 - "-" "Mozilla/5.0 (Windows NT 10.0; Win64; x64) AppleWebKit/537.36 (KHTML, like Gecko) Chrome/104.0.5112.81 Safari/537.36" kanharequipments.com 10.44.34.235
43.173.173.150 - - [04/Aug/2026:06:35:07 -0600] "GET /shop-2?add-to-cart=2220&add_to_wishlist=2362&per_page=30&product-cata=55 HTTP/1.1" 500 - "-" "Mozilla/5.0 (Windows NT 10.0; Win64; x64) AppleWebKit/537.36 (KHTML, like Gecko) Chrome/110.0.0.0 Safari/537.36" kanharequipments.com 10.44.34.235
92.205.108.227 - - [04/Aug/2026:06:49:56 -0600] "GET /wp-login.php HTTP/2.0" 409 83 "-" "Mozilla/5.0 (Windows NT 10.0; Win64; x64) AppleWebKit/537.36 (KHTML, like Gecko) Chrome/150.0.0.0 Safari/537.36" kanharequipments.com 10.44.34.235
212.237.121.140 - - [04/Aug/2026:06:48:07 -0600] "GET /shop-2/?add-to-cart=2016&add_to_wishlist=2301&per_page=30 HTTP/2.0" 500 - "https://kanharequipments.com" "Mozilla/5.0 (Macintosh; Intel Mac OS X 10_15_7) AppleWebKit/537.36 (KHTML, like Gecko) Chrome/144.0.0.0 Safari/537.36" kanharequipments.com 10.44.34.235
170.233.207.129 - - [04/Aug/2026:06:48:31 -0600] "GET /shop-2/?add-to-cart=2016&add_to_wishlist=2301&per_page=30 HTTP/2.0" 500 - "https://kanharequipments.com" "Mozilla/5.0 (Macintosh; Intel Mac OS X 10_15_7) AppleWebKit/537.36 (KHTML, like Gecko) Chrome/144.0.0.0 Safari/537.36" kanharequipments.com 10.44.34.235
103.146.239.231 - - [04/Aug/2026:06:48:33 -0600] "GET /shop-2/?add-to-cart=2338&add_to_wishlist=2220&per_page=30 HTTP/2.0" 500 - "https://kanharequipments.com" "Mozilla/5.0 (Macintosh; Intel Mac OS X 10_15_7) AppleWebKit/537.36 (KHTML, like Gecko) Chrome/144.0.0.0 Safari/537.36" kanharequipments.com 10.44.34.235
194.164.192.228 - - [04/Aug/2026:07:01:26 -0600] "GET /wp-login.php HTTP/2.0" 409 83 "-" "Mozilla/5.0 (Windows NT 10.0; Win64; x64) AppleWebKit/537.36 (KHTML, like Gecko) Chrome/150.0.0.0 Safari/537.36" kanharequipments.com 10.44.34.235
191.101.114.166 - - [04/Aug/2026:06:10:34 -0600] "GET /502.shtml HTTP/1.1" 404 17652 "https://kanharequipments.com/" "Mozilla/5.0 (Macintosh; Intel Mac OS X 10_15_7) AppleWebKit/605.1.15 (KHTML, like Gecko) Version/18.3 Safari/605.1.15" kanharequipments.com 10.44.34.235
40.77.167.23 - - [04/Aug/2026:06:11:22 -0600] "GET /502.shtml HTTP/1.1" 301 - "-" "Mozilla/5.0 AppleWebKit/537.36 (KHTML, like Gecko; compatible; bingbot/2.0; +http://www.bing.com/bingbot.htm) Chrome/116.0.1938.76 Safari/537.36" www.kanharequipments.com 10.44.34.235
52.167.144.25 - - [04/Aug/2026:06:11:40 -0600] "GET /502.shtml HTTP/1.1" 301 - "-" "Mozilla/5.0 AppleWebKit/537.36 (KHTML, like Gecko; compatible; bingbot/2.0; +http://www.bing.com/bingbot.htm) Chrome/116.0.1938.76 Safari/537.36" www.kanharequipments.com 10.44.34.235
191.101.114.166 - - [04/Aug/2026:06:11:44 -0600] "GET /502.shtml HTTP/1.1" 404 17652 "https://kanharequipments.com/" "Mozilla/5.0 (Macintosh; Intel Mac OS X 10_15_7) AppleWebKit/605.1.15 (KHTML, like Gecko) Version/18.3 Safari/605.1.15" kanharequipments.com 10.44.34.235
196.240.143.244 - - [04/Aug/2026:06:12:00 -0600] "GET /502.shtml HTTP/1.1" 404 17652 "https://kanharequipments.com/" "Mozilla/5.0 (Macintosh; Intel Mac OS X 10_15_7) AppleWebKit/605.1.15 (KHTML, like Gecko) Version/18.3 Safari/605.1.15" kanharequipments.com 10.44.34.235
196.240.143.244 - - [04/Aug/2026:06:12:03 -0600] "GET /502.shtml HTTP/1.1" 404 17652 "https://kanharequipments.com/" "Mozilla/5.0 (Macintosh; Intel Mac OS X 10_15_7) AppleWebKit/605.1.15 (KHTML, like Gecko) Version/18.3 Safari/605.1.15" kanharequipments.com 10.44.34.235
40.77.167.23 - - [04/Aug/2026:06:14:08 -0600] "GET /502.shtml HTTP/1.1" 301 - "-" "Mozilla/5.0 AppleWebKit/537.36 (KHTML, like Gecko; compatible; bingbot/2.0; +http://www.bing.com/bingbot.htm) Chrome/116.0.1938.76 Safari/537.36" www.kanharequipments.com 10.44.34.235
191.101.114.166 - - [04/Aug/2026:06:14:44 -0600] "GET /502.shtml HTTP/1.1" 404 17652 "https://kanharequipments.com/" "Mozilla/5.0 (Macintosh; Intel Mac OS X 10_15_7) AppleWebKit/605.1.15 (KHTML, like Gecko) Version/18.3 Safari/605.1.15" kanharequipments.com 10.44.34.235
196.240.143.244 - - [04/Aug/2026:06:14:59 -0600] "GET /502.shtml HTTP/1.1" 404 17652 "https://kanharequipments.com/" "Mozilla/5.0 (Macintosh; Intel Mac OS X 10_15_7) AppleWebKit/605.1.15 (KHTML, like Gecko) Version/18.3 Safari/605.1.15" kanharequipments.com 10.44.34.235
66.249.64.224 - - [04/Aug/2026:06:15:20 -0600] "GET /product/category/31953324121160 HTTP/1.1" 301 - "-" "Mozilla/5.0 (Linux; Android 6.0.1; Nexus 5X Build/MMB29P) AppleWebKit/537.36 (KHTML, like Gecko) Chrome/150.0.7871.186 Mobile Safari/537.36 (compatible; Googlebot/2.1; +http://www.google.com/bot.html)" kanharequipments.com 10.44.34.235
40.77.167.23 - - [04/Aug/2026:06:17:07 -0600] "GET /502.shtml HTTP/1.1" 301 - "-" "Mozilla/5.0 AppleWebKit/537.36 (KHTML, like Gecko; compatible; bingbot/2.0; +http://www.bing.com/bingbot.htm) Chrome/116.0.1938.76 Safari/537.36" www.kanharequipments.com 10.44.34.235
196.240.143.244 - - [04/Aug/2026:06:17:58 -0600] "GET /502.shtml HTTP/1.1" 404 17652 "https://kanharequipments.com/" "Mozilla/5.0 (Macintosh; Intel Mac OS X 10_15_7) AppleWebKit/605.1.15 (KHTML, like Gecko) Version/18.3 Safari/605.1.15" kanharequipments.com 10.44.34.235
66.249.64.224 - - [04/Aug/2026:06:18:20 -0600] "GET /502.shtml HTTP/1.1" 404 17652 "-" "Mozilla/5.0 (Linux; Android 6.0.1; Nexus 5X Build/MMB29P) AppleWebKit/537.36 (KHTML, like Gecko) Chrome/150.0.7871.186 Mobile Safari/537.36 (compatible; Googlebot/2.1; +http://www.google.com/bot.html)" kanharequipments.com 10.44.34.235
66.249.64.224 - - [04/Aug/2026:06:18:20 -0600] "GET /502.shtml HTTP/1.1" 404 17652 "-" "Mozilla/5.0 (Linux; Android 6.0.1; Nexus 5X Build/MMB29P) AppleWebKit/537.36 (KHTML, like Gecko) Chrome/150.0.7871.186 Mobile Safari/537.36 (compatible; Googlebot/2.1; +http://www.google.com/bot.html)" kanharequipments.com 10.44.34.235
66.249.64.224 - - [04/Aug/2026:06:21:20 -0600] "GET /502.shtml HTTP/1.1" 404 17652 "-" "Mozilla/5.0 (Linux; Android 6.0.1; Nexus 5X Build/MMB29P) AppleWebKit/537.36 (KHTML, like Gecko) Chrome/150.0.7871.186 Mobile Safari/537.36 (compatible; Googlebot/2.1; +http://www.google.com/bot.html)" kanharequipments.com 10.44.34.235
75.11.207.98 - - [04/Aug/2026:06:23:37 -0600] "GET / HTTP/1.1" 200 29196 "-" "Mozilla/5.0 (Windows NT 10.0; Win64; x64) AppleWebKit/537.36 (KHTML, like Gecko) Chrome/142.0.0.0 Safari/537.36" kanharequipments.com 10.44.34.235
74.248.33.65 - - [04/Aug/2026:06:25:05 -0600] "GET /randkeyword.PhP7 HTTP/1.1" 404 17652 "-" "Mozilla/5.0 (Windows NT 10.0; Win64; x64) AppleWebKit/537.36 (KHTML, like Gecko) Chrome/120.0.0.0 Safari/537.36" kanharequipments.com 10.44.34.235
75.11.207.98 - - [04/Aug/2026:06:26:37 -0600] "GET /502.shtml HTTP/1.1" 404 17652 "-" "Mozilla/5.0 (Windows NT 10.0; Win64; x64) AppleWebKit/537.36 (KHTML, like Gecko) Chrome/142.0.0.0 Safari/537.36" kanharequipments.com 10.44.34.235
75.11.207.98 - - [04/Aug/2026:06:26:37 -0600] "GET /502.shtml HTTP/1.1" 404 17652 "-" "Mozilla/5.0 (Windows NT 10.0; Win64; x64) AppleWebKit/537.36 (KHTML, like Gecko) Chrome/142.0.0.0 Safari/537.36" kanharequipments.com 10.44.34.235
74.248.33.65 - - [04/Aug/2026:06:28:06 -0600] "GET /502.shtml HTTP/1.1" 404 17652 "-" "Mozilla/5.0 (Windows NT 10.0; Win64; x64) AppleWebKit/537.36 (KHTML, like Gecko) Chrome/120.0.0.0 Safari/537.36" kanharequipments.com 10.44.34.235
74.248.33.65 - - [04/Aug/2026:06:28:06 -0600] "GET /502.shtml HTTP/1.1" 404 17652 "-" "Mozilla/5.0 (Windows NT 10.0; Win64; x64) AppleWebKit/537.36 (KHTML, like Gecko) Chrome/120.0.0.0 Safari/537.36" kanharequipments.com 10.44.34.235
75.11.207.98 - - [04/Aug/2026:06:29:37 -0600] "GET /502.shtml HTTP/1.1" 404 17652 "-" "Mozilla/5.0 (Windows NT 10.0; Win64; x64) AppleWebKit/537.36 (KHTML, like Gecko) Chrome/142.0.0.0 Safari/537.36" kanharequipments.com 10.44.34.235
66.249.64.225 - - [04/Aug/2026:06:31:51 -0600] "GET /?n=4719132031160 HTTP/1.1" 200 29196 "-" "Mozilla/5.0 (Linux; Android 6.0.1; Nexus 5X Build/MMB29P) AppleWebKit/537.36 (KHTML, like Gecko) Chrome/150.0.7871.186 Mobile Safari/537.36 (compatible; Googlebot/2.1; +http://www.google.com/bot.html)" kanharequipments.com 10.44.34.235
50.6.43.128 - - [04/Aug/2026:07:01:34 -0600] "POST /wp-cron.php?doing_wp_cron=1785848494.3214399814605712890625 HTTP/1.1" 200 - "-" "WordPress/7.0.2; https://kanharequipments.com" kanharequipments.com 10.44.34.235
50.6.43.128 - - [04/Aug/2026:07:02:38 -0600] "POST /wp-cron.php?doing_wp_cron=1785848558.8959670066833496093750 HTTP/1.1" 200 - "-" "WordPress/7.0.2; https://kanharequipments.com" kanharequipments.com 10.44.34.235
43.173.182.193 - - [04/Aug/2026:07:02:57 -0600] "GET /shop-2/page/2?add_to_wishlist=1966&product-cata=47 HTTP/1.1" 301 - "-" "Mozilla/5.0 (Windows NT 10.0; Win64; x64) AppleWebKit/537.36 (KHTML, like Gecko) Chrome/109.0.0.0 Safari/537.36" kanharequipments.com 10.44.34.235
43.173.182.193 - - [04/Aug/2026:07:02:57 -0600] "GET /shop-2/page/2?add_to_wishlist=1966&product-cata=47 HTTP/1.1" 301 - "-" "Mozilla/5.0 (Windows NT 10.0; Win64; x64) AppleWebKit/537.36 (KHTML, like Gecko) Chrome/109.0.0.0 Safari/537.36" kanharequipments.com 10.44.34.235
43.172.197.200 - - [04/Aug/2026:07:02:58 -0600] "GET /shop-2/page/7?add_to_wishlist=2338&per_page=12 HTTP/1.1" 301 - "-" "Mozilla/5.0 (Windows NT 10.0; Win64; x64) AppleWebKit/537.36 (KHTML, like Gecko) Chrome/117.0.0.0 Safari/537.36" kanharequipments.com 10.44.34.235
43.172.197.200 - - [04/Aug/2026:07:02:58 -0600] "GET /shop-2/page/7?add_to_wishlist=2338&per_page=12 HTTP/1.1" 301 - "-" "Mozilla/5.0 (Windows NT 10.0; Win64; x64) AppleWebKit/537.36 (KHTML, like Gecko) Chrome/117.0.0.0 Safari/537.36" kanharequipments.com 10.44.34.235
43.172.196.67 - - [04/Aug/2026:07:03:08 -0600] "GET /shop-2/page/2?add_to_wishlist=1966&product-cata=47 HTTP/1.1" 301 - "-" "Mozilla/5.0 (Windows NT 10.0; Win64; x64) AppleWebKit/537.36 (KHTML, like Gecko) Chrome/124.0.0.0 Safari/537.36" kanharequipments.com 10.44.34.235
43.172.196.67 - - [04/Aug/2026:07:03:08 -0600] "GET /shop-2/page/2?add_to_wishlist=1966&product-cata=47 HTTP/1.1" 301 - "-" "Mozilla/5.0 (Windows NT 10.0; Win64; x64) AppleWebKit/537.36 (KHTML, like Gecko) Chrome/124.0.0.0 Safari/537.36" kanharequipments.com 10.44.34.235
43.173.174.5 - - [04/Aug/2026:07:03:09 -0600] "GET /shop-2/page/7?add_to_wishlist=2338&per_page=12 HTTP/1.1" 301 - "-" "Mozilla/5.0 (Windows NT 10.0; Win64; x64) AppleWebKit/537.36 (KHTML, like Gecko) Chrome/110.0.0.0 Safari/537.36" kanharequipments.com 10.44.34.235
43.173.174.5 - - [04/Aug/2026:07:03:09 -0600] "GET /shop-2/page/7?add_to_wishlist=2338&per_page=12 HTTP/1.1" 301 - "-" "Mozilla/5.0 (Windows NT 10.0; Win64; x64) AppleWebKit/537.36 (KHTML, like Gecko) Chrome/110.0.0.0 Safari/537.36" kanharequipments.com 10.44.34.235
163.7.16.152 - - [04/Aug/2026:07:03:25 -0600] "GET /shop-2/page/7?add_to_wishlist=2338&per_page=12 HTTP/1.1" 301 - "-" "Mozilla/5.0 (Windows NT 10.0; Win64; x64) AppleWebKit/537.36 (KHTML, like Gecko) Chrome/110.0.0.0 Safari/537.36" kanharequipments.com 10.44.34.235
163.7.16.152 - - [04/Aug/2026:07:03:25 -0600] "GET /shop-2/page/7?add_to_wishlist=2338&per_page=12 HTTP/1.1" 301 - "-" "Mozilla/5.0 (Windows NT 10.0; Win64; x64) AppleWebKit/537.36 (KHTML, like Gecko) Chrome/110.0.0.0 Safari/537.36" kanharequipments.com 10.44.34.235
163.7.16.152 - - [04/Aug/2026:07:03:27 -0600] "GET /shop-2/page/2?add_to_wishlist=1966&product-cata=47 HTTP/1.1" 301 - "-" "Mozilla/5.0 (Windows NT 10.0; Win64; x64) AppleWebKit/537.36 (KHTML, like Gecko) Chrome/124.0.0.0 Safari/537.36" kanharequipments.com 10.44.34.235
163.7.16.152 - - [04/Aug/2026:07:03:27 -0600] "GET /shop-2/page/2?add_to_wishlist=1966&product-cata=47 HTTP/1.1" 301 - "-" "Mozilla/5.0 (Windows NT 10.0; Win64; x64) AppleWebKit/537.36 (KHTML, like Gecko) Chrome/124.0.0.0 Safari/537.36" kanharequipments.com 10.44.34.235
50.6.43.128 - - [04/Aug/2026:07:03:48 -0600] "POST /wp-cron.php?doing_wp_cron=1785848628.8962950706481933593750 HTTP/1.1" 200 - "-" "WordPress/7.0.2; https://kanharequipments.com" kanharequipments.com 10.44.34.235
66.249.64.226 - - [04/Aug/2026:07:06:43 -0600] "GET /product/category/31953324121160 HTTP/1.1" 301 - "-" "Mozilla/5.0 (Linux; Android 6.0.1; Nexus 5X Build/MMB29P) AppleWebKit/537.36 (KHTML, like Gecko) Chrome/150.0.7871.186 Mobile Safari/537.36 (compatible; Googlebot/2.1; +http://www.google.com/bot.html)" kanharequipments.com 10.44.34.235
66.249.64.226 - - [04/Aug/2026:07:06:43 -0600] "GET /product/category/31953324121160 HTTP/1.1" 301 - "-" "Mozilla/5.0 (Linux; Android 6.0.1; Nexus 5X Build/MMB29P) AppleWebKit/537.36 (KHTML, like Gecko) Chrome/150.0.7871.186 Mobile Safari/537.36 (compatible; Googlebot/2.1; +http://www.google.com/bot.html)" kanharequipments.com 10.44.34.235
66.249.64.226 - - [04/Aug/2026:07:06:44 -0600] "GET /product/category/4325145111160 HTTP/1.1" 301 - "-" "Mozilla/5.0 (Linux; Android 6.0.1; Nexus 5X Build/MMB29P) AppleWebKit/537.36 (KHTML, like Gecko) Chrome/150.0.7871.186 Mobile Safari/537.36 (compatible; Googlebot/2.1; +http://www.google.com/bot.html)" kanharequipments.com 10.44.34.235
66.249.64.226 - - [04/Aug/2026:07:06:44 -0600] "GET /product/category/4325145111160 HTTP/1.1" 301 - "-" "Mozilla/5.0 (Linux; Android 6.0.1; Nexus 5X Build/MMB29P) AppleWebKit/537.36 (KHTML, like Gecko) Chrome/150.0.7871.186 Mobile Safari/537.36 (compatible; Googlebot/2.1; +http://www.google.com/bot.html)" kanharequipments.com 10.44.34.235
66.249.64.224 - - [04/Aug/2026:07:06:54 -0600] "GET / HTTP/1.1" 200 29196 "-" "Mozilla/5.0 (Linux; Android 6.0.1; Nexus 5X Build/MMB29P) AppleWebKit/537.36 (KHTML, like Gecko) Chrome/150.0.7871.186 Mobile Safari/537.36 (compatible; Googlebot/2.1; +http://www.google.com/bot.html)" kanharequipments.com 10.44.34.235
66.249.64.224 - - [04/Aug/2026:07:06:54 -0600] "GET / HTTP/1.1" 200 29196 "-" "Mozilla/5.0 (Linux; Android 6.0.1; Nexus 5X Build/MMB29P) AppleWebKit/537.36 (KHTML, like Gecko) Chrome/150.0.7871.186 Mobile Safari/537.36 (compatible; Googlebot/2.1; +http://www.google.com/bot.html)" kanharequipments.com 10.44.34.235
66.249.64.224 - - [04/Aug/2026:07:06:59 -0600] "GET / HTTP/1.1" 200 29196 "-" "Mozilla/5.0 (Linux; Android 6.0.1; Nexus 5X Build/MMB29P) AppleWebKit/537.36 (KHTML, like Gecko) Chrome/150.0.7871.186 Mobile Safari/537.36 (compatible; Googlebot/2.1; +http://www.google.com/bot.html)" kanharequipments.com 10.44.34.235
114.119.135.152 - - [04/Aug/2026:07:07:28 -0600] "GET /shopdetail/94002169 HTTP/1.1" 406 226 "https://kanharequipments.com/sitemap886.xml" "Mozilla/5.0 (Linux; Android 7.0;) AppleWebKit/537.36 (HTML, like Gecko) Mobile Safari/537.36 (compatible; PetalBot;+https://webmaster.petalsearch.com/site/petalbot)" kanharequipments.com 10.44.34.235
191.114.168.101 - - [04/Aug/2026:07:08:08 -0600] "GET /product-category/work-table-trolly/?add-to-cart=2327&add_to_wishlist=2326 HTTP/1.1" 301 - "https://kanharequipments.com" "Mozilla/5.0 (Macintosh; Intel Mac OS X 10_15_7) AppleWebKit/537.36 (KHTML, like Gecko) Chrome/145.0.0.0 Safari/537.36" kanharequipments.com 10.44.34.235
191.114.168.101 - - [04/Aug/2026:07:08:08 -0600] "GET /product-category/work-table-trolly/?add-to-cart=2327&add_to_wishlist=2326 HTTP/2.0" 301 - "https://kanharequipments.com" "Mozilla/5.0 (Macintosh; Intel Mac OS X 10_15_7) AppleWebKit/537.36 (KHTML, like Gecko) Chrome/145.0.0.0 Safari/537.36" kanharequipments.com 10.44.34.235
102.219.210.106 - - [04/Aug/2026:07:08:12 -0600] "GET /?add-to-cart=2327&add_to_wishlist=2326 HTTP/1.1" 200 29196 "https://kanharequipments.com/product-category/work-table-trolly/?add-to-cart=2327&add_to_wishlist=2326" "Mozilla/5.0 (Macintosh; Intel Mac OS X 10_15_7) AppleWebKit/537.36 (KHTML, like Gecko) Chrome/145.0.0.0 Safari/537.36" kanharequipments.com 10.44.34.235
102.219.210.106 - - [04/Aug/2026:07:08:12 -0600] "GET /?add-to-cart=2327&add_to_wishlist=2326 HTTP/2.0" 200 29196 "https://kanharequipments.com/product-category/work-table-trolly/?add-to-cart=2327&add_to_wishlist=2326" "Mozilla/5.0 (Macintosh; Intel Mac OS X 10_15_7) AppleWebKit/537.36 (KHTML, like Gecko) Chrome/145.0.0.0 Safari/537.36" kanharequipments.com 10.44.34.235
179.48.33.153 - - [04/Aug/2026:07:11:02 -0600] "GET /shop-2/?add-to-cart=2220&add_to_wishlist=2013&product-cata=48 HTTP/1.1" 301 - "https://kanharequipments.com" "Mozilla/5.0 (Macintosh; Intel Mac OS X 10_15_7) AppleWebKit/537.36 (KHTML, like Gecko) Chrome/144.0.0.0 Safari/537.36" kanharequipments.com 10.44.34.235
179.48.33.153 - - [04/Aug/2026:07:11:02 -0600] "GET /shop-2/?add-to-cart=2220&add_to_wishlist=2013&product-cata=48 HTTP/2.0" 301 - "https://kanharequipments.com" "Mozilla/5.0 (Macintosh; Intel Mac OS X 10_15_7) AppleWebKit/537.36 (KHTML, like Gecko) Chrome/144.0.0.0 Safari/537.36" kanharequipments.com 10.44.34.235
38.166.109.82 - - [04/Aug/2026:07:11:03 -0600] "GET /product/single-sink-unit/?add-to-cart=2327&add_to_wishlist=2335 HTTP/1.1" 301 - "https://kanharequipments.com" "Mozilla/5.0 (Windows NT 10.0; Win64; x64) AppleWebKit/537.36 (KHTML, like Gecko) Chrome/145.0.0.0 Safari/537.36" kanharequipments.com 10.44.34.235
38.166.109.82 - - [04/Aug/2026:07:11:03 -0600] "GET /product/single-sink-unit/?add-to-cart=2327&add_to_wishlist=2335 HTTP/2.0" 301 - "https://kanharequipments.com" "Mozilla/5.0 (Windows NT 10.0; Win64; x64) AppleWebKit/537.36 (KHTML, like Gecko) Chrome/145.0.0.0 Safari/537.36" kanharequipments.com 10.44.34.235
144.124.199.247 - - [04/Aug/2026:07:11:07 -0600] "GET /?add-to-cart=2220&add_to_wishlist=2013&product-cata=48 HTTP/1.1" 200 29196 "https://kanharequipments.com/shop-2/?add-to-cart=2220&add_to_wishlist=2013&product-cata=48" "Mozilla/5.0 (Macintosh; Intel Mac OS X 10_15_7) AppleWebKit/537.36 (KHTML, like Gecko) Chrome/144.0.0.0 Safari/537.36" kanharequipments.com 10.44.34.235
144.124.199.247 - - [04/Aug/2026:07:11:07 -0600] "GET /?add-to-cart=2220&add_to_wishlist=2013&product-cata=48 HTTP/2.0" 200 29196 "https://kanharequipments.com/shop-2/?add-to-cart=2220&add_to_wishlist=2013&product-cata=48" "Mozilla/5.0 (Macintosh; Intel Mac OS X 10_15_7) AppleWebKit/537.36 (KHTML, like Gecko) Chrome/144.0.0.0 Safari/537.36" kanharequipments.com 10.44.34.235
179.51.143.197 - - [04/Aug/2026:07:11:07 -0600] "GET /?add-to-cart=2327&add_to_wishlist=2335 HTTP/1.1" 200 29196 "https://kanharequipments.com/product/single-sink-unit/?add-to-cart=2327&add_to_wishlist=2335" "Mozilla/5.0 (Windows NT 10.0; Win64; x64) AppleWebKit/537.36 (KHTML, like Gecko) Chrome/145.0.0.0 Safari/537.36" kanharequipments.com 10.44.34.235
179.51.143.197 - - [04/Aug/2026:07:11:07 -0600] "GET /?add-to-cart=2327&add_to_wishlist=2335 HTTP/2.0" 200 29196 "https://kanharequipments.com/product/single-sink-unit/?add-to-cart=2327&add_to_wishlist=2335" "Mozilla/5.0 (Windows NT 10.0; Win64; x64) AppleWebKit/537.36 (KHTML, like Gecko) Chrome/145.0.0.0 Safari/537.36" kanharequipments.com 10.44.34.235
66.249.64.226 - - [04/Aug/2026:07:11:09 -0600] "GET /?n=4719132031160 HTTP/1.1" 200 29196 "-" "Mozilla/5.0 (Linux; Android 6.0.1; Nexus 5X Build/MMB29P) AppleWebKit/537.36 (KHTML, like Gecko) Chrome/150.0.7871.186 Mobile Safari/537.36 (compatible; Googlebot/2.1; +http://www.google.com/bot.html)" kanharequipments.com 10.44.34.235
66.249.64.226 - - [04/Aug/2026:07:11:09 -0600] "GET /?n=4719132031160 HTTP/1.1" 200 29196 "-" "Mozilla/5.0 (Linux; Android 6.0.1; Nexus 5X Build/MMB29P) AppleWebKit/537.36 (KHTML, like Gecko) Chrome/150.0.7871.186 Mobile Safari/537.36 (compatible; Googlebot/2.1; +http://www.google.com/bot.html)" kanharequipments.com 10.44.34.235
66.249.64.224 - - [04/Aug/2026:07:12:39 -0600] "GET /shop/storeSearch/KeepCriteriaInput.aspx?&transition=top4885548012160 HTTP/1.1" 301 - "-" "Mozilla/5.0 (Linux; Android 6.0.1; Nexus 5X Build/MMB29P) AppleWebKit/537.36 (KHTML, like Gecko) Chrome/150.0.7871.186 Mobile Safari/537.36 (compatible; Googlebot/2.1; +http://www.google.com/bot.html)" kanharequipments.com 10.44.34.235
66.249.64.224 - - [04/Aug/2026:07:12:39 -0600] "GET /shop/storeSearch/KeepCriteriaInput.aspx?&transition=top4885548012160 HTTP/1.1" 301 - "-" "Mozilla/5.0 (Linux; Android 6.0.1; Nexus 5X Build/MMB29P) AppleWebKit/537.36 (KHTML, like Gecko) Chrome/150.0.7871.186 Mobile Safari/537.36 (compatible; Googlebot/2.1; +http://www.google.com/bot.html)" kanharequipments.com 10.44.34.235
66.249.64.226 - - [04/Aug/2026:07:12:40 -0600] "GET /shop/storeSearch/KeepCriteriaInput.aspx?transition=top4885548012160 HTTP/1.1" 404 17652 "-" "Mozilla/5.0 (Linux; Android 6.0.1; Nexus 5X Build/MMB29P) AppleWebKit/537.36 (KHTML, like Gecko) Chrome/150.0.7871.186 Mobile Safari/537.36 (compatible; Googlebot/2.1; +http://www.google.com/bot.html)" kanharequipments.com 10.44.34.235
66.249.64.226 - - [04/Aug/2026:07:12:40 -0600] "GET /shop/storeSearch/KeepCriteriaInput.aspx?transition=top4885548012160 HTTP/1.1" 404 17652 "-" "Mozilla/5.0 (Linux; Android 6.0.1; Nexus 5X Build/MMB29P) AppleWebKit/537.36 (KHTML, like Gecko) Chrome/150.0.7871.186 Mobile Safari/537.36 (compatible; Googlebot/2.1; +http://www.google.com/bot.html)" kanharequipments.com 10.44.34.235
66.249.64.226 - - [04/Aug/2026:07:14:00 -0600] "GET /?n=17249447021160 HTTP/1.1" 200 29196 "-" "Mozilla/5.0 (Linux; Android 6.0.1; Nexus 5X Build/MMB29P) AppleWebKit/537.36 (KHTML, like Gecko) Chrome/150.0.7871.186 Mobile Safari/537.36 (compatible; Googlebot/2.1; +http://www.google.com/bot.html)" kanharequipments.com 10.44.34.235
66.249.64.226 - - [04/Aug/2026:07:14:00 -0600] "GET /?n=17249447021160 HTTP/1.1" 200 29196 "-" "Mozilla/5.0 (Linux; Android 6.0.1; Nexus 5X Build/MMB29P) AppleWebKit/537.36 (KHTML, like Gecko) Chrome/150.0.7871.186 Mobile Safari/537.36 (compatible; Googlebot/2.1; +http://www.google.com/bot.html)" kanharequipments.com 10.44.34.235
66.70.255.14 - - [04/Aug/2026:07:15:40 -0600] "GET /wp-login.php HTTP/2.0" 200 2121 "-" "Mozilla/5.0 (Windows NT 10.0; Win64; x64) AppleWebKit/537.36 (KHTML, like Gecko) Chrome/150.0.0.0 Safari/537.36" kanharequipments.com 10.44.34.235
66.70.255.14 - - [04/Aug/2026:07:15:41 -0600] "POST /wp-login.php HTTP/2.0" 200 2293 "https://kanharequipments.com/wp-login.php" "Mozilla/5.0 (Windows NT 10.0; Win64; x64) AppleWebKit/537.36 (KHTML, like Gecko) Chrome/150.0.0.0 Safari/537.36" kanharequipments.com 10.44.34.235
196.240.143.30 - - [04/Aug/2026:07:16:35 -0600] "GET /1xslots/ HTTP/1.1" 404 17652 "https://kanharequipments.com/" "Mozilla/5.0 (Windows NT 10.0; Win64; x64) AppleWebKit/537.36 (KHTML, like Gecko) Chrome/134.0.0.0 Safari/537.36 Edg/134.0.0.0" kanharequipments.com 10.44.34.235
196.240.143.30 - - [04/Aug/2026:07:16:35 -0600] "GET /1xslots/ HTTP/1.1" 404 17652 "https://kanharequipments.com/" "Mozilla/5.0 (Windows NT 10.0; Win64; x64) AppleWebKit/537.36 (KHTML, like Gecko) Chrome/134.0.0.0 Safari/537.36 Edg/134.0.0.0" kanharequipments.com 10.44.34.235
196.240.143.30 - - [04/Aug/2026:07:16:37 -0600] "GET / HTTP/1.1" 200 29196 "-" "Mozilla/5.0 (Windows NT 10.0; Win64; x64) AppleWebKit/537.36 (KHTML, like Gecko) Chrome/134.0.0.0 Safari/537.36 Edg/134.0.0.0" kanharequipments.com 10.44.34.235
196.240.143.30 - - [04/Aug/2026:07:16:39 -0600] "GET /wp-login.php?action=register HTTP/1.1" 302 - "https://kanharequipments.com" "Mozilla/5.0 (Windows NT 6.3; Win64; x64) AppleWebKit/537.36 (KHTML, like Gecko) Chrome/103.0.0.0 Safari/537.36" kanharequipments.com 10.44.34.235
196.240.143.30 - - [04/Aug/2026:07:16:42 -0600] "GET /wp-login.php?registration=disabled HTTP/1.1" 200 2192 "https://kanharequipments.com/wp-login.php?action=register" "Mozilla/5.0 (Windows NT 6.3; Win64; x64) AppleWebKit/537.36 (KHTML, like Gecko) Chrome/103.0.0.0 Safari/537.36" kanharequipments.com 10.44.34.235
86.125.136.143 - - [04/Aug/2026:07:17:11 -0600] "GET /wp-login.php HTTP/2.0" 409 83 "-" "Mozilla/5.0 (Windows NT 10.0; Win64; x64) AppleWebKit/537.36 (KHTML, like Gecko) Chrome/150.0.0.0 Safari/537.36" kanharequipments.com 10.44.34.235
103.150.234.96 - - [04/Aug/2026:07:17:31 -0600] "GET /shop-2/page/6/?add-to-cart=2300&per_page=30&product-cata=48 HTTP/1.1" 301 - "https://kanharequipments.com" "Mozilla/5.0 (Windows NT 10.0; Win64; x64) AppleWebKit/537.36 (KHTML, like Gecko) Chrome/142.0.0.0 Safari/537.36" kanharequipments.com 10.44.34.235
103.150.234.96 - - [04/Aug/2026:07:17:31 -0600] "GET /shop-2/page/6/?add-to-cart=2300&per_page=30&product-cata=48 HTTP/2.0" 301 - "https://kanharequipments.com" "Mozilla/5.0 (Windows NT 10.0; Win64; x64) AppleWebKit/537.36 (KHTML, like Gecko) Chrome/142.0.0.0 Safari/537.36" kanharequipments.com 10.44.34.235
216.247.91.240 - - [04/Aug/2026:07:17:37 -0600] "GET /page/6/?add-to-cart=2300&per_page=30&product-cata=48 HTTP/1.1" 200 29211 "https://kanharequipments.com/shop-2/page/6/?add-to-cart=2300&per_page=30&product-cata=48" "Mozilla/5.0 (Windows NT 10.0; Win64; x64) AppleWebKit/537.36 (KHTML, like Gecko) Chrome/142.0.0.0 Safari/537.36" kanharequipments.com 10.44.34.235
216.247.91.240 - - [04/Aug/2026:07:17:37 -0600] "GET /page/6/?add-to-cart=2300&per_page=30&product-cata=48 HTTP/2.0" 200 29211 "https://kanharequipments.com/shop-2/page/6/?add-to-cart=2300&per_page=30&product-cata=48" "Mozilla/5.0 (Windows NT 10.0; Win64; x64) AppleWebKit/537.36 (KHTML, like Gecko) Chrome/142.0.0.0 Safari/537.36" kanharequipments.com 10.44.34.235
66.249.64.225 - - [04/Aug/2026:07:19:37 -0600] "GET /?n=5816005031160 HTTP/1.1" 200 29196 "-" "Mozilla/5.0 (Linux; Android 6.0.1; Nexus 5X Build/MMB29P) AppleWebKit/537.36 (KHTML, like Gecko) Chrome/150.0.7871.186 Mobile Safari/537.36 (compatible; Googlebot/2.1; +http://www.google.com/bot.html)" kanharequipments.com 10.44.34.235
66.249.64.225 - - [04/Aug/2026:07:19:37 -0600] "GET /?n=5816005031160 HTTP/1.1" 200 29196 "-" "Mozilla/5.0 (Linux; Android 6.0.1; Nexus 5X Build/MMB29P) AppleWebKit/537.36 (KHTML, like Gecko) Chrome/150.0.7871.186 Mobile Safari/537.36 (compatible; Googlebot/2.1; +http://www.google.com/bot.html)" kanharequipments.com 10.44.34.235
182.190.218.185 - - [04/Aug/2026:07:20:20 -0600] "GET /product/single-sink-unit/?add-to-cart=2313&add_to_wishlist=2311 HTTP/1.1" 301 - "https://kanharequipments.com" "Mozilla/5.0 (Windows NT 10.0; Win64; x64) AppleWebKit/537.36 (KHTML, like Gecko) Chrome/142.0.0.0 Safari/537.36" kanharequipments.com 10.44.34.235
182.190.218.185 - - [04/Aug/2026:07:20:20 -0600] "GET /product/single-sink-unit/?add-to-cart=2313&add_to_wishlist=2311 HTTP/2.0" 301 - "https://kanharequipments.com" "Mozilla/5.0 (Windows NT 10.0; Win64; x64) AppleWebKit/537.36 (KHTML, like Gecko) Chrome/142.0.0.0 Safari/537.36" kanharequipments.com 10.44.34.235
122.248.40.31 - - [04/Aug/2026:07:20:25 -0600] "GET /?add-to-cart=2313&add_to_wishlist=2311 HTTP/1.1" 200 29196 "https://kanharequipments.com/product/single-sink-unit/?add-to-cart=2313&add_to_wishlist=2311" "Mozilla/5.0 (Windows NT 10.0; Win64; x64) AppleWebKit/537.36 (KHTML, like Gecko) Chrome/142.0.0.0 Safari/537.36" kanharequipments.com 10.44.34.235
122.248.40.31 - - [04/Aug/2026:07:20:25 -0600] "GET /?add-to-cart=2313&add_to_wishlist=2311 HTTP/2.0" 200 29196 "https://kanharequipments.com/product/single-sink-unit/?add-to-cart=2313&add_to_wishlist=2311" "Mozilla/5.0 (Windows NT 10.0; Win64; x64) AppleWebKit/537.36 (KHTML, like Gecko) Chrome/142.0.0.0 Safari/537.36" kanharequipments.com 10.44.34.235
52.167.144.25 - - [04/Aug/2026:07:21:09 -0600] "GET /product/category/46236998011160 HTTP/1.1" 301 - "-" "Mozilla/5.0 AppleWebKit/537.36 (KHTML, like Gecko; compatible; bingbot/2.0; +http://www.bing.com/bingbot.htm) Chrome/116.0.1938.76 Safari/537.36" kanharequipments.com 10.44.34.235
52.167.144.25 - - [04/Aug/2026:07:21:09 -0600] "GET /product/category/46236998011160 HTTP/2.0" 301 - "-" "Mozilla/5.0 AppleWebKit/537.36 (KHTML, like Gecko; compatible; bingbot/2.0; +http://www.bing.com/bingbot.htm) Chrome/116.0.1938.76 Safari/537.36" kanharequipments.com 10.44.34.235
91.214.138.81 - - [04/Aug/2026:07:23:02 -0600] "GET /product-category/work-table-trolly/?add-to-cart=2303&per_page=30 HTTP/1.1" 301 - "https://kanharequipments.com" "Mozilla/5.0 (Windows NT 10.0; Win64; x64) AppleWebKit/537.36 (KHTML, like Gecko) Chrome/145.0.0.0 Safari/537.36" kanharequipments.com 10.44.34.235
91.214.138.81 - - [04/Aug/2026:07:23:02 -0600] "GET /product-category/work-table-trolly/?add-to-cart=2303&per_page=30 HTTP/2.0" 301 - "https://kanharequipments.com" "Mozilla/5.0 (Windows NT 10.0; Win64; x64) AppleWebKit/537.36 (KHTML, like Gecko) Chrome/145.0.0.0 Safari/537.36" kanharequipments.com 10.44.34.235
195.242.214.68 - - [04/Aug/2026:07:23:07 -0600] "GET /?add-to-cart=2303&per_page=30 HTTP/1.1" 200 29196 "https://kanharequipments.com/product-category/work-table-trolly/?add-to-cart=2303&per_page=30" "Mozilla/5.0 (Windows NT 10.0; Win64; x64) AppleWebKit/537.36 (KHTML, like Gecko) Chrome/145.0.0.0 Safari/537.36" kanharequipments.com 10.44.34.235
195.242.214.68 - - [04/Aug/2026:07:23:07 -0600] "GET /?add-to-cart=2303&per_page=30 HTTP/2.0" 200 29196 "https://kanharequipments.com/product-category/work-table-trolly/?add-to-cart=2303&per_page=30" "Mozilla/5.0 (Windows NT 10.0; Win64; x64) AppleWebKit/537.36 (KHTML, like Gecko) Chrome/145.0.0.0 Safari/537.36" kanharequipments.com 10.44.34.235
66.249.64.226 - - [04/Aug/2026:07:23:39 -0600] "GET /?n=45121145051160 HTTP/1.1" 200 29196 "-" "Mozilla/5.0 (Linux; Android 6.0.1; Nexus 5X Build/MMB29P) AppleWebKit/537.36 (KHTML, like Gecko) Chrome/150.0.7871.186 Mobile Safari/537.36 (compatible; Googlebot/2.1; +http://www.google.com/bot.html)" kanharequipments.com 10.44.34.235
66.249.64.226 - - [04/Aug/2026:07:23:39 -0600] "GET /?n=45121145051160 HTTP/1.1" 200 29196 "-" "Mozilla/5.0 (Linux; Android 6.0.1; Nexus 5X Build/MMB29P) AppleWebKit/537.36 (KHTML, like Gecko) Chrome/150.0.7871.186 Mobile Safari/537.36 (compatible; Googlebot/2.1; +http://www.google.com/bot.html)" kanharequipments.com 10.44.34.235
85.204.70.94 - - [04/Aug/2026:07:23:43 -0600] "GET / HTTP/1.1" 200 94450 "-" "Mozilla/5.0 (Windows NT 10.0; Win64; x64) AppleWebKit/537.36 (KHTML, like Gecko) Chrome/78.0.3904.108 Safari/537.36" kanharequipments.com 10.44.34.235
85.204.70.94 - - [04/Aug/2026:07:23:43 -0600] "GET / HTTP/1.1" 200 94450 "-" "Mozilla/5.0 (Windows NT 10.0; Win64; x64) AppleWebKit/537.36 (KHTML, like Gecko) Chrome/78.0.3904.108 Safari/537.36" kanharequipments.com 10.44.34.235
85.204.70.94 - - [04/Aug/2026:07:23:44 -0600] "GET /wp-includes/wlwmanifest.xml HTTP/1.1" 404 52874 "-" "Mozilla/5.0 (Windows NT 10.0; Win64; x64) AppleWebKit/537.36 (KHTML, like Gecko) Chrome/78.0.3904.108 Safari/537.36" kanharequipments.com 10.44.34.235
85.204.70.94 - - [04/Aug/2026:07:23:44 -0600] "GET //wp-includes/wlwmanifest.xml HTTP/1.1" 404 52874 "-" "Mozilla/5.0 (Windows NT 10.0; Win64; x64) AppleWebKit/537.36 (KHTML, like Gecko) Chrome/78.0.3904.108 Safari/537.36" kanharequipments.com 10.44.34.235
85.204.70.94 - - [04/Aug/2026:07:23:44 -0600] "GET /?author=1 HTTP/1.1" 200 78915 "-" "Mozilla/5.0 (Windows NT 10.0; Win64; x64) AppleWebKit/537.36 (KHTML, like Gecko) Chrome/78.0.3904.108 Safari/537.36" kanharequipments.com 10.44.34.235
85.204.70.94 - - [04/Aug/2026:07:23:44 -0600] "GET //?author=1 HTTP/1.1" 200 78915 "-" "Mozilla/5.0 (Windows NT 10.0; Win64; x64) AppleWebKit/537.36 (KHTML, like Gecko) Chrome/78.0.3904.108 Safari/537.36" kanharequipments.com 10.44.34.235
85.204.70.94 - - [04/Aug/2026:07:23:44 -0600] "GET /?author=2 HTTP/1.1" 200 78915 "-" "Mozilla/5.0 (Windows NT 10.0; Win64; x64) AppleWebKit/537.36 (KHTML, like Gecko) Chrome/78.0.3904.108 Safari/537.36" kanharequipments.com 10.44.34.235
85.204.70.94 - - [04/Aug/2026:07:23:44 -0600] "GET //?author=2 HTTP/1.1" 200 78915 "-" "Mozilla/5.0 (Windows NT 10.0; Win64; x64) AppleWebKit/537.36 (KHTML, like Gecko) Chrome/78.0.3904.108 Safari/537.36" kanharequipments.com 10.44.34.235
85.204.70.94 - - [04/Aug/2026:07:23:45 -0600] "GET //wp-json/wp/v2/users/ HTTP/1.1" 200 1580 "-" "Mozilla/5.0 (Windows NT 10.0; Win64; x64) AppleWebKit/537.36 (KHTML, like Gecko) Chrome/78.0.3904.108 Safari/537.36" kanharequipments.com 10.44.34.235
85.204.70.94 - - [04/Aug/2026:07:23:45 -0600] "POST //xmlrpc.php HTTP/1.1" 409 83 "-" "Mozilla/5.0 (Windows NT 10.0; Win64; x64) AppleWebKit/537.36 (KHTML, like Gecko) Chrome/78.0.3904.108 Safari/537.36" kanharequipments.com 10.44.34.235
94.98.79.136 - - [04/Aug/2026:07:25:28 -0600] "GET /product/pick-up-work/?add-to-cart=2325&add_to_wishlist=2312 HTTP/1.1" 301 - "https://kanharequipments.com" "Mozilla/5.0 (Macintosh; Intel Mac OS X 10_15_7) AppleWebKit/537.36 (KHTML, like Gecko) Chrome/145.0.0.0 Safari/537.36" kanharequipments.com 10.44.34.235
94.98.79.136 - - [04/Aug/2026:07:25:28 -0600] "GET /product/pick-up-work/?add-to-cart=2325&add_to_wishlist=2312 HTTP/2.0" 301 - "https://kanharequipments.com" "Mozilla/5.0 (Macintosh; Intel Mac OS X 10_15_7) AppleWebKit/537.36 (KHTML, like Gecko) Chrome/145.0.0.0 Safari/537.36" kanharequipments.com 10.44.34.235
187.255.41.182 - - [04/Aug/2026:07:25:31 -0600] "GET /?add-to-cart=2325&add_to_wishlist=2312 HTTP/1.1" 200 29196 "https://kanharequipments.com/product/pick-up-work/?add-to-cart=2325&add_to_wishlist=2312" "Mozilla/5.0 (Macintosh; Intel Mac OS X 10_15_7) AppleWebKit/537.36 (KHTML, like Gecko) Chrome/145.0.0.0 Safari/537.36" kanharequipments.com 10.44.34.235
187.255.41.182 - - [04/Aug/2026:07:25:31 -0600] "GET /?add-to-cart=2325&add_to_wishlist=2312 HTTP/2.0" 200 29196 "https://kanharequipments.com/product/pick-up-work/?add-to-cart=2325&add_to_wishlist=2312" "Mozilla/5.0 (Macintosh; Intel Mac OS X 10_15_7) AppleWebKit/537.36 (KHTML, like Gecko) Chrome/145.0.0.0 Safari/537.36" kanharequipments.com 10.44.34.235
52.167.144.163 - - [04/Aug/2026:07:25:56 -0600] "GET /product/category/7394390041160 HTTP/1.1" 301 - "-" "Mozilla/5.0 AppleWebKit/537.36 (KHTML, like Gecko; compatible; bingbot/2.0; +http://www.bing.com/bingbot.htm) Chrome/116.0.1938.76 Safari/537.36" kanharequipments.com 10.44.34.235
52.167.144.163 - - [04/Aug/2026:07:25:56 -0600] "GET /product/category/7394390041160 HTTP/2.0" 301 - "-" "Mozilla/5.0 AppleWebKit/537.36 (KHTML, like Gecko; compatible; bingbot/2.0; +http://www.bing.com/bingbot.htm) Chrome/116.0.1938.76 Safari/537.36" kanharequipments.com 10.44.34.235
20.215.191.139 - - [04/Aug/2026:07:26:17 -0600] "GET /inputs.php HTTP/1.1" 409 83 "-" "Mozilla/5.0 (Windows NT 10.0; Win64; x64) AppleWebKit/537.36 (KHTML, like Gecko) Chrome/120.0.0.0 Safari/537.36" webmail.kanharequipments.com 10.44.34.235
20.215.191.139 - - [04/Aug/2026:07:26:19 -0600] "GET /ioxi-o.php HTTP/1.1" 409 83 "-" "Mozilla/5.0 (Windows NT 10.0; Win64; x64) AppleWebKit/537.36 (KHTML, like Gecko) Chrome/120.0.0.0 Safari/537.36" webmail.kanharequipments.com 10.44.34.235
20.215.191.139 - - [04/Aug/2026:07:26:21 -0600] "GET /function/function.php HTTP/1.1" 409 83 "-" "Mozilla/5.0 (Windows NT 10.0; Win64; x64) AppleWebKit/537.36 (KHTML, like Gecko) Chrome/120.0.0.0 Safari/537.36" webmail.kanharequipments.com 10.44.34.235
20.215.191.139 - - [04/Aug/2026:07:26:22 -0600] "GET /rip.php HTTP/1.1" 409 83 "-" "Mozilla/5.0 (Windows NT 10.0; Win64; x64) AppleWebKit/537.36 (KHTML, like Gecko) Chrome/120.0.0.0 Safari/537.36" webmail.kanharequipments.com 10.44.34.235
20.215.191.139 - - [04/Aug/2026:07:26:24 -0600] "GET /admin.php HTTP/1.1" 409 83 "-" "Mozilla/5.0 (Windows NT 10.0; Win64; x64) AppleWebKit/537.36 (KHTML, like Gecko) Chrome/120.0.0.0 Safari/537.36" webmail.kanharequipments.com 10.44.34.235
20.215.191.139 - - [04/Aug/2026:07:26:26 -0600] "GET /wp-content/uploads/index.php HTTP/1.1" 409 83 "-" "Mozilla/5.0 (Windows NT 10.0; Win64; x64) AppleWebKit/537.36 (KHTML, like Gecko) Chrome/120.0.0.0 Safari/537.36" webmail.kanharequipments.com 10.44.34.235
20.215.191.139 - - [04/Aug/2026:07:26:27 -0600] "GET /cache.php HTTP/1.1" 409 83 "-" "Mozilla/5.0 (Windows NT 10.0; Win64; x64) AppleWebKit/537.36 (KHTML, like Gecko) Chrome/120.0.0.0 Safari/537.36" webmail.kanharequipments.com 10.44.34.235
66.249.64.226 - - [04/Aug/2026:07:26:28 -0600] "GET /?n=4626763021160 HTTP/1.1" 200 29196 "-" "Mozilla/5.0 (Linux; Android 6.0.1; Nexus 5X Build/MMB29P) AppleWebKit/537.36 (KHTML, like Gecko) Chrome/150.0.7871.186 Mobile Safari/537.36 (compatible; Googlebot/2.1; +http://www.google.com/bot.html)" kanharequipments.com 10.44.34.235
