52.167.144.145 - - [04/Aug/2026:10:30:01 -0600] "GET /shopdetail/21516051/ HTTP/2.0" 404 - "-" "Mozilla/5.0 AppleWebKit/537.36 (KHTML, like Gecko; compatible; bingbot/2.0; +http://www.bing.com/bingbot.htm) Chrome/116.0.1938.76 Safari/537.36" agrolite.in 10.44.34.235
52.167.144.229 - - [04/Aug/2026:10:30:03 -0600] "GET /502.shtml HTTP/1.1" 404 - "-" "Mozilla/5.0 AppleWebKit/537.36 (KHTML, like Gecko; compatible; bingbot/2.0; +http://www.bing.com/bingbot.htm) Chrome/116.0.1938.76 Safari/537.36" agrolite.in 10.44.34.235
52.167.144.229 - - [04/Aug/2026:10:30:03 -0600] "GET /502.shtml HTTP/1.1" 404 - "-" "Mozilla/5.0 AppleWebKit/537.36 (KHTML, like Gecko; compatible; bingbot/2.0; +http://www.bing.com/bingbot.htm) Chrome/116.0.1938.76 Safari/537.36" agrolite.in 10.44.34.235
52.167.144.229 - - [04/Aug/2026:10:27:03 -0600] "GET /shopdetail/22002028/ HTTP/2.0" 404 - "-" "Mozilla/5.0 AppleWebKit/537.36 (KHTML, like Gecko; compatible; bingbot/2.0; +http://www.bing.com/bingbot.htm) Chrome/116.0.1938.76 Safari/537.36" agrolite.in 10.44.34.235
52.167.144.229 - - [04/Aug/2026:10:30:04 -0600] "GET /502.shtml HTTP/1.1" 404 - "-" "Mozilla/5.0 AppleWebKit/537.36 (KHTML, like Gecko; compatible; bingbot/2.0; +http://www.bing.com/bingbot.htm) Chrome/116.0.1938.76 Safari/537.36" agrolite.in 10.44.34.235
52.167.144.18 - - [04/Aug/2026:10:30:06 -0600] "GET /shopdetail/14993617/ HTTP/1.1" 404 - "-" "Mozilla/5.0 AppleWebKit/537.36 (KHTML, like Gecko; compatible; bingbot/2.0; +http://www.bing.com/bingbot.htm) Chrome/116.0.1938.76 Safari/537.36" agrolite.in 10.44.34.235
52.167.144.18 - - [04/Aug/2026:10:30:06 -0600] "GET /shopdetail/14993617/ HTTP/2.0" 404 - "-" "Mozilla/5.0 AppleWebKit/537.36 (KHTML, like Gecko; compatible; bingbot/2.0; +http://www.bing.com/bingbot.htm) Chrome/116.0.1938.76 Safari/537.36" agrolite.in 10.44.34.235
52.167.144.145 - - [04/Aug/2026:10:30:31 -0600] "GET /shopdetail/23938940/ HTTP/1.1" 404 - "-" "Mozilla/5.0 AppleWebKit/537.36 (KHTML, like Gecko; compatible; bingbot/2.0; +http://www.bing.com/bingbot.htm) Chrome/116.0.1938.76 Safari/537.36" agrolite.in 10.44.34.235
52.167.144.145 - - [04/Aug/2026:10:30:31 -0600] "GET /shopdetail/23938940/ HTTP/2.0" 404 - "-" "Mozilla/5.0 AppleWebKit/537.36 (KHTML, like Gecko; compatible; bingbot/2.0; +http://www.bing.com/bingbot.htm) Chrome/116.0.1938.76 Safari/537.36" agrolite.in 10.44.34.235
116.118.0.69 - - [04/Aug/2026:10:30:33 -0600] "GET /wp-login.php HTTP/2.0" 200 - "-" "Mozilla/5.0 (Windows NT 10.0; Win64; x64) AppleWebKit/537.36 (KHTML, like Gecko) Chrome/150.0.0.0 Safari/537.36" agrolite.in 10.44.34.235
52.167.144.227 - - [04/Aug/2026:10:30:37 -0600] "GET /shopdetail/9073773/ HTTP/1.1" 404 - "-" "Mozilla/5.0 AppleWebKit/537.36 (KHTML, like Gecko; compatible; bingbot/2.0; +http://www.bing.com/bingbot.htm) Chrome/116.0.1938.76 Safari/537.36" agrolite.in 10.44.34.235
52.167.144.227 - - [04/Aug/2026:10:30:37 -0600] "GET /shopdetail/9073773/ HTTP/2.0" 404 - "-" "Mozilla/5.0 AppleWebKit/537.36 (KHTML, like Gecko; compatible; bingbot/2.0; +http://www.bing.com/bingbot.htm) Chrome/116.0.1938.76 Safari/537.36" agrolite.in 10.44.34.235
50.6.43.128 - - [04/Aug/2026:10:30:46 -0600] "POST /wp-cron.php?doing_wp_cron=1785861046.3775069713592529296875 HTTP/1.1" 200 - "-" "WordPress/7.0.2; https://agrolite.in" agrolite.in 10.44.34.235
52.167.144.18 - - [04/Aug/2026:10:30:53 -0600] "GET /shopdetail/24249339/ HTTP/1.1" 404 - "-" "Mozilla/5.0 AppleWebKit/537.36 (KHTML, like Gecko; compatible; bingbot/2.0; +http://www.bing.com/bingbot.htm) Chrome/116.0.1938.76 Safari/537.36" agrolite.in 10.44.34.235
52.167.144.18 - - [04/Aug/2026:10:30:53 -0600] "GET /shopdetail/24249339/ HTTP/2.0" 404 - "-" "Mozilla/5.0 AppleWebKit/537.36 (KHTML, like Gecko; compatible; bingbot/2.0; +http://www.bing.com/bingbot.htm) Chrome/116.0.1938.76 Safari/537.36" agrolite.in 10.44.34.235
47.79.13.16 - - [04/Aug/2026:10:31:04 -0600] "GET /shopdetail/2283151/ HTTP/1.1" 301 - "https://www.agrolite.in/" "Mozilla/5.0 (Macintosh; Intel Mac OS X 10_15_7) AppleWebKit/537.36 (KHTML, like Gecko) Chrome/134.0.0.0 Safari/537.36" www.agrolite.in 10.44.34.235
47.79.13.16 - - [04/Aug/2026:10:31:04 -0600] "GET /shopdetail/2283151/ HTTP/1.1" 301 - "https://www.agrolite.in/" "Mozilla/5.0 (Macintosh; Intel Mac OS X 10_15_7) AppleWebKit/537.36 (KHTML, like Gecko) Chrome/134.0.0.0 Safari/537.36" www.agrolite.in 10.44.34.235
52.167.144.145 - - [04/Aug/2026:10:31:32 -0600] "GET /shopdetail/23574173/ HTTP/1.1" 404 - "-" "Mozilla/5.0 AppleWebKit/537.36 (KHTML, like Gecko; compatible; bingbot/2.0; +http://www.bing.com/bingbot.htm) Chrome/116.0.1938.76 Safari/537.36" agrolite.in 10.44.34.235
52.167.144.145 - - [04/Aug/2026:10:31:32 -0600] "GET /shopdetail/23574173/ HTTP/2.0" 404 - "-" "Mozilla/5.0 AppleWebKit/537.36 (KHTML, like Gecko; compatible; bingbot/2.0; +http://www.bing.com/bingbot.htm) Chrome/116.0.1938.76 Safari/537.36" agrolite.in 10.44.34.235
52.167.144.227 - - [04/Aug/2026:10:31:36 -0600] "GET /shopdetail/9479195/ HTTP/1.1" 404 - "-" "Mozilla/5.0 AppleWebKit/537.36 (KHTML, like Gecko; compatible; bingbot/2.0; +http://www.bing.com/bingbot.htm) Chrome/116.0.1938.76 Safari/537.36" agrolite.in 10.44.34.235
52.167.144.227 - - [04/Aug/2026:10:31:36 -0600] "GET /shopdetail/9479195/ HTTP/2.0" 404 - "-" "Mozilla/5.0 AppleWebKit/537.36 (KHTML, like Gecko; compatible; bingbot/2.0; +http://www.bing.com/bingbot.htm) Chrome/116.0.1938.76 Safari/537.36" agrolite.in 10.44.34.235
47.79.13.12 - - [04/Aug/2026:10:31:44 -0600] "GET /shopdetail/5839784/ HTTP/1.1" 301 - "https://www.agrolite.in/" "Mozilla/5.0 (Macintosh; Intel Mac OS X 10_15_7) AppleWebKit/605.1.15 (KHTML, like Gecko) Version/18.3.1 Safari/605.1.15" www.agrolite.in 10.44.34.235
47.79.13.12 - - [04/Aug/2026:10:31:44 -0600] "GET /shopdetail/5839784/ HTTP/1.1" 301 - "https://www.agrolite.in/" "Mozilla/5.0 (Macintosh; Intel Mac OS X 10_15_7) AppleWebKit/605.1.15 (KHTML, like Gecko) Version/18.3.1 Safari/605.1.15" www.agrolite.in 10.44.34.235
52.167.144.18 - - [04/Aug/2026:10:31:54 -0600] "GET /shopdetail/18434817/ HTTP/1.1" 404 - "-" "Mozilla/5.0 AppleWebKit/537.36 (KHTML, like Gecko; compatible; bingbot/2.0; +http://www.bing.com/bingbot.htm) Chrome/116.0.1938.76 Safari/537.36" agrolite.in 10.44.34.235
52.167.144.18 - - [04/Aug/2026:10:31:54 -0600] "GET /shopdetail/18434817/ HTTP/2.0" 404 - "-" "Mozilla/5.0 AppleWebKit/537.36 (KHTML, like Gecko; compatible; bingbot/2.0; +http://www.bing.com/bingbot.htm) Chrome/116.0.1938.76 Safari/537.36" agrolite.in 10.44.34.235
50.6.43.128 - - [04/Aug/2026:10:32:05 -0600] "POST /wp-cron.php?doing_wp_cron=1785861125.0468199253082275390625 HTTP/1.1" 200 - "-" "WordPress/7.0.2; https://agrolite.in" agrolite.in 10.44.34.235
103.174.51.100 - - [04/Aug/2026:10:35:59 -0600] "GET /wp-login.php HTTP/2.0" 409 83 "-" "Mozilla/5.0 (Windows NT 10.0; Win64; x64) AppleWebKit/537.36 (KHTML, like Gecko) Chrome/150.0.0.0 Safari/537.36" website-3c98b89a.hgd.xab.mybluehost.me 10.44.34.235
45.146.192.214 - - [04/Aug/2026:10:37:06 -0600] "GET /wp-login.php HTTP/2.0" 409 83 "-" "Mozilla/5.0 (Windows NT 10.0; Win64; x64) AppleWebKit/537.36 (KHTML, like Gecko) Chrome/150.0.0.0 Safari/537.36" website-3c98b89a.hgd.xab.mybluehost.me 10.44.34.235
52.167.144.145 - - [04/Aug/2026:10:32:32 -0600] "GET /shopdetail/9112928/ HTTP/1.1" 503 468 "-" "Mozilla/5.0 AppleWebKit/537.36 (KHTML, like Gecko; compatible; bingbot/2.0; +http://www.bing.com/bingbot.htm) Chrome/116.0.1938.76 Safari/537.36" agrolite.in 10.44.34.235
52.167.144.227 - - [04/Aug/2026:10:32:36 -0600] "GET /shopdetail/6080828/ HTTP/1.1" 503 468 "-" "Mozilla/5.0 AppleWebKit/537.36 (KHTML, like Gecko; compatible; bingbot/2.0; +http://www.bing.com/bingbot.htm) Chrome/116.0.1938.76 Safari/537.36" agrolite.in 10.44.34.235
52.167.144.145 - - [04/Aug/2026:10:32:32 -0600] "GET /shopdetail/9112928/ HTTP/2.0" 502 - "-" "Mozilla/5.0 AppleWebKit/537.36 (KHTML, like Gecko; compatible; bingbot/2.0; +http://www.bing.com/bingbot.htm) Chrome/116.0.1938.76 Safari/537.36" agrolite.in 10.44.34.235
52.167.144.227 - - [04/Aug/2026:10:32:36 -0600] "GET /shopdetail/6080828/ HTTP/2.0" 502 - "-" "Mozilla/5.0 AppleWebKit/537.36 (KHTML, like Gecko; compatible; bingbot/2.0; +http://www.bing.com/bingbot.htm) Chrome/116.0.1938.76 Safari/537.36" agrolite.in 10.44.34.235
52.167.144.145 - - [04/Aug/2026:10:33:32 -0600] "GET /pcmypage?callback=product/review/21446405 HTTP/2.0" 502 - "-" "Mozilla/5.0 AppleWebKit/537.36 (KHTML, like Gecko; compatible; bingbot/2.0; +http://www.bing.com/bingbot.htm) Chrome/116.0.1938.76 Safari/537.36" agrolite.in 10.44.34.235
52.167.144.227 - - [04/Aug/2026:10:33:36 -0600] "GET /shopdetail/15766306/ HTTP/2.0" 502 - "-" "Mozilla/5.0 AppleWebKit/537.36 (KHTML, like Gecko; compatible; bingbot/2.0; +http://www.bing.com/bingbot.htm) Chrome/116.0.1938.76 Safari/537.36" agrolite.in 10.44.34.235
52.167.144.145 - - [04/Aug/2026:10:34:32 -0600] "GET /shopdetail/3165606/ HTTP/2.0" 502 - "-" "Mozilla/5.0 AppleWebKit/537.36 (KHTML, like Gecko; compatible; bingbot/2.0; +http://www.bing.com/bingbot.htm) Chrome/116.0.1938.76 Safari/537.36" agrolite.in 10.44.34.235
52.167.144.227 - - [04/Aug/2026:10:34:36 -0600] "GET /shopdetail/20251040/ HTTP/2.0" 502 - "-" "Mozilla/5.0 AppleWebKit/537.36 (KHTML, like Gecko; compatible; bingbot/2.0; +http://www.bing.com/bingbot.htm) Chrome/116.0.1938.76 Safari/537.36" agrolite.in 10.44.34.235
52.167.144.145 - - [04/Aug/2026:10:35:32 -0600] "GET /shopdetail/9014873/ HTTP/2.0" 502 - "-" "Mozilla/5.0 AppleWebKit/537.36 (KHTML, like Gecko; compatible; bingbot/2.0; +http://www.bing.com/bingbot.htm) Chrome/116.0.1938.76 Safari/537.36" agrolite.in 10.44.34.235
52.167.144.227 - - [04/Aug/2026:10:35:36 -0600] "GET /shopdetail/5159973/ HTTP/2.0" 502 - "-" "Mozilla/5.0 AppleWebKit/537.36 (KHTML, like Gecko; compatible; bingbot/2.0; +http://www.bing.com/bingbot.htm) Chrome/116.0.1938.76 Safari/537.36" agrolite.in 10.44.34.235
40.77.167.61 - - [04/Aug/2026:10:36:31 -0600] "GET /shopdetail/16610484/ HTTP/2.0" 502 - "-" "Mozilla/5.0 AppleWebKit/537.36 (KHTML, like Gecko; compatible; bingbot/2.0; +http://www.bing.com/bingbot.htm) Chrome/116.0.1938.76 Safari/537.36" agrolite.in 10.44.34.235
52.167.144.227 - - [04/Aug/2026:10:36:36 -0600] "GET /shopdetail/24462539/ HTTP/2.0" 502 - "-" "Mozilla/5.0 AppleWebKit/537.36 (KHTML, like Gecko; compatible; bingbot/2.0; +http://www.bing.com/bingbot.htm) Chrome/116.0.1938.76 Safari/537.36" agrolite.in 10.44.34.235
217.182.128.41 - - [04/Aug/2026:10:42:42 -0600] "GET /wp-login.php HTTP/2.0" 409 83 "-" "Mozilla/5.0 (Windows NT 10.0; Win64; x64) AppleWebKit/537.36 (KHTML, like Gecko) Chrome/150.0.0.0 Safari/537.36" website-3c98b89a.hgd.xab.mybluehost.me 10.44.34.235
114.119.156.181 - - [04/Aug/2026:10:40:42 -0600] "GET /author/rook75165/page/2/ HTTP/1.1" 502 - "https://agrolite.in/author/rook75165/page/2/" "Mozilla/5.0 (Linux; Android 7.0;) AppleWebKit/537.36 (HTML, like Gecko) Mobile Safari/537.36 (compatible; PetalBot;+https://webmaster.petalsearch.com/site/petalbot)" agrolite.in 10.44.34.235
92.222.108.104 - - [04/Aug/2026:10:40:54 -0600] "GET /thmyl-brnmj-1xbet-kyfy-thdyth-lttbyq-bshkl-dwry-6/feed/ HTTP/2.0" 502 - "-" "Mozilla/5.0 (compatible; AhrefsBot/7.0; +http://ahrefs.com/robot/)" agrolite.in 10.44.34.235
47.79.13.82 - - [04/Aug/2026:10:41:08 -0600] "GET /shopdetail/11651251/ HTTP/1.1" 502 - "https://www.agrolite.in/" "Mozilla/5.0 (X11; Linux x86_64) AppleWebKit/537.36 (KHTML, like Gecko) Chrome/114.0.0.0 Safari/537.36" www.agrolite.in 10.44.34.235
4.223.65.51 - - [04/Aug/2026:10:41:44 -0600] "GET /index/function.php HTTP/1.1" 502 - "-" "Mozilla/5.0 (Windows NT 10.0; Win64; x64) AppleWebKit/537.36 (KHTML, like Gecko) Chrome/120.0.0.0 Safari/537.36" agrolite.in 10.44.34.235
5.182.209.54 - - [04/Aug/2026:10:48:00 -0600] "GET /wp-login.php HTTP/2.0" 409 83 "-" "Mozilla/5.0 (Windows NT 10.0; Win64; x64) AppleWebKit/537.36 (KHTML, like Gecko) Chrome/150.0.0.0 Safari/537.36" website-3c98b89a.hgd.xab.mybluehost.me 10.44.34.235
62.193.192.221 - - [04/Aug/2026:10:48:50 -0600] "GET /wp-login.php HTTP/2.0" 409 83 "-" "Mozilla/5.0 (Windows NT 10.0; Win64; x64) AppleWebKit/537.36 (KHTML, like Gecko) Chrome/150.0.0.0 Safari/537.36" website-3c98b89a.hgd.xab.mybluehost.me 10.44.34.235
164.138.220.142 - - [04/Aug/2026:10:49:58 -0600] "GET /wp-login.php HTTP/2.0" 409 83 "-" "Mozilla/5.0 (Windows NT 10.0; Win64; x64) AppleWebKit/537.36 (KHTML, like Gecko) Chrome/150.0.0.0 Safari/537.36" website-3c98b89a.hgd.xab.mybluehost.me 10.44.34.235
52.167.144.221 - - [04/Aug/2026:10:49:34 -0600] "GET /shopdetail/3677851/ HTTP/2.0" 502 - "-" "Mozilla/5.0 AppleWebKit/537.36 (KHTML, like Gecko; compatible; bingbot/2.0; +http://www.bing.com/bingbot.htm) Chrome/116.0.1938.76 Safari/537.36" agrolite.in 10.44.34.235
40.77.167.45 - - [04/Aug/2026:10:49:49 -0600] "GET /shopdetail/21520328/ HTTP/2.0" 502 - "-" "Mozilla/5.0 AppleWebKit/537.36 (KHTML, like Gecko; compatible; bingbot/2.0; +http://www.bing.com/bingbot.htm) Chrome/116.0.1938.76 Safari/537.36" agrolite.in 10.44.34.235
40.77.167.47 - - [04/Aug/2026:10:49:54 -0600] "GET /shopdetail/17155684/ HTTP/2.0" 502 - "-" "Mozilla/5.0 AppleWebKit/537.36 (KHTML, like Gecko; compatible; bingbot/2.0; +http://www.bing.com/bingbot.htm) Chrome/116.0.1938.76 Safari/537.36" agrolite.in 10.44.34.235
52.167.144.221 - - [04/Aug/2026:10:50:32 -0600] "GET /shopdetail/6093439/ HTTP/2.0" 502 - "-" "Mozilla/5.0 AppleWebKit/537.36 (KHTML, like Gecko; compatible; bingbot/2.0; +http://www.bing.com/bingbot.htm) Chrome/116.0.1938.76 Safari/537.36" agrolite.in 10.44.34.235
40.77.167.47 - - [04/Aug/2026:10:50:51 -0600] "GET /shopdetail/23656862/ HTTP/2.0" 502 - "-" "Mozilla/5.0 AppleWebKit/537.36 (KHTML, like Gecko; compatible; bingbot/2.0; +http://www.bing.com/bingbot.htm) Chrome/116.0.1938.76 Safari/537.36" agrolite.in 10.44.34.235
52.167.144.221 - - [04/Aug/2026:10:51:31 -0600] "GET /shopdetail/7083984/ HTTP/2.0" 502 - "-" "Mozilla/5.0 AppleWebKit/537.36 (KHTML, like Gecko; compatible; bingbot/2.0; +http://www.bing.com/bingbot.htm) Chrome/116.0.1938.76 Safari/537.36" agrolite.in 10.44.34.235
40.77.167.47 - - [04/Aug/2026:10:51:50 -0600] "GET /shopdetail/7144517/ HTTP/2.0" 502 - "-" "Mozilla/5.0 AppleWebKit/537.36 (KHTML, like Gecko; compatible; bingbot/2.0; +http://www.bing.com/bingbot.htm) Chrome/116.0.1938.76 Safari/537.36" agrolite.in 10.44.34.235
52.167.144.221 - - [04/Aug/2026:10:52:31 -0600] "GET /shopdetail/12010228/ HTTP/2.0" 502 - "-" "Mozilla/5.0 AppleWebKit/537.36 (KHTML, like Gecko; compatible; bingbot/2.0; +http://www.bing.com/bingbot.htm) Chrome/116.0.1938.76 Safari/537.36" agrolite.in 10.44.34.235
176.31.139.10 - - [04/Aug/2026:10:52:35 -0600] "GET /best-practices-for-playing-casino-online-non-aams-sicuri-8/feed/ HTTP/2.0" 502 - "-" "Mozilla/5.0 (compatible; AhrefsBot/7.0; +http://ahrefs.com/robot/)" agrolite.in 10.44.34.235
52.167.144.237 - - [04/Aug/2026:10:52:50 -0600] "GET /shopdetail/13676595/ HTTP/2.0" 502 - "-" "Mozilla/5.0 AppleWebKit/537.36 (KHTML, like Gecko; compatible; bingbot/2.0; +http://www.bing.com/bingbot.htm) Chrome/116.0.1938.76 Safari/537.36" agrolite.in 10.44.34.235
52.167.144.221 - - [04/Aug/2026:10:53:31 -0600] "GET /shopdetail/283737777 HTTP/2.0" 502 - "-" "Mozilla/5.0 AppleWebKit/537.36 (KHTML, like Gecko; compatible; bingbot/2.0; +http://www.bing.com/bingbot.htm) Chrome/116.0.1938.76 Safari/537.36" agrolite.in 10.44.34.235
50.6.43.128 - - [04/Aug/2026:10:33:10 -0600] "POST /wp-cron.php?doing_wp_cron=1785861190.1680929660797119140625 HTTP/1.1" 200 - "-" "WordPress/7.0.2; https://agrolite.in" agrolite.in 10.44.34.235
52.167.144.227 - - [04/Aug/2026:10:33:36 -0600] "GET /shopdetail/15766306/ HTTP/1.1" 404 - "-" "Mozilla/5.0 AppleWebKit/537.36 (KHTML, like Gecko; compatible; bingbot/2.0; +http://www.bing.com/bingbot.htm) Chrome/116.0.1938.76 Safari/537.36" agrolite.in 10.44.34.235
52.167.144.145 - - [04/Aug/2026:10:33:32 -0600] "GET /pcmypage?callback=product/review/21446405 HTTP/1.1" 404 - "-" "Mozilla/5.0 AppleWebKit/537.36 (KHTML, like Gecko; compatible; bingbot/2.0; +http://www.bing.com/bingbot.htm) Chrome/116.0.1938.76 Safari/537.36" agrolite.in 10.44.34.235
52.167.144.145 - - [04/Aug/2026:10:34:32 -0600] "GET /shopdetail/3165606/ HTTP/1.1" 404 - "-" "Mozilla/5.0 AppleWebKit/537.36 (KHTML, like Gecko; compatible; bingbot/2.0; +http://www.bing.com/bingbot.htm) Chrome/116.0.1938.76 Safari/537.36" agrolite.in 10.44.34.235
52.167.144.227 - - [04/Aug/2026:10:34:36 -0600] "GET /shopdetail/20251040/ HTTP/1.1" 404 - "-" "Mozilla/5.0 AppleWebKit/537.36 (KHTML, like Gecko; compatible; bingbot/2.0; +http://www.bing.com/bingbot.htm) Chrome/116.0.1938.76 Safari/537.36" agrolite.in 10.44.34.235
52.167.144.145 - - [04/Aug/2026:10:35:32 -0600] "GET /shopdetail/9014873/ HTTP/1.1" 404 - "-" "Mozilla/5.0 AppleWebKit/537.36 (KHTML, like Gecko; compatible; bingbot/2.0; +http://www.bing.com/bingbot.htm) Chrome/116.0.1938.76 Safari/537.36" agrolite.in 10.44.34.235
52.167.144.145 - - [04/Aug/2026:10:35:32 -0600] "GET /502.shtml HTTP/1.1" 404 - "-" "Mozilla/5.0 AppleWebKit/537.36 (KHTML, like Gecko; compatible; bingbot/2.0; +http://www.bing.com/bingbot.htm) Chrome/116.0.1938.76 Safari/537.36" agrolite.in 10.44.34.235
52.167.144.145 - - [04/Aug/2026:10:35:32 -0600] "GET /502.shtml HTTP/1.1" 404 - "-" "Mozilla/5.0 AppleWebKit/537.36 (KHTML, like Gecko; compatible; bingbot/2.0; +http://www.bing.com/bingbot.htm) Chrome/116.0.1938.76 Safari/537.36" agrolite.in 10.44.34.235
52.167.144.227 - - [04/Aug/2026:10:35:36 -0600] "GET /shopdetail/5159973/ HTTP/1.1" 404 - "-" "Mozilla/5.0 AppleWebKit/537.36 (KHTML, like Gecko; compatible; bingbot/2.0; +http://www.bing.com/bingbot.htm) Chrome/116.0.1938.76 Safari/537.36" agrolite.in 10.44.34.235
52.167.144.227 - - [04/Aug/2026:10:35:37 -0600] "GET /502.shtml HTTP/1.1" 404 - "-" "Mozilla/5.0 AppleWebKit/537.36 (KHTML, like Gecko; compatible; bingbot/2.0; +http://www.bing.com/bingbot.htm) Chrome/116.0.1938.76 Safari/537.36" agrolite.in 10.44.34.235
52.167.144.227 - - [04/Aug/2026:10:35:37 -0600] "GET /502.shtml HTTP/1.1" 404 - "-" "Mozilla/5.0 AppleWebKit/537.36 (KHTML, like Gecko; compatible; bingbot/2.0; +http://www.bing.com/bingbot.htm) Chrome/116.0.1938.76 Safari/537.36" agrolite.in 10.44.34.235
52.167.144.145 - - [04/Aug/2026:10:36:32 -0600] "GET /502.shtml HTTP/1.1" 404 - "-" "Mozilla/5.0 AppleWebKit/537.36 (KHTML, like Gecko; compatible; bingbot/2.0; +http://www.bing.com/bingbot.htm) Chrome/116.0.1938.76 Safari/537.36" agrolite.in 10.44.34.235
40.77.167.61 - - [04/Aug/2026:10:36:31 -0600] "GET /shopdetail/16610484/ HTTP/1.1" 404 - "-" "Mozilla/5.0 AppleWebKit/537.36 (KHTML, like Gecko; compatible; bingbot/2.0; +http://www.bing.com/bingbot.htm) Chrome/116.0.1938.76 Safari/537.36" agrolite.in 10.44.34.235
52.167.144.145 - - [04/Aug/2026:10:36:32 -0600] "GET /502.shtml HTTP/1.1" 404 - "-" "Mozilla/5.0 AppleWebKit/537.36 (KHTML, like Gecko; compatible; bingbot/2.0; +http://www.bing.com/bingbot.htm) Chrome/116.0.1938.76 Safari/537.36" agrolite.in 10.44.34.235
52.167.144.227 - - [04/Aug/2026:10:36:36 -0600] "GET /shopdetail/24462539/ HTTP/1.1" 404 - "-" "Mozilla/5.0 AppleWebKit/537.36 (KHTML, like Gecko; compatible; bingbot/2.0; +http://www.bing.com/bingbot.htm) Chrome/116.0.1938.76 Safari/537.36" agrolite.in 10.44.34.235
52.167.144.227 - - [04/Aug/2026:10:36:36 -0600] "GET /502.shtml HTTP/1.1" 404 - "-" "Mozilla/5.0 AppleWebKit/537.36 (KHTML, like Gecko; compatible; bingbot/2.0; +http://www.bing.com/bingbot.htm) Chrome/116.0.1938.76 Safari/537.36" agrolite.in 10.44.34.235
52.167.144.227 - - [04/Aug/2026:10:36:36 -0600] "GET /502.shtml HTTP/1.1" 404 - "-" "Mozilla/5.0 AppleWebKit/537.36 (KHTML, like Gecko; compatible; bingbot/2.0; +http://www.bing.com/bingbot.htm) Chrome/116.0.1938.76 Safari/537.36" agrolite.in 10.44.34.235
52.167.144.145 - - [04/Aug/2026:10:37:32 -0600] "GET /502.shtml HTTP/1.1" 404 - "-" "Mozilla/5.0 AppleWebKit/537.36 (KHTML, like Gecko; compatible; bingbot/2.0; +http://www.bing.com/bingbot.htm) Chrome/116.0.1938.76 Safari/537.36" agrolite.in 10.44.34.235
52.167.144.145 - - [04/Aug/2026:10:37:32 -0600] "GET /502.shtml HTTP/1.1" 404 - "-" "Mozilla/5.0 AppleWebKit/537.36 (KHTML, like Gecko; compatible; bingbot/2.0; +http://www.bing.com/bingbot.htm) Chrome/116.0.1938.76 Safari/537.36" agrolite.in 10.44.34.235
52.167.144.227 - - [04/Aug/2026:10:37:36 -0600] "GET /502.shtml HTTP/1.1" 404 - "-" "Mozilla/5.0 AppleWebKit/537.36 (KHTML, like Gecko; compatible; bingbot/2.0; +http://www.bing.com/bingbot.htm) Chrome/116.0.1938.76 Safari/537.36" agrolite.in 10.44.34.235
52.167.144.227 - - [04/Aug/2026:10:37:36 -0600] "GET /502.shtml HTTP/1.1" 404 - "-" "Mozilla/5.0 AppleWebKit/537.36 (KHTML, like Gecko; compatible; bingbot/2.0; +http://www.bing.com/bingbot.htm) Chrome/116.0.1938.76 Safari/537.36" agrolite.in 10.44.34.235
52.167.144.145 - - [04/Aug/2026:10:38:32 -0600] "GET /502.shtml HTTP/1.1" 404 - "-" "Mozilla/5.0 AppleWebKit/537.36 (KHTML, like Gecko; compatible; bingbot/2.0; +http://www.bing.com/bingbot.htm) Chrome/116.0.1938.76 Safari/537.36" agrolite.in 10.44.34.235
52.167.144.145 - - [04/Aug/2026:10:38:32 -0600] "GET /502.shtml HTTP/1.1" 404 - "-" "Mozilla/5.0 AppleWebKit/537.36 (KHTML, like Gecko; compatible; bingbot/2.0; +http://www.bing.com/bingbot.htm) Chrome/116.0.1938.76 Safari/537.36" agrolite.in 10.44.34.235
52.167.144.145 - - [04/Aug/2026:10:38:32 -0600] "GET /502.shtml HTTP/1.1" 404 - "-" "Mozilla/5.0 AppleWebKit/537.36 (KHTML, like Gecko; compatible; bingbot/2.0; +http://www.bing.com/bingbot.htm) Chrome/116.0.1938.76 Safari/537.36" agrolite.in 10.44.34.235
52.167.144.227 - - [04/Aug/2026:10:38:36 -0600] "GET /502.shtml HTTP/1.1" 404 - "-" "Mozilla/5.0 AppleWebKit/537.36 (KHTML, like Gecko; compatible; bingbot/2.0; +http://www.bing.com/bingbot.htm) Chrome/116.0.1938.76 Safari/537.36" agrolite.in 10.44.34.235
52.167.144.227 - - [04/Aug/2026:10:38:36 -0600] "GET /502.shtml HTTP/1.1" 404 - "-" "Mozilla/5.0 AppleWebKit/537.36 (KHTML, like Gecko; compatible; bingbot/2.0; +http://www.bing.com/bingbot.htm) Chrome/116.0.1938.76 Safari/537.36" agrolite.in 10.44.34.235
52.167.144.227 - - [04/Aug/2026:10:38:37 -0600] "GET /502.shtml HTTP/1.1" 404 - "-" "Mozilla/5.0 AppleWebKit/537.36 (KHTML, like Gecko; compatible; bingbot/2.0; +http://www.bing.com/bingbot.htm) Chrome/116.0.1938.76 Safari/537.36" agrolite.in 10.44.34.235
52.167.144.145 - - [04/Aug/2026:10:39:32 -0600] "GET /502.shtml HTTP/1.1" 404 - "-" "Mozilla/5.0 AppleWebKit/537.36 (KHTML, like Gecko; compatible; bingbot/2.0; +http://www.bing.com/bingbot.htm) Chrome/116.0.1938.76 Safari/537.36" agrolite.in 10.44.34.235
40.77.167.61 - - [04/Aug/2026:10:39:31 -0600] "GET /502.shtml HTTP/1.1" 404 - "-" "Mozilla/5.0 AppleWebKit/537.36 (KHTML, like Gecko; compatible; bingbot/2.0; +http://www.bing.com/bingbot.htm) Chrome/116.0.1938.76 Safari/537.36" agrolite.in 10.44.34.235
40.77.167.61 - - [04/Aug/2026:10:39:31 -0600] "GET /502.shtml HTTP/1.1" 404 - "-" "Mozilla/5.0 AppleWebKit/537.36 (KHTML, like Gecko; compatible; bingbot/2.0; +http://www.bing.com/bingbot.htm) Chrome/116.0.1938.76 Safari/537.36" agrolite.in 10.44.34.235
52.167.144.227 - - [04/Aug/2026:10:39:36 -0600] "GET /502.shtml HTTP/1.1" 404 - "-" "Mozilla/5.0 AppleWebKit/537.36 (KHTML, like Gecko; compatible; bingbot/2.0; +http://www.bing.com/bingbot.htm) Chrome/116.0.1938.76 Safari/537.36" agrolite.in 10.44.34.235
52.167.144.227 - - [04/Aug/2026:10:39:36 -0600] "GET /502.shtml HTTP/1.1" 404 - "-" "Mozilla/5.0 AppleWebKit/537.36 (KHTML, like Gecko; compatible; bingbot/2.0; +http://www.bing.com/bingbot.htm) Chrome/116.0.1938.76 Safari/537.36" agrolite.in 10.44.34.235
52.167.144.227 - - [04/Aug/2026:10:39:36 -0600] "GET /502.shtml HTTP/1.1" 404 - "-" "Mozilla/5.0 AppleWebKit/537.36 (KHTML, like Gecko; compatible; bingbot/2.0; +http://www.bing.com/bingbot.htm) Chrome/116.0.1938.76 Safari/537.36" agrolite.in 10.44.34.235
116.118.0.69 - - [04/Aug/2026:10:39:45 -0600] "GET /wp-login.php HTTP/2.0" 200 - "-" "Mozilla/5.0 (Windows NT 10.0; Win64; x64) AppleWebKit/537.36 (KHTML, like Gecko) Chrome/150.0.0.0 Safari/537.36" agrolite.in 10.44.34.235
52.167.144.145 - - [04/Aug/2026:10:40:32 -0600] "GET /502.shtml HTTP/1.1" 404 - "-" "Mozilla/5.0 AppleWebKit/537.36 (KHTML, like Gecko; compatible; bingbot/2.0; +http://www.bing.com/bingbot.htm) Chrome/116.0.1938.76 Safari/537.36" agrolite.in 10.44.34.235
52.167.144.227 - - [04/Aug/2026:10:40:36 -0600] "GET /502.shtml HTTP/1.1" 404 - "-" "Mozilla/5.0 AppleWebKit/537.36 (KHTML, like Gecko; compatible; bingbot/2.0; +http://www.bing.com/bingbot.htm) Chrome/116.0.1938.76 Safari/537.36" agrolite.in 10.44.34.235
114.119.156.181 - - [04/Aug/2026:10:40:42 -0600] "GET /author/rook75165/page/2/ HTTP/1.1" 200 - "https://agrolite.in/author/rook75165/page/2/" "Mozilla/5.0 (Linux; Android 7.0;) AppleWebKit/537.36 (HTML, like Gecko) Mobile Safari/537.36 (compatible; PetalBot;+https://webmaster.petalsearch.com/site/petalbot)" agrolite.in 10.44.34.235
5.253.204.82 - - [04/Aug/2026:10:40:54 -0600] "GET /wp-login.php HTTP/2.0" 200 - "https://agrolite.in/" "Mozilla/5.0 (Windows NT 10.0; Win64; x64) AppleWebKit/537.36 (KHTML, like Gecko) Chrome/149.0.0.0 Safari/537.36" agrolite.in 10.44.34.235
92.222.108.104 - - [04/Aug/2026:10:40:54 -0600] "GET /thmyl-brnmj-1xbet-kyfy-thdyth-lttbyq-bshkl-dwry-6/feed/ HTTP/1.1" 200 523 "-" "Mozilla/5.0 (compatible; AhrefsBot/7.0; +http://ahrefs.com/robot/)" agrolite.in 10.44.34.235
47.79.13.82 - - [04/Aug/2026:10:41:08 -0600] "GET /shopdetail/11651251/ HTTP/1.1" 301 - "https://www.agrolite.in/" "Mozilla/5.0 (X11; Linux x86_64) AppleWebKit/537.36 (KHTML, like Gecko) Chrome/114.0.0.0 Safari/537.36" www.agrolite.in 10.44.34.235
52.167.144.145 - - [04/Aug/2026:10:41:32 -0600] "GET /502.shtml HTTP/1.1" 404 - "-" "Mozilla/5.0 AppleWebKit/537.36 (KHTML, like Gecko; compatible; bingbot/2.0; +http://www.bing.com/bingbot.htm) Chrome/116.0.1938.76 Safari/537.36" agrolite.in 10.44.34.235
5.253.204.82 - - [04/Aug/2026:10:41:30 -0600] "POST /xmlrpc.php HTTP/1.1" 200 206 "https://agrolite.in/" "Mozilla/5.0 (Windows NT 10.0; Win64; x64) AppleWebKit/537.36 (KHTML, like Gecko) Chrome/122.0.0.0 Safari/537.36" agrolite.in 10.44.34.235
52.167.144.227 - - [04/Aug/2026:10:41:36 -0600] "GET /502.shtml HTTP/1.1" 404 - "-" "Mozilla/5.0 AppleWebKit/537.36 (KHTML, like Gecko; compatible; bingbot/2.0; +http://www.bing.com/bingbot.htm) Chrome/116.0.1938.76 Safari/537.36" agrolite.in 10.44.34.235
4.223.65.51 - - [04/Aug/2026:10:41:44 -0600] "GET /index/function.php HTTP/1.1" 404 - "-" "Mozilla/5.0 (Windows NT 10.0; Win64; x64) AppleWebKit/537.36 (KHTML, like Gecko) Chrome/120.0.0.0 Safari/537.36" agrolite.in 10.44.34.235
31.7.249.134 - - [04/Aug/2026:10:42:31 -0600] "GET /wp-login.php HTTP/2.0" 200 - "-" "Mozilla/5.0 (Windows NT 10.0; Win64; x64) AppleWebKit/537.36 (KHTML, like Gecko) Chrome/150.0.0.0 Safari/537.36" agrolite.in 10.44.34.235
40.77.167.61 - - [04/Aug/2026:10:42:32 -0600] "GET /502.shtml HTTP/1.1" 404 - "-" "Mozilla/5.0 AppleWebKit/537.36 (KHTML, like Gecko; compatible; bingbot/2.0; +http://www.bing.com/bingbot.htm) Chrome/116.0.1938.76 Safari/537.36" agrolite.in 10.44.34.235
52.167.144.227 - - [04/Aug/2026:10:42:36 -0600] "GET /502.shtml HTTP/1.1" 404 - "-" "Mozilla/5.0 AppleWebKit/537.36 (KHTML, like Gecko; compatible; bingbot/2.0; +http://www.bing.com/bingbot.htm) Chrome/116.0.1938.76 Safari/537.36" agrolite.in 10.44.34.235
161.97.152.44 - - [04/Aug/2026:10:42:43 -0600] "GET /wp-login.php HTTP/2.0" 200 - "-" "Mozilla/5.0 (Windows NT 10.0; Win64; x64) AppleWebKit/537.36 (KHTML, like Gecko) Chrome/150.0.0.0 Safari/537.36" agrolite.in 10.44.34.235
114.119.156.181 - - [04/Aug/2026:10:43:42 -0600] "GET /502.shtml HTTP/1.1" 404 - "https://agrolite.in/author/rook75165/page/2/" "Mozilla/5.0 (Linux; Android 7.0;) AppleWebKit/537.36 (HTML, like Gecko) Mobile Safari/537.36 (compatible; PetalBot;+https://webmaster.petalsearch.com/site/petalbot)" agrolite.in 10.44.34.235
114.119.156.181 - - [04/Aug/2026:10:43:42 -0600] "GET /502.shtml HTTP/1.1" 404 - "https://agrolite.in/author/rook75165/page/2/" "Mozilla/5.0 (Linux; Android 7.0;) AppleWebKit/537.36 (HTML, like Gecko) Mobile Safari/537.36 (compatible; PetalBot;+https://webmaster.petalsearch.com/site/petalbot)" agrolite.in 10.44.34.235
92.222.108.104 - - [04/Aug/2026:10:43:54 -0600] "GET /502.shtml HTTP/1.1" 404 - "-" "Mozilla/5.0 (compatible; AhrefsBot/7.0; +http://ahrefs.com/robot/)" agrolite.in 10.44.34.235
92.222.108.104 - - [04/Aug/2026:10:43:54 -0600] "GET /502.shtml HTTP/1.1" 404 - "-" "Mozilla/5.0 (compatible; AhrefsBot/7.0; +http://ahrefs.com/robot/)" agrolite.in 10.44.34.235
47.79.13.82 - - [04/Aug/2026:10:44:08 -0600] "GET /502.shtml HTTP/1.1" 301 - "https://www.agrolite.in/" "Mozilla/5.0 (X11; Linux x86_64) AppleWebKit/537.36 (KHTML, like Gecko) Chrome/114.0.0.0 Safari/537.36" www.agrolite.in 10.44.34.235
5.253.204.82 - - [04/Aug/2026:10:44:05 -0600] "GET /wp-login.php HTTP/2.0" 200 - "https://agrolite.in/" "Mozilla/5.0 (Windows NT 10.0; Win64; x64) AppleWebKit/537.36 (KHTML, like Gecko) Chrome/148.0.0.0 Safari/537.36" agrolite.in 10.44.34.235
47.79.13.82 - - [04/Aug/2026:10:44:08 -0600] "GET /502.shtml HTTP/1.1" 301 - "https://www.agrolite.in/" "Mozilla/5.0 (X11; Linux x86_64) AppleWebKit/537.36 (KHTML, like Gecko) Chrome/114.0.0.0 Safari/537.36" www.agrolite.in 10.44.34.235
5.253.204.82 - - [04/Aug/2026:10:44:35 -0600] "GET /wp-login.php HTTP/2.0" 200 - "https://agrolite.in/" "Mozilla/5.0 (Windows NT 10.0; Win64; x64) AppleWebKit/537.36 (KHTML, like Gecko) Chrome/149.0.0.0 Safari/537.36" agrolite.in 10.44.34.235
4.223.65.51 - - [04/Aug/2026:10:44:44 -0600] "GET /502.shtml HTTP/1.1" 404 - "-" "Mozilla/5.0 (Windows NT 10.0; Win64; x64) AppleWebKit/537.36 (KHTML, like Gecko) Chrome/120.0.0.0 Safari/537.36" agrolite.in 10.44.34.235
4.223.65.51 - - [04/Aug/2026:10:44:45 -0600] "GET /502.shtml HTTP/1.1" 404 - "-" "Mozilla/5.0 (Windows NT 10.0; Win64; x64) AppleWebKit/537.36 (KHTML, like Gecko) Chrome/120.0.0.0 Safari/537.36" agrolite.in 10.44.34.235
5.253.204.82 - - [04/Aug/2026:10:44:43 -0600] "POST /xmlrpc.php HTTP/1.1" 200 206 "https://agrolite.in/" "Mozilla/5.0 (Windows NT 10.0; Win64; x64) AppleWebKit/537.36 (KHTML, like Gecko) Chrome/122.0.0.0 Safari/537.36" agrolite.in 10.44.34.235
5.253.204.82 - - [04/Aug/2026:10:45:14 -0600] "POST /xmlrpc.php HTTP/1.1" 200 206 "https://agrolite.in/" "Mozilla/5.0 (Windows NT 10.0; Win64; x64) AppleWebKit/537.36 (KHTML, like Gecko) Chrome/122.0.0.0 Safari/537.36" agrolite.in 10.44.34.235
114.119.156.181 - - [04/Aug/2026:10:46:42 -0600] "GET /502.shtml HTTP/1.1" 404 - "https://agrolite.in/author/rook75165/page/2/" "Mozilla/5.0 (Linux; Android 7.0;) AppleWebKit/537.36 (HTML, like Gecko) Mobile Safari/537.36 (compatible; PetalBot;+https://webmaster.petalsearch.com/site/petalbot)" agrolite.in 10.44.34.235
52.167.144.166 - - [04/Aug/2026:10:56:10 -0600] "GET /shopdetail/4341751/ HTTP/2.0" 502 - "-" "Mozilla/5.0 AppleWebKit/537.36 (KHTML, like Gecko; compatible; bingbot/2.0; +http://www.bing.com/bingbot.htm) Chrome/116.0.1938.76 Safari/537.36" agrolite.in 10.44.34.235
86.107.77.51 - - [04/Aug/2026:10:46:49 -0600] "GET /wp-login.php HTTP/2.0" 200 - "-" "Mozilla/5.0 (Windows NT 10.0; Win64; x64) AppleWebKit/537.36 (KHTML, like Gecko) Chrome/150.0.0.0 Safari/537.36" mail.agrolite.in 10.44.34.235
92.222.108.104 - - [04/Aug/2026:10:46:54 -0600] "GET /502.shtml HTTP/1.1" 404 - "-" "Mozilla/5.0 (compatible; AhrefsBot/7.0; +http://ahrefs.com/robot/)" agrolite.in 10.44.34.235
47.79.13.82 - - [04/Aug/2026:10:47:08 -0600] "GET /502.shtml HTTP/1.1" 301 - "https://www.agrolite.in/" "Mozilla/5.0 (X11; Linux x86_64) AppleWebKit/537.36 (KHTML, like Gecko) Chrome/114.0.0.0 Safari/537.36" www.agrolite.in 10.44.34.235
4.223.65.51 - - [04/Aug/2026:10:47:45 -0600] "GET /502.shtml HTTP/1.1" 404 - "-" "Mozilla/5.0 (Windows NT 10.0; Win64; x64) AppleWebKit/537.36 (KHTML, like Gecko) Chrome/120.0.0.0 Safari/537.36" agrolite.in 10.44.34.235
52.167.144.221 - - [04/Aug/2026:10:56:14 -0600] "GET /shopdetail/1189895/ HTTP/2.0" 502 - "-" "Mozilla/5.0 AppleWebKit/537.36 (KHTML, like Gecko; compatible; bingbot/2.0; +http://www.bing.com/bingbot.htm) Chrome/116.0.1938.76 Safari/537.36" agrolite.in 10.44.34.235
52.167.144.237 - - [04/Aug/2026:10:56:15 -0600] "GET /shopdetail/22706595/ HTTP/2.0" 502 - "-" "Mozilla/5.0 AppleWebKit/537.36 (KHTML, like Gecko; compatible; bingbot/2.0; +http://www.bing.com/bingbot.htm) Chrome/116.0.1938.76 Safari/537.36" agrolite.in 10.44.34.235
52.167.144.221 - - [04/Aug/2026:10:49:34 -0600] "GET /shopdetail/3677851/ HTTP/1.1" 404 - "-" "Mozilla/5.0 AppleWebKit/537.36 (KHTML, like Gecko; compatible; bingbot/2.0; +http://www.bing.com/bingbot.htm) Chrome/116.0.1938.76 Safari/537.36" agrolite.in 10.44.34.235
40.77.167.47 - - [04/Aug/2026:10:49:54 -0600] "GET /shopdetail/17155684/ HTTP/1.1" 404 - "-" "Mozilla/5.0 AppleWebKit/537.36 (KHTML, like Gecko; compatible; bingbot/2.0; +http://www.bing.com/bingbot.htm) Chrome/116.0.1938.76 Safari/537.36" agrolite.in 10.44.34.235
172.233.188.123 - - [04/Aug/2026:10:50:06 -0600] "GET /wp-login.php HTTP/2.0" 200 - "-" "Mozilla/5.0 (Windows NT 10.0; Win64; x64) AppleWebKit/537.36 (KHTML, like Gecko) Chrome/150.0.0.0 Safari/537.36" mail.agrolite.in 10.44.34.235
40.77.167.45 - - [04/Aug/2026:10:49:49 -0600] "GET /shopdetail/21520328/ HTTP/1.1" 404 - "-" "Mozilla/5.0 AppleWebKit/537.36 (KHTML, like Gecko; compatible; bingbot/2.0; +http://www.bing.com/bingbot.htm) Chrome/116.0.1938.76 Safari/537.36" agrolite.in 10.44.34.235
115.146.125.52 - - [04/Aug/2026:10:50:18 -0600] "GET /wp-login.php HTTP/2.0" 200 - "-" "Mozilla/5.0 (Windows NT 10.0; Win64; x64) AppleWebKit/537.36 (KHTML, like Gecko) Chrome/150.0.0.0 Safari/537.36" mail.agrolite.in 10.44.34.235
52.167.144.221 - - [04/Aug/2026:10:50:32 -0600] "GET /shopdetail/6093439/ HTTP/1.1" 404 - "-" "Mozilla/5.0 AppleWebKit/537.36 (KHTML, like Gecko; compatible; bingbot/2.0; +http://www.bing.com/bingbot.htm) Chrome/116.0.1938.76 Safari/537.36" agrolite.in 10.44.34.235
52.167.144.221 - - [04/Aug/2026:10:56:23 -0600] "GET /shopdetail/18797873/ HTTP/2.0" 502 - "-" "Mozilla/5.0 AppleWebKit/537.36 (KHTML, like Gecko; compatible; bingbot/2.0; +http://www.bing.com/bingbot.htm) Chrome/116.0.1938.76 Safari/537.36" agrolite.in 10.44.34.235
40.77.167.47 - - [04/Aug/2026:10:50:51 -0600] "GET /shopdetail/23656862/ HTTP/1.1" 404 - "-" "Mozilla/5.0 AppleWebKit/537.36 (KHTML, like Gecko; compatible; bingbot/2.0; +http://www.bing.com/bingbot.htm) Chrome/116.0.1938.76 Safari/537.36" agrolite.in 10.44.34.235
52.167.144.221 - - [04/Aug/2026:10:51:31 -0600] "GET /shopdetail/7083984/ HTTP/1.1" 404 - "-" "Mozilla/5.0 AppleWebKit/537.36 (KHTML, like Gecko; compatible; bingbot/2.0; +http://www.bing.com/bingbot.htm) Chrome/116.0.1938.76 Safari/537.36" agrolite.in 10.44.34.235
40.77.167.47 - - [04/Aug/2026:10:51:50 -0600] "GET /shopdetail/7144517/ HTTP/1.1" 404 - "-" "Mozilla/5.0 AppleWebKit/537.36 (KHTML, like Gecko; compatible; bingbot/2.0; +http://www.bing.com/bingbot.htm) Chrome/116.0.1938.76 Safari/537.36" agrolite.in 10.44.34.235
52.167.144.221 - - [04/Aug/2026:10:52:34 -0600] "GET /502.shtml HTTP/1.1" 404 - "-" "Mozilla/5.0 AppleWebKit/537.36 (KHTML, like Gecko; compatible; bingbot/2.0; +http://www.bing.com/bingbot.htm) Chrome/116.0.1938.76 Safari/537.36" agrolite.in 10.44.34.235
52.167.144.221 - - [04/Aug/2026:10:52:31 -0600] "GET /shopdetail/12010228/ HTTP/1.1" 404 - "-" "Mozilla/5.0 AppleWebKit/537.36 (KHTML, like Gecko; compatible; bingbot/2.0; +http://www.bing.com/bingbot.htm) Chrome/116.0.1938.76 Safari/537.36" agrolite.in 10.44.34.235
52.167.144.221 - - [04/Aug/2026:10:52:34 -0600] "GET /502.shtml HTTP/1.1" 404 - "-" "Mozilla/5.0 AppleWebKit/537.36 (KHTML, like Gecko; compatible; bingbot/2.0; +http://www.bing.com/bingbot.htm) Chrome/116.0.1938.76 Safari/537.36" agrolite.in 10.44.34.235
176.31.139.10 - - [04/Aug/2026:10:52:35 -0600] "GET /best-practices-for-playing-casino-online-non-aams-sicuri-8/feed/ HTTP/1.1" 200 475 "-" "Mozilla/5.0 (compatible; AhrefsBot/7.0; +http://ahrefs.com/robot/)" agrolite.in 10.44.34.235
40.77.167.45 - - [04/Aug/2026:10:52:49 -0600] "GET /502.shtml HTTP/1.1" 404 - "-" "Mozilla/5.0 AppleWebKit/537.36 (KHTML, like Gecko; compatible; bingbot/2.0; +http://www.bing.com/bingbot.htm) Chrome/116.0.1938.76 Safari/537.36" agrolite.in 10.44.34.235
40.77.167.45 - - [04/Aug/2026:10:52:49 -0600] "GET /502.shtml HTTP/1.1" 404 - "-" "Mozilla/5.0 AppleWebKit/537.36 (KHTML, like Gecko; compatible; bingbot/2.0; +http://www.bing.com/bingbot.htm) Chrome/116.0.1938.76 Safari/537.36" agrolite.in 10.44.34.235
52.167.144.237 - - [04/Aug/2026:10:52:50 -0600] "GET /shopdetail/13676595/ HTTP/1.1" 404 - "-" "Mozilla/5.0 AppleWebKit/537.36 (KHTML, like Gecko; compatible; bingbot/2.0; +http://www.bing.com/bingbot.htm) Chrome/116.0.1938.76 Safari/537.36" agrolite.in 10.44.34.235
40.77.167.47 - - [04/Aug/2026:10:52:54 -0600] "GET /502.shtml HTTP/1.1" 404 - "-" "Mozilla/5.0 AppleWebKit/537.36 (KHTML, like Gecko; compatible; bingbot/2.0; +http://www.bing.com/bingbot.htm) Chrome/116.0.1938.76 Safari/537.36" agrolite.in 10.44.34.235
40.77.167.47 - - [04/Aug/2026:10:52:54 -0600] "GET /502.shtml HTTP/1.1" 404 - "-" "Mozilla/5.0 AppleWebKit/537.36 (KHTML, like Gecko; compatible; bingbot/2.0; +http://www.bing.com/bingbot.htm) Chrome/116.0.1938.76 Safari/537.36" agrolite.in 10.44.34.235
120.72.98.5 - - [04/Aug/2026:10:53:11 -0600] "GET /wp-login.php HTTP/2.0" 200 - "-" "Mozilla/5.0 (Windows NT 10.0; Win64; x64) AppleWebKit/537.36 (KHTML, like Gecko) Chrome/150.0.0.0 Safari/537.36" agrolite.in 10.44.34.235
52.167.144.221 - - [04/Aug/2026:10:53:32 -0600] "GET /502.shtml HTTP/1.1" 404 - "-" "Mozilla/5.0 AppleWebKit/537.36 (KHTML, like Gecko; compatible; bingbot/2.0; +http://www.bing.com/bingbot.htm) Chrome/116.0.1938.76 Safari/537.36" agrolite.in 10.44.34.235
52.167.144.221 - - [04/Aug/2026:10:53:32 -0600] "GET /502.shtml HTTP/1.1" 404 - "-" "Mozilla/5.0 AppleWebKit/537.36 (KHTML, like Gecko; compatible; bingbot/2.0; +http://www.bing.com/bingbot.htm) Chrome/116.0.1938.76 Safari/537.36" agrolite.in 10.44.34.235
52.167.144.221 - - [04/Aug/2026:10:53:31 -0600] "GET /shopdetail/283737777 HTTP/1.1" 404 - "-" "Mozilla/5.0 AppleWebKit/537.36 (KHTML, like Gecko; compatible; bingbot/2.0; +http://www.bing.com/bingbot.htm) Chrome/116.0.1938.76 Safari/537.36" agrolite.in 10.44.34.235
40.77.167.47 - - [04/Aug/2026:10:53:51 -0600] "GET /502.shtml HTTP/1.1" 404 - "-" "Mozilla/5.0 AppleWebKit/537.36 (KHTML, like Gecko; compatible; bingbot/2.0; +http://www.bing.com/bingbot.htm) Chrome/116.0.1938.76 Safari/537.36" agrolite.in 10.44.34.235
40.77.167.47 - - [04/Aug/2026:10:53:51 -0600] "GET /502.shtml HTTP/1.1" 404 - "-" "Mozilla/5.0 AppleWebKit/537.36 (KHTML, like Gecko; compatible; bingbot/2.0; +http://www.bing.com/bingbot.htm) Chrome/116.0.1938.76 Safari/537.36" agrolite.in 10.44.34.235
52.167.144.221 - - [04/Aug/2026:10:54:31 -0600] "GET /502.shtml HTTP/1.1" 404 - "-" "Mozilla/5.0 AppleWebKit/537.36 (KHTML, like Gecko; compatible; bingbot/2.0; +http://www.bing.com/bingbot.htm) Chrome/116.0.1938.76 Safari/537.36" agrolite.in 10.44.34.235
52.167.144.221 - - [04/Aug/2026:10:54:31 -0600] "GET /502.shtml HTTP/1.1" 404 - "-" "Mozilla/5.0 AppleWebKit/537.36 (KHTML, like Gecko; compatible; bingbot/2.0; +http://www.bing.com/bingbot.htm) Chrome/116.0.1938.76 Safari/537.36" agrolite.in 10.44.34.235
115.146.125.52 - - [04/Aug/2026:11:02:45 -0600] "GET /wp-login.php HTTP/2.0" 409 83 "-" "Mozilla/5.0 (Windows NT 10.0; Win64; x64) AppleWebKit/537.36 (KHTML, like Gecko) Chrome/150.0.0.0 Safari/537.36" website-3c98b89a.hgd.xab.mybluehost.me 10.44.34.235
40.77.167.47 - - [04/Aug/2026:10:54:51 -0600] "GET /502.shtml HTTP/1.1" 404 - "-" "Mozilla/5.0 AppleWebKit/537.36 (KHTML, like Gecko; compatible; bingbot/2.0; +http://www.bing.com/bingbot.htm) Chrome/116.0.1938.76 Safari/537.36" agrolite.in 10.44.34.235
40.77.167.47 - - [04/Aug/2026:10:54:51 -0600] "GET /502.shtml HTTP/1.1" 404 - "-" "Mozilla/5.0 AppleWebKit/537.36 (KHTML, like Gecko; compatible; bingbot/2.0; +http://www.bing.com/bingbot.htm) Chrome/116.0.1938.76 Safari/537.36" agrolite.in 10.44.34.235
52.167.144.221 - - [04/Aug/2026:10:55:31 -0600] "GET /502.shtml HTTP/1.1" 404 - "-" "Mozilla/5.0 AppleWebKit/537.36 (KHTML, like Gecko; compatible; bingbot/2.0; +http://www.bing.com/bingbot.htm) Chrome/116.0.1938.76 Safari/537.36" agrolite.in 10.44.34.235
52.167.144.221 - - [04/Aug/2026:10:55:31 -0600] "GET /502.shtml HTTP/1.1" 404 - "-" "Mozilla/5.0 AppleWebKit/537.36 (KHTML, like Gecko; compatible; bingbot/2.0; +http://www.bing.com/bingbot.htm) Chrome/116.0.1938.76 Safari/537.36" agrolite.in 10.44.34.235
52.167.144.221 - - [04/Aug/2026:10:55:34 -0600] "GET /502.shtml HTTP/1.1" 404 - "-" "Mozilla/5.0 AppleWebKit/537.36 (KHTML, like Gecko; compatible; bingbot/2.0; +http://www.bing.com/bingbot.htm) Chrome/116.0.1938.76 Safari/537.36" agrolite.in 10.44.34.235
176.31.139.10 - - [04/Aug/2026:10:55:35 -0600] "GET /502.shtml HTTP/1.1" 404 - "-" "Mozilla/5.0 (compatible; AhrefsBot/7.0; +http://ahrefs.com/robot/)" agrolite.in 10.44.34.235
176.31.139.10 - - [04/Aug/2026:10:55:35 -0600] "GET /502.shtml HTTP/1.1" 404 - "-" "Mozilla/5.0 (compatible; AhrefsBot/7.0; +http://ahrefs.com/robot/)" agrolite.in 10.44.34.235
52.167.144.237 - - [04/Aug/2026:10:55:50 -0600] "GET /502.shtml HTTP/1.1" 404 - "-" "Mozilla/5.0 AppleWebKit/537.36 (KHTML, like Gecko; compatible; bingbot/2.0; +http://www.bing.com/bingbot.htm) Chrome/116.0.1938.76 Safari/537.36" agrolite.in 10.44.34.235
52.167.144.237 - - [04/Aug/2026:10:55:50 -0600] "GET /502.shtml HTTP/1.1" 404 - "-" "Mozilla/5.0 AppleWebKit/537.36 (KHTML, like Gecko; compatible; bingbot/2.0; +http://www.bing.com/bingbot.htm) Chrome/116.0.1938.76 Safari/537.36" agrolite.in 10.44.34.235
40.77.167.45 - - [04/Aug/2026:10:55:49 -0600] "GET /502.shtml HTTP/1.1" 404 - "-" "Mozilla/5.0 AppleWebKit/537.36 (KHTML, like Gecko; compatible; bingbot/2.0; +http://www.bing.com/bingbot.htm) Chrome/116.0.1938.76 Safari/537.36" agrolite.in 10.44.34.235
40.77.167.47 - - [04/Aug/2026:10:55:54 -0600] "GET /502.shtml HTTP/1.1" 404 - "-" "Mozilla/5.0 AppleWebKit/537.36 (KHTML, like Gecko; compatible; bingbot/2.0; +http://www.bing.com/bingbot.htm) Chrome/116.0.1938.76 Safari/537.36" agrolite.in 10.44.34.235
52.167.144.221 - - [04/Aug/2026:10:56:14 -0600] "GET /shopdetail/1189895/ HTTP/1.1" 404 - "-" "Mozilla/5.0 AppleWebKit/537.36 (KHTML, like Gecko; compatible; bingbot/2.0; +http://www.bing.com/bingbot.htm) Chrome/116.0.1938.76 Safari/537.36" agrolite.in 10.44.34.235
52.167.144.237 - - [04/Aug/2026:10:56:15 -0600] "GET /shopdetail/22706595/ HTTP/1.1" 404 - "-" "Mozilla/5.0 AppleWebKit/537.36 (KHTML, like Gecko; compatible; bingbot/2.0; +http://www.bing.com/bingbot.htm) Chrome/116.0.1938.76 Safari/537.36" agrolite.in 10.44.34.235
52.167.144.221 - - [04/Aug/2026:10:56:23 -0600] "GET /shopdetail/18797873/ HTTP/1.1" 404 - "-" "Mozilla/5.0 AppleWebKit/537.36 (KHTML, like Gecko; compatible; bingbot/2.0; +http://www.bing.com/bingbot.htm) Chrome/116.0.1938.76 Safari/537.36" agrolite.in 10.44.34.235
52.167.144.166 - - [04/Aug/2026:10:56:10 -0600] "GET /shopdetail/4341751/ HTTP/1.1" 404 - "-" "Mozilla/5.0 AppleWebKit/537.36 (KHTML, like Gecko; compatible; bingbot/2.0; +http://www.bing.com/bingbot.htm) Chrome/116.0.1938.76 Safari/537.36" agrolite.in 10.44.34.235
52.167.144.221 - - [04/Aug/2026:10:56:31 -0600] "GET /502.shtml HTTP/1.1" 404 - "-" "Mozilla/5.0 AppleWebKit/537.36 (KHTML, like Gecko; compatible; bingbot/2.0; +http://www.bing.com/bingbot.htm) Chrome/116.0.1938.76 Safari/537.36" agrolite.in 10.44.34.235
52.167.144.221 - - [04/Aug/2026:10:56:31 -0600] "GET /502.shtml HTTP/1.1" 404 - "-" "Mozilla/5.0 AppleWebKit/537.36 (KHTML, like Gecko; compatible; bingbot/2.0; +http://www.bing.com/bingbot.htm) Chrome/116.0.1938.76 Safari/537.36" agrolite.in 10.44.34.235
52.167.144.221 - - [04/Aug/2026:10:56:33 -0600] "GET /502.shtml HTTP/1.1" 404 - "-" "Mozilla/5.0 AppleWebKit/537.36 (KHTML, like Gecko; compatible; bingbot/2.0; +http://www.bing.com/bingbot.htm) Chrome/116.0.1938.76 Safari/537.36" agrolite.in 10.44.34.235
40.77.167.47 - - [04/Aug/2026:10:56:51 -0600] "GET /502.shtml HTTP/1.1" 404 - "-" "Mozilla/5.0 AppleWebKit/537.36 (KHTML, like Gecko; compatible; bingbot/2.0; +http://www.bing.com/bingbot.htm) Chrome/116.0.1938.76 Safari/537.36" agrolite.in 10.44.34.235
52.167.144.166 - - [04/Aug/2026:10:57:11 -0600] "GET /shopdetail/3910717/ HTTP/1.1" 404 - "-" "Mozilla/5.0 AppleWebKit/537.36 (KHTML, like Gecko; compatible; bingbot/2.0; +http://www.bing.com/bingbot.htm) Chrome/116.0.1938.76 Safari/537.36" agrolite.in 10.44.34.235
52.167.144.221 - - [04/Aug/2026:10:57:24 -0600] "GET /shopdetail/7076973/ HTTP/1.1" 404 - "-" "Mozilla/5.0 AppleWebKit/537.36 (KHTML, like Gecko; compatible; bingbot/2.0; +http://www.bing.com/bingbot.htm) Chrome/116.0.1938.76 Safari/537.36" agrolite.in 10.44.34.235
52.167.144.221 - - [04/Aug/2026:10:57:31 -0600] "GET /502.shtml HTTP/1.1" 404 - "-" "Mozilla/5.0 AppleWebKit/537.36 (KHTML, like Gecko; compatible; bingbot/2.0; +http://www.bing.com/bingbot.htm) Chrome/116.0.1938.76 Safari/537.36" agrolite.in 10.44.34.235
52.167.144.166 - - [04/Aug/2026:10:57:11 -0600] "GET /shopdetail/3910717/ HTTP/2.0" 502 - "-" "Mozilla/5.0 AppleWebKit/537.36 (KHTML, like Gecko; compatible; bingbot/2.0; +http://www.bing.com/bingbot.htm) Chrome/116.0.1938.76 Safari/537.36" agrolite.in 10.44.34.235
40.77.167.47 - - [04/Aug/2026:10:57:51 -0600] "GET /502.shtml HTTP/1.1" 404 - "-" "Mozilla/5.0 AppleWebKit/537.36 (KHTML, like Gecko; compatible; bingbot/2.0; +http://www.bing.com/bingbot.htm) Chrome/116.0.1938.76 Safari/537.36" agrolite.in 10.44.34.235
52.167.144.166 - - [04/Aug/2026:10:58:10 -0600] "GET /shopdetail/24310317/ HTTP/1.1" 404 - "-" "Mozilla/5.0 AppleWebKit/537.36 (KHTML, like Gecko; compatible; bingbot/2.0; +http://www.bing.com/bingbot.htm) Chrome/116.0.1938.76 Safari/537.36" agrolite.in 10.44.34.235
52.167.144.221 - - [04/Aug/2026:10:58:31 -0600] "GET /502.shtml HTTP/1.1" 404 - "-" "Mozilla/5.0 AppleWebKit/537.36 (KHTML, like Gecko; compatible; bingbot/2.0; +http://www.bing.com/bingbot.htm) Chrome/116.0.1938.76 Safari/537.36" agrolite.in 10.44.34.235
176.31.139.10 - - [04/Aug/2026:10:58:35 -0600] "GET /502.shtml HTTP/1.1" 404 - "-" "Mozilla/5.0 (compatible; AhrefsBot/7.0; +http://ahrefs.com/robot/)" agrolite.in 10.44.34.235
164.92.211.134 - - [04/Aug/2026:10:58:45 -0600] "GET /wp-login.php HTTP/2.0" 200 - "-" "Mozilla/5.0 (Windows NT 10.0; Win64; x64) AppleWebKit/537.36 (KHTML, like Gecko) Chrome/150.0.0.0 Safari/537.36" agrolite.in 10.44.34.235
181.214.31.78 - - [04/Aug/2026:10:58:42 -0600] "GET /wp-login.php HTTP/2.0" 200 - "-" "Mozilla/5.0 (Windows NT 10.0; Win64; x64) AppleWebKit/537.36 (KHTML, like Gecko) Chrome/150.0.0.0 Safari/537.36" website-3c98b89a.hgd.xab.mybluehost.me 10.44.34.235
52.167.144.237 - - [04/Aug/2026:10:58:50 -0600] "GET /502.shtml HTTP/1.1" 404 - "-" "Mozilla/5.0 AppleWebKit/537.36 (KHTML, like Gecko; compatible; bingbot/2.0; +http://www.bing.com/bingbot.htm) Chrome/116.0.1938.76 Safari/537.36" agrolite.in 10.44.34.235
52.167.144.166 - - [04/Aug/2026:10:59:10 -0600] "GET /502.shtml HTTP/1.1" 404 - "-" "Mozilla/5.0 AppleWebKit/537.36 (KHTML, like Gecko; compatible; bingbot/2.0; +http://www.bing.com/bingbot.htm) Chrome/116.0.1938.76 Safari/537.36" agrolite.in 10.44.34.235
52.167.144.166 - - [04/Aug/2026:10:59:10 -0600] "GET /502.shtml HTTP/1.1" 404 - "-" "Mozilla/5.0 AppleWebKit/537.36 (KHTML, like Gecko; compatible; bingbot/2.0; +http://www.bing.com/bingbot.htm) Chrome/116.0.1938.76 Safari/537.36" agrolite.in 10.44.34.235
52.167.144.166 - - [04/Aug/2026:10:59:10 -0600] "GET /shopdetail/22019206/ HTTP/1.1" 404 - "-" "Mozilla/5.0 AppleWebKit/537.36 (KHTML, like Gecko; compatible; bingbot/2.0; +http://www.bing.com/bingbot.htm) Chrome/116.0.1938.76 Safari/537.36" agrolite.in 10.44.34.235
52.167.144.221 - - [04/Aug/2026:10:59:14 -0600] "GET /502.shtml HTTP/1.1" 404 - "-" "Mozilla/5.0 AppleWebKit/537.36 (KHTML, like Gecko; compatible; bingbot/2.0; +http://www.bing.com/bingbot.htm) Chrome/116.0.1938.76 Safari/537.36" agrolite.in 10.44.34.235
52.167.144.221 - - [04/Aug/2026:10:59:14 -0600] "GET /502.shtml HTTP/1.1" 404 - "-" "Mozilla/5.0 AppleWebKit/537.36 (KHTML, like Gecko; compatible; bingbot/2.0; +http://www.bing.com/bingbot.htm) Chrome/116.0.1938.76 Safari/537.36" agrolite.in 10.44.34.235
52.167.144.221 - - [04/Aug/2026:10:59:23 -0600] "GET /502.shtml HTTP/1.1" 404 - "-" "Mozilla/5.0 AppleWebKit/537.36 (KHTML, like Gecko; compatible; bingbot/2.0; +http://www.bing.com/bingbot.htm) Chrome/116.0.1938.76 Safari/537.36" agrolite.in 10.44.34.235
52.167.144.237 - - [04/Aug/2026:10:59:15 -0600] "GET /502.shtml HTTP/1.1" 404 - "-" "Mozilla/5.0 AppleWebKit/537.36 (KHTML, like Gecko; compatible; bingbot/2.0; +http://www.bing.com/bingbot.htm) Chrome/116.0.1938.76 Safari/537.36" agrolite.in 10.44.34.235
52.167.144.221 - - [04/Aug/2026:10:59:23 -0600] "GET /502.shtml HTTP/1.1" 404 - "-" "Mozilla/5.0 AppleWebKit/537.36 (KHTML, like Gecko; compatible; bingbot/2.0; +http://www.bing.com/bingbot.htm) Chrome/116.0.1938.76 Safari/537.36" agrolite.in 10.44.34.235
52.167.144.221 - - [04/Aug/2026:10:59:31 -0600] "GET /502.shtml HTTP/1.1" 404 - "-" "Mozilla/5.0 AppleWebKit/537.36 (KHTML, like Gecko; compatible; bingbot/2.0; +http://www.bing.com/bingbot.htm) Chrome/116.0.1938.76 Safari/537.36" agrolite.in 10.44.34.235
52.167.144.221 - - [04/Aug/2026:10:57:24 -0600] "GET /shopdetail/7076973/ HTTP/2.0" 502 - "-" "Mozilla/5.0 AppleWebKit/537.36 (KHTML, like Gecko; compatible; bingbot/2.0; +http://www.bing.com/bingbot.htm) Chrome/116.0.1938.76 Safari/537.36" agrolite.in 10.44.34.235
52.167.144.237 - - [04/Aug/2026:10:59:15 -0600] "GET /502.shtml HTTP/1.1" 404 - "-" "Mozilla/5.0 AppleWebKit/537.36 (KHTML, like Gecko; compatible; bingbot/2.0; +http://www.bing.com/bingbot.htm) Chrome/116.0.1938.76 Safari/537.36" agrolite.in 10.44.34.235
