52.167.144.191 - - [04/Aug/2026:09:54:20 -0600] "GET /shopdetail/11903184/ HTTP/2.0" 404 - "-" "Mozilla/5.0 AppleWebKit/537.36 (KHTML, like Gecko; compatible; bingbot/2.0; +http://www.bing.com/bingbot.htm) Chrome/116.0.1938.76 Safari/537.36" agrolite.in 10.44.34.235
52.167.144.201 - - [04/Aug/2026:09:54:20 -0600] "GET /shopdetail/16574928/ HTTP/1.1" 404 - "-" "Mozilla/5.0 AppleWebKit/537.36 (KHTML, like Gecko; compatible; bingbot/2.0; +http://www.bing.com/bingbot.htm) Chrome/116.0.1938.76 Safari/537.36" agrolite.in 10.44.34.235
52.167.144.201 - - [04/Aug/2026:09:54:20 -0600] "GET /shopdetail/16574928/ HTTP/2.0" 404 - "-" "Mozilla/5.0 AppleWebKit/537.36 (KHTML, like Gecko; compatible; bingbot/2.0; +http://www.bing.com/bingbot.htm) Chrome/116.0.1938.76 Safari/537.36" agrolite.in 10.44.34.235
40.77.167.48 - - [04/Aug/2026:09:54:22 -0600] "GET /shopdetail/19436317/ HTTP/1.1" 404 - "-" "Mozilla/5.0 AppleWebKit/537.36 (KHTML, like Gecko; compatible; bingbot/2.0; +http://www.bing.com/bingbot.htm) Chrome/116.0.1938.76 Safari/537.36" agrolite.in 10.44.34.235
40.77.167.48 - - [04/Aug/2026:09:54:22 -0600] "GET /shopdetail/19436317/ HTTP/2.0" 404 - "-" "Mozilla/5.0 AppleWebKit/537.36 (KHTML, like Gecko; compatible; bingbot/2.0; +http://www.bing.com/bingbot.htm) Chrome/116.0.1938.76 Safari/537.36" agrolite.in 10.44.34.235
40.77.167.48 - - [04/Aug/2026:09:54:22 -0600] "GET /shopdetail/21779951/ HTTP/1.1" 404 - "-" "Mozilla/5.0 AppleWebKit/537.36 (KHTML, like Gecko; compatible; bingbot/2.0; +http://www.bing.com/bingbot.htm) Chrome/116.0.1938.76 Safari/537.36" agrolite.in 10.44.34.235
40.77.167.48 - - [04/Aug/2026:09:54:22 -0600] "GET /shopdetail/21779951/ HTTP/2.0" 404 - "-" "Mozilla/5.0 AppleWebKit/537.36 (KHTML, like Gecko; compatible; bingbot/2.0; +http://www.bing.com/bingbot.htm) Chrome/116.0.1938.76 Safari/537.36" agrolite.in 10.44.34.235
40.77.167.48 - - [04/Aug/2026:09:54:23 -0600] "GET /shopdetail/2154062/ HTTP/1.1" 404 - "-" "Mozilla/5.0 AppleWebKit/537.36 (KHTML, like Gecko; compatible; bingbot/2.0; +http://www.bing.com/bingbot.htm) Chrome/116.0.1938.76 Safari/537.36" agrolite.in 10.44.34.235
40.77.167.48 - - [04/Aug/2026:09:54:23 -0600] "GET /shopdetail/2154062/ HTTP/2.0" 404 - "-" "Mozilla/5.0 AppleWebKit/537.36 (KHTML, like Gecko; compatible; bingbot/2.0; +http://www.bing.com/bingbot.htm) Chrome/116.0.1938.76 Safari/537.36" agrolite.in 10.44.34.235
40.77.167.48 - - [04/Aug/2026:09:54:24 -0600] "GET /shopdetail/7197273/ HTTP/1.1" 404 - "-" "Mozilla/5.0 AppleWebKit/537.36 (KHTML, like Gecko; compatible; bingbot/2.0; +http://www.bing.com/bingbot.htm) Chrome/116.0.1938.76 Safari/537.36" agrolite.in 10.44.34.235
40.77.167.48 - - [04/Aug/2026:09:54:24 -0600] "GET /shopdetail/7197273/ HTTP/2.0" 404 - "-" "Mozilla/5.0 AppleWebKit/537.36 (KHTML, like Gecko; compatible; bingbot/2.0; +http://www.bing.com/bingbot.htm) Chrome/116.0.1938.76 Safari/537.36" agrolite.in 10.44.34.235
40.77.167.48 - - [04/Aug/2026:09:54:25 -0600] "GET /shopdetail/7943095/ HTTP/1.1" 404 - "-" "Mozilla/5.0 AppleWebKit/537.36 (KHTML, like Gecko; compatible; bingbot/2.0; +http://www.bing.com/bingbot.htm) Chrome/116.0.1938.76 Safari/537.36" agrolite.in 10.44.34.235
40.77.167.48 - - [04/Aug/2026:09:54:25 -0600] "GET /shopdetail/7943095/ HTTP/2.0" 404 - "-" "Mozilla/5.0 AppleWebKit/537.36 (KHTML, like Gecko; compatible; bingbot/2.0; +http://www.bing.com/bingbot.htm) Chrome/116.0.1938.76 Safari/537.36" agrolite.in 10.44.34.235
52.167.144.191 - - [04/Aug/2026:09:54:30 -0600] "GET /shopdetail/4950039/ HTTP/1.1" 404 - "-" "Mozilla/5.0 AppleWebKit/537.36 (KHTML, like Gecko; compatible; bingbot/2.0; +http://www.bing.com/bingbot.htm) Chrome/116.0.1938.76 Safari/537.36" agrolite.in 10.44.34.235
52.167.144.191 - - [04/Aug/2026:09:54:30 -0600] "GET /shopdetail/4950039/ HTTP/2.0" 404 - "-" "Mozilla/5.0 AppleWebKit/537.36 (KHTML, like Gecko; compatible; bingbot/2.0; +http://www.bing.com/bingbot.htm) Chrome/116.0.1938.76 Safari/537.36" agrolite.in 10.44.34.235
52.167.144.191 - - [04/Aug/2026:09:54:31 -0600] "GET /shopdetail/294317177 HTTP/1.1" 404 - "-" "Mozilla/5.0 AppleWebKit/537.36 (KHTML, like Gecko; compatible; bingbot/2.0; +http://www.bing.com/bingbot.htm) Chrome/116.0.1938.76 Safari/537.36" agrolite.in 10.44.34.235
52.167.144.191 - - [04/Aug/2026:09:54:31 -0600] "GET /shopdetail/294317177 HTTP/2.0" 404 - "-" "Mozilla/5.0 AppleWebKit/537.36 (KHTML, like Gecko; compatible; bingbot/2.0; +http://www.bing.com/bingbot.htm) Chrome/116.0.1938.76 Safari/537.36" agrolite.in 10.44.34.235
192.250.235.172 - - [04/Aug/2026:09:56:31 -0600] "GET /wp-login.php HTTP/2.0" 409 83 "-" "Mozilla/5.0 (Windows NT 10.0; Win64; x64) AppleWebKit/537.36 (KHTML, like Gecko) Chrome/150.0.0.0 Safari/537.36" website-3c98b89a.hgd.xab.mybluehost.me 10.44.34.235
116.118.0.69 - - [04/Aug/2026:09:57:40 -0600] "GET /wp-login.php HTTP/2.0" 409 83 "-" "Mozilla/5.0 (Windows NT 10.0; Win64; x64) AppleWebKit/537.36 (KHTML, like Gecko) Chrome/150.0.0.0 Safari/537.36" website-3c98b89a.hgd.xab.mybluehost.me 10.44.34.235
48.192.92.16 - - [04/Aug/2026:09:58:03 -0600] "GET /shopdetail/8147695/ HTTP/1.1" 404 - "-" "Mozilla/5.0 (Windows NT 10.0; Win64; x64) AppleWebKit/537.36 (KHTML, like Gecko) Chrome/149.0.0.0 Safari/537.36 Edg/149.0.0.0" agrolite.in 10.44.34.235
48.192.92.16 - - [04/Aug/2026:09:58:03 -0600] "GET /shopdetail/8147695/ HTTP/1.1" 404 - "-" "Mozilla/5.0 (Windows NT 10.0; Win64; x64) AppleWebKit/537.36 (KHTML, like Gecko) Chrome/149.0.0.0 Safari/537.36 Edg/149.0.0.0" agrolite.in 10.44.34.235
170.106.167.30 - - [04/Aug/2026:09:59:25 -0600] "GET /wp-login.php HTTP/2.0" 409 83 "-" "Mozilla/5.0 (Windows NT 10.0; Win64; x64) AppleWebKit/537.36 (KHTML, like Gecko) Chrome/150.0.0.0 Safari/537.36" website-3c98b89a.hgd.xab.mybluehost.me 10.44.34.235
40.77.167.48 - - [04/Aug/2026:10:00:19 -0600] "GET /shopdetail/6302917/ HTTP/1.1" 404 - "-" "Mozilla/5.0 AppleWebKit/537.36 (KHTML, like Gecko; compatible; bingbot/2.0; +http://www.bing.com/bingbot.htm) Chrome/116.0.1938.76 Safari/537.36" agrolite.in 10.44.34.235
40.77.167.48 - - [04/Aug/2026:10:00:19 -0600] "GET /shopdetail/6302917/ HTTP/2.0" 404 - "-" "Mozilla/5.0 AppleWebKit/537.36 (KHTML, like Gecko; compatible; bingbot/2.0; +http://www.bing.com/bingbot.htm) Chrome/116.0.1938.76 Safari/537.36" agrolite.in 10.44.34.235
40.77.167.48 - - [04/Aug/2026:10:00:20 -0600] "GET /shopdetail/3188906/ HTTP/1.1" 404 - "-" "Mozilla/5.0 AppleWebKit/537.36 (KHTML, like Gecko; compatible; bingbot/2.0; +http://www.bing.com/bingbot.htm) Chrome/116.0.1938.76 Safari/537.36" agrolite.in 10.44.34.235
40.77.167.48 - - [04/Aug/2026:10:00:20 -0600] "GET /shopdetail/3188906/ HTTP/2.0" 404 - "-" "Mozilla/5.0 AppleWebKit/537.36 (KHTML, like Gecko; compatible; bingbot/2.0; +http://www.bing.com/bingbot.htm) Chrome/116.0.1938.76 Safari/537.36" agrolite.in 10.44.34.235
40.77.167.18 - - [04/Aug/2026:10:00:24 -0600] "GET /shopdetail/9877573/ HTTP/1.1" 404 - "-" "Mozilla/5.0 AppleWebKit/537.36 (KHTML, like Gecko; compatible; bingbot/2.0; +http://www.bing.com/bingbot.htm) Chrome/116.0.1938.76 Safari/537.36" agrolite.in 10.44.34.235
40.77.167.18 - - [04/Aug/2026:10:00:24 -0600] "GET /shopdetail/9877573/ HTTP/2.0" 404 - "-" "Mozilla/5.0 AppleWebKit/537.36 (KHTML, like Gecko; compatible; bingbot/2.0; +http://www.bing.com/bingbot.htm) Chrome/116.0.1938.76 Safari/537.36" agrolite.in 10.44.34.235
40.77.167.18 - - [04/Aug/2026:10:00:25 -0600] "GET /shopdetail/17644051/ HTTP/1.1" 404 - "-" "Mozilla/5.0 AppleWebKit/537.36 (KHTML, like Gecko; compatible; bingbot/2.0; +http://www.bing.com/bingbot.htm) Chrome/116.0.1938.76 Safari/537.36" agrolite.in 10.44.34.235
40.77.167.18 - - [04/Aug/2026:10:00:25 -0600] "GET /shopdetail/17644051/ HTTP/2.0" 404 - "-" "Mozilla/5.0 AppleWebKit/537.36 (KHTML, like Gecko; compatible; bingbot/2.0; +http://www.bing.com/bingbot.htm) Chrome/116.0.1938.76 Safari/537.36" agrolite.in 10.44.34.235
40.77.167.18 - - [04/Aug/2026:10:00:26 -0600] "GET /shopdetail/10378251/ HTTP/1.1" 404 - "-" "Mozilla/5.0 AppleWebKit/537.36 (KHTML, like Gecko; compatible; bingbot/2.0; +http://www.bing.com/bingbot.htm) Chrome/116.0.1938.76 Safari/537.36" agrolite.in 10.44.34.235
40.77.167.18 - - [04/Aug/2026:10:00:26 -0600] "GET /shopdetail/10378251/ HTTP/2.0" 404 - "-" "Mozilla/5.0 AppleWebKit/537.36 (KHTML, like Gecko; compatible; bingbot/2.0; +http://www.bing.com/bingbot.htm) Chrome/116.0.1938.76 Safari/537.36" agrolite.in 10.44.34.235
114.119.157.196 - - [04/Aug/2026:10:00:28 -0600] "GET /2026/05/page/7/ HTTP/1.1" 200 - "https://agrolite.in/2026/05/page/7/" "Mozilla/5.0 (Linux; Android 7.0;) AppleWebKit/537.36 (HTML, like Gecko) Mobile Safari/537.36 (compatible; PetalBot;+https://webmaster.petalsearch.com/site/petalbot)" agrolite.in 10.44.34.235
114.119.157.196 - - [04/Aug/2026:10:00:28 -0600] "GET /2026/05/page/7/ HTTP/1.1" 200 - "https://agrolite.in/2026/05/page/7/" "Mozilla/5.0 (Linux; Android 7.0;) AppleWebKit/537.36 (HTML, like Gecko) Mobile Safari/537.36 (compatible; PetalBot;+https://webmaster.petalsearch.com/site/petalbot)" agrolite.in 10.44.34.235
40.77.167.48 - - [04/Aug/2026:10:00:28 -0600] "GET /shopdetail/10312439/ HTTP/1.1" 404 - "-" "Mozilla/5.0 AppleWebKit/537.36 (KHTML, like Gecko; compatible; bingbot/2.0; +http://www.bing.com/bingbot.htm) Chrome/116.0.1938.76 Safari/537.36" agrolite.in 10.44.34.235
40.77.167.48 - - [04/Aug/2026:10:00:28 -0600] "GET /shopdetail/10312439/ HTTP/2.0" 404 - "-" "Mozilla/5.0 AppleWebKit/537.36 (KHTML, like Gecko; compatible; bingbot/2.0; +http://www.bing.com/bingbot.htm) Chrome/116.0.1938.76 Safari/537.36" agrolite.in 10.44.34.235
52.167.144.146 - - [04/Aug/2026:10:00:29 -0600] "GET /shopdetail/3687540/ HTTP/1.1" 404 - "-" "Mozilla/5.0 AppleWebKit/537.36 (KHTML, like Gecko; compatible; bingbot/2.0; +http://www.bing.com/bingbot.htm) Chrome/116.0.1938.76 Safari/537.36" agrolite.in 10.44.34.235
52.167.144.146 - - [04/Aug/2026:10:00:29 -0600] "GET /shopdetail/3687540/ HTTP/2.0" 404 - "-" "Mozilla/5.0 AppleWebKit/537.36 (KHTML, like Gecko; compatible; bingbot/2.0; +http://www.bing.com/bingbot.htm) Chrome/116.0.1938.76 Safari/537.36" agrolite.in 10.44.34.235
40.77.167.48 - - [04/Aug/2026:10:00:29 -0600] "GET /shopdetail/18759762/ HTTP/1.1" 404 - "-" "Mozilla/5.0 AppleWebKit/537.36 (KHTML, like Gecko; compatible; bingbot/2.0; +http://www.bing.com/bingbot.htm) Chrome/116.0.1938.76 Safari/537.36" agrolite.in 10.44.34.235
40.77.167.48 - - [04/Aug/2026:10:00:29 -0600] "GET /shopdetail/18759762/ HTTP/2.0" 404 - "-" "Mozilla/5.0 AppleWebKit/537.36 (KHTML, like Gecko; compatible; bingbot/2.0; +http://www.bing.com/bingbot.htm) Chrome/116.0.1938.76 Safari/537.36" agrolite.in 10.44.34.235
52.167.144.146 - - [04/Aug/2026:10:00:39 -0600] "GET /shopdetail/4579828/ HTTP/1.1" 404 - "-" "Mozilla/5.0 AppleWebKit/537.36 (KHTML, like Gecko; compatible; bingbot/2.0; +http://www.bing.com/bingbot.htm) Chrome/116.0.1938.76 Safari/537.36" agrolite.in 10.44.34.235
52.167.144.146 - - [04/Aug/2026:10:00:39 -0600] "GET /shopdetail/4579828/ HTTP/2.0" 404 - "-" "Mozilla/5.0 AppleWebKit/537.36 (KHTML, like Gecko; compatible; bingbot/2.0; +http://www.bing.com/bingbot.htm) Chrome/116.0.1938.76 Safari/537.36" agrolite.in 10.44.34.235
52.167.144.146 - - [04/Aug/2026:10:00:40 -0600] "GET /shopdetail/7625684/ HTTP/1.1" 404 - "-" "Mozilla/5.0 AppleWebKit/537.36 (KHTML, like Gecko; compatible; bingbot/2.0; +http://www.bing.com/bingbot.htm) Chrome/116.0.1938.76 Safari/537.36" agrolite.in 10.44.34.235
52.167.144.146 - - [04/Aug/2026:10:00:40 -0600] "GET /shopdetail/7625684/ HTTP/2.0" 404 - "-" "Mozilla/5.0 AppleWebKit/537.36 (KHTML, like Gecko; compatible; bingbot/2.0; +http://www.bing.com/bingbot.htm) Chrome/116.0.1938.76 Safari/537.36" agrolite.in 10.44.34.235
52.167.144.146 - - [04/Aug/2026:10:00:40 -0600] "GET /shopdetail/25300728/ HTTP/1.1" 404 - "-" "Mozilla/5.0 AppleWebKit/537.36 (KHTML, like Gecko; compatible; bingbot/2.0; +http://www.bing.com/bingbot.htm) Chrome/116.0.1938.76 Safari/537.36" agrolite.in 10.44.34.235
52.167.144.146 - - [04/Aug/2026:10:00:40 -0600] "GET /shopdetail/25300728/ HTTP/2.0" 404 - "-" "Mozilla/5.0 AppleWebKit/537.36 (KHTML, like Gecko; compatible; bingbot/2.0; +http://www.bing.com/bingbot.htm) Chrome/116.0.1938.76 Safari/537.36" agrolite.in 10.44.34.235
52.167.144.146 - - [04/Aug/2026:10:00:41 -0600] "GET /shopdetail/2178517/ HTTP/1.1" 404 - "-" "Mozilla/5.0 AppleWebKit/537.36 (KHTML, like Gecko; compatible; bingbot/2.0; +http://www.bing.com/bingbot.htm) Chrome/116.0.1938.76 Safari/537.36" agrolite.in 10.44.34.235
52.167.144.146 - - [04/Aug/2026:10:00:41 -0600] "GET /shopdetail/2178517/ HTTP/2.0" 404 - "-" "Mozilla/5.0 AppleWebKit/537.36 (KHTML, like Gecko; compatible; bingbot/2.0; +http://www.bing.com/bingbot.htm) Chrome/116.0.1938.76 Safari/537.36" agrolite.in 10.44.34.235
45.78.204.106 - - [04/Aug/2026:10:03:51 -0600] "GET /wp-content/uploads/2025/04/27.png HTTP/2.0" 200 5357 "https://agrolite.in" "Mozilla/5.0 (Macintosh; Intel Mac OS X 10_15_7) AppleWebKit/537.36 (KHTML, like Gecko) Chrome/123.0.0.0 Safari/537.36" agrolite.in 10.44.34.235
161.97.152.44 - - [04/Aug/2026:10:05:25 -0600] "GET /wp-login.php HTTP/2.0" 409 83 "-" "Mozilla/5.0 (Windows NT 10.0; Win64; x64) AppleWebKit/537.36 (KHTML, like Gecko) Chrome/150.0.0.0 Safari/537.36" website-3c98b89a.hgd.xab.mybluehost.me 10.44.34.235
82.130.249.15 - - [04/Aug/2026:10:06:42 -0600] "GET /wp-login.php HTTP/2.0" 409 83 "-" "Mozilla/5.0 (Windows NT 10.0; Win64; x64) AppleWebKit/537.36 (KHTML, like Gecko) Chrome/150.0.0.0 Safari/537.36" website-3c98b89a.hgd.xab.mybluehost.me 10.44.34.235
205.210.31.131 - - [04/Aug/2026:10:13:16 -0600] "GET / HTTP/1.1" 200 - "-" "Hello from Palo Alto Networks, find out more about our scans in https://docs-cortex.paloaltonetworks.com/r/1/Cortex-Xpanse/Scanning-activity" agrolite.in 10.44.34.235
45.78.205.68 - - [04/Aug/2026:10:13:34 -0600] "GET /wp-content/uploads/2025/04/25.png HTTP/2.0" 200 7471 "https://agrolite.in" "Mozilla/5.0 (Macintosh; Intel Mac OS X 10_15_7) AppleWebKit/537.36 (KHTML, like Gecko) Chrome/123.0.0.0 Safari/537.36" agrolite.in 10.44.34.235
88.99.78.253 - - [04/Aug/2026:10:15:32 -0600] "GET /wp-login.php HTTP/2.0" 409 83 "-" "Mozilla/5.0 (Windows NT 10.0; Win64; x64) AppleWebKit/537.36 (KHTML, like Gecko) Chrome/150.0.0.0 Safari/537.36" website-3c98b89a.hgd.xab.mybluehost.me 10.44.34.235
52.167.144.204 - - [04/Aug/2026:10:15:18 -0600] "GET /shopdetail/23178462/ HTTP/2.0" 502 - "-" "Mozilla/5.0 AppleWebKit/537.36 (KHTML, like Gecko; compatible; bingbot/2.0; +http://www.bing.com/bingbot.htm) Chrome/116.0.1938.76 Safari/537.36" agrolite.in 10.44.34.235
40.77.167.47 - - [04/Aug/2026:10:15:50 -0600] "GET /shopdetail/10567062/ HTTP/2.0" 502 - "-" "Mozilla/5.0 AppleWebKit/537.36 (KHTML, like Gecko; compatible; bingbot/2.0; +http://www.bing.com/bingbot.htm) Chrome/116.0.1938.76 Safari/537.36" agrolite.in 10.44.34.235
94.23.188.222 - - [04/Aug/2026:10:16:54 -0600] "GET /welche-spiele-im-winner-casino-am-profitabelsten-sind/feed/ HTTP/2.0" 502 - "-" "Mozilla/5.0 (compatible; AhrefsBot/7.0; +http://ahrefs.com/robot/)" agrolite.in 10.44.34.235
52.167.144.204 - - [04/Aug/2026:10:15:18 -0600] "GET /shopdetail/23178462/ HTTP/1.1" 404 - "-" "Mozilla/5.0 AppleWebKit/537.36 (KHTML, like Gecko; compatible; bingbot/2.0; +http://www.bing.com/bingbot.htm) Chrome/116.0.1938.76 Safari/537.36" agrolite.in 10.44.34.235
208.109.9.173 - - [04/Aug/2026:10:15:28 -0600] "GET /wp-login.php HTTP/2.0" 200 - "-" "Mozilla/5.0 (Windows NT 10.0; Win64; x64) AppleWebKit/537.36 (KHTML, like Gecko) Chrome/150.0.0.0 Safari/537.36" agrolite.in 10.44.34.235
52.167.144.163 - - [04/Aug/2026:10:15:28 -0600] "GET /502.shtml HTTP/1.1" 404 - "-" "Mozilla/5.0 AppleWebKit/537.36 (KHTML, like Gecko; compatible; bingbot/2.0; +http://www.bing.com/bingbot.htm) Chrome/116.0.1938.76 Safari/537.36" agrolite.in 10.44.34.235
52.167.144.163 - - [04/Aug/2026:10:15:28 -0600] "GET /502.shtml HTTP/1.1" 404 - "-" "Mozilla/5.0 AppleWebKit/537.36 (KHTML, like Gecko; compatible; bingbot/2.0; +http://www.bing.com/bingbot.htm) Chrome/116.0.1938.76 Safari/537.36" agrolite.in 10.44.34.235
52.167.144.163 - - [04/Aug/2026:10:15:30 -0600] "GET /502.shtml HTTP/1.1" 404 - "-" "Mozilla/5.0 AppleWebKit/537.36 (KHTML, like Gecko; compatible; bingbot/2.0; +http://www.bing.com/bingbot.htm) Chrome/116.0.1938.76 Safari/537.36" agrolite.in 10.44.34.235
203.134.193.134 - - [04/Aug/2026:10:15:31 -0600] "GET /wp-login.php HTTP/2.0" 200 - "-" "Mozilla/5.0 (Windows NT 10.0; Win64; x64) AppleWebKit/537.36 (KHTML, like Gecko) Chrome/150.0.0.0 Safari/537.36" mail.agrolite.in 10.44.34.235
50.6.43.128 - - [04/Aug/2026:10:15:31 -0600] "POST /wp-cron.php?doing_wp_cron=1785860131.5620720386505126953125 HTTP/1.1" 200 - "-" "WordPress/7.0.2; https://agrolite.in" agrolite.in 10.44.34.235
40.77.167.18 - - [04/Aug/2026:10:15:32 -0600] "GET /502.shtml HTTP/1.1" 404 - "-" "Mozilla/5.0 AppleWebKit/537.36 (KHTML, like Gecko; compatible; bingbot/2.0; +http://www.bing.com/bingbot.htm) Chrome/116.0.1938.76 Safari/537.36" agrolite.in 10.44.34.235
52.167.144.184 - - [04/Aug/2026:10:15:33 -0600] "GET /502.shtml HTTP/1.1" 404 - "-" "Mozilla/5.0 AppleWebKit/537.36 (KHTML, like Gecko; compatible; bingbot/2.0; +http://www.bing.com/bingbot.htm) Chrome/116.0.1938.76 Safari/537.36" agrolite.in 10.44.34.235
52.167.144.184 - - [04/Aug/2026:10:15:33 -0600] "GET /502.shtml HTTP/1.1" 404 - "-" "Mozilla/5.0 AppleWebKit/537.36 (KHTML, like Gecko; compatible; bingbot/2.0; +http://www.bing.com/bingbot.htm) Chrome/116.0.1938.76 Safari/537.36" agrolite.in 10.44.34.235
52.167.144.184 - - [04/Aug/2026:10:15:34 -0600] "GET /502.shtml HTTP/1.1" 404 - "-" "Mozilla/5.0 AppleWebKit/537.36 (KHTML, like Gecko; compatible; bingbot/2.0; +http://www.bing.com/bingbot.htm) Chrome/116.0.1938.76 Safari/537.36" agrolite.in 10.44.34.235
52.167.144.204 - - [04/Aug/2026:10:15:40 -0600] "GET /502.shtml HTTP/1.1" 404 - "-" "Mozilla/5.0 AppleWebKit/537.36 (KHTML, like Gecko; compatible; bingbot/2.0; +http://www.bing.com/bingbot.htm) Chrome/116.0.1938.76 Safari/537.36" agrolite.in 10.44.34.235
52.167.144.204 - - [04/Aug/2026:10:15:40 -0600] "GET /502.shtml HTTP/1.1" 404 - "-" "Mozilla/5.0 AppleWebKit/537.36 (KHTML, like Gecko; compatible; bingbot/2.0; +http://www.bing.com/bingbot.htm) Chrome/116.0.1938.76 Safari/537.36" agrolite.in 10.44.34.235
40.77.167.18 - - [04/Aug/2026:10:15:41 -0600] "GET /502.shtml HTTP/1.1" 404 - "-" "Mozilla/5.0 AppleWebKit/537.36 (KHTML, like Gecko; compatible; bingbot/2.0; +http://www.bing.com/bingbot.htm) Chrome/116.0.1938.76 Safari/537.36" agrolite.in 10.44.34.235
116.118.0.69 - - [04/Aug/2026:10:23:28 -0600] "GET /wp-login.php HTTP/2.0" 409 83 "-" "Mozilla/5.0 (Windows NT 10.0; Win64; x64) AppleWebKit/537.36 (KHTML, like Gecko) Chrome/150.0.0.0 Safari/537.36" website-3c98b89a.hgd.xab.mybluehost.me 10.44.34.235
40.77.167.47 - - [04/Aug/2026:10:15:50 -0600] "GET /shopdetail/10567062/ HTTP/1.1" 404 - "-" "Mozilla/5.0 AppleWebKit/537.36 (KHTML, like Gecko; compatible; bingbot/2.0; +http://www.bing.com/bingbot.htm) Chrome/116.0.1938.76 Safari/537.36" agrolite.in 10.44.34.235
52.167.144.163 - - [04/Aug/2026:10:16:29 -0600] "GET /502.shtml HTTP/1.1" 404 - "-" "Mozilla/5.0 AppleWebKit/537.36 (KHTML, like Gecko; compatible; bingbot/2.0; +http://www.bing.com/bingbot.htm) Chrome/116.0.1938.76 Safari/537.36" agrolite.in 10.44.34.235
52.167.144.184 - - [04/Aug/2026:10:16:31 -0600] "GET /502.shtml HTTP/1.1" 404 - "-" "Mozilla/5.0 AppleWebKit/537.36 (KHTML, like Gecko; compatible; bingbot/2.0; +http://www.bing.com/bingbot.htm) Chrome/116.0.1938.76 Safari/537.36" agrolite.in 10.44.34.235
52.167.144.184 - - [04/Aug/2026:10:16:31 -0600] "GET /502.shtml HTTP/1.1" 404 - "-" "Mozilla/5.0 AppleWebKit/537.36 (KHTML, like Gecko; compatible; bingbot/2.0; +http://www.bing.com/bingbot.htm) Chrome/116.0.1938.76 Safari/537.36" agrolite.in 10.44.34.235
52.167.144.184 - - [04/Aug/2026:10:16:33 -0600] "GET /502.shtml HTTP/1.1" 404 - "-" "Mozilla/5.0 AppleWebKit/537.36 (KHTML, like Gecko; compatible; bingbot/2.0; +http://www.bing.com/bingbot.htm) Chrome/116.0.1938.76 Safari/537.36" agrolite.in 10.44.34.235
50.6.43.128 - - [04/Aug/2026:10:16:35 -0600] "POST /wp-cron.php?doing_wp_cron=1785860195.8982739448547363281250 HTTP/1.1" 200 - "-" "WordPress/7.0.2; https://agrolite.in" agrolite.in 10.44.34.235
40.77.167.18 - - [04/Aug/2026:10:16:41 -0600] "GET /502.shtml HTTP/1.1" 404 - "-" "Mozilla/5.0 AppleWebKit/537.36 (KHTML, like Gecko; compatible; bingbot/2.0; +http://www.bing.com/bingbot.htm) Chrome/116.0.1938.76 Safari/537.36" agrolite.in 10.44.34.235
94.23.188.222 - - [04/Aug/2026:10:16:54 -0600] "GET /welche-spiele-im-winner-casino-am-profitabelsten-sind/feed/ HTTP/1.1" 200 465 "-" "Mozilla/5.0 (compatible; AhrefsBot/7.0; +http://ahrefs.com/robot/)" agrolite.in 10.44.34.235
52.167.144.163 - - [04/Aug/2026:10:17:28 -0600] "GET /502.shtml HTTP/1.1" 404 - "-" "Mozilla/5.0 AppleWebKit/537.36 (KHTML, like Gecko; compatible; bingbot/2.0; +http://www.bing.com/bingbot.htm) Chrome/116.0.1938.76 Safari/537.36" agrolite.in 10.44.34.235
52.167.144.184 - - [04/Aug/2026:10:17:31 -0600] "GET /502.shtml HTTP/1.1" 404 - "-" "Mozilla/5.0 AppleWebKit/537.36 (KHTML, like Gecko; compatible; bingbot/2.0; +http://www.bing.com/bingbot.htm) Chrome/116.0.1938.76 Safari/537.36" agrolite.in 10.44.34.235
52.167.144.184 - - [04/Aug/2026:10:17:31 -0600] "GET /502.shtml HTTP/1.1" 404 - "-" "Mozilla/5.0 AppleWebKit/537.36 (KHTML, like Gecko; compatible; bingbot/2.0; +http://www.bing.com/bingbot.htm) Chrome/116.0.1938.76 Safari/537.36" agrolite.in 10.44.34.235
52.167.144.184 - - [04/Aug/2026:10:17:33 -0600] "GET /502.shtml HTTP/1.1" 404 - "-" "Mozilla/5.0 AppleWebKit/537.36 (KHTML, like Gecko; compatible; bingbot/2.0; +http://www.bing.com/bingbot.htm) Chrome/116.0.1938.76 Safari/537.36" agrolite.in 10.44.34.235
52.167.144.204 - - [04/Aug/2026:10:17:40 -0600] "GET /502.shtml HTTP/1.1" 404 - "-" "Mozilla/5.0 AppleWebKit/537.36 (KHTML, like Gecko; compatible; bingbot/2.0; +http://www.bing.com/bingbot.htm) Chrome/116.0.1938.76 Safari/537.36" agrolite.in 10.44.34.235
164.138.220.142 - - [04/Aug/2026:10:18:10 -0600] "GET /wp-login.php HTTP/2.0" 200 - "-" "Mozilla/5.0 (Windows NT 10.0; Win64; x64) AppleWebKit/537.36 (KHTML, like Gecko) Chrome/150.0.0.0 Safari/537.36" mail.agrolite.in 10.44.34.235
52.167.144.204 - - [04/Aug/2026:10:18:18 -0600] "GET /502.shtml HTTP/1.1" 404 - "-" "Mozilla/5.0 AppleWebKit/537.36 (KHTML, like Gecko; compatible; bingbot/2.0; +http://www.bing.com/bingbot.htm) Chrome/116.0.1938.76 Safari/537.36" agrolite.in 10.44.34.235
52.167.144.204 - - [04/Aug/2026:10:18:18 -0600] "GET /502.shtml HTTP/1.1" 404 - "-" "Mozilla/5.0 AppleWebKit/537.36 (KHTML, like Gecko; compatible; bingbot/2.0; +http://www.bing.com/bingbot.htm) Chrome/116.0.1938.76 Safari/537.36" agrolite.in 10.44.34.235
52.167.144.163 - - [04/Aug/2026:10:18:28 -0600] "GET /502.shtml HTTP/1.1" 404 - "-" "Mozilla/5.0 AppleWebKit/537.36 (KHTML, like Gecko; compatible; bingbot/2.0; +http://www.bing.com/bingbot.htm) Chrome/116.0.1938.76 Safari/537.36" agrolite.in 10.44.34.235
52.167.144.184 - - [04/Aug/2026:10:18:33 -0600] "GET /502.shtml HTTP/1.1" 404 - "-" "Mozilla/5.0 AppleWebKit/537.36 (KHTML, like Gecko; compatible; bingbot/2.0; +http://www.bing.com/bingbot.htm) Chrome/116.0.1938.76 Safari/537.36" agrolite.in 10.44.34.235
50.6.43.128 - - [04/Aug/2026:10:18:41 -0600] "POST /wp-cron.php?doing_wp_cron=1785860321.5227689743041992187500 HTTP/1.1" 200 - "-" "WordPress/7.0.2; https://agrolite.in" agrolite.in 10.44.34.235
52.167.144.204 - - [04/Aug/2026:10:18:40 -0600] "GET /502.shtml HTTP/1.1" 404 - "-" "Mozilla/5.0 AppleWebKit/537.36 (KHTML, like Gecko; compatible; bingbot/2.0; +http://www.bing.com/bingbot.htm) Chrome/116.0.1938.76 Safari/537.36" agrolite.in 10.44.34.235
40.77.167.47 - - [04/Aug/2026:10:18:50 -0600] "GET /502.shtml HTTP/1.1" 404 - "-" "Mozilla/5.0 AppleWebKit/537.36 (KHTML, like Gecko; compatible; bingbot/2.0; +http://www.bing.com/bingbot.htm) Chrome/116.0.1938.76 Safari/537.36" agrolite.in 10.44.34.235
40.77.167.47 - - [04/Aug/2026:10:18:50 -0600] "GET /502.shtml HTTP/1.1" 404 - "-" "Mozilla/5.0 AppleWebKit/537.36 (KHTML, like Gecko; compatible; bingbot/2.0; +http://www.bing.com/bingbot.htm) Chrome/116.0.1938.76 Safari/537.36" agrolite.in 10.44.34.235
52.167.144.184 - - [04/Aug/2026:10:19:31 -0600] "GET /502.shtml HTTP/1.1" 404 - "-" "Mozilla/5.0 AppleWebKit/537.36 (KHTML, like Gecko; compatible; bingbot/2.0; +http://www.bing.com/bingbot.htm) Chrome/116.0.1938.76 Safari/537.36" agrolite.in 10.44.34.235
50.6.43.128 - - [04/Aug/2026:10:19:42 -0600] "POST /wp-cron.php?doing_wp_cron=1785860382.0371279716491699218750 HTTP/1.1" 200 - "-" "WordPress/7.0.2; https://agrolite.in" agrolite.in 10.44.34.235
94.23.188.222 - - [04/Aug/2026:10:19:54 -0600] "GET /502.shtml HTTP/1.1" 404 - "-" "Mozilla/5.0 (compatible; AhrefsBot/7.0; +http://ahrefs.com/robot/)" agrolite.in 10.44.34.235
94.23.188.222 - - [04/Aug/2026:10:19:54 -0600] "GET /502.shtml HTTP/1.1" 404 - "-" "Mozilla/5.0 (compatible; AhrefsBot/7.0; +http://ahrefs.com/robot/)" agrolite.in 10.44.34.235
52.167.144.184 - - [04/Aug/2026:10:20:31 -0600] "GET /502.shtml HTTP/1.1" 404 - "-" "Mozilla/5.0 AppleWebKit/537.36 (KHTML, like Gecko; compatible; bingbot/2.0; +http://www.bing.com/bingbot.htm) Chrome/116.0.1938.76 Safari/537.36" agrolite.in 10.44.34.235
50.6.43.128 - - [04/Aug/2026:10:20:44 -0600] "POST /wp-cron.php?doing_wp_cron=1785860444.7681870460510253906250 HTTP/1.1" 200 - "-" "WordPress/7.0.2; https://agrolite.in" agrolite.in 10.44.34.235
52.167.144.204 - - [04/Aug/2026:10:21:18 -0600] "GET /502.shtml HTTP/1.1" 404 - "-" "Mozilla/5.0 AppleWebKit/537.36 (KHTML, like Gecko; compatible; bingbot/2.0; +http://www.bing.com/bingbot.htm) Chrome/116.0.1938.76 Safari/537.36" agrolite.in 10.44.34.235
40.77.167.47 - - [04/Aug/2026:10:21:50 -0600] "GET /502.shtml HTTP/1.1" 404 - "-" "Mozilla/5.0 AppleWebKit/537.36 (KHTML, like Gecko; compatible; bingbot/2.0; +http://www.bing.com/bingbot.htm) Chrome/116.0.1938.76 Safari/537.36" agrolite.in 10.44.34.235
50.6.43.128 - - [04/Aug/2026:10:22:11 -0600] "POST /wp-cron.php?doing_wp_cron=1785860531.3955960273742675781250 HTTP/1.1" 200 - "-" "WordPress/7.0.2; https://agrolite.in" agrolite.in 10.44.34.235
94.23.188.222 - - [04/Aug/2026:10:22:54 -0600] "GET /502.shtml HTTP/1.1" 404 - "-" "Mozilla/5.0 (compatible; AhrefsBot/7.0; +http://ahrefs.com/robot/)" agrolite.in 10.44.34.235
50.6.43.128 - - [04/Aug/2026:10:23:11 -0600] "POST /wp-cron.php?doing_wp_cron=1785860591.8845860958099365234375 HTTP/1.1" 200 - "-" "WordPress/7.0.2; https://agrolite.in" agrolite.in 10.44.34.235
67.207.94.191 - - [04/Aug/2026:10:23:18 -0600] "GET /wp-login.php HTTP/2.0" 200 - "-" "Mozilla/5.0 (Windows NT 10.0; Win64; x64) AppleWebKit/537.36 (KHTML, like Gecko) Chrome/150.0.0.0 Safari/537.36" mail.agrolite.in 10.44.34.235
52.167.144.18 - - [04/Aug/2026:10:23:42 -0600] "GET /shopdetail/6373573/ HTTP/1.1" 404 - "-" "Mozilla/5.0 AppleWebKit/537.36 (KHTML, like Gecko; compatible; bingbot/2.0; +http://www.bing.com/bingbot.htm) Chrome/116.0.1938.76 Safari/537.36" agrolite.in 10.44.34.235
40.77.167.47 - - [04/Aug/2026:10:23:51 -0600] "GET /shopdetail/2757251/ HTTP/1.1" 404 - "-" "Mozilla/5.0 AppleWebKit/537.36 (KHTML, like Gecko; compatible; bingbot/2.0; +http://www.bing.com/bingbot.htm) Chrome/116.0.1938.76 Safari/537.36" agrolite.in 10.44.34.235
52.167.144.229 - - [04/Aug/2026:10:23:54 -0600] "GET /shopdetail/18253640/ HTTP/1.1" 404 - "-" "Mozilla/5.0 AppleWebKit/537.36 (KHTML, like Gecko; compatible; bingbot/2.0; +http://www.bing.com/bingbot.htm) Chrome/116.0.1938.76 Safari/537.36" agrolite.in 10.44.34.235
52.167.144.18 - - [04/Aug/2026:10:23:55 -0600] "GET /shopdetail/16532939/ HTTP/1.1" 404 - "-" "Mozilla/5.0 AppleWebKit/537.36 (KHTML, like Gecko; compatible; bingbot/2.0; +http://www.bing.com/bingbot.htm) Chrome/116.0.1938.76 Safari/537.36" agrolite.in 10.44.34.235
52.167.144.229 - - [04/Aug/2026:10:24:04 -0600] "GET /shopdetail/16505862/ HTTP/1.1" 404 - "-" "Mozilla/5.0 AppleWebKit/537.36 (KHTML, like Gecko; compatible; bingbot/2.0; +http://www.bing.com/bingbot.htm) Chrome/116.0.1938.76 Safari/537.36" agrolite.in 10.44.34.235
50.6.43.128 - - [04/Aug/2026:10:24:12 -0600] "POST /wp-cron.php?doing_wp_cron=1785860652.2660329341888427734375 HTTP/1.1" 200 - "-" "WordPress/7.0.2; https://agrolite.in" agrolite.in 10.44.34.235
50.6.43.128 - - [04/Aug/2026:10:24:12 -0600] "POST /wp-cron.php?doing_wp_cron=1785860652.2706809043884277343750 HTTP/1.1" 200 - "-" "WordPress/7.0.2; https://agrolite.in" agrolite.in 10.44.34.235
5.253.204.82 - - [04/Aug/2026:10:24:38 -0600] "GET /wp-login.php HTTP/2.0" 200 - "https://agrolite.in/" "Mozilla/5.0 (Windows NT 10.0; Win64; x64) AppleWebKit/537.36 (KHTML, like Gecko) Chrome/149.0.0.0 Safari/537.36" agrolite.in 10.44.34.235
52.167.144.145 - - [04/Aug/2026:10:24:51 -0600] "GET /shopdetail/18141206/ HTTP/1.1" 404 - "-" "Mozilla/5.0 AppleWebKit/537.36 (KHTML, like Gecko; compatible; bingbot/2.0; +http://www.bing.com/bingbot.htm) Chrome/116.0.1938.76 Safari/537.36" agrolite.in 10.44.34.235
52.167.144.18 - - [04/Aug/2026:10:24:55 -0600] "GET /shopdetail/14484384/ HTTP/1.1" 404 - "-" "Mozilla/5.0 AppleWebKit/537.36 (KHTML, like Gecko; compatible; bingbot/2.0; +http://www.bing.com/bingbot.htm) Chrome/116.0.1938.76 Safari/537.36" agrolite.in 10.44.34.235
52.167.144.229 - - [04/Aug/2026:10:25:04 -0600] "GET /shopdetail/10717351/ HTTP/1.1" 404 - "-" "Mozilla/5.0 AppleWebKit/537.36 (KHTML, like Gecko; compatible; bingbot/2.0; +http://www.bing.com/bingbot.htm) Chrome/116.0.1938.76 Safari/537.36" agrolite.in 10.44.34.235
50.6.43.128 - - [04/Aug/2026:10:25:13 -0600] "POST /wp-cron.php?doing_wp_cron=1785860713.6963789463043212890625 HTTP/1.1" 200 - "-" "WordPress/7.0.2; https://agrolite.in" agrolite.in 10.44.34.235
5.253.204.82 - - [04/Aug/2026:10:25:14 -0600] "POST /xmlrpc.php HTTP/1.1" 200 206 "https://agrolite.in/" "Mozilla/5.0 (Windows NT 10.0; Win64; x64) AppleWebKit/537.36 (KHTML, like Gecko) Chrome/122.0.0.0 Safari/537.36" agrolite.in 10.44.34.235
52.167.144.145 - - [04/Aug/2026:10:25:51 -0600] "GET /shopdetail/10312840/ HTTP/1.1" 404 - "-" "Mozilla/5.0 AppleWebKit/537.36 (KHTML, like Gecko; compatible; bingbot/2.0; +http://www.bing.com/bingbot.htm) Chrome/116.0.1938.76 Safari/537.36" agrolite.in 10.44.34.235
52.167.144.18 - - [04/Aug/2026:10:25:55 -0600] "GET /shopdetail/9977884/ HTTP/1.1" 404 - "-" "Mozilla/5.0 AppleWebKit/537.36 (KHTML, like Gecko; compatible; bingbot/2.0; +http://www.bing.com/bingbot.htm) Chrome/116.0.1938.76 Safari/537.36" agrolite.in 10.44.34.235
52.167.144.229 - - [04/Aug/2026:10:26:03 -0600] "GET /shopdetail/7171606/ HTTP/1.1" 404 - "-" "Mozilla/5.0 AppleWebKit/537.36 (KHTML, like Gecko; compatible; bingbot/2.0; +http://www.bing.com/bingbot.htm) Chrome/116.0.1938.76 Safari/537.36" agrolite.in 10.44.34.235
52.167.144.18 - - [04/Aug/2026:10:23:42 -0600] "GET /shopdetail/6373573/ HTTP/2.0" 502 - "-" "Mozilla/5.0 AppleWebKit/537.36 (KHTML, like Gecko; compatible; bingbot/2.0; +http://www.bing.com/bingbot.htm) Chrome/116.0.1938.76 Safari/537.36" agrolite.in 10.44.34.235
50.6.43.128 - - [04/Aug/2026:10:26:15 -0600] "POST /wp-cron.php?doing_wp_cron=1785860775.1888520717620849609375 HTTP/1.1" 200 - "-" "WordPress/7.0.2; https://agrolite.in" agrolite.in 10.44.34.235
50.6.43.128 - - [04/Aug/2026:10:26:15 -0600] "POST /wp-cron.php?doing_wp_cron=1785860775.2918930053710937500000 HTTP/1.1" 200 - "-" "WordPress/7.0.2; https://agrolite.in" agrolite.in 10.44.34.235
40.77.167.47 - - [04/Aug/2026:10:23:51 -0600] "GET /shopdetail/2757251/ HTTP/2.0" 502 - "-" "Mozilla/5.0 AppleWebKit/537.36 (KHTML, like Gecko; compatible; bingbot/2.0; +http://www.bing.com/bingbot.htm) Chrome/116.0.1938.76 Safari/537.36" agrolite.in 10.44.34.235
52.167.144.229 - - [04/Aug/2026:10:23:54 -0600] "GET /shopdetail/18253640/ HTTP/2.0" 502 - "-" "Mozilla/5.0 AppleWebKit/537.36 (KHTML, like Gecko; compatible; bingbot/2.0; +http://www.bing.com/bingbot.htm) Chrome/116.0.1938.76 Safari/537.36" agrolite.in 10.44.34.235
52.167.144.18 - - [04/Aug/2026:10:23:55 -0600] "GET /shopdetail/16532939/ HTTP/2.0" 502 - "-" "Mozilla/5.0 AppleWebKit/537.36 (KHTML, like Gecko; compatible; bingbot/2.0; +http://www.bing.com/bingbot.htm) Chrome/116.0.1938.76 Safari/537.36" agrolite.in 10.44.34.235
52.167.144.18 - - [04/Aug/2026:10:26:42 -0600] "GET /502.shtml HTTP/1.1" 404 - "-" "Mozilla/5.0 AppleWebKit/537.36 (KHTML, like Gecko; compatible; bingbot/2.0; +http://www.bing.com/bingbot.htm) Chrome/116.0.1938.76 Safari/537.36" agrolite.in 10.44.34.235
52.167.144.18 - - [04/Aug/2026:10:26:42 -0600] "GET /502.shtml HTTP/1.1" 404 - "-" "Mozilla/5.0 AppleWebKit/537.36 (KHTML, like Gecko; compatible; bingbot/2.0; +http://www.bing.com/bingbot.htm) Chrome/116.0.1938.76 Safari/537.36" agrolite.in 10.44.34.235
52.167.144.229 - - [04/Aug/2026:10:24:04 -0600] "GET /shopdetail/16505862/ HTTP/2.0" 502 - "-" "Mozilla/5.0 AppleWebKit/537.36 (KHTML, like Gecko; compatible; bingbot/2.0; +http://www.bing.com/bingbot.htm) Chrome/116.0.1938.76 Safari/537.36" agrolite.in 10.44.34.235
92.205.108.227 - - [04/Aug/2026:10:26:44 -0600] "GET /wp-login.php HTTP/2.0" 200 - "-" "Mozilla/5.0 (Windows NT 10.0; Win64; x64) AppleWebKit/537.36 (KHTML, like Gecko) Chrome/150.0.0.0 Safari/537.36" agrolite.in 10.44.34.235
52.167.144.145 - - [04/Aug/2026:10:26:50 -0600] "GET /shopdetail/3528573/ HTTP/1.1" 404 - "-" "Mozilla/5.0 AppleWebKit/537.36 (KHTML, like Gecko; compatible; bingbot/2.0; +http://www.bing.com/bingbot.htm) Chrome/116.0.1938.76 Safari/537.36" agrolite.in 10.44.34.235
40.77.167.47 - - [04/Aug/2026:10:26:51 -0600] "GET /502.shtml HTTP/1.1" 404 - "-" "Mozilla/5.0 AppleWebKit/537.36 (KHTML, like Gecko; compatible; bingbot/2.0; +http://www.bing.com/bingbot.htm) Chrome/116.0.1938.76 Safari/537.36" agrolite.in 10.44.34.235
40.77.167.47 - - [04/Aug/2026:10:26:51 -0600] "GET /502.shtml HTTP/1.1" 404 - "-" "Mozilla/5.0 AppleWebKit/537.36 (KHTML, like Gecko; compatible; bingbot/2.0; +http://www.bing.com/bingbot.htm) Chrome/116.0.1938.76 Safari/537.36" agrolite.in 10.44.34.235
52.167.144.229 - - [04/Aug/2026:10:26:54 -0600] "GET /502.shtml HTTP/1.1" 404 - "-" "Mozilla/5.0 AppleWebKit/537.36 (KHTML, like Gecko; compatible; bingbot/2.0; +http://www.bing.com/bingbot.htm) Chrome/116.0.1938.76 Safari/537.36" agrolite.in 10.44.34.235
52.167.144.229 - - [04/Aug/2026:10:26:54 -0600] "GET /502.shtml HTTP/1.1" 404 - "-" "Mozilla/5.0 AppleWebKit/537.36 (KHTML, like Gecko; compatible; bingbot/2.0; +http://www.bing.com/bingbot.htm) Chrome/116.0.1938.76 Safari/537.36" agrolite.in 10.44.34.235
52.167.144.18 - - [04/Aug/2026:10:26:55 -0600] "GET /shopdetail/14472540/ HTTP/1.1" 404 - "-" "Mozilla/5.0 AppleWebKit/537.36 (KHTML, like Gecko; compatible; bingbot/2.0; +http://www.bing.com/bingbot.htm) Chrome/116.0.1938.76 Safari/537.36" agrolite.in 10.44.34.235
52.167.144.18 - - [04/Aug/2026:10:26:55 -0600] "GET /502.shtml HTTP/1.1" 404 - "-" "Mozilla/5.0 AppleWebKit/537.36 (KHTML, like Gecko; compatible; bingbot/2.0; +http://www.bing.com/bingbot.htm) Chrome/116.0.1938.76 Safari/537.36" agrolite.in 10.44.34.235
52.167.144.18 - - [04/Aug/2026:10:26:55 -0600] "GET /502.shtml HTTP/1.1" 404 - "-" "Mozilla/5.0 AppleWebKit/537.36 (KHTML, like Gecko; compatible; bingbot/2.0; +http://www.bing.com/bingbot.htm) Chrome/116.0.1938.76 Safari/537.36" agrolite.in 10.44.34.235
52.167.144.229 - - [04/Aug/2026:10:27:03 -0600] "GET /shopdetail/22002028/ HTTP/1.1" 404 - "-" "Mozilla/5.0 AppleWebKit/537.36 (KHTML, like Gecko; compatible; bingbot/2.0; +http://www.bing.com/bingbot.htm) Chrome/116.0.1938.76 Safari/537.36" agrolite.in 10.44.34.235
52.167.144.229 - - [04/Aug/2026:10:27:04 -0600] "GET /502.shtml HTTP/1.1" 404 - "-" "Mozilla/5.0 AppleWebKit/537.36 (KHTML, like Gecko; compatible; bingbot/2.0; +http://www.bing.com/bingbot.htm) Chrome/116.0.1938.76 Safari/537.36" agrolite.in 10.44.34.235
52.167.144.229 - - [04/Aug/2026:10:27:04 -0600] "GET /502.shtml HTTP/1.1" 404 - "-" "Mozilla/5.0 AppleWebKit/537.36 (KHTML, like Gecko; compatible; bingbot/2.0; +http://www.bing.com/bingbot.htm) Chrome/116.0.1938.76 Safari/537.36" agrolite.in 10.44.34.235
50.6.43.128 - - [04/Aug/2026:10:27:21 -0600] "POST /wp-cron.php?doing_wp_cron=1785860841.2829470634460449218750 HTTP/1.1" 200 - "-" "WordPress/7.0.2; https://agrolite.in" agrolite.in 10.44.34.235
52.167.144.145 - - [04/Aug/2026:10:27:51 -0600] "GET /502.shtml HTTP/1.1" 404 - "-" "Mozilla/5.0 AppleWebKit/537.36 (KHTML, like Gecko; compatible; bingbot/2.0; +http://www.bing.com/bingbot.htm) Chrome/116.0.1938.76 Safari/537.36" agrolite.in 10.44.34.235
52.167.144.145 - - [04/Aug/2026:10:24:51 -0600] "GET /shopdetail/18141206/ HTTP/2.0" 404 - "-" "Mozilla/5.0 AppleWebKit/537.36 (KHTML, like Gecko; compatible; bingbot/2.0; +http://www.bing.com/bingbot.htm) Chrome/116.0.1938.76 Safari/537.36" agrolite.in 10.44.34.235
52.167.144.145 - - [04/Aug/2026:10:27:51 -0600] "GET /502.shtml HTTP/1.1" 404 - "-" "Mozilla/5.0 AppleWebKit/537.36 (KHTML, like Gecko; compatible; bingbot/2.0; +http://www.bing.com/bingbot.htm) Chrome/116.0.1938.76 Safari/537.36" agrolite.in 10.44.34.235
52.167.144.18 - - [04/Aug/2026:10:27:52 -0600] "GET /shopdetail/7679351/ HTTP/1.1" 404 - "-" "Mozilla/5.0 AppleWebKit/537.36 (KHTML, like Gecko; compatible; bingbot/2.0; +http://www.bing.com/bingbot.htm) Chrome/116.0.1938.76 Safari/537.36" agrolite.in 10.44.34.235
52.167.144.18 - - [04/Aug/2026:10:27:52 -0600] "GET /shopdetail/7679351/ HTTP/2.0" 404 - "-" "Mozilla/5.0 AppleWebKit/537.36 (KHTML, like Gecko; compatible; bingbot/2.0; +http://www.bing.com/bingbot.htm) Chrome/116.0.1938.76 Safari/537.36" agrolite.in 10.44.34.235
52.167.144.18 - - [04/Aug/2026:10:27:55 -0600] "GET /502.shtml HTTP/1.1" 404 - "-" "Mozilla/5.0 AppleWebKit/537.36 (KHTML, like Gecko; compatible; bingbot/2.0; +http://www.bing.com/bingbot.htm) Chrome/116.0.1938.76 Safari/537.36" agrolite.in 10.44.34.235
52.167.144.18 - - [04/Aug/2026:10:27:55 -0600] "GET /502.shtml HTTP/1.1" 404 - "-" "Mozilla/5.0 AppleWebKit/537.36 (KHTML, like Gecko; compatible; bingbot/2.0; +http://www.bing.com/bingbot.htm) Chrome/116.0.1938.76 Safari/537.36" agrolite.in 10.44.34.235
52.167.144.18 - - [04/Aug/2026:10:24:55 -0600] "GET /shopdetail/14484384/ HTTP/2.0" 404 - "-" "Mozilla/5.0 AppleWebKit/537.36 (KHTML, like Gecko; compatible; bingbot/2.0; +http://www.bing.com/bingbot.htm) Chrome/116.0.1938.76 Safari/537.36" agrolite.in 10.44.34.235
52.167.144.229 - - [04/Aug/2026:10:28:04 -0600] "GET /502.shtml HTTP/1.1" 404 - "-" "Mozilla/5.0 AppleWebKit/537.36 (KHTML, like Gecko; compatible; bingbot/2.0; +http://www.bing.com/bingbot.htm) Chrome/116.0.1938.76 Safari/537.36" agrolite.in 10.44.34.235
52.167.144.229 - - [04/Aug/2026:10:25:04 -0600] "GET /shopdetail/10717351/ HTTP/2.0" 404 - "-" "Mozilla/5.0 AppleWebKit/537.36 (KHTML, like Gecko; compatible; bingbot/2.0; +http://www.bing.com/bingbot.htm) Chrome/116.0.1938.76 Safari/537.36" agrolite.in 10.44.34.235
52.167.144.229 - - [04/Aug/2026:10:28:04 -0600] "GET /502.shtml HTTP/1.1" 404 - "-" "Mozilla/5.0 AppleWebKit/537.36 (KHTML, like Gecko; compatible; bingbot/2.0; +http://www.bing.com/bingbot.htm) Chrome/116.0.1938.76 Safari/537.36" agrolite.in 10.44.34.235
50.6.43.128 - - [04/Aug/2026:10:28:24 -0600] "POST /wp-cron.php?doing_wp_cron=1785860904.4676349163055419921875 HTTP/1.1" 200 - "-" "WordPress/7.0.2; https://agrolite.in" agrolite.in 10.44.34.235
52.167.144.145 - - [04/Aug/2026:10:28:31 -0600] "GET /shopdetail/10394139/ HTTP/1.1" 404 - "-" "Mozilla/5.0 AppleWebKit/537.36 (KHTML, like Gecko; compatible; bingbot/2.0; +http://www.bing.com/bingbot.htm) Chrome/116.0.1938.76 Safari/537.36" agrolite.in 10.44.34.235
52.167.144.145 - - [04/Aug/2026:10:28:31 -0600] "GET /shopdetail/10394139/ HTTP/2.0" 404 - "-" "Mozilla/5.0 AppleWebKit/537.36 (KHTML, like Gecko; compatible; bingbot/2.0; +http://www.bing.com/bingbot.htm) Chrome/116.0.1938.76 Safari/537.36" agrolite.in 10.44.34.235
52.167.144.229 - - [04/Aug/2026:10:28:36 -0600] "GET /shopdetail/7573484/ HTTP/1.1" 404 - "-" "Mozilla/5.0 AppleWebKit/537.36 (KHTML, like Gecko; compatible; bingbot/2.0; +http://www.bing.com/bingbot.htm) Chrome/116.0.1938.76 Safari/537.36" agrolite.in 10.44.34.235
52.167.144.229 - - [04/Aug/2026:10:28:36 -0600] "GET /shopdetail/7573484/ HTTP/2.0" 404 - "-" "Mozilla/5.0 AppleWebKit/537.36 (KHTML, like Gecko; compatible; bingbot/2.0; +http://www.bing.com/bingbot.htm) Chrome/116.0.1938.76 Safari/537.36" agrolite.in 10.44.34.235
92.222.104.217 - - [04/Aug/2026:10:28:40 -0600] "GET /crescita-dei-casino-non-aams-in-europa-guida-alla-scelta-del-miglior-sito-11/feed/ HTTP/1.1" 200 503 "-" "Mozilla/5.0 (compatible; AhrefsBot/7.0; +http://ahrefs.com/robot/)" agrolite.in 10.44.34.235
92.222.104.217 - - [04/Aug/2026:10:28:40 -0600] "GET /crescita-dei-casino-non-aams-in-europa-guida-alla-scelta-del-miglior-sito-11/feed/ HTTP/2.0" 200 503 "-" "Mozilla/5.0 (compatible; AhrefsBot/7.0; +http://ahrefs.com/robot/)" agrolite.in 10.44.34.235
52.167.144.145 - - [04/Aug/2026:10:28:51 -0600] "GET /502.shtml HTTP/1.1" 404 - "-" "Mozilla/5.0 AppleWebKit/537.36 (KHTML, like Gecko; compatible; bingbot/2.0; +http://www.bing.com/bingbot.htm) Chrome/116.0.1938.76 Safari/537.36" agrolite.in 10.44.34.235
52.167.144.145 - - [04/Aug/2026:10:25:51 -0600] "GET /shopdetail/10312840/ HTTP/2.0" 404 - "-" "Mozilla/5.0 AppleWebKit/537.36 (KHTML, like Gecko; compatible; bingbot/2.0; +http://www.bing.com/bingbot.htm) Chrome/116.0.1938.76 Safari/537.36" agrolite.in 10.44.34.235
52.167.144.145 - - [04/Aug/2026:10:28:51 -0600] "GET /502.shtml HTTP/1.1" 404 - "-" "Mozilla/5.0 AppleWebKit/537.36 (KHTML, like Gecko; compatible; bingbot/2.0; +http://www.bing.com/bingbot.htm) Chrome/116.0.1938.76 Safari/537.36" agrolite.in 10.44.34.235
52.167.144.18 - - [04/Aug/2026:10:28:54 -0600] "GET /shopdetail/756373/ HTTP/1.1" 404 - "-" "Mozilla/5.0 AppleWebKit/537.36 (KHTML, like Gecko; compatible; bingbot/2.0; +http://www.bing.com/bingbot.htm) Chrome/116.0.1938.76 Safari/537.36" agrolite.in 10.44.34.235
52.167.144.18 - - [04/Aug/2026:10:28:54 -0600] "GET /shopdetail/756373/ HTTP/2.0" 404 - "-" "Mozilla/5.0 AppleWebKit/537.36 (KHTML, like Gecko; compatible; bingbot/2.0; +http://www.bing.com/bingbot.htm) Chrome/116.0.1938.76 Safari/537.36" agrolite.in 10.44.34.235
52.167.144.18 - - [04/Aug/2026:10:28:55 -0600] "GET /502.shtml HTTP/1.1" 404 - "-" "Mozilla/5.0 AppleWebKit/537.36 (KHTML, like Gecko; compatible; bingbot/2.0; +http://www.bing.com/bingbot.htm) Chrome/116.0.1938.76 Safari/537.36" agrolite.in 10.44.34.235
52.167.144.18 - - [04/Aug/2026:10:28:56 -0600] "GET /502.shtml HTTP/1.1" 404 - "-" "Mozilla/5.0 AppleWebKit/537.36 (KHTML, like Gecko; compatible; bingbot/2.0; +http://www.bing.com/bingbot.htm) Chrome/116.0.1938.76 Safari/537.36" agrolite.in 10.44.34.235
52.167.144.18 - - [04/Aug/2026:10:25:55 -0600] "GET /shopdetail/9977884/ HTTP/2.0" 404 - "-" "Mozilla/5.0 AppleWebKit/537.36 (KHTML, like Gecko; compatible; bingbot/2.0; +http://www.bing.com/bingbot.htm) Chrome/116.0.1938.76 Safari/537.36" agrolite.in 10.44.34.235
52.167.144.145 - - [04/Aug/2026:10:29:02 -0600] "GET /shopdetail/9687417/ HTTP/1.1" 404 - "-" "Mozilla/5.0 AppleWebKit/537.36 (KHTML, like Gecko; compatible; bingbot/2.0; +http://www.bing.com/bingbot.htm) Chrome/116.0.1938.76 Safari/537.36" agrolite.in 10.44.34.235
52.167.144.145 - - [04/Aug/2026:10:29:02 -0600] "GET /shopdetail/9687417/ HTTP/2.0" 404 - "-" "Mozilla/5.0 AppleWebKit/537.36 (KHTML, like Gecko; compatible; bingbot/2.0; +http://www.bing.com/bingbot.htm) Chrome/116.0.1938.76 Safari/537.36" agrolite.in 10.44.34.235
52.167.144.229 - - [04/Aug/2026:10:29:03 -0600] "GET /502.shtml HTTP/1.1" 404 - "-" "Mozilla/5.0 AppleWebKit/537.36 (KHTML, like Gecko; compatible; bingbot/2.0; +http://www.bing.com/bingbot.htm) Chrome/116.0.1938.76 Safari/537.36" agrolite.in 10.44.34.235
52.167.144.229 - - [04/Aug/2026:10:29:03 -0600] "GET /502.shtml HTTP/1.1" 404 - "-" "Mozilla/5.0 AppleWebKit/537.36 (KHTML, like Gecko; compatible; bingbot/2.0; +http://www.bing.com/bingbot.htm) Chrome/116.0.1938.76 Safari/537.36" agrolite.in 10.44.34.235
52.167.144.229 - - [04/Aug/2026:10:26:03 -0600] "GET /shopdetail/7171606/ HTTP/2.0" 404 - "-" "Mozilla/5.0 AppleWebKit/537.36 (KHTML, like Gecko; compatible; bingbot/2.0; +http://www.bing.com/bingbot.htm) Chrome/116.0.1938.76 Safari/537.36" agrolite.in 10.44.34.235
52.167.144.18 - - [04/Aug/2026:10:29:05 -0600] "GET /shopdetail/982706/ HTTP/1.1" 404 - "-" "Mozilla/5.0 AppleWebKit/537.36 (KHTML, like Gecko; compatible; bingbot/2.0; +http://www.bing.com/bingbot.htm) Chrome/116.0.1938.76 Safari/537.36" agrolite.in 10.44.34.235
52.167.144.18 - - [04/Aug/2026:10:29:05 -0600] "GET /shopdetail/982706/ HTTP/2.0" 404 - "-" "Mozilla/5.0 AppleWebKit/537.36 (KHTML, like Gecko; compatible; bingbot/2.0; +http://www.bing.com/bingbot.htm) Chrome/116.0.1938.76 Safari/537.36" agrolite.in 10.44.34.235
52.167.144.145 - - [04/Aug/2026:10:29:31 -0600] "GET /industrial-greenbelt-or-corridor-making-design/ HTTP/1.1" 200 15867 "-" "Mozilla/5.0 AppleWebKit/537.36 (KHTML, like Gecko; compatible; bingbot/2.0; +http://www.bing.com/bingbot.htm) Chrome/116.0.1938.76 Safari/537.36" agrolite.in 10.44.34.235
52.167.144.145 - - [04/Aug/2026:10:29:31 -0600] "GET /industrial-greenbelt-or-corridor-making-design/ HTTP/2.0" 200 7594 "-" "Mozilla/5.0 AppleWebKit/537.36 (KHTML, like Gecko; compatible; bingbot/2.0; +http://www.bing.com/bingbot.htm) Chrome/116.0.1938.76 Safari/537.36" agrolite.in 10.44.34.235
50.6.43.128 - - [04/Aug/2026:10:29:33 -0600] "POST /wp-cron.php?doing_wp_cron=1785860973.2746379375457763671875 HTTP/1.1" 200 - "-" "WordPress/7.0.2; https://agrolite.in" agrolite.in 10.44.34.235
52.167.144.229 - - [04/Aug/2026:10:29:35 -0600] "GET /shopdetail/18549695/ HTTP/1.1" 404 - "-" "Mozilla/5.0 AppleWebKit/537.36 (KHTML, like Gecko; compatible; bingbot/2.0; +http://www.bing.com/bingbot.htm) Chrome/116.0.1938.76 Safari/537.36" agrolite.in 10.44.34.235
52.167.144.229 - - [04/Aug/2026:10:29:35 -0600] "GET /shopdetail/18549695/ HTTP/2.0" 404 - "-" "Mozilla/5.0 AppleWebKit/537.36 (KHTML, like Gecko; compatible; bingbot/2.0; +http://www.bing.com/bingbot.htm) Chrome/116.0.1938.76 Safari/537.36" agrolite.in 10.44.34.235
202.51.202.242 - - [04/Aug/2026:10:29:40 -0600] "GET /wp-login.php HTTP/2.0" 200 - "-" "Mozilla/5.0 (Windows NT 10.0; Win64; x64) AppleWebKit/537.36 (KHTML, like Gecko) Chrome/150.0.0.0 Safari/537.36" mail.agrolite.in 10.44.34.235
52.167.144.18 - - [04/Aug/2026:10:29:42 -0600] "GET /502.shtml HTTP/1.1" 404 - "-" "Mozilla/5.0 AppleWebKit/537.36 (KHTML, like Gecko; compatible; bingbot/2.0; +http://www.bing.com/bingbot.htm) Chrome/116.0.1938.76 Safari/537.36" agrolite.in 10.44.34.235
52.167.144.145 - - [04/Aug/2026:10:29:50 -0600] "GET /502.shtml HTTP/1.1" 404 - "-" "Mozilla/5.0 AppleWebKit/537.36 (KHTML, like Gecko; compatible; bingbot/2.0; +http://www.bing.com/bingbot.htm) Chrome/116.0.1938.76 Safari/537.36" agrolite.in 10.44.34.235
52.167.144.145 - - [04/Aug/2026:10:26:50 -0600] "GET /shopdetail/3528573/ HTTP/2.0" 404 - "-" "Mozilla/5.0 AppleWebKit/537.36 (KHTML, like Gecko; compatible; bingbot/2.0; +http://www.bing.com/bingbot.htm) Chrome/116.0.1938.76 Safari/537.36" agrolite.in 10.44.34.235
52.167.144.145 - - [04/Aug/2026:10:29:50 -0600] "GET /502.shtml HTTP/1.1" 404 - "-" "Mozilla/5.0 AppleWebKit/537.36 (KHTML, like Gecko; compatible; bingbot/2.0; +http://www.bing.com/bingbot.htm) Chrome/116.0.1938.76 Safari/537.36" agrolite.in 10.44.34.235
40.77.167.47 - - [04/Aug/2026:10:29:51 -0600] "GET /502.shtml HTTP/1.1" 404 - "-" "Mozilla/5.0 AppleWebKit/537.36 (KHTML, like Gecko; compatible; bingbot/2.0; +http://www.bing.com/bingbot.htm) Chrome/116.0.1938.76 Safari/537.36" agrolite.in 10.44.34.235
52.167.144.18 - - [04/Aug/2026:10:29:54 -0600] "GET /shopdetail/19644528/ HTTP/1.1" 404 - "-" "Mozilla/5.0 AppleWebKit/537.36 (KHTML, like Gecko; compatible; bingbot/2.0; +http://www.bing.com/bingbot.htm) Chrome/116.0.1938.76 Safari/537.36" agrolite.in 10.44.34.235
52.167.144.18 - - [04/Aug/2026:10:29:54 -0600] "GET /shopdetail/19644528/ HTTP/2.0" 404 - "-" "Mozilla/5.0 AppleWebKit/537.36 (KHTML, like Gecko; compatible; bingbot/2.0; +http://www.bing.com/bingbot.htm) Chrome/116.0.1938.76 Safari/537.36" agrolite.in 10.44.34.235
52.167.144.229 - - [04/Aug/2026:10:29:54 -0600] "GET /502.shtml HTTP/1.1" 404 - "-" "Mozilla/5.0 AppleWebKit/537.36 (KHTML, like Gecko; compatible; bingbot/2.0; +http://www.bing.com/bingbot.htm) Chrome/116.0.1938.76 Safari/537.36" agrolite.in 10.44.34.235
52.167.144.18 - - [04/Aug/2026:10:29:55 -0600] "GET /502.shtml HTTP/1.1" 404 - "-" "Mozilla/5.0 AppleWebKit/537.36 (KHTML, like Gecko; compatible; bingbot/2.0; +http://www.bing.com/bingbot.htm) Chrome/116.0.1938.76 Safari/537.36" agrolite.in 10.44.34.235
52.167.144.18 - - [04/Aug/2026:10:26:55 -0600] "GET /shopdetail/14472540/ HTTP/2.0" 404 - "-" "Mozilla/5.0 AppleWebKit/537.36 (KHTML, like Gecko; compatible; bingbot/2.0; +http://www.bing.com/bingbot.htm) Chrome/116.0.1938.76 Safari/537.36" agrolite.in 10.44.34.235
52.167.144.18 - - [04/Aug/2026:10:29:55 -0600] "GET /502.shtml HTTP/1.1" 404 - "-" "Mozilla/5.0 AppleWebKit/537.36 (KHTML, like Gecko; compatible; bingbot/2.0; +http://www.bing.com/bingbot.htm) Chrome/116.0.1938.76 Safari/537.36" agrolite.in 10.44.34.235
52.167.144.18 - - [04/Aug/2026:10:29:55 -0600] "GET /502.shtml HTTP/1.1" 404 - "-" "Mozilla/5.0 AppleWebKit/537.36 (KHTML, like Gecko; compatible; bingbot/2.0; +http://www.bing.com/bingbot.htm) Chrome/116.0.1938.76 Safari/537.36" agrolite.in 10.44.34.235
52.167.144.145 - - [04/Aug/2026:10:30:02 -0600] "GET /shopdetail/21516051/ HTTP/1.1" 404 - "-" "Mozilla/5.0 AppleWebKit/537.36 (KHTML, like Gecko; compatible; bingbot/2.0; +http://www.bing.com/bingbot.htm) Chrome/116.0.1938.76 Safari/537.36" agrolite.in 10.44.34.235
