HEX
Server: Apache
System: Linux sh00683.bluehost.com 5.14.0-687.26.1.el9_8.x86_64 #1 SMP PREEMPT_DYNAMIC Tue Jul 14 16:32:02 EDT 2026 x86_64
User: hgdxabmy (1072)
PHP: 8.2.32
Disabled: NONE
Upload Files
File: /home1/hgdxabmy/access-logs/website-3c98b89a.hgd.xab.mybluehost.me-ssl_log
40.77.167.33 - - [04/Aug/2026:06:05:36 -0600] "GET /shopdetail/5761573/ HTTP/1.1" 404 - "-" "Mozilla/5.0 AppleWebKit/537.36 (KHTML, like Gecko; compatible; bingbot/2.0; +http://www.bing.com/bingbot.htm) Chrome/116.0.1938.76 Safari/537.36" agrolite.in 10.44.34.235
188.164.197.230 - - [04/Aug/2026:06:08:57 -0600] "GET /wp-login.php HTTP/2.0" 409 83 "-" "Mozilla/5.0 (Windows NT 10.0; Win64; x64) AppleWebKit/537.36 (KHTML, like Gecko) Chrome/150.0.0.0 Safari/537.36" website-3c98b89a.hgd.xab.mybluehost.me 10.44.34.235
141.94.227.156 - - [04/Aug/2026:06:05:42 -0600] "GET /wp-login.php HTTP/2.0" 200 - "-" "Mozilla/5.0 (Windows NT 10.0; Win64; x64) AppleWebKit/537.36 (KHTML, like Gecko) Chrome/150.0.0.0 Safari/537.36" agrolite.in 10.44.34.235
40.77.167.136 - - [04/Aug/2026:06:06:13 -0600] "GET /shopdetail/15246284/ HTTP/1.1" 404 - "-" "Mozilla/5.0 AppleWebKit/537.36 (KHTML, like Gecko; compatible; bingbot/2.0; +http://www.bing.com/bingbot.htm) Chrome/116.0.1938.76 Safari/537.36" agrolite.in 10.44.34.235
40.77.167.28 - - [04/Aug/2026:06:06:19 -0600] "GET /shopdetail/4901440/ HTTP/1.1" 404 - "-" "Mozilla/5.0 AppleWebKit/537.36 (KHTML, like Gecko; compatible; bingbot/2.0; +http://www.bing.com/bingbot.htm) Chrome/116.0.1938.76 Safari/537.36" agrolite.in 10.44.34.235
40.77.167.33 - - [04/Aug/2026:06:06:36 -0600] "GET /shopdetail/22038906/ HTTP/1.1" 404 - "-" "Mozilla/5.0 AppleWebKit/537.36 (KHTML, like Gecko; compatible; bingbot/2.0; +http://www.bing.com/bingbot.htm) Chrome/116.0.1938.76 Safari/537.36" agrolite.in 10.44.34.235
40.77.167.33 - - [04/Aug/2026:06:05:36 -0600] "GET /shopdetail/5761573/ HTTP/2.0" 502 - "-" "Mozilla/5.0 AppleWebKit/537.36 (KHTML, like Gecko; compatible; bingbot/2.0; +http://www.bing.com/bingbot.htm) Chrome/116.0.1938.76 Safari/537.36" agrolite.in 10.44.34.235
160.250.187.3 - - [04/Aug/2026:06:06:46 -0600] "POST /wp-login.php HTTP/1.1" 200 2364 "-" "Mozilla/5.0 (Windows NT 10.0; Win64; x64) AppleWebKit/537.36 (KHTML, like Gecko) Chrome/139.0.0.0 Safari/537.36" agrolite.in 10.44.34.235
160.250.130.168 - - [04/Aug/2026:06:07:07 -0600] "GET /wp-login.php HTTP/2.0" 200 - "-" "Mozilla/5.0 (Windows NT 10.0; Win64; x64) AppleWebKit/537.36 (KHTML, like Gecko) Chrome/150.0.0.0 Safari/537.36" mail.agrolite.in 10.44.34.235
40.77.167.136 - - [04/Aug/2026:06:06:13 -0600] "GET /shopdetail/15246284/ HTTP/2.0" 502 - "-" "Mozilla/5.0 AppleWebKit/537.36 (KHTML, like Gecko; compatible; bingbot/2.0; +http://www.bing.com/bingbot.htm) Chrome/116.0.1938.76 Safari/537.36" agrolite.in 10.44.34.235
40.77.167.28 - - [04/Aug/2026:06:06:19 -0600] "GET /shopdetail/4901440/ HTTP/2.0" 502 - "-" "Mozilla/5.0 AppleWebKit/537.36 (KHTML, like Gecko; compatible; bingbot/2.0; +http://www.bing.com/bingbot.htm) Chrome/116.0.1938.76 Safari/537.36" agrolite.in 10.44.34.235
40.77.167.33 - - [04/Aug/2026:06:06:36 -0600] "GET /shopdetail/22038906/ HTTP/2.0" 502 - "-" "Mozilla/5.0 AppleWebKit/537.36 (KHTML, like Gecko; compatible; bingbot/2.0; +http://www.bing.com/bingbot.htm) Chrome/116.0.1938.76 Safari/537.36" agrolite.in 10.44.34.235
92.205.108.227 - - [04/Aug/2026:06:12:41 -0600] "GET /wp-login.php HTTP/2.0" 409 83 "-" "Mozilla/5.0 (Windows NT 10.0; Win64; x64) AppleWebKit/537.36 (KHTML, like Gecko) Chrome/150.0.0.0 Safari/537.36" website-3c98b89a.hgd.xab.mybluehost.me 10.44.34.235
40.77.167.28 - - [04/Aug/2026:06:07:19 -0600] "GET /shopdetail/15467740/ HTTP/1.1" 404 - "-" "Mozilla/5.0 AppleWebKit/537.36 (KHTML, like Gecko; compatible; bingbot/2.0; +http://www.bing.com/bingbot.htm) Chrome/116.0.1938.76 Safari/537.36" agrolite.in 10.44.34.235
40.77.167.136 - - [04/Aug/2026:06:07:24 -0600] "GET /shopdetail/9295428/ HTTP/1.1" 404 - "-" "Mozilla/5.0 AppleWebKit/537.36 (KHTML, like Gecko; compatible; bingbot/2.0; +http://www.bing.com/bingbot.htm) Chrome/116.0.1938.76 Safari/537.36" agrolite.in 10.44.34.235
40.77.167.33 - - [04/Aug/2026:06:07:37 -0600] "GET /shopdetail/19413940/ HTTP/1.1" 404 - "-" "Mozilla/5.0 AppleWebKit/537.36 (KHTML, like Gecko; compatible; bingbot/2.0; +http://www.bing.com/bingbot.htm) Chrome/116.0.1938.76 Safari/537.36" agrolite.in 10.44.34.235
40.77.167.28 - - [04/Aug/2026:06:08:19 -0600] "GET /shopdetail/12807806/ HTTP/1.1" 404 - "-" "Mozilla/5.0 AppleWebKit/537.36 (KHTML, like Gecko; compatible; bingbot/2.0; +http://www.bing.com/bingbot.htm) Chrome/116.0.1938.76 Safari/537.36" agrolite.in 10.44.34.235
40.77.167.33 - - [04/Aug/2026:06:08:37 -0600] "GET /shopdetail/9305195/ HTTP/2.0" 500 - "-" "Mozilla/5.0 AppleWebKit/537.36 (KHTML, like Gecko; compatible; bingbot/2.0; +http://www.bing.com/bingbot.htm) Chrome/116.0.1938.76 Safari/537.36" agrolite.in 10.44.34.235
40.77.167.28 - - [04/Aug/2026:06:07:19 -0600] "GET /shopdetail/15467740/ HTTP/2.0" 502 - "-" "Mozilla/5.0 AppleWebKit/537.36 (KHTML, like Gecko; compatible; bingbot/2.0; +http://www.bing.com/bingbot.htm) Chrome/116.0.1938.76 Safari/537.36" agrolite.in 10.44.34.235
40.77.167.136 - - [04/Aug/2026:06:07:24 -0600] "GET /shopdetail/9295428/ HTTP/2.0" 502 - "-" "Mozilla/5.0 AppleWebKit/537.36 (KHTML, like Gecko; compatible; bingbot/2.0; +http://www.bing.com/bingbot.htm) Chrome/116.0.1938.76 Safari/537.36" agrolite.in 10.44.34.235
40.77.167.33 - - [04/Aug/2026:06:07:37 -0600] "GET /shopdetail/19413940/ HTTP/2.0" 502 - "-" "Mozilla/5.0 AppleWebKit/537.36 (KHTML, like Gecko; compatible; bingbot/2.0; +http://www.bing.com/bingbot.htm) Chrome/116.0.1938.76 Safari/537.36" agrolite.in 10.44.34.235
40.77.167.33 - - [04/Aug/2026:06:08:36 -0600] "GET /502.shtml HTTP/1.1" 404 - "-" "Mozilla/5.0 AppleWebKit/537.36 (KHTML, like Gecko; compatible; bingbot/2.0; +http://www.bing.com/bingbot.htm) Chrome/116.0.1938.76 Safari/537.36" agrolite.in 10.44.34.235
40.77.167.33 - - [04/Aug/2026:06:08:36 -0600] "GET /502.shtml HTTP/1.1" 404 - "-" "Mozilla/5.0 AppleWebKit/537.36 (KHTML, like Gecko; compatible; bingbot/2.0; +http://www.bing.com/bingbot.htm) Chrome/116.0.1938.76 Safari/537.36" agrolite.in 10.44.34.235
40.77.167.33 - - [04/Aug/2026:06:08:37 -0600] "GET /shopdetail/9305195/ HTTP/1.1" 404 - "-" "Mozilla/5.0 AppleWebKit/537.36 (KHTML, like Gecko; compatible; bingbot/2.0; +http://www.bing.com/bingbot.htm) Chrome/116.0.1938.76 Safari/537.36" agrolite.in 10.44.34.235
40.77.167.28 - - [04/Aug/2026:06:08:19 -0600] "GET /shopdetail/12807806/ HTTP/2.0" 502 - "-" "Mozilla/5.0 AppleWebKit/537.36 (KHTML, like Gecko; compatible; bingbot/2.0; +http://www.bing.com/bingbot.htm) Chrome/116.0.1938.76 Safari/537.36" agrolite.in 10.44.34.235
50.28.87.108 - - [04/Aug/2026:06:17:59 -0600] "GET /wp-login.php HTTP/2.0" 409 83 "-" "Mozilla/5.0 (Windows NT 10.0; Win64; x64) AppleWebKit/537.36 (KHTML, like Gecko) Chrome/150.0.0.0 Safari/537.36" website-3c98b89a.hgd.xab.mybluehost.me 10.44.34.235
40.77.167.47 - - [04/Aug/2026:06:09:20 -0600] "GET /shopdetail/12860728/ HTTP/2.0" 502 - "-" "Mozilla/5.0 AppleWebKit/537.36 (KHTML, like Gecko; compatible; bingbot/2.0; +http://www.bing.com/bingbot.htm) Chrome/116.0.1938.76 Safari/537.36" agrolite.in 10.44.34.235
40.77.167.136 - - [04/Aug/2026:06:09:13 -0600] "GET /502.shtml HTTP/1.1" 404 - "-" "Mozilla/5.0 AppleWebKit/537.36 (KHTML, like Gecko; compatible; bingbot/2.0; +http://www.bing.com/bingbot.htm) Chrome/116.0.1938.76 Safari/537.36" agrolite.in 10.44.34.235
40.77.167.136 - - [04/Aug/2026:06:09:13 -0600] "GET /502.shtml HTTP/1.1" 404 - "-" "Mozilla/5.0 AppleWebKit/537.36 (KHTML, like Gecko; compatible; bingbot/2.0; +http://www.bing.com/bingbot.htm) Chrome/116.0.1938.76 Safari/537.36" agrolite.in 10.44.34.235
47.79.13.228 - - [04/Aug/2026:06:10:15 -0600] "GET /shopdetail/13437540/ HTTP/1.1" 502 - "https://agrolite.in/" "Mozilla/5.0 (Windows NT 10.0; Win64; x64) AppleWebKit/537.36 (KHTML, like Gecko) Chrome/135.0.0.0 Safari/537.36" agrolite.in 10.44.34.235
40.77.167.47 - - [04/Aug/2026:06:10:22 -0600] "GET /shopdetail/16514151/ HTTP/2.0" 502 - "-" "Mozilla/5.0 AppleWebKit/537.36 (KHTML, like Gecko; compatible; bingbot/2.0; +http://www.bing.com/bingbot.htm) Chrome/116.0.1938.76 Safari/537.36" agrolite.in 10.44.34.235
40.77.167.47 - - [04/Aug/2026:06:11:19 -0600] "GET /shopdetail/5135439/ HTTP/2.0" 502 - "-" "Mozilla/5.0 AppleWebKit/537.36 (KHTML, like Gecko; compatible; bingbot/2.0; +http://www.bing.com/bingbot.htm) Chrome/116.0.1938.76 Safari/537.36" agrolite.in 10.44.34.235
47.79.13.6 - - [04/Aug/2026:06:11:24 -0600] "GET /shopdetail/21065028/ HTTP/1.1" 502 - "https://www.agrolite.in/" "Mozilla/5.0 (Windows NT 10.0; Win64; x64) AppleWebKit/537.36 (KHTML, like Gecko) Chrome/135.0.0.0 Safari/537.36 Edg/135.0.0.0" www.agrolite.in 10.44.34.235
51.79.65.194 - - [04/Aug/2026:06:23:48 -0600] "GET /wp-login.php HTTP/2.0" 409 83 "-" "Mozilla/5.0 (Windows NT 10.0; Win64; x64) AppleWebKit/537.36 (KHTML, like Gecko) Chrome/150.0.0.0 Safari/537.36" website-3c98b89a.hgd.xab.mybluehost.me 10.44.34.235
40.77.167.28 - - [04/Aug/2026:06:09:20 -0600] "GET /502.shtml HTTP/1.1" 503 468 "-" "Mozilla/5.0 AppleWebKit/537.36 (KHTML, like Gecko; compatible; bingbot/2.0; +http://www.bing.com/bingbot.htm) Chrome/116.0.1938.76 Safari/537.36" agrolite.in 10.44.34.235
40.77.167.28 - - [04/Aug/2026:06:09:20 -0600] "GET /502.shtml HTTP/1.1" 503 468 "-" "Mozilla/5.0 AppleWebKit/537.36 (KHTML, like Gecko; compatible; bingbot/2.0; +http://www.bing.com/bingbot.htm) Chrome/116.0.1938.76 Safari/537.36" agrolite.in 10.44.34.235
40.77.167.47 - - [04/Aug/2026:06:09:20 -0600] "GET /shopdetail/12860728/ HTTP/1.1" 503 468 "-" "Mozilla/5.0 AppleWebKit/537.36 (KHTML, like Gecko; compatible; bingbot/2.0; +http://www.bing.com/bingbot.htm) Chrome/116.0.1938.76 Safari/537.36" agrolite.in 10.44.34.235
212.80.9.235 - - [04/Aug/2026:06:24:08 -0600] "GET /wp-login.php HTTP/2.0" 409 83 "-" "Mozilla/5.0 (Windows NT 10.0; Win64; x64) AppleWebKit/537.36 (KHTML, like Gecko) Chrome/150.0.0.0 Safari/537.36" website-3c98b89a.hgd.xab.mybluehost.me 10.44.34.235
103.180.212.43 - - [04/Aug/2026:06:25:54 -0600] "GET /wp-login.php HTTP/2.0" 409 83 "-" "Mozilla/5.0 (Windows NT 10.0; Win64; x64) AppleWebKit/537.36 (KHTML, like Gecko) Chrome/150.0.0.0 Safari/537.36" website-3c98b89a.hgd.xab.mybluehost.me 10.44.34.235
86.125.136.143 - - [04/Aug/2026:06:31:00 -0600] "GET /wp-login.php HTTP/2.0" 409 83 "-" "Mozilla/5.0 (Windows NT 10.0; Win64; x64) AppleWebKit/537.36 (KHTML, like Gecko) Chrome/150.0.0.0 Safari/537.36" website-3c98b89a.hgd.xab.mybluehost.me 10.44.34.235
52.167.144.147 - - [04/Aug/2026:06:28:28 -0600] "GET /shopdetail/20331595/ HTTP/2.0" 502 - "-" "Mozilla/5.0 AppleWebKit/537.36 (KHTML, like Gecko; compatible; bingbot/2.0; +http://www.bing.com/bingbot.htm) Chrome/116.0.1938.76 Safari/537.36" agrolite.in 10.44.34.235
40.77.167.143 - - [04/Aug/2026:06:28:33 -0600] "GET /shopdetail/17452028/ HTTP/2.0" 502 - "-" "Mozilla/5.0 AppleWebKit/537.36 (KHTML, like Gecko; compatible; bingbot/2.0; +http://www.bing.com/bingbot.htm) Chrome/116.0.1938.76 Safari/537.36" agrolite.in 10.44.34.235
52.167.144.227 - - [04/Aug/2026:06:28:39 -0600] "GET /shopdetail/9137540/ HTTP/2.0" 502 - "-" "Mozilla/5.0 AppleWebKit/537.36 (KHTML, like Gecko; compatible; bingbot/2.0; +http://www.bing.com/bingbot.htm) Chrome/116.0.1938.76 Safari/537.36" agrolite.in 10.44.34.235
54.37.118.93 - - [04/Aug/2026:06:29:15 -0600] "GET /roznice-w-logowaniu-do-vox-casino-telefon-komorkowy-vs-komputer-stacjonarny-3/feed/ HTTP/2.0" 502 - "-" "Mozilla/5.0 (compatible; AhrefsBot/7.0; +http://ahrefs.com/robot/)" agrolite.in 10.44.34.235
40.77.167.154 - - [04/Aug/2026:06:29:29 -0600] "GET /shopdetail/20297317/ HTTP/2.0" 502 - "-" "Mozilla/5.0 AppleWebKit/537.36 (KHTML, like Gecko; compatible; bingbot/2.0; +http://www.bing.com/bingbot.htm) Chrome/116.0.1938.76 Safari/537.36" agrolite.in 10.44.34.235
40.77.167.143 - - [04/Aug/2026:06:29:33 -0600] "GET /shopdetail/23989962/ HTTP/2.0" 500 - "-" "Mozilla/5.0 AppleWebKit/537.36 (KHTML, like Gecko; compatible; bingbot/2.0; +http://www.bing.com/bingbot.htm) Chrome/116.0.1938.76 Safari/537.36" agrolite.in 10.44.34.235
40.77.167.154 - - [04/Aug/2026:06:30:29 -0600] "GET /shopdetail/24662984/ HTTP/2.0" 500 - "-" "Mozilla/5.0 AppleWebKit/537.36 (KHTML, like Gecko; compatible; bingbot/2.0; +http://www.bing.com/bingbot.htm) Chrome/116.0.1938.76 Safari/537.36" agrolite.in 10.44.34.235
40.77.167.143 - - [04/Aug/2026:06:30:33 -0600] "GET /shopdetail/4919651/ HTTP/2.0" 500 - "-" "Mozilla/5.0 AppleWebKit/537.36 (KHTML, like Gecko; compatible; bingbot/2.0; +http://www.bing.com/bingbot.htm) Chrome/116.0.1938.76 Safari/537.36" agrolite.in 10.44.34.235
52.167.144.227 - - [04/Aug/2026:06:33:19 -0600] "GET /shopdetail/15999217/ HTTP/2.0" 500 - "-" "Mozilla/5.0 AppleWebKit/537.36 (KHTML, like Gecko; compatible; bingbot/2.0; +http://www.bing.com/bingbot.htm) Chrome/116.0.1938.76 Safari/537.36" agrolite.in 10.44.34.235
40.77.167.154 - - [04/Aug/2026:06:33:22 -0600] "GET /shopdetail/19702940/ HTTP/2.0" 500 - "-" "Mozilla/5.0 AppleWebKit/537.36 (KHTML, like Gecko; compatible; bingbot/2.0; +http://www.bing.com/bingbot.htm) Chrome/116.0.1938.76 Safari/537.36" agrolite.in 10.44.34.235
52.167.144.180 - - [04/Aug/2026:06:33:39 -0600] "GET /shopdetail/2279306/ HTTP/2.0" 500 - "-" "Mozilla/5.0 AppleWebKit/537.36 (KHTML, like Gecko; compatible; bingbot/2.0; +http://www.bing.com/bingbot.htm) Chrome/116.0.1938.76 Safari/537.36" agrolite.in 10.44.34.235
52.167.144.180 - - [04/Aug/2026:06:34:57 -0600] "GET /shopdetail/18553373/ HTTP/2.0" 500 - "-" "Mozilla/5.0 AppleWebKit/537.36 (KHTML, like Gecko; compatible; bingbot/2.0; +http://www.bing.com/bingbot.htm) Chrome/116.0.1938.76 Safari/537.36" agrolite.in 10.44.34.235
52.167.144.193 - - [04/Aug/2026:06:36:08 -0600] "GET /shopdetail/1185739/ HTTP/2.0" 500 - "-" "Mozilla/5.0 AppleWebKit/537.36 (KHTML, like Gecko; compatible; bingbot/2.0; +http://www.bing.com/bingbot.htm) Chrome/116.0.1938.76 Safari/537.36" agrolite.in 10.44.34.235
52.167.144.180 - - [04/Aug/2026:06:39:51 -0600] "GET /shopdetail/2480439/ HTTP/2.0" 500 - "-" "Mozilla/5.0 AppleWebKit/537.36 (KHTML, like Gecko; compatible; bingbot/2.0; +http://www.bing.com/bingbot.htm) Chrome/116.0.1938.76 Safari/537.36" agrolite.in 10.44.34.235
40.77.167.30 - - [04/Aug/2026:06:39:53 -0600] "GET /shopdetail/9979517/ HTTP/2.0" 500 - "-" "Mozilla/5.0 AppleWebKit/537.36 (KHTML, like Gecko; compatible; bingbot/2.0; +http://www.bing.com/bingbot.htm) Chrome/116.0.1938.76 Safari/537.36" agrolite.in 10.44.34.235
40.77.167.30 - - [04/Aug/2026:06:41:23 -0600] "GET /shopdetail/14617273/ HTTP/2.0" 500 - "-" "Mozilla/5.0 AppleWebKit/537.36 (KHTML, like Gecko; compatible; bingbot/2.0; +http://www.bing.com/bingbot.htm) Chrome/116.0.1938.76 Safari/537.36" agrolite.in 10.44.34.235
52.167.144.158 - - [04/Aug/2026:06:49:57 -0600] "GET /shopdetail/25228939/ HTTP/2.0" 500 - "-" "Mozilla/5.0 AppleWebKit/537.36 (KHTML, like Gecko; compatible; bingbot/2.0; +http://www.bing.com/bingbot.htm) Chrome/116.0.1938.76 Safari/537.36" agrolite.in 10.44.34.235
40.77.167.30 - - [04/Aug/2026:06:52:48 -0600] "GET /shopdetail/8957395/ HTTP/2.0" 500 - "-" "Mozilla/5.0 AppleWebKit/537.36 (KHTML, like Gecko; compatible; bingbot/2.0; +http://www.bing.com/bingbot.htm) Chrome/116.0.1938.76 Safari/537.36" agrolite.in 10.44.34.235
40.77.167.33 - - [04/Aug/2026:06:09:36 -0600] "GET /502.shtml HTTP/1.1" 404 - "-" "Mozilla/5.0 AppleWebKit/537.36 (KHTML, like Gecko; compatible; bingbot/2.0; +http://www.bing.com/bingbot.htm) Chrome/116.0.1938.76 Safari/537.36" agrolite.in 10.44.34.235
40.77.167.33 - - [04/Aug/2026:06:09:36 -0600] "GET /502.shtml HTTP/1.1" 404 - "-" "Mozilla/5.0 AppleWebKit/537.36 (KHTML, like Gecko; compatible; bingbot/2.0; +http://www.bing.com/bingbot.htm) Chrome/116.0.1938.76 Safari/537.36" agrolite.in 10.44.34.235
52.167.144.147 - - [04/Aug/2026:06:28:28 -0600] "GET /shopdetail/20331595/ HTTP/1.1" 404 - "-" "Mozilla/5.0 AppleWebKit/537.36 (KHTML, like Gecko; compatible; bingbot/2.0; +http://www.bing.com/bingbot.htm) Chrome/116.0.1938.76 Safari/537.36" agrolite.in 10.44.34.235
50.28.87.108 - - [04/Aug/2026:07:01:29 -0600] "GET /wp-login.php HTTP/2.0" 409 83 "-" "Mozilla/5.0 (Windows NT 10.0; Win64; x64) AppleWebKit/537.36 (KHTML, like Gecko) Chrome/150.0.0.0 Safari/537.36" website-3c98b89a.hgd.xab.mybluehost.me 10.44.34.235
92.205.108.227 - - [04/Aug/2026:06:10:10 -0600] "GET /wp-login.php HTTP/2.0" 200 - "-" "Mozilla/5.0 (Windows NT 10.0; Win64; x64) AppleWebKit/537.36 (KHTML, like Gecko) Chrome/150.0.0.0 Safari/537.36" agrolite.in 10.44.34.235
40.77.167.136 - - [04/Aug/2026:06:10:24 -0600] "GET /502.shtml HTTP/1.1" 404 - "-" "Mozilla/5.0 AppleWebKit/537.36 (KHTML, like Gecko; compatible; bingbot/2.0; +http://www.bing.com/bingbot.htm) Chrome/116.0.1938.76 Safari/537.36" agrolite.in 10.44.34.235
40.77.167.28 - - [04/Aug/2026:06:10:22 -0600] "GET /502.shtml HTTP/1.1" 404 - "-" "Mozilla/5.0 AppleWebKit/537.36 (KHTML, like Gecko; compatible; bingbot/2.0; +http://www.bing.com/bingbot.htm) Chrome/116.0.1938.76 Safari/537.36" agrolite.in 10.44.34.235
45.94.81.154 - - [04/Aug/2026:06:10:42 -0600] "GET /wp-login.php HTTP/2.0" 200 - "-" "Mozilla/5.0 (Windows NT 10.0; Win64; x64) AppleWebKit/537.36 (KHTML, like Gecko) Chrome/150.0.0.0 Safari/537.36" mail.agrolite.in 10.44.34.235
40.77.167.33 - - [04/Aug/2026:06:10:39 -0600] "GET /502.shtml HTTP/1.1" 404 - "-" "Mozilla/5.0 AppleWebKit/537.36 (KHTML, like Gecko; compatible; bingbot/2.0; +http://www.bing.com/bingbot.htm) Chrome/116.0.1938.76 Safari/537.36" agrolite.in 10.44.34.235
40.77.167.28 - - [04/Aug/2026:06:11:19 -0600] "GET /502.shtml HTTP/1.1" 404 - "-" "Mozilla/5.0 AppleWebKit/537.36 (KHTML, like Gecko; compatible; bingbot/2.0; +http://www.bing.com/bingbot.htm) Chrome/116.0.1938.76 Safari/537.36" agrolite.in 10.44.34.235
103.152.79.199 - - [04/Aug/2026:06:10:58 -0600] "GET /wp-login.php HTTP/2.0" 200 - "-" "Mozilla/5.0 (Windows NT 10.0; Win64; x64) AppleWebKit/537.36 (KHTML, like Gecko) Chrome/150.0.0.0 Safari/537.36" agrolite.in 10.44.34.235
47.79.13.228 - - [04/Aug/2026:06:11:34 -0600] "GET /shopdetail/13437540/ HTTP/1.1" 404 - "https://agrolite.in/" "Mozilla/5.0 (Windows NT 10.0; Win64; x64) AppleWebKit/537.36 (KHTML, like Gecko) Chrome/135.0.0.0 Safari/537.36" agrolite.in 10.44.34.235
40.77.167.33 - - [04/Aug/2026:06:11:37 -0600] "GET /502.shtml HTTP/1.1" 404 - "-" "Mozilla/5.0 AppleWebKit/537.36 (KHTML, like Gecko; compatible; bingbot/2.0; +http://www.bing.com/bingbot.htm) Chrome/116.0.1938.76 Safari/537.36" agrolite.in 10.44.34.235
40.77.167.33 - - [04/Aug/2026:06:11:39 -0600] "GET /502.shtml HTTP/1.1" 404 - "-" "Mozilla/5.0 AppleWebKit/537.36 (KHTML, like Gecko; compatible; bingbot/2.0; +http://www.bing.com/bingbot.htm) Chrome/116.0.1938.76 Safari/537.36" agrolite.in 10.44.34.235
40.77.167.28 - - [04/Aug/2026:06:11:41 -0600] "GET /502.shtml HTTP/1.1" 404 - "-" "Mozilla/5.0 AppleWebKit/537.36 (KHTML, like Gecko; compatible; bingbot/2.0; +http://www.bing.com/bingbot.htm) Chrome/116.0.1938.76 Safari/537.36" agrolite.in 10.44.34.235
40.77.167.47 - - [04/Aug/2026:06:11:41 -0600] "GET /shopdetail/16514151/ HTTP/1.1" 404 - "-" "Mozilla/5.0 AppleWebKit/537.36 (KHTML, like Gecko; compatible; bingbot/2.0; +http://www.bing.com/bingbot.htm) Chrome/116.0.1938.76 Safari/537.36" agrolite.in 10.44.34.235
40.77.167.136 - - [04/Aug/2026:06:11:43 -0600] "GET /502.shtml HTTP/1.1" 404 - "-" "Mozilla/5.0 AppleWebKit/537.36 (KHTML, like Gecko; compatible; bingbot/2.0; +http://www.bing.com/bingbot.htm) Chrome/116.0.1938.76 Safari/537.36" agrolite.in 10.44.34.235
40.77.167.33 - - [04/Aug/2026:06:11:52 -0600] "GET /502.shtml HTTP/1.1" 404 - "-" "Mozilla/5.0 AppleWebKit/537.36 (KHTML, like Gecko; compatible; bingbot/2.0; +http://www.bing.com/bingbot.htm) Chrome/116.0.1938.76 Safari/537.36" agrolite.in 10.44.34.235
40.77.167.136 - - [04/Aug/2026:06:12:13 -0600] "GET /502.shtml HTTP/1.1" 404 - "-" "Mozilla/5.0 AppleWebKit/537.36 (KHTML, like Gecko; compatible; bingbot/2.0; +http://www.bing.com/bingbot.htm) Chrome/116.0.1938.76 Safari/537.36" agrolite.in 10.44.34.235
40.77.167.28 - - [04/Aug/2026:06:12:20 -0600] "GET /502.shtml HTTP/1.1" 404 - "-" "Mozilla/5.0 AppleWebKit/537.36 (KHTML, like Gecko; compatible; bingbot/2.0; +http://www.bing.com/bingbot.htm) Chrome/116.0.1938.76 Safari/537.36" agrolite.in 10.44.34.235
40.77.167.47 - - [04/Aug/2026:06:12:20 -0600] "GET /502.shtml HTTP/1.1" 404 - "-" "Mozilla/5.0 AppleWebKit/537.36 (KHTML, like Gecko; compatible; bingbot/2.0; +http://www.bing.com/bingbot.htm) Chrome/116.0.1938.76 Safari/537.36" agrolite.in 10.44.34.235
40.77.167.33 - - [04/Aug/2026:06:12:36 -0600] "GET /502.shtml HTTP/1.1" 404 - "-" "Mozilla/5.0 AppleWebKit/537.36 (KHTML, like Gecko; compatible; bingbot/2.0; +http://www.bing.com/bingbot.htm) Chrome/116.0.1938.76 Safari/537.36" agrolite.in 10.44.34.235
40.77.167.47 - - [04/Aug/2026:06:13:36 -0600] "GET /shopdetail/5135439/ HTTP/1.1" 404 - "-" "Mozilla/5.0 AppleWebKit/537.36 (KHTML, like Gecko; compatible; bingbot/2.0; +http://www.bing.com/bingbot.htm) Chrome/116.0.1938.76 Safari/537.36" agrolite.in 10.44.34.235
40.77.167.28 - - [04/Aug/2026:06:13:45 -0600] "GET /502.shtml HTTP/1.1" 404 - "-" "Mozilla/5.0 AppleWebKit/537.36 (KHTML, like Gecko; compatible; bingbot/2.0; +http://www.bing.com/bingbot.htm) Chrome/116.0.1938.76 Safari/537.36" agrolite.in 10.44.34.235
47.79.13.6 - - [04/Aug/2026:06:14:22 -0600] "GET /shopdetail/21065028/ HTTP/1.1" 301 - "https://www.agrolite.in/" "Mozilla/5.0 (Windows NT 10.0; Win64; x64) AppleWebKit/537.36 (KHTML, like Gecko) Chrome/135.0.0.0 Safari/537.36 Edg/135.0.0.0" www.agrolite.in 10.44.34.235
92.205.108.227 - - [04/Aug/2026:06:14:17 -0600] "GET /wp-login.php HTTP/2.0" 200 - "-" "Mozilla/5.0 (Windows NT 10.0; Win64; x64) AppleWebKit/537.36 (KHTML, like Gecko) Chrome/150.0.0.0 Safari/537.36" agrolite.in 10.44.34.235
92.205.108.227 - - [04/Aug/2026:06:14:24 -0600] "GET /wp-login.php HTTP/2.0" 200 - "-" "Mozilla/5.0 (Windows NT 10.0; Win64; x64) AppleWebKit/537.36 (KHTML, like Gecko) Chrome/150.0.0.0 Safari/537.36" agrolite.in 10.44.34.235
47.79.13.228 - - [04/Aug/2026:06:14:34 -0600] "GET /502.shtml HTTP/1.1" 404 - "https://agrolite.in/" "Mozilla/5.0 (Windows NT 10.0; Win64; x64) AppleWebKit/537.36 (KHTML, like Gecko) Chrome/135.0.0.0 Safari/537.36" agrolite.in 10.44.34.235
40.77.167.28 - - [04/Aug/2026:06:14:41 -0600] "GET /502.shtml HTTP/1.1" 404 - "-" "Mozilla/5.0 AppleWebKit/537.36 (KHTML, like Gecko; compatible; bingbot/2.0; +http://www.bing.com/bingbot.htm) Chrome/116.0.1938.76 Safari/537.36" agrolite.in 10.44.34.235
40.77.167.47 - - [04/Aug/2026:06:14:41 -0600] "GET /502.shtml HTTP/1.1" 404 - "-" "Mozilla/5.0 AppleWebKit/537.36 (KHTML, like Gecko; compatible; bingbot/2.0; +http://www.bing.com/bingbot.htm) Chrome/116.0.1938.76 Safari/537.36" agrolite.in 10.44.34.235
40.77.167.136 - - [04/Aug/2026:06:14:43 -0600] "GET /502.shtml HTTP/1.1" 404 - "-" "Mozilla/5.0 AppleWebKit/537.36 (KHTML, like Gecko; compatible; bingbot/2.0; +http://www.bing.com/bingbot.htm) Chrome/116.0.1938.76 Safari/537.36" agrolite.in 10.44.34.235
40.77.167.33 - - [04/Aug/2026:06:14:52 -0600] "GET /502.shtml HTTP/1.1" 404 - "-" "Mozilla/5.0 AppleWebKit/537.36 (KHTML, like Gecko; compatible; bingbot/2.0; +http://www.bing.com/bingbot.htm) Chrome/116.0.1938.76 Safari/537.36" agrolite.in 10.44.34.235
40.77.167.47 - - [04/Aug/2026:06:15:16 -0600] "GET /502.shtml HTTP/1.1" 404 - "-" "Mozilla/5.0 AppleWebKit/537.36 (KHTML, like Gecko; compatible; bingbot/2.0; +http://www.bing.com/bingbot.htm) Chrome/116.0.1938.76 Safari/537.36" agrolite.in 10.44.34.235
40.77.167.47 - - [04/Aug/2026:06:16:38 -0600] "GET /502.shtml HTTP/1.1" 404 - "-" "Mozilla/5.0 AppleWebKit/537.36 (KHTML, like Gecko; compatible; bingbot/2.0; +http://www.bing.com/bingbot.htm) Chrome/116.0.1938.76 Safari/537.36" agrolite.in 10.44.34.235
47.79.13.228 - - [04/Aug/2026:06:17:11 -0600] "GET /502.shtml HTTP/1.1" 404 - "https://agrolite.in/" "Mozilla/5.0 (Windows NT 10.0; Win64; x64) AppleWebKit/537.36 (KHTML, like Gecko) Chrome/135.0.0.0 Safari/537.36" agrolite.in 10.44.34.235
47.79.13.6 - - [04/Aug/2026:06:17:23 -0600] "GET /502.shtml HTTP/1.1" 301 - "https://www.agrolite.in/" "Mozilla/5.0 (Windows NT 10.0; Win64; x64) AppleWebKit/537.36 (KHTML, like Gecko) Chrome/135.0.0.0 Safari/537.36 Edg/135.0.0.0" www.agrolite.in 10.44.34.235
40.77.167.47 - - [04/Aug/2026:06:17:25 -0600] "GET /502.shtml HTTP/1.1" 404 - "-" "Mozilla/5.0 AppleWebKit/537.36 (KHTML, like Gecko; compatible; bingbot/2.0; +http://www.bing.com/bingbot.htm) Chrome/116.0.1938.76 Safari/537.36" agrolite.in 10.44.34.235
40.77.167.47 - - [04/Aug/2026:06:17:41 -0600] "GET /502.shtml HTTP/1.1" 404 - "-" "Mozilla/5.0 AppleWebKit/537.36 (KHTML, like Gecko; compatible; bingbot/2.0; +http://www.bing.com/bingbot.htm) Chrome/116.0.1938.76 Safari/537.36" agrolite.in 10.44.34.235
47.79.13.6 - - [04/Aug/2026:06:17:44 -0600] "GET /502.shtml HTTP/1.1" 301 - "https://www.agrolite.in/" "Mozilla/5.0 (Windows NT 10.0; Win64; x64) AppleWebKit/537.36 (KHTML, like Gecko) Chrome/135.0.0.0 Safari/537.36 Edg/135.0.0.0" www.agrolite.in 10.44.34.235
40.77.167.47 - - [04/Aug/2026:06:18:16 -0600] "GET /502.shtml HTTP/1.1" 404 - "-" "Mozilla/5.0 AppleWebKit/537.36 (KHTML, like Gecko; compatible; bingbot/2.0; +http://www.bing.com/bingbot.htm) Chrome/116.0.1938.76 Safari/537.36" agrolite.in 10.44.34.235
185.189.115.103 - - [04/Aug/2026:06:18:25 -0600] "GET /wp-login.php HTTP/2.0" 200 - "https://agrolite.in/" "Mozilla/5.0 (Windows NT 10.0; Win64; x64) AppleWebKit/537.36 (KHTML, like Gecko) Chrome/149.0.0.0 Safari/537.36" agrolite.in 10.44.34.235
185.189.115.103 - - [04/Aug/2026:06:19:03 -0600] "POST /xmlrpc.php HTTP/1.1" 200 206 "https://agrolite.in/" "Mozilla/5.0 (Windows NT 10.0; Win64; x64) AppleWebKit/537.36 (KHTML, like Gecko) Chrome/122.0.0.0 Safari/537.36" agrolite.in 10.44.34.235
103.152.79.199 - - [04/Aug/2026:06:19:51 -0600] "GET /wp-login.php HTTP/2.0" 200 - "-" "Mozilla/5.0 (Windows NT 10.0; Win64; x64) AppleWebKit/537.36 (KHTML, like Gecko) Chrome/150.0.0.0 Safari/537.36" agrolite.in 10.44.34.235
198.38.94.67 - - [04/Aug/2026:06:20:06 -0600] "GET /wp-login.php HTTP/2.0" 200 - "-" "Mozilla/5.0 (Windows NT 10.0; Win64; x64) AppleWebKit/537.36 (KHTML, like Gecko) Chrome/150.0.0.0 Safari/537.36" agrolite.in 10.44.34.235
47.79.13.228 - - [04/Aug/2026:06:20:11 -0600] "GET /502.shtml HTTP/1.1" 404 - "https://agrolite.in/" "Mozilla/5.0 (Windows NT 10.0; Win64; x64) AppleWebKit/537.36 (KHTML, like Gecko) Chrome/135.0.0.0 Safari/537.36" agrolite.in 10.44.34.235
40.77.167.47 - - [04/Aug/2026:06:20:25 -0600] "GET /502.shtml HTTP/1.1" 404 - "-" "Mozilla/5.0 AppleWebKit/537.36 (KHTML, like Gecko; compatible; bingbot/2.0; +http://www.bing.com/bingbot.htm) Chrome/116.0.1938.76 Safari/537.36" agrolite.in 10.44.34.235
40.77.167.47 - - [04/Aug/2026:06:20:41 -0600] "GET /502.shtml HTTP/1.1" 404 - "-" "Mozilla/5.0 AppleWebKit/537.36 (KHTML, like Gecko; compatible; bingbot/2.0; +http://www.bing.com/bingbot.htm) Chrome/116.0.1938.76 Safari/537.36" agrolite.in 10.44.34.235
47.79.13.6 - - [04/Aug/2026:06:20:44 -0600] "GET /502.shtml HTTP/1.1" 301 - "https://www.agrolite.in/" "Mozilla/5.0 (Windows NT 10.0; Win64; x64) AppleWebKit/537.36 (KHTML, like Gecko) Chrome/135.0.0.0 Safari/537.36 Edg/135.0.0.0" www.agrolite.in 10.44.34.235
103.152.79.199 - - [04/Aug/2026:06:21:43 -0600] "GET /wp-login.php HTTP/2.0" 200 - "-" "Mozilla/5.0 (Windows NT 10.0; Win64; x64) AppleWebKit/537.36 (KHTML, like Gecko) Chrome/150.0.0.0 Safari/537.36" mail.agrolite.in 10.44.34.235
92.205.108.227 - - [04/Aug/2026:06:23:14 -0600] "GET /wp-login.php HTTP/2.0" 200 - "-" "Mozilla/5.0 (Windows NT 10.0; Win64; x64) AppleWebKit/537.36 (KHTML, like Gecko) Chrome/150.0.0.0 Safari/537.36" agrolite.in 10.44.34.235
86.125.136.143 - - [04/Aug/2026:06:24:31 -0600] "GET /wp-login.php HTTP/2.0" 200 - "-" "Mozilla/5.0 (Windows NT 10.0; Win64; x64) AppleWebKit/537.36 (KHTML, like Gecko) Chrome/150.0.0.0 Safari/537.36" mail.agrolite.in 10.44.34.235
52.167.144.227 - - [04/Aug/2026:06:28:39 -0600] "GET /shopdetail/9137540/ HTTP/1.1" 404 - "-" "Mozilla/5.0 AppleWebKit/537.36 (KHTML, like Gecko; compatible; bingbot/2.0; +http://www.bing.com/bingbot.htm) Chrome/116.0.1938.76 Safari/537.36" agrolite.in 10.44.34.235
40.77.167.143 - - [04/Aug/2026:06:28:33 -0600] "GET /shopdetail/17452028/ HTTP/1.1" 404 - "-" "Mozilla/5.0 AppleWebKit/537.36 (KHTML, like Gecko; compatible; bingbot/2.0; +http://www.bing.com/bingbot.htm) Chrome/116.0.1938.76 Safari/537.36" agrolite.in 10.44.34.235
103.152.79.199 - - [04/Aug/2026:06:28:56 -0600] "GET /wp-login.php HTTP/2.0" 200 - "-" "Mozilla/5.0 (Windows NT 10.0; Win64; x64) AppleWebKit/537.36 (KHTML, like Gecko) Chrome/150.0.0.0 Safari/537.36" agrolite.in 10.44.34.235
40.77.167.154 - - [04/Aug/2026:06:29:29 -0600] "GET /shopdetail/20297317/ HTTP/1.1" 404 - "-" "Mozilla/5.0 AppleWebKit/537.36 (KHTML, like Gecko; compatible; bingbot/2.0; +http://www.bing.com/bingbot.htm) Chrome/116.0.1938.76 Safari/537.36" agrolite.in 10.44.34.235
85.203.47.116 - - [04/Aug/2026:06:28:59 -0600] "GET /wp-json/wp/v2/categories?per_page=50&page=1 HTTP/1.1" 200 14469 "-" "Mozilla/5.0 (Windows NT 10.0; Win64; x64) AppleWebKit/537.36 (KHTML, like Gecko) Chrome/143.0.0.0 Safari/537.36" agrolite.in 10.44.34.235
54.37.118.93 - - [04/Aug/2026:06:29:15 -0600] "GET /roznice-w-logowaniu-do-vox-casino-telefon-komorkowy-vs-komputer-stacjonarny-3/feed/ HTTP/1.1" 200 502 "-" "Mozilla/5.0 (compatible; AhrefsBot/7.0; +http://ahrefs.com/robot/)" agrolite.in 10.44.34.235
85.203.47.137 - - [04/Aug/2026:06:28:59 -0600] "GET /wp-json/wp/v2/categories?per_page=50&page=1 HTTP/1.1" 200 14469 "-" "Mozilla/5.0 (Macintosh; Intel Mac OS X 10_15_7) AppleWebKit/537.36 (KHTML, like Gecko) Chrome/140.0.0.0 Safari/537.36" agrolite.in 10.44.34.235
40.77.167.143 - - [04/Aug/2026:06:29:33 -0600] "GET /shopdetail/23989962/ HTTP/1.1" 404 - "-" "Mozilla/5.0 AppleWebKit/537.36 (KHTML, like Gecko; compatible; bingbot/2.0; +http://www.bing.com/bingbot.htm) Chrome/116.0.1938.76 Safari/537.36" agrolite.in 10.44.34.235
85.203.47.146 - - [04/Aug/2026:06:30:02 -0600] "POST /wp-json/wp/v2/categories HTTP/1.1" 401 124 "-" "Mozilla/5.0 (Macintosh; Intel Mac OS X 10_15_7) AppleWebKit/537.36 (KHTML, like Gecko) Chrome/140.0.0.0 Safari/537.36" agrolite.in 10.44.34.235
85.203.47.117 - - [04/Aug/2026:06:30:03 -0600] "POST /wp-json/wp/v2/categories HTTP/1.1" 401 124 "-" "Mozilla/5.0 (Windows NT 10.0; Win64; x64) AppleWebKit/537.36 (KHTML, like Gecko) Chrome/143.0.0.0 Safari/537.36" agrolite.in 10.44.34.235
40.77.167.154 - - [04/Aug/2026:06:30:29 -0600] "GET /shopdetail/24662984/ HTTP/1.1" 404 - "-" "Mozilla/5.0 AppleWebKit/537.36 (KHTML, like Gecko; compatible; bingbot/2.0; +http://www.bing.com/bingbot.htm) Chrome/116.0.1938.76 Safari/537.36" agrolite.in 10.44.34.235
40.77.167.143 - - [04/Aug/2026:06:30:33 -0600] "GET /shopdetail/4919651/ HTTP/1.1" 404 - "-" "Mozilla/5.0 AppleWebKit/537.36 (KHTML, like Gecko; compatible; bingbot/2.0; +http://www.bing.com/bingbot.htm) Chrome/116.0.1938.76 Safari/537.36" agrolite.in 10.44.34.235
51.178.48.43 - - [04/Aug/2026:06:30:44 -0600] "GET /wp-login.php HTTP/2.0" 200 - "-" "Mozilla/5.0 (Windows NT 10.0; Win64; x64) AppleWebKit/537.36 (KHTML, like Gecko) Chrome/150.0.0.0 Safari/537.36" mail.agrolite.in 10.44.34.235
85.203.47.157 - - [04/Aug/2026:06:31:09 -0600] "POST /wp-json/wp/v2/posts HTTP/1.1" 401 120 "-" "Mozilla/5.0 (Windows NT 10.0; Win64; x64) AppleWebKit/537.36 (KHTML, like Gecko) Chrome/143.0.0.0 Safari/537.36" agrolite.in 10.44.34.235
85.203.47.157 - - [04/Aug/2026:06:31:09 -0600] "POST /wp-json/wp/v2/posts HTTP/1.1" 401 120 "-" "Mozilla/5.0 (Macintosh; Intel Mac OS X 10_15_7) AppleWebKit/537.36 (KHTML, like Gecko) Chrome/140.0.0.0 Safari/537.36" agrolite.in 10.44.34.235
40.77.167.143 - - [04/Aug/2026:06:31:33 -0600] "GET /502.shtml HTTP/1.1" 404 - "-" "Mozilla/5.0 AppleWebKit/537.36 (KHTML, like Gecko; compatible; bingbot/2.0; +http://www.bing.com/bingbot.htm) Chrome/116.0.1938.76 Safari/537.36" agrolite.in 10.44.34.235
52.167.144.147 - - [04/Aug/2026:06:31:29 -0600] "GET /502.shtml HTTP/1.1" 404 - "-" "Mozilla/5.0 AppleWebKit/537.36 (KHTML, like Gecko; compatible; bingbot/2.0; +http://www.bing.com/bingbot.htm) Chrome/116.0.1938.76 Safari/537.36" agrolite.in 10.44.34.235
40.77.167.143 - - [04/Aug/2026:06:31:33 -0600] "GET /502.shtml HTTP/1.1" 404 - "-" "Mozilla/5.0 AppleWebKit/537.36 (KHTML, like Gecko; compatible; bingbot/2.0; +http://www.bing.com/bingbot.htm) Chrome/116.0.1938.76 Safari/537.36" agrolite.in 10.44.34.235
52.167.144.147 - - [04/Aug/2026:06:31:28 -0600] "GET /502.shtml HTTP/1.1" 404 - "-" "Mozilla/5.0 AppleWebKit/537.36 (KHTML, like Gecko; compatible; bingbot/2.0; +http://www.bing.com/bingbot.htm) Chrome/116.0.1938.76 Safari/537.36" agrolite.in 10.44.34.235
52.167.144.227 - - [04/Aug/2026:06:31:39 -0600] "GET /502.shtml HTTP/1.1" 404 - "-" "Mozilla/5.0 AppleWebKit/537.36 (KHTML, like Gecko; compatible; bingbot/2.0; +http://www.bing.com/bingbot.htm) Chrome/116.0.1938.76 Safari/537.36" agrolite.in 10.44.34.235
52.167.144.227 - - [04/Aug/2026:06:31:39 -0600] "GET /502.shtml HTTP/1.1" 404 - "-" "Mozilla/5.0 AppleWebKit/537.36 (KHTML, like Gecko; compatible; bingbot/2.0; +http://www.bing.com/bingbot.htm) Chrome/116.0.1938.76 Safari/537.36" agrolite.in 10.44.34.235
54.37.118.93 - - [04/Aug/2026:06:32:15 -0600] "GET /502.shtml HTTP/1.1" 404 - "-" "Mozilla/5.0 (compatible; AhrefsBot/7.0; +http://ahrefs.com/robot/)" agrolite.in 10.44.34.235
40.77.167.154 - - [04/Aug/2026:06:32:29 -0600] "GET /502.shtml HTTP/1.1" 404 - "-" "Mozilla/5.0 AppleWebKit/537.36 (KHTML, like Gecko; compatible; bingbot/2.0; +http://www.bing.com/bingbot.htm) Chrome/116.0.1938.76 Safari/537.36" agrolite.in 10.44.34.235
40.77.167.154 - - [04/Aug/2026:06:32:29 -0600] "GET /502.shtml HTTP/1.1" 404 - "-" "Mozilla/5.0 AppleWebKit/537.36 (KHTML, like Gecko; compatible; bingbot/2.0; +http://www.bing.com/bingbot.htm) Chrome/116.0.1938.76 Safari/537.36" agrolite.in 10.44.34.235
54.37.118.93 - - [04/Aug/2026:06:32:15 -0600] "GET /502.shtml HTTP/1.1" 404 - "-" "Mozilla/5.0 (compatible; AhrefsBot/7.0; +http://ahrefs.com/robot/)" agrolite.in 10.44.34.235
45.236.128.46 - - [04/Aug/2026:06:48:57 -0600] "GET /wp-login.php HTTP/2.0" 200 - "-" "Mozilla/5.0 (Windows NT 10.0; Win64; x64) AppleWebKit/537.36 (KHTML, like Gecko) Chrome/150.0.0.0 Safari/537.36" mail.agrolite.in 10.44.34.235
136.144.17.146 - - [04/Aug/2026:06:48:57 -0600] "GET /wp-json/wp/v2/categories?per_page=50&page=1 HTTP/1.1" 200 14469 "-" "Mozilla/5.0 (Windows NT 10.0; Win64; x64) AppleWebKit/537.36 (KHTML, like Gecko) Chrome/79.0.3945.130 Safari/537.36" agrolite.in 10.44.34.235
216.73.162.67 - - [04/Aug/2026:06:48:57 -0600] "GET /wp-json/wp/v2/categories?per_page=50&page=1 HTTP/1.1" 200 14469 "-" "Mozilla/5.0 (Windows NT 10.0; Win64; x64) AppleWebKit/537.36 (KHTML, like Gecko) Chrome/114.0.0.0 Safari/537.36 Edg/114.0.1264.71" agrolite.in 10.44.34.235
20.54.134.42 - - [04/Aug/2026:07:02:08 -0600] "GET /wp-login.php HTTP/2.0" 200 - "-" "Mozilla/5.0 (Windows NT 10.0; Win64; x64) AppleWebKit/537.36 (KHTML, like Gecko) Chrome/150.0.0.0 Safari/537.36" mail.agrolite.in 10.44.34.235
50.6.43.128 - - [04/Aug/2026:07:02:24 -0600] "POST /wp-cron.php?doing_wp_cron=1785848544.8425889015197753906250 HTTP/1.1" 200 - "-" "WordPress/7.0.2; https://agrolite.in" agrolite.in 10.44.34.235
50.6.43.128 - - [04/Aug/2026:07:02:24 -0600] "POST /wp-cron.php?doing_wp_cron=1785848544.9439508914947509765625 HTTP/1.1" 200 - "-" "WordPress/7.0.2; https://agrolite.in" agrolite.in 10.44.34.235
50.6.43.128 - - [04/Aug/2026:07:02:25 -0600] "POST /wp-cron.php?doing_wp_cron=1785848545.9442369937896728515625 HTTP/1.1" 200 - "-" "WordPress/7.0.2; https://agrolite.in" agrolite.in 10.44.34.235
47.79.13.6 - - [04/Aug/2026:07:02:28 -0600] "GET /shopdetail/13641784/ HTTP/1.1" 301 - "https://www.agrolite.in/" "Mozilla/5.0 (Macintosh; Intel Mac OS X 10_15_7) AppleWebKit/537.36 (KHTML, like Gecko) Chrome/135.0.0.0 Safari/537.36" www.agrolite.in 10.44.34.235
47.79.13.6 - - [04/Aug/2026:07:02:28 -0600] "GET /shopdetail/13641784/ HTTP/1.1" 301 - "https://www.agrolite.in/" "Mozilla/5.0 (Macintosh; Intel Mac OS X 10_15_7) AppleWebKit/537.36 (KHTML, like Gecko) Chrome/135.0.0.0 Safari/537.36" www.agrolite.in 10.44.34.235
86.125.136.143 - - [04/Aug/2026:07:02:31 -0600] "GET /wp-login.php HTTP/2.0" 200 - "-" "Mozilla/5.0 (Windows NT 10.0; Win64; x64) AppleWebKit/537.36 (KHTML, like Gecko) Chrome/150.0.0.0 Safari/537.36" agrolite.in 10.44.34.235
202.172.28.53 - - [04/Aug/2026:07:05:47 -0600] "GET /wp-login.php HTTP/2.0" 409 83 "-" "Mozilla/5.0 (Windows NT 10.0; Win64; x64) AppleWebKit/537.36 (KHTML, like Gecko) Chrome/150.0.0.0 Safari/537.36" website-3c98b89a.hgd.xab.mybluehost.me 10.44.34.235
50.6.43.128 - - [04/Aug/2026:07:03:29 -0600] "POST /wp-cron.php?doing_wp_cron=1785848609.0183839797973632812500 HTTP/1.1" 200 - "-" "WordPress/7.0.2; https://agrolite.in" agrolite.in 10.44.34.235
50.6.43.128 - - [04/Aug/2026:07:04:29 -0600] "POST /wp-cron.php?doing_wp_cron=1785848669.8616030216217041015625 HTTP/1.1" 200 - "-" "WordPress/7.0.2; https://agrolite.in" agrolite.in 10.44.34.235
50.6.43.128 - - [04/Aug/2026:07:04:30 -0600] "POST /wp-cron.php?doing_wp_cron=1785848670.9558320045471191406250 HTTP/1.1" 200 - "-" "WordPress/7.0.2; https://agrolite.in" agrolite.in 10.44.34.235
50.6.43.128 - - [04/Aug/2026:07:04:31 -0600] "POST /wp-cron.php?doing_wp_cron=1785848671.8437058925628662109375 HTTP/1.1" 200 - "-" "WordPress/7.0.2; https://agrolite.in" agrolite.in 10.44.34.235
50.6.43.128 - - [04/Aug/2026:07:04:31 -0600] "POST /wp-cron.php?doing_wp_cron=1785848671.8754730224609375000000 HTTP/1.1" 200 - "-" "WordPress/7.0.2; https://agrolite.in" agrolite.in 10.44.34.235
114.119.157.196 - - [04/Aug/2026:07:06:21 -0600] "GET /kak-ispolzovat-aviator-pinap-kz-mobilnaia-versiia-i-prilozhenie-dlia-igrokov-7/ HTTP/1.1" 200 - "https://agrolite.in/2026/04/19/" "Mozilla/5.0 (Linux; Android 7.0;) AppleWebKit/537.36 (HTML, like Gecko) Mobile Safari/537.36 (compatible; PetalBot;+https://webmaster.petalsearch.com/site/petalbot)" agrolite.in 10.44.34.235
114.119.157.196 - - [04/Aug/2026:07:06:21 -0600] "GET /kak-ispolzovat-aviator-pinap-kz-mobilnaia-versiia-i-prilozhenie-dlia-igrokov-7/ HTTP/1.1" 200 - "https://agrolite.in/2026/04/19/" "Mozilla/5.0 (Linux; Android 7.0;) AppleWebKit/537.36 (HTML, like Gecko) Mobile Safari/537.36 (compatible; PetalBot;+https://webmaster.petalsearch.com/site/petalbot)" agrolite.in 10.44.34.235
50.28.87.108 - - [04/Aug/2026:07:06:57 -0600] "GET /wp-login.php HTTP/2.0" 200 2207 "-" "Mozilla/5.0 (Windows NT 10.0; Win64; x64) AppleWebKit/537.36 (KHTML, like Gecko) Chrome/150.0.0.0 Safari/537.36" agrolite.in 10.44.34.235
50.28.87.108 - - [04/Aug/2026:07:06:58 -0600] "POST /wp-login.php HTTP/2.0" 200 2381 "https://agrolite.in/wp-login.php" "Mozilla/5.0 (Windows NT 10.0; Win64; x64) AppleWebKit/537.36 (KHTML, like Gecko) Chrome/150.0.0.0 Safari/537.36" agrolite.in 10.44.34.235
160.250.130.168 - - [04/Aug/2026:07:07:03 -0600] "GET /wp-login.php HTTP/2.0" 200 2207 "-" "Mozilla/5.0 (Windows NT 10.0; Win64; x64) AppleWebKit/537.36 (KHTML, like Gecko) Chrome/150.0.0.0 Safari/537.36" mail.agrolite.in 10.44.34.235
160.250.130.168 - - [04/Aug/2026:07:07:04 -0600] "POST /wp-login.php HTTP/2.0" 406 226 "https://mail.agrolite.in/wp-login.php" "Mozilla/5.0 (Windows NT 10.0; Win64; x64) AppleWebKit/537.36 (KHTML, like Gecko) Chrome/150.0.0.0 Safari/537.36" agrolite.in 10.44.34.235
20.54.134.42 - - [04/Aug/2026:07:07:30 -0600] "GET /wp-login.php HTTP/2.0" 409 83 "-" "Mozilla/5.0 (Windows NT 10.0; Win64; x64) AppleWebKit/537.36 (KHTML, like Gecko) Chrome/150.0.0.0 Safari/537.36" website-3c98b89a.hgd.xab.mybluehost.me 10.44.34.235
114.119.139.185 - - [04/Aug/2026:07:08:22 -0600] "GET /instantanea-y-destacado-articulo-destacado-%C2%B7-dentro-de-argentina-try-it-now-20bet/ HTTP/1.1" 200 - "https://agrolite.in/author/bibhuprasadswain639gmail-com/page/5/" "Mozilla/5.0 (Linux; Android 7.0;) AppleWebKit/537.36 (HTML, like Gecko) Mobile Safari/537.36 (compatible; PetalBot;+https://webmaster.petalsearch.com/site/petalbot)" agrolite.in 10.44.34.235
114.119.139.185 - - [04/Aug/2026:07:08:22 -0600] "GET /instantanea-y-destacado-articulo-destacado-%c2%b7-dentro-de-argentina-try-it-now-20bet/ HTTP/1.1" 200 - "https://agrolite.in/author/bibhuprasadswain639gmail-com/page/5/" "Mozilla/5.0 (Linux; Android 7.0;) AppleWebKit/537.36 (HTML, like Gecko) Mobile Safari/537.36 (compatible; PetalBot;+https://webmaster.petalsearch.com/site/petalbot)" agrolite.in 10.44.34.235
40.77.167.48 - - [04/Aug/2026:07:09:24 -0600] "GET /shopdetail/4197062/ HTTP/1.1" 404 - "-" "Mozilla/5.0 AppleWebKit/537.36 (KHTML, like Gecko; compatible; bingbot/2.0; +http://www.bing.com/bingbot.htm) Chrome/116.0.1938.76 Safari/537.36" agrolite.in 10.44.34.235
40.77.167.48 - - [04/Aug/2026:07:09:24 -0600] "GET /shopdetail/4197062/ HTTP/2.0" 404 - "-" "Mozilla/5.0 AppleWebKit/537.36 (KHTML, like Gecko; compatible; bingbot/2.0; +http://www.bing.com/bingbot.htm) Chrome/116.0.1938.76 Safari/537.36" agrolite.in 10.44.34.235
51.255.197.21 - - [04/Aug/2026:07:09:30 -0600] "GET /wp-login.php HTTP/2.0" 200 2207 "-" "Mozilla/5.0 (Windows NT 10.0; Win64; x64) AppleWebKit/537.36 (KHTML, like Gecko) Chrome/150.0.0.0 Safari/537.36" mail.agrolite.in 10.44.34.235
51.255.197.21 - - [04/Aug/2026:07:09:34 -0600] "POST /wp-login.php HTTP/2.0" 406 226 "https://mail.agrolite.in/wp-login.php" "Mozilla/5.0 (Windows NT 10.0; Win64; x64) AppleWebKit/537.36 (KHTML, like Gecko) Chrome/150.0.0.0 Safari/537.36" agrolite.in 10.44.34.235
47.251.12.114 - - [04/Aug/2026:07:09:59 -0600] "GET /wp-login.php HTTP/2.0" 200 2207 "-" "Mozilla/5.0 (Windows NT 10.0; Win64; x64) AppleWebKit/537.36 (KHTML, like Gecko) Chrome/150.0.0.0 Safari/537.36" agrolite.in 10.44.34.235
47.251.12.114 - - [04/Aug/2026:07:10:00 -0600] "POST /wp-login.php HTTP/2.0" 200 2364 "https://agrolite.in/wp-login.php" "Mozilla/5.0 (Windows NT 10.0; Win64; x64) AppleWebKit/537.36 (KHTML, like Gecko) Chrome/150.0.0.0 Safari/537.36" agrolite.in 10.44.34.235
86.125.136.143 - - [04/Aug/2026:07:10:12 -0600] "GET /wp-login.php HTTP/2.0" 200 2207 "-" "Mozilla/5.0 (Windows NT 10.0; Win64; x64) AppleWebKit/537.36 (KHTML, like Gecko) Chrome/150.0.0.0 Safari/537.36" mail.agrolite.in 10.44.34.235
37.44.215.122 - - [04/Aug/2026:07:10:16 -0600] "GET /wp-login.php HTTP/2.0" 200 2207 "-" "Mozilla/5.0 (Windows NT 10.0; Win64; x64) AppleWebKit/537.36 (KHTML, like Gecko) Chrome/150.0.0.0 Safari/537.36" agrolite.in 10.44.34.235
50.28.87.108 - - [04/Aug/2026:07:10:16 -0600] "GET /wp-login.php HTTP/2.0" 200 2207 "-" "Mozilla/5.0 (Windows NT 10.0; Win64; x64) AppleWebKit/537.36 (KHTML, like Gecko) Chrome/150.0.0.0 Safari/537.36" agrolite.in 10.44.34.235
37.44.215.122 - - [04/Aug/2026:07:10:18 -0600] "POST /wp-login.php HTTP/2.0" 200 2370 "https://agrolite.in/wp-login.php" "Mozilla/5.0 (Windows NT 10.0; Win64; x64) AppleWebKit/537.36 (KHTML, like Gecko) Chrome/150.0.0.0 Safari/537.36" agrolite.in 10.44.34.235
50.28.87.108 - - [04/Aug/2026:07:10:19 -0600] "POST /wp-login.php HTTP/2.0" 200 2391 "https://agrolite.in/wp-login.php" "Mozilla/5.0 (Windows NT 10.0; Win64; x64) AppleWebKit/537.36 (KHTML, like Gecko) Chrome/150.0.0.0 Safari/537.36" agrolite.in 10.44.34.235
86.125.136.143 - - [04/Aug/2026:07:10:25 -0600] "POST /wp-login.php HTTP/2.0" 406 226 "https://mail.agrolite.in/wp-login.php" "Mozilla/5.0 (Windows NT 10.0; Win64; x64) AppleWebKit/537.36 (KHTML, like Gecko) Chrome/150.0.0.0 Safari/537.36" agrolite.in 10.44.34.235
103.155.85.173 - - [04/Aug/2026:07:11:07 -0600] "GET /wp-login.php HTTP/2.0" 409 83 "-" "Mozilla/5.0 (Windows NT 10.0; Win64; x64) AppleWebKit/537.36 (KHTML, like Gecko) Chrome/150.0.0.0 Safari/537.36" website-3c98b89a.hgd.xab.mybluehost.me 10.44.34.235
66.132.172.109 - - [04/Aug/2026:07:12:12 -0600] "GET / HTTP/1.1" 200 - "-" "Mozilla/5.0 (compatible; CensysInspect/1.1; +https://about.censys.io/)" agrolite.in 10.44.34.235
66.132.172.109 - - [04/Aug/2026:07:12:12 -0600] "GET / HTTP/1.1" 200 - "-" "Mozilla/5.0 (compatible; CensysInspect/1.1; +https://about.censys.io/)" agrolite.in 10.44.34.235
66.132.172.109 - - [04/Aug/2026:07:12:17 -0600] "GET /favicon.ico HTTP/1.1" 302 - "-" "Mozilla/5.0 (compatible; CensysInspect/1.1; +https://about.censys.io/)" agrolite.in 10.44.34.235
66.132.172.109 - - [04/Aug/2026:07:12:17 -0600] "GET /favicon.ico HTTP/1.1" 302 - "-" "Mozilla/5.0 (compatible; CensysInspect/1.1; +https://about.censys.io/)" agrolite.in 10.44.34.235
198.38.94.67 - - [04/Aug/2026:07:12:36 -0600] "GET /wp-login.php HTTP/2.0" 409 83 "-" "Mozilla/5.0 (Windows NT 10.0; Win64; x64) AppleWebKit/537.36 (KHTML, like Gecko) Chrome/150.0.0.0 Safari/537.36" website-3c98b89a.hgd.xab.mybluehost.me 10.44.34.235
119.148.103.26 - - [04/Aug/2026:07:13:14 -0600] "POST /xmlrpc.php HTTP/1.1" 200 403 "-" "Jetpack by WordPress.com (Jetpack 12.0; WordPress 6.1)" agrolite.in 10.44.34.235
52.167.144.25 - - [04/Aug/2026:07:14:42 -0600] "GET /shopdetail/24468295/ HTTP/1.1" 404 - "-" "Mozilla/5.0 AppleWebKit/537.36 (KHTML, like Gecko; compatible; bingbot/2.0; +http://www.bing.com/bingbot.htm) Chrome/116.0.1938.76 Safari/537.36" agrolite.in 10.44.34.235
52.167.144.25 - - [04/Aug/2026:07:14:42 -0600] "GET /shopdetail/24468295/ HTTP/2.0" 404 - "-" "Mozilla/5.0 AppleWebKit/537.36 (KHTML, like Gecko; compatible; bingbot/2.0; +http://www.bing.com/bingbot.htm) Chrome/116.0.1938.76 Safari/537.36" agrolite.in 10.44.34.235
52.167.144.169 - - [04/Aug/2026:07:14:46 -0600] "GET /shopdetail/12259406/ HTTP/2.0" 404 - "-" "Mozilla/5.0 AppleWebKit/537.36 (KHTML, like Gecko; compatible; bingbot/2.0; +http://www.bing.com/bingbot.htm) Chrome/116.0.1938.76 Safari/537.36" agrolite.in 10.44.34.235
52.167.144.169 - - [04/Aug/2026:07:14:46 -0600] "GET /shopdetail/12259406/ HTTP/1.1" 404 - "-" "Mozilla/5.0 AppleWebKit/537.36 (KHTML, like Gecko; compatible; bingbot/2.0; +http://www.bing.com/bingbot.htm) Chrome/116.0.1938.76 Safari/537.36" agrolite.in 10.44.34.235
52.167.144.139 - - [04/Aug/2026:07:14:46 -0600] "GET /shopdetail/18694306/ HTTP/1.1" 404 - "-" "Mozilla/5.0 AppleWebKit/537.36 (KHTML, like Gecko; compatible; bingbot/2.0; +http://www.bing.com/bingbot.htm) Chrome/116.0.1938.76 Safari/537.36" agrolite.in 10.44.34.235
52.167.144.139 - - [04/Aug/2026:07:14:46 -0600] "GET /shopdetail/18694306/ HTTP/2.0" 404 - "-" "Mozilla/5.0 AppleWebKit/537.36 (KHTML, like Gecko; compatible; bingbot/2.0; +http://www.bing.com/bingbot.htm) Chrome/116.0.1938.76 Safari/537.36" agrolite.in 10.44.34.235
52.167.144.183 - - [04/Aug/2026:07:14:55 -0600] "GET /shopdetail/2611851/ HTTP/1.1" 404 - "-" "Mozilla/5.0 AppleWebKit/537.36 (KHTML, like Gecko; compatible; bingbot/2.0; +http://www.bing.com/bingbot.htm) Chrome/116.0.1938.76 Safari/537.36" agrolite.in 10.44.34.235
52.167.144.183 - - [04/Aug/2026:07:14:55 -0600] "GET /shopdetail/2611851/ HTTP/2.0" 404 - "-" "Mozilla/5.0 AppleWebKit/537.36 (KHTML, like Gecko; compatible; bingbot/2.0; +http://www.bing.com/bingbot.htm) Chrome/116.0.1938.76 Safari/537.36" agrolite.in 10.44.34.235
52.167.144.139 - - [04/Aug/2026:07:15:04 -0600] "GET /shopdetail/2977884/ HTTP/1.1" 404 - "-" "Mozilla/5.0 AppleWebKit/537.36 (KHTML, like Gecko; compatible; bingbot/2.0; +http://www.bing.com/bingbot.htm) Chrome/116.0.1938.76 Safari/537.36" agrolite.in 10.44.34.235
52.167.144.139 - - [04/Aug/2026:07:15:04 -0600] "GET /shopdetail/2977884/ HTTP/2.0" 404 - "-" "Mozilla/5.0 AppleWebKit/537.36 (KHTML, like Gecko; compatible; bingbot/2.0; +http://www.bing.com/bingbot.htm) Chrome/116.0.1938.76 Safari/537.36" agrolite.in 10.44.34.235
52.167.144.139 - - [04/Aug/2026:07:15:05 -0600] "GET /shopdetail/12611539/ HTTP/1.1" 404 - "-" "Mozilla/5.0 AppleWebKit/537.36 (KHTML, like Gecko; compatible; bingbot/2.0; +http://www.bing.com/bingbot.htm) Chrome/116.0.1938.76 Safari/537.36" agrolite.in 10.44.34.235
52.167.144.139 - - [04/Aug/2026:07:15:05 -0600] "GET /shopdetail/12611539/ HTTP/2.0" 404 - "-" "Mozilla/5.0 AppleWebKit/537.36 (KHTML, like Gecko; compatible; bingbot/2.0; +http://www.bing.com/bingbot.htm) Chrome/116.0.1938.76 Safari/537.36" agrolite.in 10.44.34.235
52.167.144.139 - - [04/Aug/2026:07:15:06 -0600] "GET /shopdetail/3196540/ HTTP/1.1" 404 - "-" "Mozilla/5.0 AppleWebKit/537.36 (KHTML, like Gecko; compatible; bingbot/2.0; +http://www.bing.com/bingbot.htm) Chrome/116.0.1938.76 Safari/537.36" agrolite.in 10.44.34.235
52.167.144.139 - - [04/Aug/2026:07:15:06 -0600] "GET /shopdetail/3196540/ HTTP/2.0" 404 - "-" "Mozilla/5.0 AppleWebKit/537.36 (KHTML, like Gecko; compatible; bingbot/2.0; +http://www.bing.com/bingbot.htm) Chrome/116.0.1938.76 Safari/537.36" agrolite.in 10.44.34.235
52.167.144.183 - - [04/Aug/2026:07:15:09 -0600] "GET /shopdetail/7887662/ HTTP/1.1" 404 - "-" "Mozilla/5.0 AppleWebKit/537.36 (KHTML, like Gecko; compatible; bingbot/2.0; +http://www.bing.com/bingbot.htm) Chrome/116.0.1938.76 Safari/537.36" agrolite.in 10.44.34.235
52.167.144.183 - - [04/Aug/2026:07:15:09 -0600] "GET /shopdetail/7887662/ HTTP/2.0" 404 - "-" "Mozilla/5.0 AppleWebKit/537.36 (KHTML, like Gecko; compatible; bingbot/2.0; +http://www.bing.com/bingbot.htm) Chrome/116.0.1938.76 Safari/537.36" agrolite.in 10.44.34.235
52.167.144.183 - - [04/Aug/2026:07:15:10 -0600] "GET /shopdetail/5917328/ HTTP/1.1" 404 - "-" "Mozilla/5.0 AppleWebKit/537.36 (KHTML, like Gecko; compatible; bingbot/2.0; +http://www.bing.com/bingbot.htm) Chrome/116.0.1938.76 Safari/537.36" agrolite.in 10.44.34.235
52.167.144.183 - - [04/Aug/2026:07:15:10 -0600] "GET /shopdetail/5917328/ HTTP/2.0" 404 - "-" "Mozilla/5.0 AppleWebKit/537.36 (KHTML, like Gecko; compatible; bingbot/2.0; +http://www.bing.com/bingbot.htm) Chrome/116.0.1938.76 Safari/537.36" agrolite.in 10.44.34.235
