57.141.0.65 - - [04/Aug/2026:12:19:01 -0600] "GET /items/T345334938/ HTTP/2.0" 404 7756 "-" "Mozilla/5.0 (Macintosh; Intel Mac OS X 10_15_7) AppleWebKit/537.36 (KHTML, like Gecko) Chrome/145.0.0.0 Safari/537.36 (compatible; meta-externalagent/1.1 (+https://developers.facebook.com/docs/sharing/webmasters/crawler))" ayukiestate.com 10.44.34.235
74.7.241.25 - - [04/Aug/2026:12:19:10 -0600] "GET /sitemap-10.xml HTTP/1.1" 404 8623 "-" "Mozilla/5.0 AppleWebKit/537.36 (KHTML, like Gecko; compatible; GPTBot/1.4; +https://openai.com/gptbot)" ayukiestate.com 10.44.34.235
74.7.241.25 - - [04/Aug/2026:12:19:10 -0600] "GET /sitemap-10.xml HTTP/2.0" 404 7756 "-" "Mozilla/5.0 AppleWebKit/537.36 (KHTML, like Gecko; compatible; GPTBot/1.4; +https://openai.com/gptbot)" ayukiestate.com 10.44.34.235
57.141.0.32 - - [04/Aug/2026:12:19:36 -0600] "GET /items/T342798262/ HTTP/1.1" 404 8624 "-" "Mozilla/5.0 (Macintosh; Intel Mac OS X 10_15_7) AppleWebKit/537.36 (KHTML, like Gecko) Chrome/145.0.0.0 Safari/537.36 (compatible; meta-externalagent/1.1 (+https://developers.facebook.com/docs/sharing/webmasters/crawler))" ayukiestate.com 10.44.34.235
57.141.0.32 - - [04/Aug/2026:12:19:36 -0600] "GET /items/T342798262/ HTTP/2.0" 404 7734 "-" "Mozilla/5.0 (Macintosh; Intel Mac OS X 10_15_7) AppleWebKit/537.36 (KHTML, like Gecko) Chrome/145.0.0.0 Safari/537.36 (compatible; meta-externalagent/1.1 (+https://developers.facebook.com/docs/sharing/webmasters/crawler))" ayukiestate.com 10.44.34.235
57.141.0.61 - - [04/Aug/2026:12:20:11 -0600] "GET /items/T344110444/ HTTP/1.1" 404 8623 "-" "Mozilla/5.0 (Windows NT 10.0; Win64; x64) AppleWebKit/537.36 (KHTML, like Gecko) Chrome/145.0.0.0 Safari/537.36 Edg/145.0.0.0 (compatible; meta-externalagent/1.1 (+https://developers.facebook.com/docs/sharing/webmasters/crawler))" ayukiestate.com 10.44.34.235
57.141.0.61 - - [04/Aug/2026:12:20:11 -0600] "GET /items/T344110444/ HTTP/2.0" 404 7734 "-" "Mozilla/5.0 (Windows NT 10.0; Win64; x64) AppleWebKit/537.36 (KHTML, like Gecko) Chrome/145.0.0.0 Safari/537.36 Edg/145.0.0.0 (compatible; meta-externalagent/1.1 (+https://developers.facebook.com/docs/sharing/webmasters/crawler))" ayukiestate.com 10.44.34.235
74.7.241.25 - - [04/Aug/2026:12:20:12 -0600] "GET /sitemap-14.xml HTTP/1.1" 404 8625 "-" "Mozilla/5.0 AppleWebKit/537.36 (KHTML, like Gecko; compatible; GPTBot/1.4; +https://openai.com/gptbot)" ayukiestate.com 10.44.34.235
74.7.241.25 - - [04/Aug/2026:12:20:12 -0600] "GET /sitemap-14.xml HTTP/2.0" 404 7756 "-" "Mozilla/5.0 AppleWebKit/537.36 (KHTML, like Gecko; compatible; GPTBot/1.4; +https://openai.com/gptbot)" ayukiestate.com 10.44.34.235
57.141.0.3 - - [04/Aug/2026:12:20:47 -0600] "GET /shopdetail/a3904fc1870286 HTTP/1.1" 404 8625 "-" "Mozilla/5.0 (Macintosh; Intel Mac OS X 10_15_7) AppleWebKit/537.36 (KHTML, like Gecko) Chrome/145.0.0.0 Safari/537.36 (compatible; meta-externalagent/1.1 (+https://developers.facebook.com/docs/sharing/webmasters/crawler))" ayukiestate.com 10.44.34.235
57.141.0.3 - - [04/Aug/2026:12:20:47 -0600] "GET /shopdetail/a3904fc1870286 HTTP/2.0" 404 7756 "-" "Mozilla/5.0 (Macintosh; Intel Mac OS X 10_15_7) AppleWebKit/537.36 (KHTML, like Gecko) Chrome/145.0.0.0 Safari/537.36 (compatible; meta-externalagent/1.1 (+https://developers.facebook.com/docs/sharing/webmasters/crawler))" ayukiestate.com 10.44.34.235
74.7.241.25 - - [04/Aug/2026:12:21:15 -0600] "GET /sitemap-11.xml HTTP/1.1" 404 8622 "-" "Mozilla/5.0 AppleWebKit/537.36 (KHTML, like Gecko; compatible; GPTBot/1.4; +https://openai.com/gptbot)" ayukiestate.com 10.44.34.235
74.7.241.25 - - [04/Aug/2026:12:21:15 -0600] "GET /sitemap-11.xml HTTP/2.0" 404 7756 "-" "Mozilla/5.0 AppleWebKit/537.36 (KHTML, like Gecko; compatible; GPTBot/1.4; +https://openai.com/gptbot)" ayukiestate.com 10.44.34.235
57.141.0.59 - - [04/Aug/2026:12:21:24 -0600] "GET /shopdetail/659315e5185614 HTTP/1.1" 404 8623 "-" "Mozilla/5.0 (Windows NT 10.0; Win64; x64) AppleWebKit/537.36 (KHTML, like Gecko) Chrome/145.0.0.0 Safari/537.36 (compatible; meta-externalagent/1.1 (+https://developers.facebook.com/docs/sharing/webmasters/crawler))" ayukiestate.com 10.44.34.235
57.141.0.59 - - [04/Aug/2026:12:21:24 -0600] "GET /shopdetail/659315e5185614 HTTP/2.0" 404 7756 "-" "Mozilla/5.0 (Windows NT 10.0; Win64; x64) AppleWebKit/537.36 (KHTML, like Gecko) Chrome/145.0.0.0 Safari/537.36 (compatible; meta-externalagent/1.1 (+https://developers.facebook.com/docs/sharing/webmasters/crawler))" ayukiestate.com 10.44.34.235
57.141.0.12 - - [04/Aug/2026:12:21:57 -0600] "GET /shopdetail/405f60d2644329 HTTP/1.1" 404 8624 "-" "Mozilla/5.0 (Windows NT 10.0; Win64; x64) AppleWebKit/537.36 (KHTML, like Gecko) Chrome/145.0.0.0 Safari/537.36 (compatible; meta-externalagent/1.1 (+https://developers.facebook.com/docs/sharing/webmasters/crawler))" ayukiestate.com 10.44.34.235
57.141.0.12 - - [04/Aug/2026:12:21:57 -0600] "GET /shopdetail/405f60d2644329 HTTP/2.0" 404 7756 "-" "Mozilla/5.0 (Windows NT 10.0; Win64; x64) AppleWebKit/537.36 (KHTML, like Gecko) Chrome/145.0.0.0 Safari/537.36 (compatible; meta-externalagent/1.1 (+https://developers.facebook.com/docs/sharing/webmasters/crawler))" ayukiestate.com 10.44.34.235
74.7.241.25 - - [04/Aug/2026:12:22:15 -0600] "GET /sitemap-20.xml HTTP/1.1" 404 8624 "-" "Mozilla/5.0 AppleWebKit/537.36 (KHTML, like Gecko; compatible; GPTBot/1.4; +https://openai.com/gptbot)" ayukiestate.com 10.44.34.235
74.7.241.25 - - [04/Aug/2026:12:22:15 -0600] "GET /sitemap-20.xml HTTP/2.0" 502 - "-" "Mozilla/5.0 AppleWebKit/537.36 (KHTML, like Gecko; compatible; GPTBot/1.4; +https://openai.com/gptbot)" ayukiestate.com 10.44.34.235
57.141.0.67 - - [04/Aug/2026:12:22:33 -0600] "GET /items/T346866634/ HTTP/2.0" 502 - "-" "Mozilla/5.0 (Macintosh; Intel Mac OS X 10_15_7) AppleWebKit/537.36 (KHTML, like Gecko) Chrome/145.0.0.0 Safari/537.36 (compatible; meta-externalagent/1.1 (+https://developers.facebook.com/docs/sharing/webmasters/crawler))" ayukiestate.com 10.44.34.235
57.141.0.46 - - [04/Aug/2026:12:23:09 -0600] "GET /items/T341731103/ HTTP/2.0" 502 - "-" "Mozilla/5.0 (Windows NT 10.0; Win64; x64) AppleWebKit/537.36 (KHTML, like Gecko) Chrome/145.0.0.0 Safari/537.36 (compatible; meta-externalagent/1.1 (+https://developers.facebook.com/docs/sharing/webmasters/crawler))" ayukiestate.com 10.44.34.235
57.141.0.67 - - [04/Aug/2026:12:22:33 -0600] "GET /items/T346866634/ HTTP/1.1" 404 8624 "-" "Mozilla/5.0 (Macintosh; Intel Mac OS X 10_15_7) AppleWebKit/537.36 (KHTML, like Gecko) Chrome/145.0.0.0 Safari/537.36 (compatible; meta-externalagent/1.1 (+https://developers.facebook.com/docs/sharing/webmasters/crawler))" ayukiestate.com 10.44.34.235
74.7.241.25 - - [04/Aug/2026:12:23:18 -0600] "GET /sitemap-19.xml HTTP/2.0" 502 - "-" "Mozilla/5.0 AppleWebKit/537.36 (KHTML, like Gecko; compatible; GPTBot/1.4; +https://openai.com/gptbot)" ayukiestate.com 10.44.34.235
57.141.0.50 - - [04/Aug/2026:12:23:44 -0600] "GET /shopdetail/8d71c701058666 HTTP/2.0" 502 - "-" "Mozilla/5.0 (Windows NT 10.0; Win64; x64) AppleWebKit/537.36 (KHTML, like Gecko) Chrome/145.0.0.0 Safari/537.36 (compatible; meta-externalagent/1.1 (+https://developers.facebook.com/docs/sharing/webmasters/crawler))" ayukiestate.com 10.44.34.235
57.141.0.46 - - [04/Aug/2026:12:23:09 -0600] "GET /items/T341731103/ HTTP/1.1" 404 8624 "-" "Mozilla/5.0 (Windows NT 10.0; Win64; x64) AppleWebKit/537.36 (KHTML, like Gecko) Chrome/145.0.0.0 Safari/537.36 (compatible; meta-externalagent/1.1 (+https://developers.facebook.com/docs/sharing/webmasters/crawler))" ayukiestate.com 10.44.34.235
74.7.241.25 - - [04/Aug/2026:12:23:18 -0600] "GET /sitemap-19.xml HTTP/1.1" 404 8624 "-" "Mozilla/5.0 AppleWebKit/537.36 (KHTML, like Gecko; compatible; GPTBot/1.4; +https://openai.com/gptbot)" ayukiestate.com 10.44.34.235
57.141.0.50 - - [04/Aug/2026:12:23:44 -0600] "GET /shopdetail/8d71c701058666 HTTP/1.1" 404 8624 "-" "Mozilla/5.0 (Windows NT 10.0; Win64; x64) AppleWebKit/537.36 (KHTML, like Gecko) Chrome/145.0.0.0 Safari/537.36 (compatible; meta-externalagent/1.1 (+https://developers.facebook.com/docs/sharing/webmasters/crawler))" ayukiestate.com 10.44.34.235
57.141.0.64 - - [04/Aug/2026:12:24:20 -0600] "GET /shopdetail/b70e92f2194349 HTTP/2.0" 502 - "-" "Mozilla/5.0 (Macintosh; Intel Mac OS X 10_15_7) AppleWebKit/537.36 (KHTML, like Gecko) Chrome/145.0.0.0 Safari/537.36 (compatible; meta-externalagent/1.1 (+https://developers.facebook.com/docs/sharing/webmasters/crawler))" ayukiestate.com 10.44.34.235
57.141.0.64 - - [04/Aug/2026:12:24:20 -0600] "GET /shopdetail/b70e92f2194349 HTTP/1.1" 404 8621 "-" "Mozilla/5.0 (Macintosh; Intel Mac OS X 10_15_7) AppleWebKit/537.36 (KHTML, like Gecko) Chrome/145.0.0.0 Safari/537.36 (compatible; meta-externalagent/1.1 (+https://developers.facebook.com/docs/sharing/webmasters/crawler))" ayukiestate.com 10.44.34.235
57.141.0.9 - - [04/Aug/2026:12:24:55 -0600] "GET /items/T344005591/ HTTP/2.0" 502 - "-" "Mozilla/5.0 (Windows NT 10.0; Win64; x64) AppleWebKit/537.36 (KHTML, like Gecko) Chrome/145.0.0.0 Safari/537.36 (compatible; meta-externalagent/1.1 (+https://developers.facebook.com/docs/sharing/webmasters/crawler))" ayukiestate.com 10.44.34.235
57.141.0.9 - - [04/Aug/2026:12:24:55 -0600] "GET /items/T344005591/ HTTP/1.1" 404 8625 "-" "Mozilla/5.0 (Windows NT 10.0; Win64; x64) AppleWebKit/537.36 (KHTML, like Gecko) Chrome/145.0.0.0 Safari/537.36 (compatible; meta-externalagent/1.1 (+https://developers.facebook.com/docs/sharing/webmasters/crawler))" ayukiestate.com 10.44.34.235
188.126.89.85 - - [04/Aug/2026:12:25:29 -0600] "GET /2026/07/26/understanding-the-value-of-1-sweeps-coin/ HTTP/1.1" 502 - "https://ayukiestate.com/" "Mozilla/5.0 (X11; Linux x86_64) AppleWebKit/537.36 (KHTML, like Gecko) Chrome/131.0.0.0 Safari/537.36" ayukiestate.com 10.44.34.235
57.141.0.4 - - [04/Aug/2026:12:25:30 -0600] "GET /items/T342336435/ HTTP/2.0" 502 - "-" "Mozilla/5.0 (Windows NT 10.0; Win64; x64) AppleWebKit/537.36 (KHTML, like Gecko) Chrome/145.0.0.0 Safari/537.36 (compatible; meta-externalagent/1.1 (+https://developers.facebook.com/docs/sharing/webmasters/crawler))" ayukiestate.com 10.44.34.235
74.7.241.25 - - [04/Aug/2026:12:25:16 -0600] "GET /502.shtml HTTP/1.1" 404 8625 "-" "Mozilla/5.0 AppleWebKit/537.36 (KHTML, like Gecko; compatible; GPTBot/1.4; +https://openai.com/gptbot)" ayukiestate.com 10.44.34.235
74.7.241.25 - - [04/Aug/2026:12:25:16 -0600] "GET /502.shtml HTTP/1.1" 404 8624 "-" "Mozilla/5.0 AppleWebKit/537.36 (KHTML, like Gecko; compatible; GPTBot/1.4; +https://openai.com/gptbot)" ayukiestate.com 10.44.34.235
188.126.89.85 - - [04/Aug/2026:12:25:29 -0600] "GET /2026/07/26/understanding-the-value-of-1-sweeps-coin/ HTTP/1.1" 500 6277 "https://ayukiestate.com/" "Mozilla/5.0 (X11; Linux x86_64) AppleWebKit/537.36 (KHTML, like Gecko) Chrome/131.0.0.0 Safari/537.36" ayukiestate.com 10.44.34.235
57.141.0.4 - - [04/Aug/2026:12:25:30 -0600] "GET /items/T342336435/ HTTP/1.1" 404 8624 "-" "Mozilla/5.0 (Windows NT 10.0; Win64; x64) AppleWebKit/537.36 (KHTML, like Gecko) Chrome/145.0.0.0 Safari/537.36 (compatible; meta-externalagent/1.1 (+https://developers.facebook.com/docs/sharing/webmasters/crawler))" ayukiestate.com 10.44.34.235
57.141.0.67 - - [04/Aug/2026:12:25:33 -0600] "GET /502.shtml HTTP/1.1" 404 8625 "-" "Mozilla/5.0 (Macintosh; Intel Mac OS X 10_15_7) AppleWebKit/537.36 (KHTML, like Gecko) Chrome/145.0.0.0 Safari/537.36 (compatible; meta-externalagent/1.1 (+https://developers.facebook.com/docs/sharing/webmasters/crawler))" ayukiestate.com 10.44.34.235
57.141.0.67 - - [04/Aug/2026:12:25:33 -0600] "GET /502.shtml HTTP/1.1" 404 8623 "-" "Mozilla/5.0 (Macintosh; Intel Mac OS X 10_15_7) AppleWebKit/537.36 (KHTML, like Gecko) Chrome/145.0.0.0 Safari/537.36 (compatible; meta-externalagent/1.1 (+https://developers.facebook.com/docs/sharing/webmasters/crawler))" ayukiestate.com 10.44.34.235
57.141.0.43 - - [04/Aug/2026:12:26:05 -0600] "GET /shopdetail/c3b50113978046 HTTP/2.0" 502 - "-" "Mozilla/5.0 (X11; Linux x86_64) AppleWebKit/537.36 (KHTML, like Gecko) Chrome/145.0.0.0 Safari/537.36 (compatible; meta-externalagent/1.1 (+https://developers.facebook.com/docs/sharing/webmasters/crawler))" ayukiestate.com 10.44.34.235
188.126.89.85 - - [04/Aug/2026:12:26:10 -0600] "GET /2026/07/26/understanding-the-value-of-1-sweeps-coin/ HTTP/1.1" 502 - "https://ayukiestate.com/" "Mozilla/5.0 (X11; Linux x86_64) AppleWebKit/537.36 (KHTML, like Gecko) Chrome/131.0.0.0 Safari/537.36" ayukiestate.com 10.44.34.235
57.141.0.43 - - [04/Aug/2026:12:26:05 -0600] "GET /shopdetail/c3b50113978046 HTTP/1.1" 404 8622 "-" "Mozilla/5.0 (X11; Linux x86_64) AppleWebKit/537.36 (KHTML, like Gecko) Chrome/145.0.0.0 Safari/537.36 (compatible; meta-externalagent/1.1 (+https://developers.facebook.com/docs/sharing/webmasters/crawler))" ayukiestate.com 10.44.34.235
57.141.0.46 - - [04/Aug/2026:12:26:10 -0600] "GET /502.shtml HTTP/1.1" 404 8622 "-" "Mozilla/5.0 (Windows NT 10.0; Win64; x64) AppleWebKit/537.36 (KHTML, like Gecko) Chrome/145.0.0.0 Safari/537.36 (compatible; meta-externalagent/1.1 (+https://developers.facebook.com/docs/sharing/webmasters/crawler))" ayukiestate.com 10.44.34.235
57.141.0.46 - - [04/Aug/2026:12:26:10 -0600] "GET /502.shtml HTTP/1.1" 404 8624 "-" "Mozilla/5.0 (Windows NT 10.0; Win64; x64) AppleWebKit/537.36 (KHTML, like Gecko) Chrome/145.0.0.0 Safari/537.36 (compatible; meta-externalagent/1.1 (+https://developers.facebook.com/docs/sharing/webmasters/crawler))" ayukiestate.com 10.44.34.235
188.126.89.85 - - [04/Aug/2026:12:26:10 -0600] "GET /2026/07/26/understanding-the-value-of-1-sweeps-coin/ HTTP/1.1" 500 6275 "https://ayukiestate.com/" "Mozilla/5.0 (X11; Linux x86_64) AppleWebKit/537.36 (KHTML, like Gecko) Chrome/131.0.0.0 Safari/537.36" ayukiestate.com 10.44.34.235
57.141.0.10 - - [04/Aug/2026:12:26:41 -0600] "GET /items/T344672577/ HTTP/2.0" 502 - "-" "Mozilla/5.0 (Windows NT 10.0; Win64; x64) AppleWebKit/537.36 (KHTML, like Gecko) Chrome/145.0.0.0 Safari/537.36 (compatible; meta-externalagent/1.1 (+https://developers.facebook.com/docs/sharing/webmasters/crawler))" ayukiestate.com 10.44.34.235
188.126.89.85 - - [04/Aug/2026:12:26:50 -0600] "GET /2026/07/26/understanding-the-value-of-1-sweeps-coin/ HTTP/1.1" 502 - "https://ayukiestate.com/" "Mozilla/5.0 (X11; Linux x86_64) AppleWebKit/537.36 (KHTML, like Gecko) Chrome/131.0.0.0 Safari/537.36" ayukiestate.com 10.44.34.235
74.7.241.25 - - [04/Aug/2026:12:26:18 -0600] "GET /502.shtml HTTP/1.1" 503 468 "-" "Mozilla/5.0 AppleWebKit/537.36 (KHTML, like Gecko; compatible; GPTBot/1.4; +https://openai.com/gptbot)" ayukiestate.com 10.44.34.235
74.7.241.25 - - [04/Aug/2026:12:26:18 -0600] "GET /502.shtml HTTP/1.1" 503 468 "-" "Mozilla/5.0 AppleWebKit/537.36 (KHTML, like Gecko; compatible; GPTBot/1.4; +https://openai.com/gptbot)" ayukiestate.com 10.44.34.235
188.126.89.85 - - [04/Aug/2026:12:26:50 -0600] "GET /2026/07/26/understanding-the-value-of-1-sweeps-coin/ HTTP/1.1" 500 6276 "https://ayukiestate.com/" "Mozilla/5.0 (X11; Linux x86_64) AppleWebKit/537.36 (KHTML, like Gecko) Chrome/131.0.0.0 Safari/537.36" ayukiestate.com 10.44.34.235
57.141.0.50 - - [04/Aug/2026:12:26:44 -0600] "GET /502.shtml HTTP/1.1" 404 8624 "-" "Mozilla/5.0 (Windows NT 10.0; Win64; x64) AppleWebKit/537.36 (KHTML, like Gecko) Chrome/145.0.0.0 Safari/537.36 (compatible; meta-externalagent/1.1 (+https://developers.facebook.com/docs/sharing/webmasters/crawler))" ayukiestate.com 10.44.34.235
57.141.0.50 - - [04/Aug/2026:12:26:44 -0600] "GET /502.shtml HTTP/1.1" 404 8621 "-" "Mozilla/5.0 (Windows NT 10.0; Win64; x64) AppleWebKit/537.36 (KHTML, like Gecko) Chrome/145.0.0.0 Safari/537.36 (compatible; meta-externalagent/1.1 (+https://developers.facebook.com/docs/sharing/webmasters/crawler))" ayukiestate.com 10.44.34.235
57.141.0.10 - - [04/Aug/2026:12:26:41 -0600] "GET /items/T344672577/ HTTP/1.1" 404 8623 "-" "Mozilla/5.0 (Windows NT 10.0; Win64; x64) AppleWebKit/537.36 (KHTML, like Gecko) Chrome/145.0.0.0 Safari/537.36 (compatible; meta-externalagent/1.1 (+https://developers.facebook.com/docs/sharing/webmasters/crawler))" ayukiestate.com 10.44.34.235
57.141.0.2 - - [04/Aug/2026:12:27:17 -0600] "GET /items/T343256222/ HTTP/1.1" 404 8624 "-" "Mozilla/5.0 (X11; Linux x86_64) AppleWebKit/537.36 (KHTML, like Gecko) Chrome/145.0.0.0 Safari/537.36 (compatible; meta-externalagent/1.1 (+https://developers.facebook.com/docs/sharing/webmasters/crawler))" ayukiestate.com 10.44.34.235
57.141.0.64 - - [04/Aug/2026:12:27:20 -0600] "GET /502.shtml HTTP/1.1" 404 8625 "-" "Mozilla/5.0 (Macintosh; Intel Mac OS X 10_15_7) AppleWebKit/537.36 (KHTML, like Gecko) Chrome/145.0.0.0 Safari/537.36 (compatible; meta-externalagent/1.1 (+https://developers.facebook.com/docs/sharing/webmasters/crawler))" ayukiestate.com 10.44.34.235
57.141.0.64 - - [04/Aug/2026:12:27:20 -0600] "GET /502.shtml HTTP/1.1" 404 8622 "-" "Mozilla/5.0 (Macintosh; Intel Mac OS X 10_15_7) AppleWebKit/537.36 (KHTML, like Gecko) Chrome/145.0.0.0 Safari/537.36 (compatible; meta-externalagent/1.1 (+https://developers.facebook.com/docs/sharing/webmasters/crawler))" ayukiestate.com 10.44.34.235
57.141.0.1 - - [04/Aug/2026:12:27:52 -0600] "GET /items/T347360305/ HTTP/1.1" 404 8624 "-" "Mozilla/5.0 (Windows NT 10.0; Win64; x64) AppleWebKit/537.36 (KHTML, like Gecko) Chrome/145.0.0.0 Safari/537.36 (compatible; meta-externalagent/1.1 (+https://developers.facebook.com/docs/sharing/webmasters/crawler))" ayukiestate.com 10.44.34.235
57.141.0.9 - - [04/Aug/2026:12:27:55 -0600] "GET /502.shtml HTTP/1.1" 404 8620 "-" "Mozilla/5.0 (Windows NT 10.0; Win64; x64) AppleWebKit/537.36 (KHTML, like Gecko) Chrome/145.0.0.0 Safari/537.36 (compatible; meta-externalagent/1.1 (+https://developers.facebook.com/docs/sharing/webmasters/crawler))" ayukiestate.com 10.44.34.235
57.141.0.9 - - [04/Aug/2026:12:27:55 -0600] "GET /502.shtml HTTP/1.1" 404 8626 "-" "Mozilla/5.0 (Windows NT 10.0; Win64; x64) AppleWebKit/537.36 (KHTML, like Gecko) Chrome/145.0.0.0 Safari/537.36 (compatible; meta-externalagent/1.1 (+https://developers.facebook.com/docs/sharing/webmasters/crawler))" ayukiestate.com 10.44.34.235
74.7.241.25 - - [04/Aug/2026:12:28:16 -0600] "GET /502.shtml HTTP/1.1" 404 8625 "-" "Mozilla/5.0 AppleWebKit/537.36 (KHTML, like Gecko; compatible; GPTBot/1.4; +https://openai.com/gptbot)" ayukiestate.com 10.44.34.235
57.141.0.46 - - [04/Aug/2026:12:28:27 -0600] "GET /items/T345643453/ HTTP/1.1" 404 8624 "-" "Mozilla/5.0 (Windows NT 10.0; Win64; x64) AppleWebKit/537.36 (KHTML, like Gecko) Chrome/145.0.0.0 Safari/537.36 (compatible; meta-externalagent/1.1 (+https://developers.facebook.com/docs/sharing/webmasters/crawler))" ayukiestate.com 10.44.34.235
188.126.89.85 - - [04/Aug/2026:12:28:29 -0600] "GET /502.shtml HTTP/1.1" 404 8624 "https://ayukiestate.com/" "Mozilla/5.0 (X11; Linux x86_64) AppleWebKit/537.36 (KHTML, like Gecko) Chrome/131.0.0.0 Safari/537.36" ayukiestate.com 10.44.34.235
188.126.89.85 - - [04/Aug/2026:12:28:29 -0600] "GET /502.shtml HTTP/1.1" 404 8624 "https://ayukiestate.com/" "Mozilla/5.0 (X11; Linux x86_64) AppleWebKit/537.36 (KHTML, like Gecko) Chrome/131.0.0.0 Safari/537.36" ayukiestate.com 10.44.34.235
57.141.0.4 - - [04/Aug/2026:12:28:30 -0600] "GET /502.shtml HTTP/1.1" 404 8622 "-" "Mozilla/5.0 (Windows NT 10.0; Win64; x64) AppleWebKit/537.36 (KHTML, like Gecko) Chrome/145.0.0.0 Safari/537.36 (compatible; meta-externalagent/1.1 (+https://developers.facebook.com/docs/sharing/webmasters/crawler))" ayukiestate.com 10.44.34.235
57.141.0.4 - - [04/Aug/2026:12:28:30 -0600] "GET /502.shtml HTTP/1.1" 404 8624 "-" "Mozilla/5.0 (Windows NT 10.0; Win64; x64) AppleWebKit/537.36 (KHTML, like Gecko) Chrome/145.0.0.0 Safari/537.36 (compatible; meta-externalagent/1.1 (+https://developers.facebook.com/docs/sharing/webmasters/crawler))" ayukiestate.com 10.44.34.235
57.141.0.67 - - [04/Aug/2026:12:28:33 -0600] "GET /502.shtml HTTP/1.1" 404 8624 "-" "Mozilla/5.0 (Macintosh; Intel Mac OS X 10_15_7) AppleWebKit/537.36 (KHTML, like Gecko) Chrome/145.0.0.0 Safari/537.36 (compatible; meta-externalagent/1.1 (+https://developers.facebook.com/docs/sharing/webmasters/crawler))" ayukiestate.com 10.44.34.235
57.141.0.29 - - [04/Aug/2026:12:29:02 -0600] "GET /items/T344228666/ HTTP/1.1" 404 8625 "-" "Mozilla/5.0 (Macintosh; Intel Mac OS X 10_15_7) AppleWebKit/537.36 (KHTML, like Gecko) Chrome/145.0.0.0 Safari/537.36 (compatible; meta-externalagent/1.1 (+https://developers.facebook.com/docs/sharing/webmasters/crawler))" ayukiestate.com 10.44.34.235
57.141.0.43 - - [04/Aug/2026:12:29:05 -0600] "GET /502.shtml HTTP/1.1" 404 8623 "-" "Mozilla/5.0 (X11; Linux x86_64) AppleWebKit/537.36 (KHTML, like Gecko) Chrome/145.0.0.0 Safari/537.36 (compatible; meta-externalagent/1.1 (+https://developers.facebook.com/docs/sharing/webmasters/crawler))" ayukiestate.com 10.44.34.235
57.141.0.43 - - [04/Aug/2026:12:29:05 -0600] "GET /502.shtml HTTP/1.1" 404 8624 "-" "Mozilla/5.0 (X11; Linux x86_64) AppleWebKit/537.36 (KHTML, like Gecko) Chrome/145.0.0.0 Safari/537.36 (compatible; meta-externalagent/1.1 (+https://developers.facebook.com/docs/sharing/webmasters/crawler))" ayukiestate.com 10.44.34.235
188.126.89.85 - - [04/Aug/2026:12:29:10 -0600] "GET /502.shtml HTTP/1.1" 404 8625 "https://ayukiestate.com/" "Mozilla/5.0 (X11; Linux x86_64) AppleWebKit/537.36 (KHTML, like Gecko) Chrome/131.0.0.0 Safari/537.36" ayukiestate.com 10.44.34.235
57.141.0.46 - - [04/Aug/2026:12:29:10 -0600] "GET /502.shtml HTTP/1.1" 404 8623 "-" "Mozilla/5.0 (Windows NT 10.0; Win64; x64) AppleWebKit/537.36 (KHTML, like Gecko) Chrome/145.0.0.0 Safari/537.36 (compatible; meta-externalagent/1.1 (+https://developers.facebook.com/docs/sharing/webmasters/crawler))" ayukiestate.com 10.44.34.235
188.126.89.85 - - [04/Aug/2026:12:29:10 -0600] "GET /502.shtml HTTP/1.1" 404 8621 "https://ayukiestate.com/" "Mozilla/5.0 (X11; Linux x86_64) AppleWebKit/537.36 (KHTML, like Gecko) Chrome/131.0.0.0 Safari/537.36" ayukiestate.com 10.44.34.235
74.7.241.25 - - [04/Aug/2026:12:29:18 -0600] "GET /502.shtml HTTP/1.1" 404 8624 "-" "Mozilla/5.0 AppleWebKit/537.36 (KHTML, like Gecko; compatible; GPTBot/1.4; +https://openai.com/gptbot)" ayukiestate.com 10.44.34.235
57.141.0.33 - - [04/Aug/2026:12:29:39 -0600] "GET /items/T341933511/ HTTP/1.1" 404 8624 "-" "Mozilla/5.0 (Windows NT 10.0; Win64; x64) AppleWebKit/537.36 (KHTML, like Gecko) Chrome/145.0.0.0 Safari/537.36 (compatible; meta-externalagent/1.1 (+https://developers.facebook.com/docs/sharing/webmasters/crawler))" ayukiestate.com 10.44.34.235
57.141.0.10 - - [04/Aug/2026:12:29:41 -0600] "GET /502.shtml HTTP/1.1" 404 8626 "-" "Mozilla/5.0 (Windows NT 10.0; Win64; x64) AppleWebKit/537.36 (KHTML, like Gecko) Chrome/145.0.0.0 Safari/537.36 (compatible; meta-externalagent/1.1 (+https://developers.facebook.com/docs/sharing/webmasters/crawler))" ayukiestate.com 10.44.34.235
57.141.0.10 - - [04/Aug/2026:12:29:41 -0600] "GET /502.shtml HTTP/1.1" 404 8626 "-" "Mozilla/5.0 (Windows NT 10.0; Win64; x64) AppleWebKit/537.36 (KHTML, like Gecko) Chrome/145.0.0.0 Safari/537.36 (compatible; meta-externalagent/1.1 (+https://developers.facebook.com/docs/sharing/webmasters/crawler))" ayukiestate.com 10.44.34.235
57.141.0.50 - - [04/Aug/2026:12:29:44 -0600] "GET /502.shtml HTTP/1.1" 404 8628 "-" "Mozilla/5.0 (Windows NT 10.0; Win64; x64) AppleWebKit/537.36 (KHTML, like Gecko) Chrome/145.0.0.0 Safari/537.36 (compatible; meta-externalagent/1.1 (+https://developers.facebook.com/docs/sharing/webmasters/crawler))" ayukiestate.com 10.44.34.235
188.126.89.85 - - [04/Aug/2026:12:29:50 -0600] "GET /502.shtml HTTP/1.1" 404 8622 "https://ayukiestate.com/" "Mozilla/5.0 (X11; Linux x86_64) AppleWebKit/537.36 (KHTML, like Gecko) Chrome/131.0.0.0 Safari/537.36" ayukiestate.com 10.44.34.235
188.126.89.85 - - [04/Aug/2026:12:29:50 -0600] "GET /502.shtml HTTP/1.1" 404 8625 "https://ayukiestate.com/" "Mozilla/5.0 (X11; Linux x86_64) AppleWebKit/537.36 (KHTML, like Gecko) Chrome/131.0.0.0 Safari/537.36" ayukiestate.com 10.44.34.235
57.141.0.42 - - [04/Aug/2026:12:30:14 -0600] "GET /items/T341011118/ HTTP/1.1" 404 8622 "-" "Mozilla/5.0 (Macintosh; Intel Mac OS X 10_15_7) AppleWebKit/537.36 (KHTML, like Gecko) Chrome/145.0.0.0 Safari/537.36 (compatible; meta-externalagent/1.1 (+https://developers.facebook.com/docs/sharing/webmasters/crawler))" ayukiestate.com 10.44.34.235
57.141.0.42 - - [04/Aug/2026:12:30:14 -0600] "GET /items/T341011118/ HTTP/2.0" 404 8192 "-" "Mozilla/5.0 (Macintosh; Intel Mac OS X 10_15_7) AppleWebKit/537.36 (KHTML, like Gecko) Chrome/145.0.0.0 Safari/537.36 (compatible; meta-externalagent/1.1 (+https://developers.facebook.com/docs/sharing/webmasters/crawler))" ayukiestate.com 10.44.34.235
57.141.0.2 - - [04/Aug/2026:12:30:17 -0600] "GET /502.shtml HTTP/1.1" 404 8624 "-" "Mozilla/5.0 (X11; Linux x86_64) AppleWebKit/537.36 (KHTML, like Gecko) Chrome/145.0.0.0 Safari/537.36 (compatible; meta-externalagent/1.1 (+https://developers.facebook.com/docs/sharing/webmasters/crawler))" ayukiestate.com 10.44.34.235
57.141.0.2 - - [04/Aug/2026:12:27:17 -0600] "GET /items/T343256222/ HTTP/2.0" 404 7756 "-" "Mozilla/5.0 (X11; Linux x86_64) AppleWebKit/537.36 (KHTML, like Gecko) Chrome/145.0.0.0 Safari/537.36 (compatible; meta-externalagent/1.1 (+https://developers.facebook.com/docs/sharing/webmasters/crawler))" ayukiestate.com 10.44.34.235
57.141.0.64 - - [04/Aug/2026:12:30:20 -0600] "GET /502.shtml HTTP/1.1" 404 8623 "-" "Mozilla/5.0 (Macintosh; Intel Mac OS X 10_15_7) AppleWebKit/537.36 (KHTML, like Gecko) Chrome/145.0.0.0 Safari/537.36 (compatible; meta-externalagent/1.1 (+https://developers.facebook.com/docs/sharing/webmasters/crawler))" ayukiestate.com 10.44.34.235
57.141.0.2 - - [04/Aug/2026:12:30:17 -0600] "GET /502.shtml HTTP/1.1" 404 8622 "-" "Mozilla/5.0 (X11; Linux x86_64) AppleWebKit/537.36 (KHTML, like Gecko) Chrome/145.0.0.0 Safari/537.36 (compatible; meta-externalagent/1.1 (+https://developers.facebook.com/docs/sharing/webmasters/crawler))" ayukiestate.com 10.44.34.235
57.141.0.29 - - [04/Aug/2026:12:30:48 -0600] "GET /items/T342625628/ HTTP/1.1" 404 8625 "-" "Mozilla/5.0 (Macintosh; Intel Mac OS X 10_15_7) AppleWebKit/537.36 (KHTML, like Gecko) Chrome/145.0.0.0 Safari/537.36 (compatible; meta-externalagent/1.1 (+https://developers.facebook.com/docs/sharing/webmasters/crawler))" ayukiestate.com 10.44.34.235
57.141.0.29 - - [04/Aug/2026:12:30:48 -0600] "GET /items/T342625628/ HTTP/2.0" 404 7756 "-" "Mozilla/5.0 (Macintosh; Intel Mac OS X 10_15_7) AppleWebKit/537.36 (KHTML, like Gecko) Chrome/145.0.0.0 Safari/537.36 (compatible; meta-externalagent/1.1 (+https://developers.facebook.com/docs/sharing/webmasters/crawler))" ayukiestate.com 10.44.34.235
57.141.0.1 - - [04/Aug/2026:12:30:52 -0600] "GET /502.shtml HTTP/1.1" 404 8623 "-" "Mozilla/5.0 (Windows NT 10.0; Win64; x64) AppleWebKit/537.36 (KHTML, like Gecko) Chrome/145.0.0.0 Safari/537.36 (compatible; meta-externalagent/1.1 (+https://developers.facebook.com/docs/sharing/webmasters/crawler))" ayukiestate.com 10.44.34.235
57.141.0.1 - - [04/Aug/2026:12:27:52 -0600] "GET /items/T347360305/ HTTP/2.0" 404 7756 "-" "Mozilla/5.0 (Windows NT 10.0; Win64; x64) AppleWebKit/537.36 (KHTML, like Gecko) Chrome/145.0.0.0 Safari/537.36 (compatible; meta-externalagent/1.1 (+https://developers.facebook.com/docs/sharing/webmasters/crawler))" ayukiestate.com 10.44.34.235
57.141.0.1 - - [04/Aug/2026:12:30:52 -0600] "GET /502.shtml HTTP/1.1" 404 8624 "-" "Mozilla/5.0 (Windows NT 10.0; Win64; x64) AppleWebKit/537.36 (KHTML, like Gecko) Chrome/145.0.0.0 Safari/537.36 (compatible; meta-externalagent/1.1 (+https://developers.facebook.com/docs/sharing/webmasters/crawler))" ayukiestate.com 10.44.34.235
57.141.0.9 - - [04/Aug/2026:12:30:55 -0600] "GET /502.shtml HTTP/1.1" 404 8622 "-" "Mozilla/5.0 (Windows NT 10.0; Win64; x64) AppleWebKit/537.36 (KHTML, like Gecko) Chrome/145.0.0.0 Safari/537.36 (compatible; meta-externalagent/1.1 (+https://developers.facebook.com/docs/sharing/webmasters/crawler))" ayukiestate.com 10.44.34.235
57.141.0.27 - - [04/Aug/2026:12:31:25 -0600] "GET /shopdetail/db5235d2401823 HTTP/1.1" 404 8625 "-" "Mozilla/5.0 (Windows NT 10.0; Win64; x64) AppleWebKit/537.36 (KHTML, like Gecko) Chrome/145.0.0.0 Safari/537.36 (compatible; meta-externalagent/1.1 (+https://developers.facebook.com/docs/sharing/webmasters/crawler))" ayukiestate.com 10.44.34.235
57.141.0.27 - - [04/Aug/2026:12:31:25 -0600] "GET /shopdetail/db5235d2401823 HTTP/2.0" 404 7756 "-" "Mozilla/5.0 (Windows NT 10.0; Win64; x64) AppleWebKit/537.36 (KHTML, like Gecko) Chrome/145.0.0.0 Safari/537.36 (compatible; meta-externalagent/1.1 (+https://developers.facebook.com/docs/sharing/webmasters/crawler))" ayukiestate.com 10.44.34.235
57.141.0.46 - - [04/Aug/2026:12:31:27 -0600] "GET /502.shtml HTTP/1.1" 404 8623 "-" "Mozilla/5.0 (Windows NT 10.0; Win64; x64) AppleWebKit/537.36 (KHTML, like Gecko) Chrome/145.0.0.0 Safari/537.36 (compatible; meta-externalagent/1.1 (+https://developers.facebook.com/docs/sharing/webmasters/crawler))" ayukiestate.com 10.44.34.235
57.141.0.46 - - [04/Aug/2026:12:28:27 -0600] "GET /items/T345643453/ HTTP/2.0" 404 7756 "-" "Mozilla/5.0 (Windows NT 10.0; Win64; x64) AppleWebKit/537.36 (KHTML, like Gecko) Chrome/145.0.0.0 Safari/537.36 (compatible; meta-externalagent/1.1 (+https://developers.facebook.com/docs/sharing/webmasters/crawler))" ayukiestate.com 10.44.34.235
57.141.0.46 - - [04/Aug/2026:12:31:27 -0600] "GET /502.shtml HTTP/1.1" 404 8625 "-" "Mozilla/5.0 (Windows NT 10.0; Win64; x64) AppleWebKit/537.36 (KHTML, like Gecko) Chrome/145.0.0.0 Safari/537.36 (compatible; meta-externalagent/1.1 (+https://developers.facebook.com/docs/sharing/webmasters/crawler))" ayukiestate.com 10.44.34.235
188.126.89.85 - - [04/Aug/2026:12:31:29 -0600] "GET /502.shtml HTTP/1.1" 404 8624 "https://ayukiestate.com/" "Mozilla/5.0 (X11; Linux x86_64) AppleWebKit/537.36 (KHTML, like Gecko) Chrome/131.0.0.0 Safari/537.36" ayukiestate.com 10.44.34.235
57.141.0.4 - - [04/Aug/2026:12:31:30 -0600] "GET /502.shtml HTTP/1.1" 404 8620 "-" "Mozilla/5.0 (Windows NT 10.0; Win64; x64) AppleWebKit/537.36 (KHTML, like Gecko) Chrome/145.0.0.0 Safari/537.36 (compatible; meta-externalagent/1.1 (+https://developers.facebook.com/docs/sharing/webmasters/crawler))" ayukiestate.com 10.44.34.235
57.141.0.52 - - [04/Aug/2026:12:32:00 -0600] "GET /items/T346322428/ HTTP/1.1" 404 8623 "-" "Mozilla/5.0 (Windows NT 10.0; Win64; x64) AppleWebKit/537.36 (KHTML, like Gecko) Chrome/145.0.0.0 Safari/537.36 Edg/145.0.0.0 (compatible; meta-externalagent/1.1 (+https://developers.facebook.com/docs/sharing/webmasters/crawler))" ayukiestate.com 10.44.34.235
57.141.0.52 - - [04/Aug/2026:12:32:00 -0600] "GET /items/T346322428/ HTTP/2.0" 404 7756 "-" "Mozilla/5.0 (Windows NT 10.0; Win64; x64) AppleWebKit/537.36 (KHTML, like Gecko) Chrome/145.0.0.0 Safari/537.36 Edg/145.0.0.0 (compatible; meta-externalagent/1.1 (+https://developers.facebook.com/docs/sharing/webmasters/crawler))" ayukiestate.com 10.44.34.235
74.7.241.25 - - [04/Aug/2026:12:32:01 -0600] "GET /sitemap-16.xml HTTP/1.1" 404 8622 "-" "Mozilla/5.0 AppleWebKit/537.36 (KHTML, like Gecko; compatible; GPTBot/1.4; +https://openai.com/gptbot)" ayukiestate.com 10.44.34.235
74.7.241.25 - - [04/Aug/2026:12:32:01 -0600] "GET /sitemap-16.xml HTTP/2.0" 404 8192 "-" "Mozilla/5.0 AppleWebKit/537.36 (KHTML, like Gecko; compatible; GPTBot/1.4; +https://openai.com/gptbot)" ayukiestate.com 10.44.34.235
57.141.0.29 - - [04/Aug/2026:12:32:02 -0600] "GET /502.shtml HTTP/1.1" 404 8624 "-" "Mozilla/5.0 (Macintosh; Intel Mac OS X 10_15_7) AppleWebKit/537.36 (KHTML, like Gecko) Chrome/145.0.0.0 Safari/537.36 (compatible; meta-externalagent/1.1 (+https://developers.facebook.com/docs/sharing/webmasters/crawler))" ayukiestate.com 10.44.34.235
57.141.0.29 - - [04/Aug/2026:12:32:02 -0600] "GET /502.shtml HTTP/1.1" 404 8621 "-" "Mozilla/5.0 (Macintosh; Intel Mac OS X 10_15_7) AppleWebKit/537.36 (KHTML, like Gecko) Chrome/145.0.0.0 Safari/537.36 (compatible; meta-externalagent/1.1 (+https://developers.facebook.com/docs/sharing/webmasters/crawler))" ayukiestate.com 10.44.34.235
57.141.0.29 - - [04/Aug/2026:12:29:02 -0600] "GET /items/T344228666/ HTTP/2.0" 404 8192 "-" "Mozilla/5.0 (Macintosh; Intel Mac OS X 10_15_7) AppleWebKit/537.36 (KHTML, like Gecko) Chrome/145.0.0.0 Safari/537.36 (compatible; meta-externalagent/1.1 (+https://developers.facebook.com/docs/sharing/webmasters/crawler))" ayukiestate.com 10.44.34.235
57.141.0.43 - - [04/Aug/2026:12:32:05 -0600] "GET /502.shtml HTTP/1.1" 404 8622 "-" "Mozilla/5.0 (X11; Linux x86_64) AppleWebKit/537.36 (KHTML, like Gecko) Chrome/145.0.0.0 Safari/537.36 (compatible; meta-externalagent/1.1 (+https://developers.facebook.com/docs/sharing/webmasters/crawler))" ayukiestate.com 10.44.34.235
188.126.89.85 - - [04/Aug/2026:12:32:10 -0600] "GET /502.shtml HTTP/1.1" 404 8625 "https://ayukiestate.com/" "Mozilla/5.0 (X11; Linux x86_64) AppleWebKit/537.36 (KHTML, like Gecko) Chrome/131.0.0.0 Safari/537.36" ayukiestate.com 10.44.34.235
57.141.0.18 - - [04/Aug/2026:12:32:36 -0600] "GET /items/T343313062/ HTTP/1.1" 404 8621 "-" "Mozilla/5.0 (Windows NT 10.0; Win64; x64) AppleWebKit/537.36 (KHTML, like Gecko) Chrome/145.0.0.0 Safari/537.36 (compatible; meta-externalagent/1.1 (+https://developers.facebook.com/docs/sharing/webmasters/crawler))" ayukiestate.com 10.44.34.235
57.141.0.18 - - [04/Aug/2026:12:32:36 -0600] "GET /items/T343313062/ HTTP/2.0" 404 7756 "-" "Mozilla/5.0 (Windows NT 10.0; Win64; x64) AppleWebKit/537.36 (KHTML, like Gecko) Chrome/145.0.0.0 Safari/537.36 (compatible; meta-externalagent/1.1 (+https://developers.facebook.com/docs/sharing/webmasters/crawler))" ayukiestate.com 10.44.34.235
57.141.0.33 - - [04/Aug/2026:12:32:39 -0600] "GET /502.shtml HTTP/1.1" 404 8623 "-" "Mozilla/5.0 (Windows NT 10.0; Win64; x64) AppleWebKit/537.36 (KHTML, like Gecko) Chrome/145.0.0.0 Safari/537.36 (compatible; meta-externalagent/1.1 (+https://developers.facebook.com/docs/sharing/webmasters/crawler))" ayukiestate.com 10.44.34.235
57.141.0.33 - - [04/Aug/2026:12:32:39 -0600] "GET /502.shtml HTTP/1.1" 404 8621 "-" "Mozilla/5.0 (Windows NT 10.0; Win64; x64) AppleWebKit/537.36 (KHTML, like Gecko) Chrome/145.0.0.0 Safari/537.36 (compatible; meta-externalagent/1.1 (+https://developers.facebook.com/docs/sharing/webmasters/crawler))" ayukiestate.com 10.44.34.235
57.141.0.33 - - [04/Aug/2026:12:29:39 -0600] "GET /items/T341933511/ HTTP/2.0" 404 8192 "-" "Mozilla/5.0 (Windows NT 10.0; Win64; x64) AppleWebKit/537.36 (KHTML, like Gecko) Chrome/145.0.0.0 Safari/537.36 (compatible; meta-externalagent/1.1 (+https://developers.facebook.com/docs/sharing/webmasters/crawler))" ayukiestate.com 10.44.34.235
57.141.0.10 - - [04/Aug/2026:12:32:41 -0600] "GET /502.shtml HTTP/1.1" 404 8622 "-" "Mozilla/5.0 (Windows NT 10.0; Win64; x64) AppleWebKit/537.36 (KHTML, like Gecko) Chrome/145.0.0.0 Safari/537.36 (compatible; meta-externalagent/1.1 (+https://developers.facebook.com/docs/sharing/webmasters/crawler))" ayukiestate.com 10.44.34.235
188.126.89.85 - - [04/Aug/2026:12:32:50 -0600] "GET /502.shtml HTTP/1.1" 404 8625 "https://ayukiestate.com/" "Mozilla/5.0 (X11; Linux x86_64) AppleWebKit/537.36 (KHTML, like Gecko) Chrome/131.0.0.0 Safari/537.36" ayukiestate.com 10.44.34.235
57.141.0.52 - - [04/Aug/2026:12:33:11 -0600] "GET /items/T347425484/ HTTP/1.1" 404 8623 "-" "Mozilla/5.0 (X11; Linux x86_64) AppleWebKit/537.36 (KHTML, like Gecko) Chrome/145.0.0.0 Safari/537.36 (compatible; meta-externalagent/1.1 (+https://developers.facebook.com/docs/sharing/webmasters/crawler))" ayukiestate.com 10.44.34.235
57.141.0.52 - - [04/Aug/2026:12:33:11 -0600] "GET /items/T347425484/ HTTP/2.0" 404 7756 "-" "Mozilla/5.0 (X11; Linux x86_64) AppleWebKit/537.36 (KHTML, like Gecko) Chrome/145.0.0.0 Safari/537.36 (compatible; meta-externalagent/1.1 (+https://developers.facebook.com/docs/sharing/webmasters/crawler))" ayukiestate.com 10.44.34.235
57.141.0.47 - - [04/Aug/2026:12:33:48 -0600] "GET /shopdetail/370d9fd2975483 HTTP/1.1" 404 8626 "-" "Mozilla/5.0 (Windows NT 10.0; Win64; x64) AppleWebKit/537.36 (KHTML, like Gecko) Chrome/145.0.0.0 Safari/537.36 (compatible; meta-externalagent/1.1 (+https://developers.facebook.com/docs/sharing/webmasters/crawler))" ayukiestate.com 10.44.34.235
57.141.0.47 - - [04/Aug/2026:12:33:48 -0600] "GET /shopdetail/370d9fd2975483 HTTP/2.0" 404 8626 "-" "Mozilla/5.0 (Windows NT 10.0; Win64; x64) AppleWebKit/537.36 (KHTML, like Gecko) Chrome/145.0.0.0 Safari/537.36 (compatible; meta-externalagent/1.1 (+https://developers.facebook.com/docs/sharing/webmasters/crawler))" ayukiestate.com 10.44.34.235
57.141.0.24 - - [04/Aug/2026:12:33:50 -0600] "GET /items/T342399233/ HTTP/1.1" 404 8623 "-" "Mozilla/5.0 (Windows NT 10.0; Win64; x64) AppleWebKit/537.36 (KHTML, like Gecko) Chrome/145.0.0.0 Safari/537.36 (compatible; meta-externalagent/1.1 (+https://developers.facebook.com/docs/sharing/webmasters/crawler))" ayukiestate.com 10.44.34.235
57.141.0.24 - - [04/Aug/2026:12:33:50 -0600] "GET /items/T342399233/ HTTP/2.0" 404 8623 "-" "Mozilla/5.0 (Windows NT 10.0; Win64; x64) AppleWebKit/537.36 (KHTML, like Gecko) Chrome/145.0.0.0 Safari/537.36 (compatible; meta-externalagent/1.1 (+https://developers.facebook.com/docs/sharing/webmasters/crawler))" ayukiestate.com 10.44.34.235
57.141.0.63 - - [04/Aug/2026:12:34:29 -0600] "GET /items/T342593797/ HTTP/1.1" 404 8624 "-" "Mozilla/5.0 (Windows NT 10.0; Win64; x64) AppleWebKit/537.36 (KHTML, like Gecko) Chrome/145.0.0.0 Safari/537.36 (compatible; meta-externalagent/1.1 (+https://developers.facebook.com/docs/sharing/webmasters/crawler))" ayukiestate.com 10.44.34.235
57.141.0.63 - - [04/Aug/2026:12:34:29 -0600] "GET /items/T342593797/ HTTP/2.0" 404 8624 "-" "Mozilla/5.0 (Windows NT 10.0; Win64; x64) AppleWebKit/537.36 (KHTML, like Gecko) Chrome/145.0.0.0 Safari/537.36 (compatible; meta-externalagent/1.1 (+https://developers.facebook.com/docs/sharing/webmasters/crawler))" ayukiestate.com 10.44.34.235
57.141.0.7 - - [04/Aug/2026:12:35:10 -0600] "GET /items/T344866708/ HTTP/1.1" 404 8624 "-" "Mozilla/5.0 (Macintosh; Intel Mac OS X 10_15_7) AppleWebKit/537.36 (KHTML, like Gecko) Chrome/145.0.0.0 Safari/537.36 (compatible; meta-externalagent/1.1 (+https://developers.facebook.com/docs/sharing/webmasters/crawler))" ayukiestate.com 10.44.34.235
57.141.0.7 - - [04/Aug/2026:12:35:10 -0600] "GET /items/T344866708/ HTTP/2.0" 404 8624 "-" "Mozilla/5.0 (Macintosh; Intel Mac OS X 10_15_7) AppleWebKit/537.36 (KHTML, like Gecko) Chrome/145.0.0.0 Safari/537.36 (compatible; meta-externalagent/1.1 (+https://developers.facebook.com/docs/sharing/webmasters/crawler))" ayukiestate.com 10.44.34.235
74.7.241.25 - - [04/Aug/2026:12:35:17 -0600] "GET /sitemap-8.xml HTTP/1.1" 404 8623 "-" "Mozilla/5.0 AppleWebKit/537.36 (KHTML, like Gecko; compatible; GPTBot/1.4; +https://openai.com/gptbot)" ayukiestate.com 10.44.34.235
74.7.241.25 - - [04/Aug/2026:12:35:17 -0600] "GET /sitemap-8.xml HTTP/2.0" 404 8623 "-" "Mozilla/5.0 AppleWebKit/537.36 (KHTML, like Gecko; compatible; GPTBot/1.4; +https://openai.com/gptbot)" ayukiestate.com 10.44.34.235
57.141.0.5 - - [04/Aug/2026:12:35:48 -0600] "GET /items/T341889031/ HTTP/1.1" 404 8621 "-" "Mozilla/5.0 (Windows NT 10.0; Win64; x64) AppleWebKit/537.36 (KHTML, like Gecko) Chrome/145.0.0.0 Safari/537.36 (compatible; meta-externalagent/1.1 (+https://developers.facebook.com/docs/sharing/webmasters/crawler))" ayukiestate.com 10.44.34.235
57.141.0.5 - - [04/Aug/2026:12:35:48 -0600] "GET /items/T341889031/ HTTP/2.0" 404 8621 "-" "Mozilla/5.0 (Windows NT 10.0; Win64; x64) AppleWebKit/537.36 (KHTML, like Gecko) Chrome/145.0.0.0 Safari/537.36 (compatible; meta-externalagent/1.1 (+https://developers.facebook.com/docs/sharing/webmasters/crawler))" ayukiestate.com 10.44.34.235
57.141.0.52 - - [04/Aug/2026:12:36:28 -0600] "GET /items/T346161627/ HTTP/1.1" 404 8624 "-" "Mozilla/5.0 (Windows NT 10.0; Win64; x64) AppleWebKit/537.36 (KHTML, like Gecko) Chrome/145.0.0.0 Safari/537.36 (compatible; meta-externalagent/1.1 (+https://developers.facebook.com/docs/sharing/webmasters/crawler))" ayukiestate.com 10.44.34.235
57.141.0.52 - - [04/Aug/2026:12:36:28 -0600] "GET /items/T346161627/ HTTP/2.0" 404 8624 "-" "Mozilla/5.0 (Windows NT 10.0; Win64; x64) AppleWebKit/537.36 (KHTML, like Gecko) Chrome/145.0.0.0 Safari/537.36 (compatible; meta-externalagent/1.1 (+https://developers.facebook.com/docs/sharing/webmasters/crawler))" ayukiestate.com 10.44.34.235
57.141.0.24 - - [04/Aug/2026:12:37:07 -0600] "GET /items/T345512794/ HTTP/1.1" 404 8624 "-" "Mozilla/5.0 (Windows NT 10.0; Win64; x64) AppleWebKit/537.36 (KHTML, like Gecko) Chrome/145.0.0.0 Safari/537.36 (compatible; meta-externalagent/1.1 (+https://developers.facebook.com/docs/sharing/webmasters/crawler))" ayukiestate.com 10.44.34.235
57.141.0.24 - - [04/Aug/2026:12:37:07 -0600] "GET /items/T345512794/ HTTP/2.0" 404 8624 "-" "Mozilla/5.0 (Windows NT 10.0; Win64; x64) AppleWebKit/537.36 (KHTML, like Gecko) Chrome/145.0.0.0 Safari/537.36 (compatible; meta-externalagent/1.1 (+https://developers.facebook.com/docs/sharing/webmasters/crawler))" ayukiestate.com 10.44.34.235
45.227.253.15 - - [04/Aug/2026:12:37:22 -0600] "GET /index.php/jk HTTP/1.1" 409 83 "-" "Mozilla/5.0 (Windows NT 10.0; Win64; x64; rv:82.0) Gecko/20100101 Firefox/82.0" ayukiestate.com 10.44.34.235
57.141.0.20 - - [04/Aug/2026:12:37:47 -0600] "GET /items/T342216307/ HTTP/1.1" 404 8625 "-" "Mozilla/5.0 (Windows NT 10.0; Win64; x64) AppleWebKit/537.36 (KHTML, like Gecko) Chrome/145.0.0.0 Safari/537.36 Edg/145.0.0.0 (compatible; meta-externalagent/1.1 (+https://developers.facebook.com/docs/sharing/webmasters/crawler))" ayukiestate.com 10.44.34.235
57.141.0.20 - - [04/Aug/2026:12:37:47 -0600] "GET /items/T342216307/ HTTP/2.0" 404 8625 "-" "Mozilla/5.0 (Windows NT 10.0; Win64; x64) AppleWebKit/537.36 (KHTML, like Gecko) Chrome/145.0.0.0 Safari/537.36 Edg/145.0.0.0 (compatible; meta-externalagent/1.1 (+https://developers.facebook.com/docs/sharing/webmasters/crawler))" ayukiestate.com 10.44.34.235
57.141.0.25 - - [04/Aug/2026:12:38:26 -0600] "GET /items/T346944185/ HTTP/1.1" 404 8623 "-" "Mozilla/5.0 (Windows NT 10.0; Win64; x64) AppleWebKit/537.36 (KHTML, like Gecko) Chrome/145.0.0.0 Safari/537.36 (compatible; meta-externalagent/1.1 (+https://developers.facebook.com/docs/sharing/webmasters/crawler))" ayukiestate.com 10.44.34.235
57.141.0.25 - - [04/Aug/2026:12:38:26 -0600] "GET /items/T346944185/ HTTP/2.0" 404 8623 "-" "Mozilla/5.0 (Windows NT 10.0; Win64; x64) AppleWebKit/537.36 (KHTML, like Gecko) Chrome/145.0.0.0 Safari/537.36 (compatible; meta-externalagent/1.1 (+https://developers.facebook.com/docs/sharing/webmasters/crawler))" ayukiestate.com 10.44.34.235
57.141.0.4 - - [04/Aug/2026:12:39:05 -0600] "GET /items/T344237511/ HTTP/1.1" 404 8625 "-" "Mozilla/5.0 (Windows NT 10.0; Win64; x64) AppleWebKit/537.36 (KHTML, like Gecko) Chrome/145.0.0.0 Safari/537.36 (compatible; meta-externalagent/1.1 (+https://developers.facebook.com/docs/sharing/webmasters/crawler))" ayukiestate.com 10.44.34.235
57.141.0.4 - - [04/Aug/2026:12:39:05 -0600] "GET /items/T344237511/ HTTP/2.0" 404 8625 "-" "Mozilla/5.0 (Windows NT 10.0; Win64; x64) AppleWebKit/537.36 (KHTML, like Gecko) Chrome/145.0.0.0 Safari/537.36 (compatible; meta-externalagent/1.1 (+https://developers.facebook.com/docs/sharing/webmasters/crawler))" ayukiestate.com 10.44.34.235
74.7.241.25 - - [04/Aug/2026:12:39:38 -0600] "GET /sitemap-13.xml HTTP/1.1" 404 8624 "-" "Mozilla/5.0 AppleWebKit/537.36 (KHTML, like Gecko; compatible; GPTBot/1.4; +https://openai.com/gptbot)" ayukiestate.com 10.44.34.235
74.7.241.25 - - [04/Aug/2026:12:39:37 -0600] "GET /sitemap-13.xml HTTP/2.0" 404 8624 "-" "Mozilla/5.0 AppleWebKit/537.36 (KHTML, like Gecko; compatible; GPTBot/1.4; +https://openai.com/gptbot)" ayukiestate.com 10.44.34.235
57.141.0.17 - - [04/Aug/2026:12:39:45 -0600] "GET /items/T343695010/ HTTP/1.1" 404 8619 "-" "Mozilla/5.0 (Windows NT 10.0; Win64; x64) AppleWebKit/537.36 (KHTML, like Gecko) Chrome/144.0.0.0 Safari/537.36 Edg/144.0.0.0 (compatible; meta-externalagent/1.1 (+https://developers.facebook.com/docs/sharing/webmasters/crawler))" ayukiestate.com 10.44.34.235
57.141.0.17 - - [04/Aug/2026:12:39:45 -0600] "GET /items/T343695010/ HTTP/2.0" 404 8619 "-" "Mozilla/5.0 (Windows NT 10.0; Win64; x64) AppleWebKit/537.36 (KHTML, like Gecko) Chrome/144.0.0.0 Safari/537.36 Edg/144.0.0.0 (compatible; meta-externalagent/1.1 (+https://developers.facebook.com/docs/sharing/webmasters/crawler))" ayukiestate.com 10.44.34.235
57.141.0.3 - - [04/Aug/2026:12:40:23 -0600] "GET /items/T344032950/ HTTP/1.1" 404 8626 "-" "Mozilla/5.0 (Macintosh; Intel Mac OS X 10_15_7) AppleWebKit/537.36 (KHTML, like Gecko) Chrome/145.0.0.0 Safari/537.36 (compatible; meta-externalagent/1.1 (+https://developers.facebook.com/docs/sharing/webmasters/crawler))" ayukiestate.com 10.44.34.235
57.141.0.3 - - [04/Aug/2026:12:40:23 -0600] "GET /items/T344032950/ HTTP/2.0" 404 8626 "-" "Mozilla/5.0 (Macintosh; Intel Mac OS X 10_15_7) AppleWebKit/537.36 (KHTML, like Gecko) Chrome/145.0.0.0 Safari/537.36 (compatible; meta-externalagent/1.1 (+https://developers.facebook.com/docs/sharing/webmasters/crawler))" ayukiestate.com 10.44.34.235
74.7.241.25 - - [04/Aug/2026:12:40:43 -0600] "GET /sitemap-18.xml HTTP/1.1" 404 8624 "-" "Mozilla/5.0 AppleWebKit/537.36 (KHTML, like Gecko; compatible; GPTBot/1.4; +https://openai.com/gptbot)" ayukiestate.com 10.44.34.235
74.7.241.25 - - [04/Aug/2026:12:40:43 -0600] "GET /sitemap-18.xml HTTP/2.0" 404 8624 "-" "Mozilla/5.0 AppleWebKit/537.36 (KHTML, like Gecko; compatible; GPTBot/1.4; +https://openai.com/gptbot)" ayukiestate.com 10.44.34.235
57.141.0.30 - - [04/Aug/2026:12:41:04 -0600] "GET /2026/07/28/pin-up-kazino-oficialnyy-sayt-pin-ap-vhod-na-zerkalo-2026/ HTTP/1.1" 200 18289 "-" "Mozilla/5.0 (Windows NT 10.0; Win64; x64) AppleWebKit/537.36 (KHTML, like Gecko) Chrome/145.0.0.0 Safari/537.36 (compatible; meta-externalagent/1.1 (+https://developers.facebook.com/docs/sharing/webmasters/crawler))" ayukiestate.com 10.44.34.235
57.141.0.30 - - [04/Aug/2026:12:41:04 -0600] "GET /2026/07/28/pin-up-kazino-oficialnyy-sayt-pin-ap-vhod-na-zerkalo-2026/ HTTP/2.0" 200 18289 "-" "Mozilla/5.0 (Windows NT 10.0; Win64; x64) AppleWebKit/537.36 (KHTML, like Gecko) Chrome/145.0.0.0 Safari/537.36 (compatible; meta-externalagent/1.1 (+https://developers.facebook.com/docs/sharing/webmasters/crawler))" ayukiestate.com 10.44.34.235
57.141.0.64 - - [04/Aug/2026:12:41:44 -0600] "GET /items/T342754188/ HTTP/1.1" 404 8624 "-" "Mozilla/5.0 (Windows NT 10.0; Win64; x64) AppleWebKit/537.36 (KHTML, like Gecko) Chrome/145.0.0.0 Safari/537.36 (compatible; meta-externalagent/1.1 (+https://developers.facebook.com/docs/sharing/webmasters/crawler))" ayukiestate.com 10.44.34.235
57.141.0.64 - - [04/Aug/2026:12:41:44 -0600] "GET /items/T342754188/ HTTP/2.0" 404 8624 "-" "Mozilla/5.0 (Windows NT 10.0; Win64; x64) AppleWebKit/537.36 (KHTML, like Gecko) Chrome/145.0.0.0 Safari/537.36 (compatible; meta-externalagent/1.1 (+https://developers.facebook.com/docs/sharing/webmasters/crawler))" ayukiestate.com 10.44.34.235
57.141.0.44 - - [04/Aug/2026:12:42:11 -0600] "GET /shopdetail/121a04f4032469 HTTP/1.1" 404 8620 "-" "Mozilla/5.0 (Macintosh; Intel Mac OS X 10_15_7) AppleWebKit/537.36 (KHTML, like Gecko) Chrome/145.0.0.0 Safari/537.36 (compatible; meta-externalagent/1.1 (+https://developers.facebook.com/docs/sharing/webmasters/crawler))" ayukiestate.com 10.44.34.235
57.141.0.44 - - [04/Aug/2026:12:42:11 -0600] "GET /shopdetail/121a04f4032469 HTTP/2.0" 404 8620 "-" "Mozilla/5.0 (Macintosh; Intel Mac OS X 10_15_7) AppleWebKit/537.36 (KHTML, like Gecko) Chrome/145.0.0.0 Safari/537.36 (compatible; meta-externalagent/1.1 (+https://developers.facebook.com/docs/sharing/webmasters/crawler))" ayukiestate.com 10.44.34.235
57.141.0.60 - - [04/Aug/2026:12:42:39 -0600] "GET /shopdetail/4540e203191927 HTTP/1.1" 404 8625 "-" "Mozilla/5.0 (Windows NT 10.0; Win64; x64) AppleWebKit/537.36 (KHTML, like Gecko) Chrome/145.0.0.0 Safari/537.36 (compatible; meta-externalagent/1.1 (+https://developers.facebook.com/docs/sharing/webmasters/crawler))" ayukiestate.com 10.44.34.235
57.141.0.60 - - [04/Aug/2026:12:42:39 -0600] "GET /shopdetail/4540e203191927 HTTP/2.0" 404 8625 "-" "Mozilla/5.0 (Windows NT 10.0; Win64; x64) AppleWebKit/537.36 (KHTML, like Gecko) Chrome/145.0.0.0 Safari/537.36 (compatible; meta-externalagent/1.1 (+https://developers.facebook.com/docs/sharing/webmasters/crawler))" ayukiestate.com 10.44.34.235
74.7.241.25 - - [04/Aug/2026:12:42:53 -0600] "GET /?feed=xmlsitemap1225 HTTP/1.1" 404 183 "-" "Mozilla/5.0 AppleWebKit/537.36 (KHTML, like Gecko; compatible; GPTBot/1.4; +https://openai.com/gptbot)" ayukiestate.com 10.44.34.235
74.7.241.25 - - [04/Aug/2026:12:42:53 -0600] "GET /?feed=xmlsitemap1225 HTTP/2.0" 404 183 "-" "Mozilla/5.0 AppleWebKit/537.36 (KHTML, like Gecko; compatible; GPTBot/1.4; +https://openai.com/gptbot)" ayukiestate.com 10.44.34.235
57.141.0.13 - - [04/Aug/2026:12:43:07 -0600] "GET /items/T342381878/ HTTP/1.1" 404 8624 "-" "Mozilla/5.0 (Macintosh; Intel Mac OS X 10_15_7) AppleWebKit/537.36 (KHTML, like Gecko) Chrome/145.0.0.0 Safari/537.36 (compatible; meta-externalagent/1.1 (+https://developers.facebook.com/docs/sharing/webmasters/crawler))" ayukiestate.com 10.44.34.235
57.141.0.13 - - [04/Aug/2026:12:43:07 -0600] "GET /items/T342381878/ HTTP/2.0" 404 8624 "-" "Mozilla/5.0 (Macintosh; Intel Mac OS X 10_15_7) AppleWebKit/537.36 (KHTML, like Gecko) Chrome/145.0.0.0 Safari/537.36 (compatible; meta-externalagent/1.1 (+https://developers.facebook.com/docs/sharing/webmasters/crawler))" ayukiestate.com 10.44.34.235
104.28.163.232 - - [04/Aug/2026:12:43:18 -0600] "GET /2026/07/26/understanding-the-value-of-1-sweeps-coin/ HTTP/1.1" 500 6275 "https://ayukiestate.com/" "Mozilla/5.0 (X11; Linux x86_64; rv:138.0) Gecko/20100101 Firefox/138.0" ayukiestate.com 10.44.34.235
