193.32.152.117 - - [04/Aug/2026:10:21:03 -0600] "GET /502.shtml HTTP/1.1" 404 8623 "https://ayukiestate.com/" "Mozilla/5.0 (Windows NT 10.0; Win64; x64; rv:149.0) Gecko/20100101 Firefox/149.0" ayukiestate.com 10.44.34.235
45.89.74.17 - - [04/Aug/2026:10:21:04 -0600] "GET /2026/07/26/understanding-the-value-of-1-sweeps-coin/ HTTP/1.1" 500 6275 "https://ayukiestate.com/" "Mozilla/5.0 (Windows NT 10.0; Win64; x64; rv:149.0) Gecko/20100101 Firefox/149.0" ayukiestate.com 10.44.34.235
50.6.43.128 - - [04/Aug/2026:10:21:15 -0600] "POST /wp-cron.php?doing_wp_cron=1785860475.1535470485687255859375 HTTP/1.1" 200 - "-" "WordPress/7.0.2; https://ayukiestate.com" ayukiestate.com 10.44.34.235
45.89.74.17 - - [04/Aug/2026:10:21:04 -0600] "GET /2026/07/26/understanding-the-value-of-1-sweeps-coin/ HTTP/1.1" 502 - "https://ayukiestate.com/" "Mozilla/5.0 (Windows NT 10.0; Win64; x64; rv:149.0) Gecko/20100101 Firefox/149.0" ayukiestate.com 10.44.34.235
57.141.0.19 - - [04/Aug/2026:10:21:28 -0600] "GET /items/T345960412/ HTTP/1.1" 404 8624 "-" "Mozilla/5.0 (Windows NT 10.0; Win64; x64) AppleWebKit/537.36 (KHTML, like Gecko) Chrome/145.0.0.0 Safari/537.36 Edg/145.0.0.0 (compatible; meta-externalagent/1.1 (+https://developers.facebook.com/docs/sharing/webmasters/crawler))" ayukiestate.com 10.44.34.235
57.141.0.40 - - [04/Aug/2026:10:21:31 -0600] "GET /502.shtml HTTP/1.1" 404 8625 "-" "Mozilla/5.0 (Macintosh; Intel Mac OS X 10_15_7) AppleWebKit/537.36 (KHTML, like Gecko) Chrome/145.0.0.0 Safari/537.36 (compatible; meta-externalagent/1.1 (+https://developers.facebook.com/docs/sharing/webmasters/crawler))" ayukiestate.com 10.44.34.235
57.141.0.40 - - [04/Aug/2026:10:21:31 -0600] "GET /502.shtml HTTP/1.1" 404 8623 "-" "Mozilla/5.0 (Macintosh; Intel Mac OS X 10_15_7) AppleWebKit/537.36 (KHTML, like Gecko) Chrome/145.0.0.0 Safari/537.36 (compatible; meta-externalagent/1.1 (+https://developers.facebook.com/docs/sharing/webmasters/crawler))" ayukiestate.com 10.44.34.235
57.141.0.37 - - [04/Aug/2026:10:21:34 -0600] "GET /502.shtml HTTP/1.1" 404 8624 "-" "Mozilla/5.0 (Macintosh; Intel Mac OS X 10_15_7) AppleWebKit/537.36 (KHTML, like Gecko) Chrome/145.0.0.0 Safari/537.36 (compatible; meta-externalagent/1.1 (+https://developers.facebook.com/docs/sharing/webmasters/crawler))" ayukiestate.com 10.44.34.235
57.141.0.24 - - [04/Aug/2026:10:22:04 -0600] "GET /items/T347661218/ HTTP/1.1" 404 8623 "-" "Mozilla/5.0 (Windows NT 10.0; Win64; x64) AppleWebKit/537.36 (KHTML, like Gecko) Chrome/145.0.0.0 Safari/537.36 (compatible; meta-externalagent/1.1 (+https://developers.facebook.com/docs/sharing/webmasters/crawler))" ayukiestate.com 10.44.34.235
57.141.0.19 - - [04/Aug/2026:10:21:28 -0600] "GET /items/T345960412/ HTTP/2.0" 502 - "-" "Mozilla/5.0 (Windows NT 10.0; Win64; x64) AppleWebKit/537.36 (KHTML, like Gecko) Chrome/145.0.0.0 Safari/537.36 Edg/145.0.0.0 (compatible; meta-externalagent/1.1 (+https://developers.facebook.com/docs/sharing/webmasters/crawler))" ayukiestate.com 10.44.34.235
57.141.0.41 - - [04/Aug/2026:10:22:06 -0600] "GET /502.shtml HTTP/1.1" 404 8621 "-" "Mozilla/5.0 (Windows NT 10.0; Win64; x64) AppleWebKit/537.36 (KHTML, like Gecko) Chrome/145.0.0.0 Safari/537.36 (compatible; meta-externalagent/1.1 (+https://developers.facebook.com/docs/sharing/webmasters/crawler))" ayukiestate.com 10.44.34.235
57.141.0.41 - - [04/Aug/2026:10:22:06 -0600] "GET /502.shtml HTTP/1.1" 404 8623 "-" "Mozilla/5.0 (Windows NT 10.0; Win64; x64) AppleWebKit/537.36 (KHTML, like Gecko) Chrome/145.0.0.0 Safari/537.36 (compatible; meta-externalagent/1.1 (+https://developers.facebook.com/docs/sharing/webmasters/crawler))" ayukiestate.com 10.44.34.235
57.141.0.42 - - [04/Aug/2026:10:22:10 -0600] "GET /502.shtml HTTP/1.1" 404 8623 "-" "Mozilla/5.0 (Macintosh; Intel Mac OS X 10_15_7) AppleWebKit/537.36 (KHTML, like Gecko) Chrome/145.0.0.0 Safari/537.36 (compatible; meta-externalagent/1.1 (+https://developers.facebook.com/docs/sharing/webmasters/crawler))" ayukiestate.com 10.44.34.235
50.6.43.128 - - [04/Aug/2026:10:22:23 -0600] "POST /wp-cron.php?doing_wp_cron=1785860543.9524040222167968750000 HTTP/1.1" 200 - "-" "WordPress/7.0.2; https://ayukiestate.com" ayukiestate.com 10.44.34.235
57.141.0.45 - - [04/Aug/2026:10:22:40 -0600] "GET /items/T346257783/ HTTP/1.1" 404 8624 "-" "Mozilla/5.0 (Windows NT 10.0; Win64; x64) AppleWebKit/537.36 (KHTML, like Gecko) Chrome/145.0.0.0 Safari/537.36 (compatible; meta-externalagent/1.1 (+https://developers.facebook.com/docs/sharing/webmasters/crawler))" ayukiestate.com 10.44.34.235
57.141.0.41 - - [04/Aug/2026:10:22:42 -0600] "GET /502.shtml HTTP/1.1" 404 8624 "-" "Mozilla/5.0 (Windows NT 10.0; Win64; x64) AppleWebKit/537.36 (KHTML, like Gecko) Chrome/145.0.0.0 Safari/537.36 (compatible; meta-externalagent/1.1 (+https://developers.facebook.com/docs/sharing/webmasters/crawler))" ayukiestate.com 10.44.34.235
57.141.0.41 - - [04/Aug/2026:10:22:42 -0600] "GET /502.shtml HTTP/1.1" 404 8625 "-" "Mozilla/5.0 (Windows NT 10.0; Win64; x64) AppleWebKit/537.36 (KHTML, like Gecko) Chrome/145.0.0.0 Safari/537.36 (compatible; meta-externalagent/1.1 (+https://developers.facebook.com/docs/sharing/webmasters/crawler))" ayukiestate.com 10.44.34.235
57.141.0.2 - - [04/Aug/2026:10:22:45 -0600] "GET /502.shtml HTTP/1.1" 404 8625 "-" "Mozilla/5.0 (Windows NT 10.0; Win64; x64) AppleWebKit/537.36 (KHTML, like Gecko) Chrome/145.0.0.0 Safari/537.36 (compatible; meta-externalagent/1.1 (+https://developers.facebook.com/docs/sharing/webmasters/crawler))" ayukiestate.com 10.44.34.235
57.141.0.24 - - [04/Aug/2026:10:22:04 -0600] "GET /items/T347661218/ HTTP/2.0" 502 - "-" "Mozilla/5.0 (Windows NT 10.0; Win64; x64) AppleWebKit/537.36 (KHTML, like Gecko) Chrome/145.0.0.0 Safari/537.36 (compatible; meta-externalagent/1.1 (+https://developers.facebook.com/docs/sharing/webmasters/crawler))" ayukiestate.com 10.44.34.235
57.141.0.26 - - [04/Aug/2026:10:23:15 -0600] "GET /shopdetail/5c514074332299 HTTP/1.1" 404 8624 "-" "Mozilla/5.0 (Windows NT 10.0; Win64; x64) AppleWebKit/537.36 (KHTML, like Gecko) Chrome/145.0.0.0 Safari/537.36 (compatible; meta-externalagent/1.1 (+https://developers.facebook.com/docs/sharing/webmasters/crawler))" ayukiestate.com 10.44.34.235
57.141.0.11 - - [04/Aug/2026:10:23:17 -0600] "GET /502.shtml HTTP/1.1" 404 8627 "-" "Mozilla/5.0 (Macintosh; Intel Mac OS X 10_15_7) AppleWebKit/537.36 (KHTML, like Gecko) Chrome/145.0.0.0 Safari/537.36 (compatible; meta-externalagent/1.1 (+https://developers.facebook.com/docs/sharing/webmasters/crawler))" ayukiestate.com 10.44.34.235
57.141.0.11 - - [04/Aug/2026:10:23:17 -0600] "GET /502.shtml HTTP/1.1" 404 8623 "-" "Mozilla/5.0 (Macintosh; Intel Mac OS X 10_15_7) AppleWebKit/537.36 (KHTML, like Gecko) Chrome/145.0.0.0 Safari/537.36 (compatible; meta-externalagent/1.1 (+https://developers.facebook.com/docs/sharing/webmasters/crawler))" ayukiestate.com 10.44.34.235
57.141.0.46 - - [04/Aug/2026:10:23:20 -0600] "GET /502.shtml HTTP/1.1" 404 8619 "-" "Mozilla/5.0 (X11; Linux x86_64) AppleWebKit/537.36 (KHTML, like Gecko) Chrome/145.0.0.0 Safari/537.36 (compatible; meta-externalagent/1.1 (+https://developers.facebook.com/docs/sharing/webmasters/crawler))" ayukiestate.com 10.44.34.235
57.141.0.40 - - [04/Aug/2026:10:23:50 -0600] "GET /items/T341431436/ HTTP/1.1" 404 8624 "-" "Mozilla/5.0 (Windows NT 10.0; Win64; x64) AppleWebKit/537.36 (KHTML, like Gecko) Chrome/145.0.0.0 Safari/537.36 (compatible; meta-externalagent/1.1 (+https://developers.facebook.com/docs/sharing/webmasters/crawler))" ayukiestate.com 10.44.34.235
57.141.0.38 - - [04/Aug/2026:10:23:53 -0600] "GET /502.shtml HTTP/1.1" 404 8624 "-" "Mozilla/5.0 (Windows NT 10.0; Win64; x64) AppleWebKit/537.36 (KHTML, like Gecko) Chrome/145.0.0.0 Safari/537.36 (compatible; meta-externalagent/1.1 (+https://developers.facebook.com/docs/sharing/webmasters/crawler))" ayukiestate.com 10.44.34.235
57.141.0.38 - - [04/Aug/2026:10:23:53 -0600] "GET /502.shtml HTTP/1.1" 404 8625 "-" "Mozilla/5.0 (Windows NT 10.0; Win64; x64) AppleWebKit/537.36 (KHTML, like Gecko) Chrome/145.0.0.0 Safari/537.36 (compatible; meta-externalagent/1.1 (+https://developers.facebook.com/docs/sharing/webmasters/crawler))" ayukiestate.com 10.44.34.235
57.141.0.65 - - [04/Aug/2026:10:23:56 -0600] "GET /502.shtml HTTP/1.1" 404 8627 "-" "Mozilla/5.0 (Windows NT 10.0; Win64; x64) AppleWebKit/537.36 (KHTML, like Gecko) Chrome/145.0.0.0 Safari/537.36 (compatible; meta-externalagent/1.1 (+https://developers.facebook.com/docs/sharing/webmasters/crawler))" ayukiestate.com 10.44.34.235
50.6.43.128 - - [04/Aug/2026:10:24:00 -0600] "POST /wp-cron.php?doing_wp_cron=1785860640.0292279720306396484375 HTTP/1.1" 200 - "-" "WordPress/7.0.2; https://ayukiestate.com" ayukiestate.com 10.44.34.235
50.6.43.128 - - [04/Aug/2026:10:24:00 -0600] "POST /wp-cron.php?doing_wp_cron=1785860640.0556130409240722656250 HTTP/1.1" 200 - "-" "WordPress/7.0.2; https://ayukiestate.com" ayukiestate.com 10.44.34.235
193.32.152.117 - - [04/Aug/2026:10:24:03 -0600] "GET /502.shtml HTTP/1.1" 404 8623 "https://ayukiestate.com/" "Mozilla/5.0 (Windows NT 10.0; Win64; x64; rv:149.0) Gecko/20100101 Firefox/149.0" ayukiestate.com 10.44.34.235
45.89.74.17 - - [04/Aug/2026:10:24:04 -0600] "GET /502.shtml HTTP/1.1" 404 8622 "https://ayukiestate.com/" "Mozilla/5.0 (Windows NT 10.0; Win64; x64; rv:149.0) Gecko/20100101 Firefox/149.0" ayukiestate.com 10.44.34.235
45.89.74.17 - - [04/Aug/2026:10:24:04 -0600] "GET /502.shtml HTTP/1.1" 404 8623 "https://ayukiestate.com/" "Mozilla/5.0 (Windows NT 10.0; Win64; x64; rv:149.0) Gecko/20100101 Firefox/149.0" ayukiestate.com 10.44.34.235
193.32.155.229 - - [04/Aug/2026:10:24:09 -0600] "GET /2026/07/26/understanding-the-value-of-1-sweeps-coin/ HTTP/1.1" 500 6273 "https://ayukiestate.com/" "Mozilla/5.0 (Windows NT 10.0; Win64; x64; rv:149.0) Gecko/20100101 Firefox/149.0" ayukiestate.com 10.44.34.235
57.141.0.58 - - [04/Aug/2026:10:24:26 -0600] "GET /items/T344407015/ HTTP/1.1" 404 8625 "-" "Mozilla/5.0 (Windows NT 10.0; Win64; x64) AppleWebKit/537.36 (KHTML, like Gecko) Chrome/145.0.0.0 Safari/537.36 (compatible; meta-externalagent/1.1 (+https://developers.facebook.com/docs/sharing/webmasters/crawler))" ayukiestate.com 10.44.34.235
57.141.0.45 - - [04/Aug/2026:10:22:40 -0600] "GET /items/T346257783/ HTTP/2.0" 502 - "-" "Mozilla/5.0 (Windows NT 10.0; Win64; x64) AppleWebKit/537.36 (KHTML, like Gecko) Chrome/145.0.0.0 Safari/537.36 (compatible; meta-externalagent/1.1 (+https://developers.facebook.com/docs/sharing/webmasters/crawler))" ayukiestate.com 10.44.34.235
57.141.0.19 - - [04/Aug/2026:10:24:28 -0600] "GET /502.shtml HTTP/1.1" 404 8618 "-" "Mozilla/5.0 (Windows NT 10.0; Win64; x64) AppleWebKit/537.36 (KHTML, like Gecko) Chrome/145.0.0.0 Safari/537.36 Edg/145.0.0.0 (compatible; meta-externalagent/1.1 (+https://developers.facebook.com/docs/sharing/webmasters/crawler))" ayukiestate.com 10.44.34.235
57.141.0.19 - - [04/Aug/2026:10:24:28 -0600] "GET /502.shtml HTTP/1.1" 404 8624 "-" "Mozilla/5.0 (Windows NT 10.0; Win64; x64) AppleWebKit/537.36 (KHTML, like Gecko) Chrome/145.0.0.0 Safari/537.36 Edg/145.0.0.0 (compatible; meta-externalagent/1.1 (+https://developers.facebook.com/docs/sharing/webmasters/crawler))" ayukiestate.com 10.44.34.235
57.141.0.40 - - [04/Aug/2026:10:24:31 -0600] "GET /502.shtml HTTP/1.1" 404 8622 "-" "Mozilla/5.0 (Macintosh; Intel Mac OS X 10_15_7) AppleWebKit/537.36 (KHTML, like Gecko) Chrome/145.0.0.0 Safari/537.36 (compatible; meta-externalagent/1.1 (+https://developers.facebook.com/docs/sharing/webmasters/crawler))" ayukiestate.com 10.44.34.235
57.141.0.24 - - [04/Aug/2026:10:25:01 -0600] "GET /items/T347723932/ HTTP/1.1" 404 8621 "-" "Mozilla/5.0 (X11; Linux x86_64) AppleWebKit/537.36 (KHTML, like Gecko) Chrome/145.0.0.0 Safari/537.36 (compatible; meta-externalagent/1.1 (+https://developers.facebook.com/docs/sharing/webmasters/crawler))" ayukiestate.com 10.44.34.235
57.141.0.24 - - [04/Aug/2026:10:25:04 -0600] "GET /502.shtml HTTP/1.1" 404 8625 "-" "Mozilla/5.0 (Windows NT 10.0; Win64; x64) AppleWebKit/537.36 (KHTML, like Gecko) Chrome/145.0.0.0 Safari/537.36 (compatible; meta-externalagent/1.1 (+https://developers.facebook.com/docs/sharing/webmasters/crawler))" ayukiestate.com 10.44.34.235
57.141.0.24 - - [04/Aug/2026:10:25:04 -0600] "GET /502.shtml HTTP/1.1" 404 8624 "-" "Mozilla/5.0 (Windows NT 10.0; Win64; x64) AppleWebKit/537.36 (KHTML, like Gecko) Chrome/145.0.0.0 Safari/537.36 (compatible; meta-externalagent/1.1 (+https://developers.facebook.com/docs/sharing/webmasters/crawler))" ayukiestate.com 10.44.34.235
50.6.43.128 - - [04/Aug/2026:10:25:04 -0600] "POST /wp-cron.php?doing_wp_cron=1785860704.5300850868225097656250 HTTP/1.1" 200 - "-" "WordPress/7.0.2; https://ayukiestate.com" ayukiestate.com 10.44.34.235
57.141.0.41 - - [04/Aug/2026:10:25:07 -0600] "GET /502.shtml HTTP/1.1" 404 8624 "-" "Mozilla/5.0 (Windows NT 10.0; Win64; x64) AppleWebKit/537.36 (KHTML, like Gecko) Chrome/145.0.0.0 Safari/537.36 (compatible; meta-externalagent/1.1 (+https://developers.facebook.com/docs/sharing/webmasters/crawler))" ayukiestate.com 10.44.34.235
57.141.0.26 - - [04/Aug/2026:10:23:15 -0600] "GET /shopdetail/5c514074332299 HTTP/2.0" 502 - "-" "Mozilla/5.0 (Windows NT 10.0; Win64; x64) AppleWebKit/537.36 (KHTML, like Gecko) Chrome/145.0.0.0 Safari/537.36 (compatible; meta-externalagent/1.1 (+https://developers.facebook.com/docs/sharing/webmasters/crawler))" ayukiestate.com 10.44.34.235
57.141.0.28 - - [04/Aug/2026:10:25:36 -0600] "GET /items/T344951662/ HTTP/1.1" 404 8626 "-" "Mozilla/5.0 (Windows NT 10.0; Win64; x64) AppleWebKit/537.36 (KHTML, like Gecko) Chrome/145.0.0.0 Safari/537.36 (compatible; meta-externalagent/1.1 (+https://developers.facebook.com/docs/sharing/webmasters/crawler))" ayukiestate.com 10.44.34.235
57.141.0.45 - - [04/Aug/2026:10:25:40 -0600] "GET /502.shtml HTTP/1.1" 404 8622 "-" "Mozilla/5.0 (Windows NT 10.0; Win64; x64) AppleWebKit/537.36 (KHTML, like Gecko) Chrome/145.0.0.0 Safari/537.36 (compatible; meta-externalagent/1.1 (+https://developers.facebook.com/docs/sharing/webmasters/crawler))" ayukiestate.com 10.44.34.235
57.141.0.45 - - [04/Aug/2026:10:25:40 -0600] "GET /502.shtml HTTP/1.1" 404 8625 "-" "Mozilla/5.0 (Windows NT 10.0; Win64; x64) AppleWebKit/537.36 (KHTML, like Gecko) Chrome/145.0.0.0 Safari/537.36 (compatible; meta-externalagent/1.1 (+https://developers.facebook.com/docs/sharing/webmasters/crawler))" ayukiestate.com 10.44.34.235
57.141.0.41 - - [04/Aug/2026:10:25:43 -0600] "GET /502.shtml HTTP/1.1" 404 8623 "-" "Mozilla/5.0 (Windows NT 10.0; Win64; x64) AppleWebKit/537.36 (KHTML, like Gecko) Chrome/145.0.0.0 Safari/537.36 (compatible; meta-externalagent/1.1 (+https://developers.facebook.com/docs/sharing/webmasters/crawler))" ayukiestate.com 10.44.34.235
50.6.43.128 - - [04/Aug/2026:10:26:09 -0600] "POST /wp-cron.php?doing_wp_cron=1785860769.0113980770111083984375 HTTP/1.1" 200 - "-" "WordPress/7.0.2; https://ayukiestate.com" ayukiestate.com 10.44.34.235
57.141.0.40 - - [04/Aug/2026:10:26:12 -0600] "GET /items/T345217574/ HTTP/1.1" 404 8623 "-" "Mozilla/5.0 (Macintosh; Intel Mac OS X 10_15_7) AppleWebKit/537.36 (KHTML, like Gecko) Chrome/145.0.0.0 Safari/537.36 (compatible; meta-externalagent/1.1 (+https://developers.facebook.com/docs/sharing/webmasters/crawler))" ayukiestate.com 10.44.34.235
57.141.0.26 - - [04/Aug/2026:10:26:15 -0600] "GET /502.shtml HTTP/1.1" 404 8620 "-" "Mozilla/5.0 (Windows NT 10.0; Win64; x64) AppleWebKit/537.36 (KHTML, like Gecko) Chrome/145.0.0.0 Safari/537.36 (compatible; meta-externalagent/1.1 (+https://developers.facebook.com/docs/sharing/webmasters/crawler))" ayukiestate.com 10.44.34.235
57.141.0.26 - - [04/Aug/2026:10:26:15 -0600] "GET /502.shtml HTTP/1.1" 404 8623 "-" "Mozilla/5.0 (Windows NT 10.0; Win64; x64) AppleWebKit/537.36 (KHTML, like Gecko) Chrome/145.0.0.0 Safari/537.36 (compatible; meta-externalagent/1.1 (+https://developers.facebook.com/docs/sharing/webmasters/crawler))" ayukiestate.com 10.44.34.235
57.141.0.11 - - [04/Aug/2026:10:26:17 -0600] "GET /502.shtml HTTP/1.1" 404 8624 "-" "Mozilla/5.0 (Macintosh; Intel Mac OS X 10_15_7) AppleWebKit/537.36 (KHTML, like Gecko) Chrome/145.0.0.0 Safari/537.36 (compatible; meta-externalagent/1.1 (+https://developers.facebook.com/docs/sharing/webmasters/crawler))" ayukiestate.com 10.44.34.235
57.141.0.40 - - [04/Aug/2026:10:23:50 -0600] "GET /items/T341431436/ HTTP/2.0" 502 - "-" "Mozilla/5.0 (Windows NT 10.0; Win64; x64) AppleWebKit/537.36 (KHTML, like Gecko) Chrome/145.0.0.0 Safari/537.36 (compatible; meta-externalagent/1.1 (+https://developers.facebook.com/docs/sharing/webmasters/crawler))" ayukiestate.com 10.44.34.235
57.141.0.48 - - [04/Aug/2026:10:26:47 -0600] "GET /items/T341446496/ HTTP/1.1" 404 8626 "-" "Mozilla/5.0 (X11; Linux x86_64) AppleWebKit/537.36 (KHTML, like Gecko) Chrome/145.0.0.0 Safari/537.36 (compatible; meta-externalagent/1.1 (+https://developers.facebook.com/docs/sharing/webmasters/crawler))" ayukiestate.com 10.44.34.235
57.141.0.40 - - [04/Aug/2026:10:26:50 -0600] "GET /502.shtml HTTP/1.1" 404 8623 "-" "Mozilla/5.0 (Windows NT 10.0; Win64; x64) AppleWebKit/537.36 (KHTML, like Gecko) Chrome/145.0.0.0 Safari/537.36 (compatible; meta-externalagent/1.1 (+https://developers.facebook.com/docs/sharing/webmasters/crawler))" ayukiestate.com 10.44.34.235
57.141.0.40 - - [04/Aug/2026:10:26:50 -0600] "GET /502.shtml HTTP/1.1" 404 8623 "-" "Mozilla/5.0 (Windows NT 10.0; Win64; x64) AppleWebKit/537.36 (KHTML, like Gecko) Chrome/145.0.0.0 Safari/537.36 (compatible; meta-externalagent/1.1 (+https://developers.facebook.com/docs/sharing/webmasters/crawler))" ayukiestate.com 10.44.34.235
57.141.0.38 - - [04/Aug/2026:10:26:53 -0600] "GET /502.shtml HTTP/1.1" 404 8629 "-" "Mozilla/5.0 (Windows NT 10.0; Win64; x64) AppleWebKit/537.36 (KHTML, like Gecko) Chrome/145.0.0.0 Safari/537.36 (compatible; meta-externalagent/1.1 (+https://developers.facebook.com/docs/sharing/webmasters/crawler))" ayukiestate.com 10.44.34.235
193.32.155.229 - - [04/Aug/2026:10:24:09 -0600] "GET /2026/07/26/understanding-the-value-of-1-sweeps-coin/ HTTP/1.1" 502 - "https://ayukiestate.com/" "Mozilla/5.0 (Windows NT 10.0; Win64; x64; rv:149.0) Gecko/20100101 Firefox/149.0" ayukiestate.com 10.44.34.235
45.89.74.17 - - [04/Aug/2026:10:27:05 -0600] "GET /502.shtml HTTP/1.1" 404 8625 "https://ayukiestate.com/" "Mozilla/5.0 (Windows NT 10.0; Win64; x64; rv:149.0) Gecko/20100101 Firefox/149.0" ayukiestate.com 10.44.34.235
193.32.155.229 - - [04/Aug/2026:10:27:09 -0600] "GET /502.shtml HTTP/1.1" 404 8620 "https://ayukiestate.com/" "Mozilla/5.0 (Windows NT 10.0; Win64; x64; rv:149.0) Gecko/20100101 Firefox/149.0" ayukiestate.com 10.44.34.235
193.32.155.229 - - [04/Aug/2026:10:27:09 -0600] "GET /502.shtml HTTP/1.1" 404 8622 "https://ayukiestate.com/" "Mozilla/5.0 (Windows NT 10.0; Win64; x64; rv:149.0) Gecko/20100101 Firefox/149.0" ayukiestate.com 10.44.34.235
50.6.43.128 - - [04/Aug/2026:10:27:11 -0600] "POST /wp-cron.php?doing_wp_cron=1785860831.6143109798431396484375 HTTP/1.1" 200 - "-" "WordPress/7.0.2; https://ayukiestate.com" ayukiestate.com 10.44.34.235
57.141.0.39 - - [04/Aug/2026:10:27:23 -0600] "GET /items/T343459173/ HTTP/1.1" 404 8619 "-" "Mozilla/5.0 (X11; Ubuntu; Linux x86_64; rv:147.0) Gecko/20100101 Firefox/147.0 (compatible; meta-externalagent/1.1 (+https://developers.facebook.com/docs/sharing/webmasters/crawler))" ayukiestate.com 10.44.34.235
57.141.0.58 - - [04/Aug/2026:10:24:26 -0600] "GET /items/T344407015/ HTTP/2.0" 502 - "-" "Mozilla/5.0 (Windows NT 10.0; Win64; x64) AppleWebKit/537.36 (KHTML, like Gecko) Chrome/145.0.0.0 Safari/537.36 (compatible; meta-externalagent/1.1 (+https://developers.facebook.com/docs/sharing/webmasters/crawler))" ayukiestate.com 10.44.34.235
57.141.0.58 - - [04/Aug/2026:10:27:26 -0600] "GET /502.shtml HTTP/1.1" 404 8621 "-" "Mozilla/5.0 (Windows NT 10.0; Win64; x64) AppleWebKit/537.36 (KHTML, like Gecko) Chrome/145.0.0.0 Safari/537.36 (compatible; meta-externalagent/1.1 (+https://developers.facebook.com/docs/sharing/webmasters/crawler))" ayukiestate.com 10.44.34.235
57.141.0.58 - - [04/Aug/2026:10:27:26 -0600] "GET /502.shtml HTTP/1.1" 404 8625 "-" "Mozilla/5.0 (Windows NT 10.0; Win64; x64) AppleWebKit/537.36 (KHTML, like Gecko) Chrome/145.0.0.0 Safari/537.36 (compatible; meta-externalagent/1.1 (+https://developers.facebook.com/docs/sharing/webmasters/crawler))" ayukiestate.com 10.44.34.235
57.141.0.19 - - [04/Aug/2026:10:27:29 -0600] "GET /502.shtml HTTP/1.1" 404 8626 "-" "Mozilla/5.0 (Windows NT 10.0; Win64; x64) AppleWebKit/537.36 (KHTML, like Gecko) Chrome/145.0.0.0 Safari/537.36 Edg/145.0.0.0 (compatible; meta-externalagent/1.1 (+https://developers.facebook.com/docs/sharing/webmasters/crawler))" ayukiestate.com 10.44.34.235
57.141.0.17 - - [04/Aug/2026:10:27:59 -0600] "GET /shopdetail/1655b415481493 HTTP/1.1" 404 8622 "-" "Mozilla/5.0 (Windows NT 10.0; Win64; x64) AppleWebKit/537.36 (KHTML, like Gecko) Chrome/144.0.0.0 Safari/537.36 Edg/144.0.0.0 (compatible; meta-externalagent/1.1 (+https://developers.facebook.com/docs/sharing/webmasters/crawler))" ayukiestate.com 10.44.34.235
57.141.0.17 - - [04/Aug/2026:10:27:59 -0600] "GET /shopdetail/1655b415481493 HTTP/2.0" 404 7756 "-" "Mozilla/5.0 (Windows NT 10.0; Win64; x64) AppleWebKit/537.36 (KHTML, like Gecko) Chrome/144.0.0.0 Safari/537.36 Edg/144.0.0.0 (compatible; meta-externalagent/1.1 (+https://developers.facebook.com/docs/sharing/webmasters/crawler))" ayukiestate.com 10.44.34.235
57.141.0.24 - - [04/Aug/2026:10:28:01 -0600] "GET /502.shtml HTTP/1.1" 404 8622 "-" "Mozilla/5.0 (X11; Linux x86_64) AppleWebKit/537.36 (KHTML, like Gecko) Chrome/145.0.0.0 Safari/537.36 (compatible; meta-externalagent/1.1 (+https://developers.facebook.com/docs/sharing/webmasters/crawler))" ayukiestate.com 10.44.34.235
57.141.0.24 - - [04/Aug/2026:10:25:01 -0600] "GET /items/T347723932/ HTTP/2.0" 404 7756 "-" "Mozilla/5.0 (X11; Linux x86_64) AppleWebKit/537.36 (KHTML, like Gecko) Chrome/145.0.0.0 Safari/537.36 (compatible; meta-externalagent/1.1 (+https://developers.facebook.com/docs/sharing/webmasters/crawler))" ayukiestate.com 10.44.34.235
57.141.0.24 - - [04/Aug/2026:10:28:01 -0600] "GET /502.shtml HTTP/1.1" 404 8626 "-" "Mozilla/5.0 (X11; Linux x86_64) AppleWebKit/537.36 (KHTML, like Gecko) Chrome/145.0.0.0 Safari/537.36 (compatible; meta-externalagent/1.1 (+https://developers.facebook.com/docs/sharing/webmasters/crawler))" ayukiestate.com 10.44.34.235
57.141.0.24 - - [04/Aug/2026:10:28:04 -0600] "GET /502.shtml HTTP/1.1" 404 8625 "-" "Mozilla/5.0 (Windows NT 10.0; Win64; x64) AppleWebKit/537.36 (KHTML, like Gecko) Chrome/145.0.0.0 Safari/537.36 (compatible; meta-externalagent/1.1 (+https://developers.facebook.com/docs/sharing/webmasters/crawler))" ayukiestate.com 10.44.34.235
50.6.43.128 - - [04/Aug/2026:10:28:25 -0600] "POST /wp-cron.php?doing_wp_cron=1785860905.6128239631652832031250 HTTP/1.1" 200 - "-" "WordPress/7.0.2; https://ayukiestate.com" ayukiestate.com 10.44.34.235
57.141.0.22 - - [04/Aug/2026:10:28:33 -0600] "GET /items/T343274110/ HTTP/1.1" 404 8624 "-" "Mozilla/5.0 (Windows NT 10.0; Win64; x64) AppleWebKit/537.36 (KHTML, like Gecko) Chrome/145.0.0.0 Safari/537.36 (compatible; meta-externalagent/1.1 (+https://developers.facebook.com/docs/sharing/webmasters/crawler))" ayukiestate.com 10.44.34.235
57.141.0.22 - - [04/Aug/2026:10:28:33 -0600] "GET /items/T343274110/ HTTP/2.0" 404 7756 "-" "Mozilla/5.0 (Windows NT 10.0; Win64; x64) AppleWebKit/537.36 (KHTML, like Gecko) Chrome/145.0.0.0 Safari/537.36 (compatible; meta-externalagent/1.1 (+https://developers.facebook.com/docs/sharing/webmasters/crawler))" ayukiestate.com 10.44.34.235
57.141.0.28 - - [04/Aug/2026:10:28:36 -0600] "GET /502.shtml HTTP/1.1" 404 8624 "-" "Mozilla/5.0 (Windows NT 10.0; Win64; x64) AppleWebKit/537.36 (KHTML, like Gecko) Chrome/145.0.0.0 Safari/537.36 (compatible; meta-externalagent/1.1 (+https://developers.facebook.com/docs/sharing/webmasters/crawler))" ayukiestate.com 10.44.34.235
57.141.0.28 - - [04/Aug/2026:10:28:36 -0600] "GET /502.shtml HTTP/1.1" 404 8626 "-" "Mozilla/5.0 (Windows NT 10.0; Win64; x64) AppleWebKit/537.36 (KHTML, like Gecko) Chrome/145.0.0.0 Safari/537.36 (compatible; meta-externalagent/1.1 (+https://developers.facebook.com/docs/sharing/webmasters/crawler))" ayukiestate.com 10.44.34.235
57.141.0.28 - - [04/Aug/2026:10:25:36 -0600] "GET /items/T344951662/ HTTP/2.0" 404 7756 "-" "Mozilla/5.0 (Windows NT 10.0; Win64; x64) AppleWebKit/537.36 (KHTML, like Gecko) Chrome/145.0.0.0 Safari/537.36 (compatible; meta-externalagent/1.1 (+https://developers.facebook.com/docs/sharing/webmasters/crawler))" ayukiestate.com 10.44.34.235
57.141.0.45 - - [04/Aug/2026:10:28:40 -0600] "GET /502.shtml HTTP/1.1" 404 8625 "-" "Mozilla/5.0 (Windows NT 10.0; Win64; x64) AppleWebKit/537.36 (KHTML, like Gecko) Chrome/145.0.0.0 Safari/537.36 (compatible; meta-externalagent/1.1 (+https://developers.facebook.com/docs/sharing/webmasters/crawler))" ayukiestate.com 10.44.34.235
57.141.0.55 - - [04/Aug/2026:10:29:09 -0600] "GET /items/T343258886/ HTTP/1.1" 404 8625 "-" "Mozilla/5.0 (Macintosh; Intel Mac OS X 10_15_7) AppleWebKit/537.36 (KHTML, like Gecko) Chrome/145.0.0.0 Safari/537.36 (compatible; meta-externalagent/1.1 (+https://developers.facebook.com/docs/sharing/webmasters/crawler))" ayukiestate.com 10.44.34.235
57.141.0.55 - - [04/Aug/2026:10:29:09 -0600] "GET /items/T343258886/ HTTP/2.0" 404 7756 "-" "Mozilla/5.0 (Macintosh; Intel Mac OS X 10_15_7) AppleWebKit/537.36 (KHTML, like Gecko) Chrome/145.0.0.0 Safari/537.36 (compatible; meta-externalagent/1.1 (+https://developers.facebook.com/docs/sharing/webmasters/crawler))" ayukiestate.com 10.44.34.235
66.132.172.216 - - [04/Aug/2026:10:29:09 -0600] "GET / HTTP/1.1" 301 - "-" "Mozilla/5.0 (compatible; CensysInspect/1.1; +https://about.censys.io/)" mail.ayukiestate.com 10.44.34.235
66.132.172.216 - - [04/Aug/2026:10:29:09 -0600] "GET / HTTP/1.1" 301 - "-" "Mozilla/5.0 (compatible; CensysInspect/1.1; +https://about.censys.io/)" mail.ayukiestate.com 10.44.34.235
57.141.0.40 - - [04/Aug/2026:10:29:12 -0600] "GET /502.shtml HTTP/1.1" 404 8625 "-" "Mozilla/5.0 (Macintosh; Intel Mac OS X 10_15_7) AppleWebKit/537.36 (KHTML, like Gecko) Chrome/145.0.0.0 Safari/537.36 (compatible; meta-externalagent/1.1 (+https://developers.facebook.com/docs/sharing/webmasters/crawler))" ayukiestate.com 10.44.34.235
57.141.0.40 - - [04/Aug/2026:10:29:12 -0600] "GET /502.shtml HTTP/1.1" 404 8624 "-" "Mozilla/5.0 (Macintosh; Intel Mac OS X 10_15_7) AppleWebKit/537.36 (KHTML, like Gecko) Chrome/145.0.0.0 Safari/537.36 (compatible; meta-externalagent/1.1 (+https://developers.facebook.com/docs/sharing/webmasters/crawler))" ayukiestate.com 10.44.34.235
57.141.0.40 - - [04/Aug/2026:10:26:12 -0600] "GET /items/T345217574/ HTTP/2.0" 404 7734 "-" "Mozilla/5.0 (Macintosh; Intel Mac OS X 10_15_7) AppleWebKit/537.36 (KHTML, like Gecko) Chrome/145.0.0.0 Safari/537.36 (compatible; meta-externalagent/1.1 (+https://developers.facebook.com/docs/sharing/webmasters/crawler))" ayukiestate.com 10.44.34.235
57.141.0.26 - - [04/Aug/2026:10:29:15 -0600] "GET /502.shtml HTTP/1.1" 404 8624 "-" "Mozilla/5.0 (Windows NT 10.0; Win64; x64) AppleWebKit/537.36 (KHTML, like Gecko) Chrome/145.0.0.0 Safari/537.36 (compatible; meta-externalagent/1.1 (+https://developers.facebook.com/docs/sharing/webmasters/crawler))" ayukiestate.com 10.44.34.235
57.141.0.67 - - [04/Aug/2026:10:29:45 -0600] "GET /items/T347369880/ HTTP/1.1" 404 8624 "-" "Mozilla/5.0 (Macintosh; Intel Mac OS X 10_15_7) AppleWebKit/537.36 (KHTML, like Gecko) Chrome/145.0.0.0 Safari/537.36 (compatible; meta-externalagent/1.1 (+https://developers.facebook.com/docs/sharing/webmasters/crawler))" ayukiestate.com 10.44.34.235
57.141.0.67 - - [04/Aug/2026:10:29:45 -0600] "GET /items/T347369880/ HTTP/2.0" 404 7756 "-" "Mozilla/5.0 (Macintosh; Intel Mac OS X 10_15_7) AppleWebKit/537.36 (KHTML, like Gecko) Chrome/145.0.0.0 Safari/537.36 (compatible; meta-externalagent/1.1 (+https://developers.facebook.com/docs/sharing/webmasters/crawler))" ayukiestate.com 10.44.34.235
50.6.43.128 - - [04/Aug/2026:10:29:45 -0600] "POST /wp-cron.php?doing_wp_cron=1785860985.2213408946990966796875 HTTP/1.1" 200 - "-" "WordPress/7.0.2; https://ayukiestate.com" ayukiestate.com 10.44.34.235
57.141.0.48 - - [04/Aug/2026:10:29:47 -0600] "GET /502.shtml HTTP/1.1" 404 8624 "-" "Mozilla/5.0 (X11; Linux x86_64) AppleWebKit/537.36 (KHTML, like Gecko) Chrome/145.0.0.0 Safari/537.36 (compatible; meta-externalagent/1.1 (+https://developers.facebook.com/docs/sharing/webmasters/crawler))" ayukiestate.com 10.44.34.235
57.141.0.48 - - [04/Aug/2026:10:26:47 -0600] "GET /items/T341446496/ HTTP/2.0" 404 7756 "-" "Mozilla/5.0 (X11; Linux x86_64) AppleWebKit/537.36 (KHTML, like Gecko) Chrome/145.0.0.0 Safari/537.36 (compatible; meta-externalagent/1.1 (+https://developers.facebook.com/docs/sharing/webmasters/crawler))" ayukiestate.com 10.44.34.235
57.141.0.48 - - [04/Aug/2026:10:29:47 -0600] "GET /502.shtml HTTP/1.1" 404 8621 "-" "Mozilla/5.0 (X11; Linux x86_64) AppleWebKit/537.36 (KHTML, like Gecko) Chrome/145.0.0.0 Safari/537.36 (compatible; meta-externalagent/1.1 (+https://developers.facebook.com/docs/sharing/webmasters/crawler))" ayukiestate.com 10.44.34.235
57.141.0.40 - - [04/Aug/2026:10:29:50 -0600] "GET /502.shtml HTTP/1.1" 404 8622 "-" "Mozilla/5.0 (Windows NT 10.0; Win64; x64) AppleWebKit/537.36 (KHTML, like Gecko) Chrome/145.0.0.0 Safari/537.36 (compatible; meta-externalagent/1.1 (+https://developers.facebook.com/docs/sharing/webmasters/crawler))" ayukiestate.com 10.44.34.235
193.32.155.229 - - [04/Aug/2026:10:30:09 -0600] "GET /502.shtml HTTP/1.1" 404 8626 "https://ayukiestate.com/" "Mozilla/5.0 (Windows NT 10.0; Win64; x64; rv:149.0) Gecko/20100101 Firefox/149.0" ayukiestate.com 10.44.34.235
57.141.0.67 - - [04/Aug/2026:10:30:20 -0600] "GET /items/T342533606/ HTTP/1.1" 404 8622 "-" "Mozilla/5.0 (Windows NT 10.0; Win64; x64) AppleWebKit/537.36 (KHTML, like Gecko) Chrome/145.0.0.0 Safari/537.36 (compatible; meta-externalagent/1.1 (+https://developers.facebook.com/docs/sharing/webmasters/crawler))" ayukiestate.com 10.44.34.235
57.141.0.67 - - [04/Aug/2026:10:30:20 -0600] "GET /items/T342533606/ HTTP/2.0" 404 7756 "-" "Mozilla/5.0 (Windows NT 10.0; Win64; x64) AppleWebKit/537.36 (KHTML, like Gecko) Chrome/145.0.0.0 Safari/537.36 (compatible; meta-externalagent/1.1 (+https://developers.facebook.com/docs/sharing/webmasters/crawler))" ayukiestate.com 10.44.34.235
57.141.0.39 - - [04/Aug/2026:10:30:23 -0600] "GET /502.shtml HTTP/1.1" 404 8623 "-" "Mozilla/5.0 (X11; Ubuntu; Linux x86_64; rv:147.0) Gecko/20100101 Firefox/147.0 (compatible; meta-externalagent/1.1 (+https://developers.facebook.com/docs/sharing/webmasters/crawler))" ayukiestate.com 10.44.34.235
57.141.0.39 - - [04/Aug/2026:10:30:23 -0600] "GET /502.shtml HTTP/1.1" 404 8624 "-" "Mozilla/5.0 (X11; Ubuntu; Linux x86_64; rv:147.0) Gecko/20100101 Firefox/147.0 (compatible; meta-externalagent/1.1 (+https://developers.facebook.com/docs/sharing/webmasters/crawler))" ayukiestate.com 10.44.34.235
57.141.0.39 - - [04/Aug/2026:10:27:23 -0600] "GET /items/T343459173/ HTTP/2.0" 404 7756 "-" "Mozilla/5.0 (X11; Ubuntu; Linux x86_64; rv:147.0) Gecko/20100101 Firefox/147.0 (compatible; meta-externalagent/1.1 (+https://developers.facebook.com/docs/sharing/webmasters/crawler))" ayukiestate.com 10.44.34.235
57.141.0.58 - - [04/Aug/2026:10:30:26 -0600] "GET /502.shtml HTTP/1.1" 404 8626 "-" "Mozilla/5.0 (Windows NT 10.0; Win64; x64) AppleWebKit/537.36 (KHTML, like Gecko) Chrome/145.0.0.0 Safari/537.36 (compatible; meta-externalagent/1.1 (+https://developers.facebook.com/docs/sharing/webmasters/crawler))" ayukiestate.com 10.44.34.235
50.6.43.128 - - [04/Aug/2026:10:30:50 -0600] "POST /wp-cron.php?doing_wp_cron=1785861050.6287000179290771484375 HTTP/1.1" 200 - "-" "WordPress/7.0.2; https://ayukiestate.com" ayukiestate.com 10.44.34.235
57.141.0.26 - - [04/Aug/2026:10:30:55 -0600] "GET /shopdetail/f2412623650587 HTTP/1.1" 404 8622 "-" "Mozilla/5.0 (Macintosh; Intel Mac OS X 10_15_7) AppleWebKit/537.36 (KHTML, like Gecko) Chrome/145.0.0.0 Safari/537.36 (compatible; meta-externalagent/1.1 (+https://developers.facebook.com/docs/sharing/webmasters/crawler))" ayukiestate.com 10.44.34.235
57.141.0.26 - - [04/Aug/2026:10:30:55 -0600] "GET /shopdetail/f2412623650587 HTTP/2.0" 404 7756 "-" "Mozilla/5.0 (Macintosh; Intel Mac OS X 10_15_7) AppleWebKit/537.36 (KHTML, like Gecko) Chrome/145.0.0.0 Safari/537.36 (compatible; meta-externalagent/1.1 (+https://developers.facebook.com/docs/sharing/webmasters/crawler))" ayukiestate.com 10.44.34.235
57.141.0.42 - - [04/Aug/2026:10:31:31 -0600] "GET /items/T344265581/ HTTP/1.1" 404 8625 "-" "Mozilla/5.0 (Windows NT 10.0; Win64; x64) AppleWebKit/537.36 (KHTML, like Gecko) Chrome/145.0.0.0 Safari/537.36 Edg/145.0.0.0 (compatible; meta-externalagent/1.1 (+https://developers.facebook.com/docs/sharing/webmasters/crawler))" ayukiestate.com 10.44.34.235
57.141.0.42 - - [04/Aug/2026:10:31:31 -0600] "GET /items/T344265581/ HTTP/2.0" 404 8192 "-" "Mozilla/5.0 (Windows NT 10.0; Win64; x64) AppleWebKit/537.36 (KHTML, like Gecko) Chrome/145.0.0.0 Safari/537.36 Edg/145.0.0.0 (compatible; meta-externalagent/1.1 (+https://developers.facebook.com/docs/sharing/webmasters/crawler))" ayukiestate.com 10.44.34.235
45.137.212.13 - - [04/Aug/2026:10:31:51 -0600] "POST / HTTP/2.0" 400 - "-" "Mozilla/5.0 (Macintosh; Intel Mac OS X 10_15_7) AppleWebKit/537.36 (KHTML, like Gecko) Chrome/136.0.0.0 Safari/537.36" ayukiestate.com 10.44.34.235
50.6.43.128 - - [04/Aug/2026:10:31:50 -0600] "POST /wp-cron.php?doing_wp_cron=1785861110.7950589656829833984375 HTTP/1.1" 200 - "-" "WordPress/7.0.2; https://ayukiestate.com" ayukiestate.com 10.44.34.235
57.141.0.11 - - [04/Aug/2026:10:32:07 -0600] "GET /shopdetail/426d6f51760696 HTTP/1.1" 404 8624 "-" "Mozilla/5.0 (Macintosh; Intel Mac OS X 10_15_7) AppleWebKit/537.36 (KHTML, like Gecko) Chrome/145.0.0.0 Safari/537.36 (compatible; meta-externalagent/1.1 (+https://developers.facebook.com/docs/sharing/webmasters/crawler))" ayukiestate.com 10.44.34.235
57.141.0.11 - - [04/Aug/2026:10:32:07 -0600] "GET /shopdetail/426d6f51760696 HTTP/2.0" 404 7756 "-" "Mozilla/5.0 (Macintosh; Intel Mac OS X 10_15_7) AppleWebKit/537.36 (KHTML, like Gecko) Chrome/145.0.0.0 Safari/537.36 (compatible; meta-externalagent/1.1 (+https://developers.facebook.com/docs/sharing/webmasters/crawler))" ayukiestate.com 10.44.34.235
45.137.212.13 - - [04/Aug/2026:10:32:26 -0600] "POST / HTTP/2.0" 400 - "-" "Mozilla/5.0 (Macintosh; Intel Mac OS X 10_15_7) AppleWebKit/605.1.15 (KHTML, like Gecko) Version/18.4 Safari/605.1.15" ayukiestate.com 10.44.34.235
195.96.139.187 - - [04/Aug/2026:10:38:10 -0600] "GET /___proxy_subdomain_cpanel/ HTTP/1.1" 500 732 "-" "Mozilla/5.0 (compatible; InternetMeasurement/1.0; +https://internet-measurement.com/)" cpanel.ayukiestate.com 10.44.34.235
195.96.139.187 - - [04/Aug/2026:10:38:10 -0600] "GET / HTTP/1.1" 500 732 "-" "Mozilla/5.0 (compatible; InternetMeasurement/1.0; +https://internet-measurement.com/)" cpanel.ayukiestate.com 10.44.34.235
57.141.0.66 - - [04/Aug/2026:10:32:42 -0600] "GET /items/T342867745/ HTTP/2.0" 502 - "-" "Mozilla/5.0 (Windows NT 10.0; Win64; x64) AppleWebKit/537.36 (KHTML, like Gecko) Chrome/145.0.0.0 Safari/537.36 (compatible; meta-externalagent/1.1 (+https://developers.facebook.com/docs/sharing/webmasters/crawler))" ayukiestate.com 10.44.34.235
57.141.0.54 - - [04/Aug/2026:10:33:17 -0600] "GET /shopdetail/0909f251853966 HTTP/2.0" 502 - "-" "Mozilla/5.0 (Windows NT 10.0; Win64; x64) AppleWebKit/537.36 (KHTML, like Gecko) Chrome/145.0.0.0 Safari/537.36 Edg/145.0.0.0 (compatible; meta-externalagent/1.1 (+https://developers.facebook.com/docs/sharing/webmasters/crawler))" ayukiestate.com 10.44.34.235
57.141.0.14 - - [04/Aug/2026:10:33:52 -0600] "GET /items/T346066263/ HTTP/2.0" 502 - "-" "Mozilla/5.0 (Windows NT 10.0; Win64; x64) AppleWebKit/537.36 (KHTML, like Gecko) Chrome/145.0.0.0 Safari/537.36 (compatible; meta-externalagent/1.1 (+https://developers.facebook.com/docs/sharing/webmasters/crawler))" ayukiestate.com 10.44.34.235
57.141.0.60 - - [04/Aug/2026:10:34:27 -0600] "GET /shopdetail/ca8427e5613305 HTTP/2.0" 502 - "-" "Mozilla/5.0 (Windows NT 10.0; Win64; x64) AppleWebKit/537.36 (KHTML, like Gecko) Chrome/145.0.0.0 Safari/537.36 (compatible; meta-externalagent/1.1 (+https://developers.facebook.com/docs/sharing/webmasters/crawler))" ayukiestate.com 10.44.34.235
57.141.0.71 - - [04/Aug/2026:10:35:04 -0600] "GET /items/T341507453/ HTTP/2.0" 502 - "-" "Mozilla/5.0 (Windows NT 10.0; Win64; x64) AppleWebKit/537.36 (KHTML, like Gecko) Chrome/145.0.0.0 Safari/537.36 (compatible; meta-externalagent/1.1 (+https://developers.facebook.com/docs/sharing/webmasters/crawler))" ayukiestate.com 10.44.34.235
57.141.0.58 - - [04/Aug/2026:10:35:38 -0600] "GET /items/T347402097/ HTTP/2.0" 502 - "-" "Mozilla/5.0 (X11; Linux x86_64) AppleWebKit/537.36 (KHTML, like Gecko) Chrome/145.0.0.0 Safari/537.36 (compatible; meta-externalagent/1.1 (+https://developers.facebook.com/docs/sharing/webmasters/crawler))" ayukiestate.com 10.44.34.235
57.141.0.12 - - [04/Aug/2026:10:36:14 -0600] "GET /items/T346487646/ HTTP/2.0" 502 - "-" "Mozilla/5.0 (Macintosh; Intel Mac OS X 10_15_7) AppleWebKit/537.36 (KHTML, like Gecko) Chrome/145.0.0.0 Safari/537.36 (compatible; meta-externalagent/1.1 (+https://developers.facebook.com/docs/sharing/webmasters/crawler))" ayukiestate.com 10.44.34.235
57.141.0.50 - - [04/Aug/2026:10:36:50 -0600] "GET /items/T345556698/ HTTP/2.0" 502 - "-" "Mozilla/5.0 (Windows NT 10.0; Win64; x64) AppleWebKit/537.36 (KHTML, like Gecko) Chrome/145.0.0.0 Safari/537.36 (compatible; meta-externalagent/1.1 (+https://developers.facebook.com/docs/sharing/webmasters/crawler))" ayukiestate.com 10.44.34.235
57.141.0.56 - - [04/Aug/2026:10:37:25 -0600] "GET /items/T343215354/ HTTP/2.0" 502 - "-" "Mozilla/5.0 (Windows NT 10.0; Win64; x64) AppleWebKit/537.36 (KHTML, like Gecko) Chrome/145.0.0.0 Safari/537.36 (compatible; meta-externalagent/1.1 (+https://developers.facebook.com/docs/sharing/webmasters/crawler))" ayukiestate.com 10.44.34.235
57.141.0.43 - - [04/Aug/2026:10:38:01 -0600] "GET /items/T345729756/ HTTP/2.0" 502 - "-" "Mozilla/5.0 (Windows NT 10.0; Win64; x64) AppleWebKit/537.36 (KHTML, like Gecko) Chrome/145.0.0.0 Safari/537.36 (compatible; meta-externalagent/1.1 (+https://developers.facebook.com/docs/sharing/webmasters/crawler))" ayukiestate.com 10.44.34.235
57.141.0.70 - - [04/Aug/2026:10:38:36 -0600] "GET /shopdetail/243d3012580165 HTTP/2.0" 502 - "-" "Mozilla/5.0 (Windows NT 10.0; Win64; x64) AppleWebKit/537.36 (KHTML, like Gecko) Chrome/145.0.0.0 Safari/537.36 (compatible; meta-externalagent/1.1 (+https://developers.facebook.com/docs/sharing/webmasters/crawler))" ayukiestate.com 10.44.34.235
57.141.0.10 - - [04/Aug/2026:10:39:11 -0600] "GET /items/T343540514/ HTTP/2.0" 502 - "-" "Mozilla/5.0 (Macintosh; Intel Mac OS X 10_15_7) AppleWebKit/537.36 (KHTML, like Gecko) Chrome/145.0.0.0 Safari/537.36 (compatible; meta-externalagent/1.1 (+https://developers.facebook.com/docs/sharing/webmasters/crawler))" ayukiestate.com 10.44.34.235
57.141.0.7 - - [04/Aug/2026:10:39:46 -0600] "GET /items/T344719407/ HTTP/2.0" 502 - "-" "Mozilla/5.0 (Windows NT 10.0; Win64; x64) AppleWebKit/537.36 (KHTML, like Gecko) Chrome/145.0.0.0 Safari/537.36 (compatible; meta-externalagent/1.1 (+https://developers.facebook.com/docs/sharing/webmasters/crawler))" ayukiestate.com 10.44.34.235
57.141.0.62 - - [04/Aug/2026:10:40:22 -0600] "GET /items/T347661454/ HTTP/2.0" 502 - "-" "Mozilla/5.0 (Windows NT 10.0; Win64; x64) AppleWebKit/537.36 (KHTML, like Gecko) Chrome/145.0.0.0 Safari/537.36 (compatible; meta-externalagent/1.1 (+https://developers.facebook.com/docs/sharing/webmasters/crawler))" ayukiestate.com 10.44.34.235
57.141.0.46 - - [04/Aug/2026:10:40:58 -0600] "GET /items/T344876950/ HTTP/2.0" 502 - "-" "Mozilla/5.0 (Windows NT 10.0; Win64; x64) AppleWebKit/537.36 (KHTML, like Gecko) Chrome/145.0.7632.6 Safari/537.36 (compatible; meta-externalagent/1.1 (+https://developers.facebook.com/docs/sharing/webmasters/crawler))" ayukiestate.com 10.44.34.235
57.141.0.52 - - [04/Aug/2026:10:41:33 -0600] "GET /items/T343790213/ HTTP/2.0" 502 - "-" "Mozilla/5.0 (Windows NT 10.0; Win64; x64) AppleWebKit/537.36 (KHTML, like Gecko) Chrome/145.0.0.0 Safari/537.36 (compatible; meta-externalagent/1.1 (+https://developers.facebook.com/docs/sharing/webmasters/crawler))" ayukiestate.com 10.44.34.235
57.141.0.64 - - [04/Aug/2026:10:42:08 -0600] "GET /items/T341359085/ HTTP/2.0" 502 - "-" "Mozilla/5.0 (Windows NT 10.0; Win64; x64) AppleWebKit/537.36 (KHTML, like Gecko) Chrome/145.0.0.0 Safari/537.36 Edg/145.0.0.0 (compatible; meta-externalagent/1.1 (+https://developers.facebook.com/docs/sharing/webmasters/crawler))" ayukiestate.com 10.44.34.235
57.141.0.45 - - [04/Aug/2026:10:42:44 -0600] "GET /items/T343559614/ HTTP/2.0" 502 - "-" "Mozilla/5.0 (Windows NT 10.0; Win64; x64) AppleWebKit/537.36 (KHTML, like Gecko) Chrome/145.0.0.0 Safari/537.36 (compatible; meta-externalagent/1.1 (+https://developers.facebook.com/docs/sharing/webmasters/crawler))" ayukiestate.com 10.44.34.235
57.141.0.16 - - [04/Aug/2026:10:43:19 -0600] "GET /shopdetail/01588315829097 HTTP/2.0" 502 - "-" "Mozilla/5.0 (Macintosh; Intel Mac OS X 10_15_7) AppleWebKit/537.36 (KHTML, like Gecko) Chrome/145.0.0.0 Safari/537.36 (compatible; meta-externalagent/1.1 (+https://developers.facebook.com/docs/sharing/webmasters/crawler))" ayukiestate.com 10.44.34.235
87.199.207.61 - - [04/Aug/2026:10:43:20 -0600] "GET /2026/07/26/understanding-the-value-of-1-sweeps-coin/ HTTP/1.1" 502 - "https://ayukiestate.com/" "Mozilla/5.0 (Windows NT 10.0; Win64; x64; rv:146.0) Gecko/20100101 Firefox/146.0" ayukiestate.com 10.44.34.235
87.199.207.61 - - [04/Aug/2026:10:43:50 -0600] "GET /2026/07/26/understanding-the-value-of-1-sweeps-coin/ HTTP/1.1" 502 - "https://ayukiestate.com/" "Mozilla/5.0 (Windows NT 10.0; Win64; x64; rv:146.0) Gecko/20100101 Firefox/146.0" ayukiestate.com 10.44.34.235
57.141.0.37 - - [04/Aug/2026:10:43:55 -0600] "GET /items/T342574704/ HTTP/2.0" 502 - "-" "Mozilla/5.0 (Macintosh; Intel Mac OS X 10_15_7) AppleWebKit/537.36 (KHTML, like Gecko) Chrome/145.0.0.0 Safari/537.36 (compatible; meta-externalagent/1.1 (+https://developers.facebook.com/docs/sharing/webmasters/crawler))" ayukiestate.com 10.44.34.235
87.199.207.61 - - [04/Aug/2026:10:44:21 -0600] "GET /2026/07/26/understanding-the-value-of-1-sweeps-coin/ HTTP/1.1" 502 - "https://ayukiestate.com/" "Mozilla/5.0 (Windows NT 10.0; Win64; x64; rv:146.0) Gecko/20100101 Firefox/146.0" ayukiestate.com 10.44.34.235
57.141.0.66 - - [04/Aug/2026:10:44:31 -0600] "GET /items/T345868484/ HTTP/2.0" 502 - "-" "Mozilla/5.0 (Macintosh; Intel Mac OS X 10_15_7) AppleWebKit/537.36 (KHTML, like Gecko) Chrome/145.0.0.0 Safari/537.36 (compatible; meta-externalagent/1.1 (+https://developers.facebook.com/docs/sharing/webmasters/crawler))" ayukiestate.com 10.44.34.235
57.141.0.16 - - [04/Aug/2026:10:45:06 -0600] "GET /items/T341143897/ HTTP/2.0" 502 - "-" "Mozilla/5.0 (Windows NT 10.0; Win64; x64) AppleWebKit/537.36 (KHTML, like Gecko) Chrome/145.0.0.0 Safari/537.36 (compatible; meta-externalagent/1.1 (+https://developers.facebook.com/docs/sharing/webmasters/crawler))" ayukiestate.com 10.44.34.235
57.141.0.53 - - [04/Aug/2026:10:45:41 -0600] "GET /items/T344414275/ HTTP/2.0" 502 - "-" "Mozilla/5.0 (Windows NT 10.0; Win64; x64) AppleWebKit/537.36 (KHTML, like Gecko) Chrome/145.0.0.0 Safari/537.36 (compatible; meta-externalagent/1.1 (+https://developers.facebook.com/docs/sharing/webmasters/crawler))" ayukiestate.com 10.44.34.235
57.141.0.53 - - [04/Aug/2026:10:46:17 -0600] "GET /shopdetail/9c96bf22481636 HTTP/2.0" 502 - "-" "Mozilla/5.0 (Windows NT 10.0; Win64; x64) AppleWebKit/537.36 (KHTML, like Gecko) Chrome/145.0.0.0 Safari/537.36 (compatible; meta-externalagent/1.1 (+https://developers.facebook.com/docs/sharing/webmasters/crawler))" ayukiestate.com 10.44.34.235
57.141.0.67 - - [04/Aug/2026:10:46:52 -0600] "GET /items/T344657099/ HTTP/2.0" 502 - "-" "Mozilla/5.0 (Macintosh; Intel Mac OS X 10_15_7) AppleWebKit/537.36 (KHTML, like Gecko) Chrome/145.0.0.0 Safari/537.36 (compatible; meta-externalagent/1.1 (+https://developers.facebook.com/docs/sharing/webmasters/crawler))" ayukiestate.com 10.44.34.235
57.141.0.5 - - [04/Aug/2026:10:47:27 -0600] "GET /items/T347586225/ HTTP/2.0" 502 - "-" "Mozilla/5.0 (Windows NT 10.0; Win64; x64) AppleWebKit/537.36 (KHTML, like Gecko) Chrome/145.0.0.0 Safari/537.36 (compatible; meta-externalagent/1.1 (+https://developers.facebook.com/docs/sharing/webmasters/crawler))" ayukiestate.com 10.44.34.235
57.141.0.18 - - [04/Aug/2026:10:48:03 -0600] "GET /items/T343007842/ HTTP/2.0" 502 - "-" "Mozilla/5.0 (Windows NT 10.0; Win64; x64) AppleWebKit/537.36 (KHTML, like Gecko) Chrome/145.0.0.0 Safari/537.36 (compatible; meta-externalagent/1.1 (+https://developers.facebook.com/docs/sharing/webmasters/crawler))" ayukiestate.com 10.44.34.235
57.141.0.2 - - [04/Aug/2026:10:48:39 -0600] "GET /items/T344041178/ HTTP/2.0" 502 - "-" "Mozilla/5.0 (Macintosh; Intel Mac OS X 10_15_7) AppleWebKit/537.36 (KHTML, like Gecko) Chrome/145.0.0.0 Safari/537.36 (compatible; meta-externalagent/1.1 (+https://developers.facebook.com/docs/sharing/webmasters/crawler))" ayukiestate.com 10.44.34.235
57.141.0.56 - - [04/Aug/2026:10:49:14 -0600] "GET /items/T342549830/ HTTP/2.0" 502 - "-" "Mozilla/5.0 (Windows NT 10.0; Win64; x64) AppleWebKit/537.36 (KHTML, like Gecko) Chrome/145.0.0.0 Safari/537.36 (compatible; meta-externalagent/1.1 (+https://developers.facebook.com/docs/sharing/webmasters/crawler))" ayukiestate.com 10.44.34.235
57.141.0.23 - - [04/Aug/2026:10:49:49 -0600] "GET /items/T343592814/ HTTP/2.0" 502 - "-" "Mozilla/5.0 (Windows NT 10.0; Win64; x64) AppleWebKit/537.36 (KHTML, like Gecko) Chrome/145.0.0.0 Safari/537.36 (compatible; meta-externalagent/1.1 (+https://developers.facebook.com/docs/sharing/webmasters/crawler))" ayukiestate.com 10.44.34.235
57.141.0.58 - - [04/Aug/2026:10:50:24 -0600] "GET /items/T343830550/ HTTP/2.0" 502 - "-" "Mozilla/5.0 (Windows NT 10.0; Win64; x64) AppleWebKit/537.36 (KHTML, like Gecko) Chrome/145.0.0.0 Safari/537.36 (compatible; meta-externalagent/1.1 (+https://developers.facebook.com/docs/sharing/webmasters/crawler))" ayukiestate.com 10.44.34.235
57.141.0.13 - - [04/Aug/2026:10:51:01 -0600] "GET /shopdetail/7211679944168 HTTP/2.0" 502 - "-" "Mozilla/5.0 (Windows NT 10.0; Win64; x64) AppleWebKit/537.36 (KHTML, like Gecko) Chrome/145.0.0.0 Safari/537.36 (compatible; meta-externalagent/1.1 (+https://developers.facebook.com/docs/sharing/webmasters/crawler))" ayukiestate.com 10.44.34.235
57.141.0.32 - - [04/Aug/2026:10:51:36 -0600] "GET /shopdetail/3a89ab06361573 HTTP/2.0" 502 - "-" "Mozilla/5.0 (Windows NT 10.0; Win64; x64) AppleWebKit/537.36 (KHTML, like Gecko) Chrome/145.0.0.0 Safari/537.36 (compatible; meta-externalagent/1.1 (+https://developers.facebook.com/docs/sharing/webmasters/crawler))" ayukiestate.com 10.44.34.235
57.141.0.2 - - [04/Aug/2026:10:52:11 -0600] "GET /items/T345246196/ HTTP/2.0" 502 - "-" "Mozilla/5.0 (Macintosh; Intel Mac OS X 10_15_7) AppleWebKit/537.36 (KHTML, like Gecko) Chrome/145.0.0.0 Safari/537.36 (compatible; meta-externalagent/1.1 (+https://developers.facebook.com/docs/sharing/webmasters/crawler))" ayukiestate.com 10.44.34.235
57.141.0.68 - - [04/Aug/2026:10:52:47 -0600] "GET /items/T342450343/ HTTP/2.0" 502 - "-" "Mozilla/5.0 (Windows NT 10.0; Win64; x64) AppleWebKit/537.36 (KHTML, like Gecko) Chrome/145.0.0.0 Safari/537.36 (compatible; meta-externalagent/1.1 (+https://developers.facebook.com/docs/sharing/webmasters/crawler))" ayukiestate.com 10.44.34.235
123.31.47.15 - - [04/Aug/2026:10:53:20 -0600] "GET /2026/07/26/understanding-the-value-of-1-sweeps-coin/ HTTP/1.1" 502 - "https://ayukiestate.com/" "Mozilla/5.0 (Windows NT 10.0; Win64; x64) AppleWebKit/537.36 (KHTML, like Gecko) Chrome/142.0.0.0 YaBrowser/25.12.0.0 Safari/537.36" ayukiestate.com 10.44.34.235
57.141.0.41 - - [04/Aug/2026:10:53:22 -0600] "GET /items/T341230058/ HTTP/2.0" 502 - "-" "Mozilla/5.0 (Windows NT 10.0; Win64; x64) AppleWebKit/537.36 (KHTML, like Gecko) Chrome/145.0.0.0 Safari/537.36 (compatible; meta-externalagent/1.1 (+https://developers.facebook.com/docs/sharing/webmasters/crawler))" ayukiestate.com 10.44.34.235
123.31.47.15 - - [04/Aug/2026:10:53:51 -0600] "GET /2026/07/26/understanding-the-value-of-1-sweeps-coin/ HTTP/1.1" 502 - "https://ayukiestate.com/" "Mozilla/5.0 (Windows NT 10.0; Win64; x64) AppleWebKit/537.36 (KHTML, like Gecko) Chrome/142.0.0.0 YaBrowser/25.12.0.0 Safari/537.36" ayukiestate.com 10.44.34.235
57.141.0.53 - - [04/Aug/2026:10:53:57 -0600] "GET /shopdetail/2f18ec3747250 HTTP/2.0" 502 - "-" "Mozilla/5.0 (Windows NT 10.0; Win64; x64) AppleWebKit/537.36 (KHTML, like Gecko) Chrome/145.0.0.0 Safari/537.36 (compatible; meta-externalagent/1.1 (+https://developers.facebook.com/docs/sharing/webmasters/crawler))" ayukiestate.com 10.44.34.235
123.31.47.15 - - [04/Aug/2026:10:54:21 -0600] "GET /2026/07/26/understanding-the-value-of-1-sweeps-coin/ HTTP/1.1" 502 - "https://ayukiestate.com/" "Mozilla/5.0 (Windows NT 10.0; Win64; x64) AppleWebKit/537.36 (KHTML, like Gecko) Chrome/142.0.0.0 YaBrowser/25.12.0.0 Safari/537.36" ayukiestate.com 10.44.34.235
57.141.0.14 - - [04/Aug/2026:10:54:33 -0600] "GET /items/T345155334/ HTTP/2.0" 502 - "-" "Mozilla/5.0 (Windows NT 10.0; Win64; x64) AppleWebKit/537.36 (KHTML, like Gecko) Chrome/145.0.0.0 Safari/537.36 (compatible; meta-externalagent/1.1 (+https://developers.facebook.com/docs/sharing/webmasters/crawler))" ayukiestate.com 10.44.34.235
