57.141.0.38 - - [04/Aug/2026:11:52:26 -0600] "GET /items/T341691777/ HTTP/2.0" 404 8624 "-" "Mozilla/5.0 (Windows NT 10.0; Win64; x64) AppleWebKit/537.36 (KHTML, like Gecko) Chrome/145.0.0.0 Safari/537.36 (compatible; meta-externalagent/1.1 (+https://developers.facebook.com/docs/sharing/webmasters/crawler))" ayukiestate.com 10.44.34.235
57.141.0.29 - - [04/Aug/2026:11:53:01 -0600] "GET /items/T343786079/ HTTP/1.1" 404 8626 "-" "Mozilla/5.0 (Windows NT 10.0; Win64; x64) AppleWebKit/537.36 (KHTML, like Gecko) Chrome/145.0.0.0 Safari/537.36 Edg/145.0.0.0 (compatible; meta-externalagent/1.1 (+https://developers.facebook.com/docs/sharing/webmasters/crawler))" ayukiestate.com 10.44.34.235
57.141.0.29 - - [04/Aug/2026:11:53:01 -0600] "GET /items/T343786079/ HTTP/2.0" 404 8626 "-" "Mozilla/5.0 (Windows NT 10.0; Win64; x64) AppleWebKit/537.36 (KHTML, like Gecko) Chrome/145.0.0.0 Safari/537.36 Edg/145.0.0.0 (compatible; meta-externalagent/1.1 (+https://developers.facebook.com/docs/sharing/webmasters/crawler))" ayukiestate.com 10.44.34.235
57.141.0.63 - - [04/Aug/2026:11:53:37 -0600] "GET /items/T341367632/ HTTP/1.1" 404 8622 "-" "Mozilla/5.0 (Windows NT 10.0; Win64; x64) AppleWebKit/537.36 (KHTML, like Gecko) Chrome/145.0.0.0 Safari/537.36 Edg/145.0.0.0 (compatible; meta-externalagent/1.1 (+https://developers.facebook.com/docs/sharing/webmasters/crawler))" ayukiestate.com 10.44.34.235
57.141.0.63 - - [04/Aug/2026:11:53:37 -0600] "GET /items/T341367632/ HTTP/2.0" 404 8622 "-" "Mozilla/5.0 (Windows NT 10.0; Win64; x64) AppleWebKit/537.36 (KHTML, like Gecko) Chrome/145.0.0.0 Safari/537.36 Edg/145.0.0.0 (compatible; meta-externalagent/1.1 (+https://developers.facebook.com/docs/sharing/webmasters/crawler))" ayukiestate.com 10.44.34.235
57.141.0.45 - - [04/Aug/2026:11:54:14 -0600] "GET /shopdetail/87555045309179 HTTP/1.1" 404 8619 "-" "Mozilla/5.0 (Macintosh; Intel Mac OS X 10_15_7) AppleWebKit/537.36 (KHTML, like Gecko) Chrome/145.0.0.0 Safari/537.36 (compatible; meta-externalagent/1.1 (+https://developers.facebook.com/docs/sharing/webmasters/crawler))" ayukiestate.com 10.44.34.235
57.141.0.45 - - [04/Aug/2026:11:54:14 -0600] "GET /shopdetail/87555045309179 HTTP/2.0" 404 8619 "-" "Mozilla/5.0 (Macintosh; Intel Mac OS X 10_15_7) AppleWebKit/537.36 (KHTML, like Gecko) Chrome/145.0.0.0 Safari/537.36 (compatible; meta-externalagent/1.1 (+https://developers.facebook.com/docs/sharing/webmasters/crawler))" ayukiestate.com 10.44.34.235
57.141.0.48 - - [04/Aug/2026:11:54:48 -0600] "GET /items/T344991539/ HTTP/1.1" 404 8623 "-" "Mozilla/5.0 (Windows NT 10.0; Win64; x64) AppleWebKit/537.36 (KHTML, like Gecko) Chrome/145.0.0.0 Safari/537.36 (compatible; meta-externalagent/1.1 (+https://developers.facebook.com/docs/sharing/webmasters/crawler))" ayukiestate.com 10.44.34.235
57.141.0.48 - - [04/Aug/2026:11:54:48 -0600] "GET /items/T344991539/ HTTP/2.0" 404 8623 "-" "Mozilla/5.0 (Windows NT 10.0; Win64; x64) AppleWebKit/537.36 (KHTML, like Gecko) Chrome/145.0.0.0 Safari/537.36 (compatible; meta-externalagent/1.1 (+https://developers.facebook.com/docs/sharing/webmasters/crawler))" ayukiestate.com 10.44.34.235
57.141.0.18 - - [04/Aug/2026:11:55:23 -0600] "GET /shopdetail/67006c85792805 HTTP/1.1" 404 8624 "-" "Mozilla/5.0 (Windows NT 10.0; Win64; x64) AppleWebKit/537.36 (KHTML, like Gecko) Chrome/144.0.0.0 Safari/537.36 Edg/144.0.0.0 (compatible; meta-externalagent/1.1 (+https://developers.facebook.com/docs/sharing/webmasters/crawler))" ayukiestate.com 10.44.34.235
57.141.0.18 - - [04/Aug/2026:11:55:23 -0600] "GET /shopdetail/67006c85792805 HTTP/2.0" 404 8624 "-" "Mozilla/5.0 (Windows NT 10.0; Win64; x64) AppleWebKit/537.36 (KHTML, like Gecko) Chrome/144.0.0.0 Safari/537.36 Edg/144.0.0.0 (compatible; meta-externalagent/1.1 (+https://developers.facebook.com/docs/sharing/webmasters/crawler))" ayukiestate.com 10.44.34.235
57.141.0.26 - - [04/Aug/2026:11:55:59 -0600] "GET /items/T347477783/ HTTP/1.1" 404 8623 "-" "Mozilla/5.0 (Windows NT 10.0; Win64; x64) AppleWebKit/537.36 (KHTML, like Gecko) Chrome/145.0.0.0 Safari/537.36 (compatible; meta-externalagent/1.1 (+https://developers.facebook.com/docs/sharing/webmasters/crawler))" ayukiestate.com 10.44.34.235
57.141.0.26 - - [04/Aug/2026:11:55:59 -0600] "GET /items/T347477783/ HTTP/2.0" 404 8623 "-" "Mozilla/5.0 (Windows NT 10.0; Win64; x64) AppleWebKit/537.36 (KHTML, like Gecko) Chrome/145.0.0.0 Safari/537.36 (compatible; meta-externalagent/1.1 (+https://developers.facebook.com/docs/sharing/webmasters/crawler))" ayukiestate.com 10.44.34.235
57.141.0.34 - - [04/Aug/2026:11:56:34 -0600] "GET /items/T341951601/ HTTP/1.1" 404 8626 "-" "Mozilla/5.0 (Windows NT 10.0; Win64; x64) AppleWebKit/537.36 (KHTML, like Gecko) Chrome/145.0.0.0 Safari/537.36 Edg/145.0.0.0 (compatible; meta-externalagent/1.1 (+https://developers.facebook.com/docs/sharing/webmasters/crawler))" ayukiestate.com 10.44.34.235
57.141.0.34 - - [04/Aug/2026:11:56:34 -0600] "GET /items/T341951601/ HTTP/2.0" 404 8626 "-" "Mozilla/5.0 (Windows NT 10.0; Win64; x64) AppleWebKit/537.36 (KHTML, like Gecko) Chrome/145.0.0.0 Safari/537.36 Edg/145.0.0.0 (compatible; meta-externalagent/1.1 (+https://developers.facebook.com/docs/sharing/webmasters/crawler))" ayukiestate.com 10.44.34.235
57.141.0.65 - - [04/Aug/2026:11:57:10 -0600] "GET /shopdetail/d4892f95590265 HTTP/1.1" 404 8623 "-" "Mozilla/5.0 (Macintosh; Intel Mac OS X 10_15_7) AppleWebKit/537.36 (KHTML, like Gecko) Chrome/145.0.0.0 Safari/537.36 (compatible; meta-externalagent/1.1 (+https://developers.facebook.com/docs/sharing/webmasters/crawler))" ayukiestate.com 10.44.34.235
57.141.0.65 - - [04/Aug/2026:11:57:10 -0600] "GET /shopdetail/d4892f95590265 HTTP/2.0" 404 8623 "-" "Mozilla/5.0 (Macintosh; Intel Mac OS X 10_15_7) AppleWebKit/537.36 (KHTML, like Gecko) Chrome/145.0.0.0 Safari/537.36 (compatible; meta-externalagent/1.1 (+https://developers.facebook.com/docs/sharing/webmasters/crawler))" ayukiestate.com 10.44.34.235
57.141.0.48 - - [04/Aug/2026:11:57:45 -0600] "GET /shopdetail/61cab7f1556984 HTTP/1.1" 404 8622 "-" "Mozilla/5.0 (Windows NT 10.0; Win64; x64) AppleWebKit/537.36 (KHTML, like Gecko) Chrome/145.0.0.0 Safari/537.36 Edg/145.0.0.0 (compatible; meta-externalagent/1.1 (+https://developers.facebook.com/docs/sharing/webmasters/crawler))" ayukiestate.com 10.44.34.235
57.141.0.48 - - [04/Aug/2026:11:57:45 -0600] "GET /shopdetail/61cab7f1556984 HTTP/2.0" 404 8622 "-" "Mozilla/5.0 (Windows NT 10.0; Win64; x64) AppleWebKit/537.36 (KHTML, like Gecko) Chrome/145.0.0.0 Safari/537.36 Edg/145.0.0.0 (compatible; meta-externalagent/1.1 (+https://developers.facebook.com/docs/sharing/webmasters/crawler))" ayukiestate.com 10.44.34.235
57.141.0.37 - - [04/Aug/2026:11:58:21 -0600] "GET /items/T342043332/ HTTP/1.1" 404 8624 "-" "Mozilla/5.0 (Windows NT 10.0; Win64; x64) AppleWebKit/537.36 (KHTML, like Gecko) Chrome/145.0.0.0 Safari/537.36 (compatible; meta-externalagent/1.1 (+https://developers.facebook.com/docs/sharing/webmasters/crawler))" ayukiestate.com 10.44.34.235
57.141.0.37 - - [04/Aug/2026:11:58:21 -0600] "GET /items/T342043332/ HTTP/2.0" 404 8624 "-" "Mozilla/5.0 (Windows NT 10.0; Win64; x64) AppleWebKit/537.36 (KHTML, like Gecko) Chrome/145.0.0.0 Safari/537.36 (compatible; meta-externalagent/1.1 (+https://developers.facebook.com/docs/sharing/webmasters/crawler))" ayukiestate.com 10.44.34.235
57.141.0.68 - - [04/Aug/2026:11:58:55 -0600] "GET /shopdetail/a0027cc6894073 HTTP/1.1" 404 8624 "-" "Mozilla/5.0 (Windows NT 10.0; Win64; x64) AppleWebKit/537.36 (KHTML, like Gecko) Chrome/145.0.0.0 Safari/537.36 (compatible; meta-externalagent/1.1 (+https://developers.facebook.com/docs/sharing/webmasters/crawler))" ayukiestate.com 10.44.34.235
57.141.0.68 - - [04/Aug/2026:11:58:55 -0600] "GET /shopdetail/a0027cc6894073 HTTP/2.0" 404 8624 "-" "Mozilla/5.0 (Windows NT 10.0; Win64; x64) AppleWebKit/537.36 (KHTML, like Gecko) Chrome/145.0.0.0 Safari/537.36 (compatible; meta-externalagent/1.1 (+https://developers.facebook.com/docs/sharing/webmasters/crawler))" ayukiestate.com 10.44.34.235
57.141.0.52 - - [04/Aug/2026:11:59:31 -0600] "GET /shopdetail/d17b618314184 HTTP/1.1" 404 8623 "-" "Mozilla/5.0 (Macintosh; Intel Mac OS X 10_15_7) AppleWebKit/537.36 (KHTML, like Gecko) Chrome/145.0.0.0 Safari/537.36 (compatible; meta-externalagent/1.1 (+https://developers.facebook.com/docs/sharing/webmasters/crawler))" ayukiestate.com 10.44.34.235
57.141.0.52 - - [04/Aug/2026:11:59:31 -0600] "GET /shopdetail/d17b618314184 HTTP/2.0" 404 8623 "-" "Mozilla/5.0 (Macintosh; Intel Mac OS X 10_15_7) AppleWebKit/537.36 (KHTML, like Gecko) Chrome/145.0.0.0 Safari/537.36 (compatible; meta-externalagent/1.1 (+https://developers.facebook.com/docs/sharing/webmasters/crawler))" ayukiestate.com 10.44.34.235
4.223.65.51 - - [04/Aug/2026:11:59:49 -0600] "GET /index/function.php HTTP/1.1" 409 83 "-" "Mozilla/5.0 (Windows NT 10.0; Win64; x64) AppleWebKit/537.36 (KHTML, like Gecko) Chrome/120.0.0.0 Safari/537.36" ayukiestate.com 10.44.34.235
4.223.65.51 - - [04/Aug/2026:11:59:50 -0600] "GET /i.php HTTP/1.1" 409 83 "-" "Mozilla/5.0 (Windows NT 10.0; Win64; x64) AppleWebKit/537.36 (KHTML, like Gecko) Chrome/120.0.0.0 Safari/537.36" ayukiestate.com 10.44.34.235
4.223.65.51 - - [04/Aug/2026:11:59:51 -0600] "GET /fone1.php HTTP/1.1" 409 83 "-" "Mozilla/5.0 (Windows NT 10.0; Win64; x64) AppleWebKit/537.36 (KHTML, like Gecko) Chrome/120.0.0.0 Safari/537.36" ayukiestate.com 10.44.34.235
4.223.65.51 - - [04/Aug/2026:11:59:52 -0600] "GET /doc.php HTTP/1.1" 409 83 "-" "Mozilla/5.0 (Windows NT 10.0; Win64; x64) AppleWebKit/537.36 (KHTML, like Gecko) Chrome/120.0.0.0 Safari/537.36" ayukiestate.com 10.44.34.235
4.223.65.51 - - [04/Aug/2026:11:59:53 -0600] "GET /min.php HTTP/1.1" 409 83 "-" "Mozilla/5.0 (Windows NT 10.0; Win64; x64) AppleWebKit/537.36 (KHTML, like Gecko) Chrome/120.0.0.0 Safari/537.36" ayukiestate.com 10.44.34.235
4.223.65.51 - - [04/Aug/2026:11:59:54 -0600] "GET /ws83.php HTTP/1.1" 409 83 "-" "Mozilla/5.0 (Windows NT 10.0; Win64; x64) AppleWebKit/537.36 (KHTML, like Gecko) Chrome/120.0.0.0 Safari/537.36" ayukiestate.com 10.44.34.235
4.223.65.51 - - [04/Aug/2026:11:59:54 -0600] "GET /wpc.php HTTP/1.1" 409 83 "-" "Mozilla/5.0 (Windows NT 10.0; Win64; x64) AppleWebKit/537.36 (KHTML, like Gecko) Chrome/120.0.0.0 Safari/537.36" ayukiestate.com 10.44.34.235
4.223.65.51 - - [04/Aug/2026:11:59:55 -0600] "GET /wp-blink.php HTTP/1.1" 409 83 "-" "Mozilla/5.0 (Windows NT 10.0; Win64; x64) AppleWebKit/537.36 (KHTML, like Gecko) Chrome/120.0.0.0 Safari/537.36" ayukiestate.com 10.44.34.235
4.223.65.51 - - [04/Aug/2026:11:59:56 -0600] "GET /wp-includes/ID3/index.php HTTP/1.1" 409 83 "-" "Mozilla/5.0 (Windows NT 10.0; Win64; x64) AppleWebKit/537.36 (KHTML, like Gecko) Chrome/120.0.0.0 Safari/537.36" ayukiestate.com 10.44.34.235
4.223.65.51 - - [04/Aug/2026:11:59:57 -0600] "GET /wp-admin/includes/ HTTP/1.1" 404 - "-" "Mozilla/5.0 (Windows NT 10.0; Win64; x64) AppleWebKit/537.36 (KHTML, like Gecko) Chrome/120.0.0.0 Safari/537.36" ayukiestate.com 10.44.34.235
4.223.65.51 - - [04/Aug/2026:11:59:57 -0600] "GET /wp-content/themes/pridmag/il.php HTTP/1.1" 409 83 "-" "Mozilla/5.0 (Windows NT 10.0; Win64; x64) AppleWebKit/537.36 (KHTML, like Gecko) Chrome/120.0.0.0 Safari/537.36" ayukiestate.com 10.44.34.235
4.223.65.51 - - [04/Aug/2026:11:59:59 -0600] "GET /aaa.php HTTP/1.1" 409 83 "-" "Mozilla/5.0 (Windows NT 10.0; Win64; x64) AppleWebKit/537.36 (KHTML, like Gecko) Chrome/120.0.0.0 Safari/537.36" ayukiestate.com 10.44.34.235
4.223.65.51 - - [04/Aug/2026:12:00:00 -0600] "GET /wp-admin/css/colors/ectoplasm/ HTTP/1.1" 404 - "-" "Mozilla/5.0 (Windows NT 10.0; Win64; x64) AppleWebKit/537.36 (KHTML, like Gecko) Chrome/120.0.0.0 Safari/537.36" ayukiestate.com 10.44.34.235
4.223.65.51 - - [04/Aug/2026:12:00:00 -0600] "GET /config.php HTTP/1.1" 409 83 "-" "Mozilla/5.0 (Windows NT 10.0; Win64; x64) AppleWebKit/537.36 (KHTML, like Gecko) Chrome/120.0.0.0 Safari/537.36" ayukiestate.com 10.44.34.235
4.223.65.51 - - [04/Aug/2026:12:00:01 -0600] "GET /wp-themes.php HTTP/1.1" 409 83 "-" "Mozilla/5.0 (Windows NT 10.0; Win64; x64) AppleWebKit/537.36 (KHTML, like Gecko) Chrome/120.0.0.0 Safari/537.36" ayukiestate.com 10.44.34.235
4.223.65.51 - - [04/Aug/2026:12:00:02 -0600] "GET /403.php HTTP/1.1" 409 83 "-" "Mozilla/5.0 (Windows NT 10.0; Win64; x64) AppleWebKit/537.36 (KHTML, like Gecko) Chrome/120.0.0.0 Safari/537.36" ayukiestate.com 10.44.34.235
4.223.65.51 - - [04/Aug/2026:12:00:03 -0600] "GET /admin.php HTTP/1.1" 409 83 "-" "Mozilla/5.0 (Windows NT 10.0; Win64; x64) AppleWebKit/537.36 (KHTML, like Gecko) Chrome/120.0.0.0 Safari/537.36" ayukiestate.com 10.44.34.235
4.223.65.51 - - [04/Aug/2026:12:00:05 -0600] "GET /deepseek_d.php HTTP/1.1" 409 83 "-" "Mozilla/5.0 (Windows NT 10.0; Win64; x64) AppleWebKit/537.36 (KHTML, like Gecko) Chrome/120.0.0.0 Safari/537.36" ayukiestate.com 10.44.34.235
4.223.65.51 - - [04/Aug/2026:12:00:06 -0600] "GET /wp-content/index.php HTTP/1.1" 409 83 "-" "Mozilla/5.0 (Windows NT 10.0; Win64; x64) AppleWebKit/537.36 (KHTML, like Gecko) Chrome/120.0.0.0 Safari/537.36" ayukiestate.com 10.44.34.235
57.141.0.62 - - [04/Aug/2026:12:00:06 -0600] "GET /items/T347405499/ HTTP/1.1" 404 8621 "-" "Mozilla/5.0 (Macintosh; Intel Mac OS X 10_15_7) AppleWebKit/537.36 (KHTML, like Gecko) Chrome/145.0.0.0 Safari/537.36 (compatible; meta-externalagent/1.1 (+https://developers.facebook.com/docs/sharing/webmasters/crawler))" ayukiestate.com 10.44.34.235
57.141.0.62 - - [04/Aug/2026:12:00:06 -0600] "GET /items/T347405499/ HTTP/2.0" 404 8621 "-" "Mozilla/5.0 (Macintosh; Intel Mac OS X 10_15_7) AppleWebKit/537.36 (KHTML, like Gecko) Chrome/145.0.0.0 Safari/537.36 (compatible; meta-externalagent/1.1 (+https://developers.facebook.com/docs/sharing/webmasters/crawler))" ayukiestate.com 10.44.34.235
4.223.65.51 - - [04/Aug/2026:12:00:07 -0600] "GET /simple.php HTTP/1.1" 409 83 "-" "Mozilla/5.0 (Windows NT 10.0; Win64; x64) AppleWebKit/537.36 (KHTML, like Gecko) Chrome/120.0.0.0 Safari/537.36" ayukiestate.com 10.44.34.235
4.223.65.51 - - [04/Aug/2026:12:00:09 -0600] "GET /wp-content/themes/admin.php HTTP/1.1" 409 83 "-" "Mozilla/5.0 (Windows NT 10.0; Win64; x64) AppleWebKit/537.36 (KHTML, like Gecko) Chrome/120.0.0.0 Safari/537.36" ayukiestate.com 10.44.34.235
4.223.65.51 - - [04/Aug/2026:12:00:11 -0600] "GET /.well-known/gecko-litespeed.php HTTP/1.1" 409 83 "-" "Mozilla/5.0 (Windows NT 10.0; Win64; x64) AppleWebKit/537.36 (KHTML, like Gecko) Chrome/120.0.0.0 Safari/537.36" ayukiestate.com 10.44.34.235
4.223.65.51 - - [04/Aug/2026:12:00:11 -0600] "GET /dvve.php HTTP/1.1" 409 83 "-" "Mozilla/5.0 (Windows NT 10.0; Win64; x64) AppleWebKit/537.36 (KHTML, like Gecko) Chrome/120.0.0.0 Safari/537.36" ayukiestate.com 10.44.34.235
4.223.65.51 - - [04/Aug/2026:12:00:12 -0600] "GET /wp-content/about.php HTTP/1.1" 409 83 "-" "Mozilla/5.0 (Windows NT 10.0; Win64; x64) AppleWebKit/537.36 (KHTML, like Gecko) Chrome/120.0.0.0 Safari/537.36" ayukiestate.com 10.44.34.235
4.223.65.51 - - [04/Aug/2026:12:00:13 -0600] "GET /php.php HTTP/1.1" 409 83 "-" "Mozilla/5.0 (Windows NT 10.0; Win64; x64) AppleWebKit/537.36 (KHTML, like Gecko) Chrome/120.0.0.0 Safari/537.36" ayukiestate.com 10.44.34.235
4.223.65.51 - - [04/Aug/2026:12:00:14 -0600] "GET /w1.php HTTP/1.1" 409 83 "-" "Mozilla/5.0 (Windows NT 10.0; Win64; x64) AppleWebKit/537.36 (KHTML, like Gecko) Chrome/120.0.0.0 Safari/537.36" ayukiestate.com 10.44.34.235
4.223.65.51 - - [04/Aug/2026:12:00:14 -0600] "GET /randkeyword.PhP7 HTTP/1.1" 404 8624 "-" "Mozilla/5.0 (Windows NT 10.0; Win64; x64) AppleWebKit/537.36 (KHTML, like Gecko) Chrome/120.0.0.0 Safari/537.36" ayukiestate.com 10.44.34.235
4.223.65.51 - - [04/Aug/2026:12:00:14 -0600] "GET /randkeyword.PhP7 HTTP/1.1" 404 8624 "-" "Mozilla/5.0 (Windows NT 10.0; Win64; x64) AppleWebKit/537.36 (KHTML, like Gecko) Chrome/120.0.0.0 Safari/537.36" ayukiestate.com 10.44.34.235
4.223.65.51 - - [04/Aug/2026:12:00:15 -0600] "GET /wp-admin/classwithtostring.php HTTP/1.1" 409 83 "-" "Mozilla/5.0 (Windows NT 10.0; Win64; x64) AppleWebKit/537.36 (KHTML, like Gecko) Chrome/120.0.0.0 Safari/537.36" ayukiestate.com 10.44.34.235
4.223.65.51 - - [04/Aug/2026:12:00:16 -0600] "GET /7.php HTTP/1.1" 409 83 "-" "Mozilla/5.0 (Windows NT 10.0; Win64; x64) AppleWebKit/537.36 (KHTML, like Gecko) Chrome/120.0.0.0 Safari/537.36" ayukiestate.com 10.44.34.235
4.223.65.51 - - [04/Aug/2026:12:00:18 -0600] "GET /wp-content/plugins/index.php HTTP/1.1" 409 83 "-" "Mozilla/5.0 (Windows NT 10.0; Win64; x64) AppleWebKit/537.36 (KHTML, like Gecko) Chrome/120.0.0.0 Safari/537.36" ayukiestate.com 10.44.34.235
4.223.65.51 - - [04/Aug/2026:12:00:19 -0600] "GET /wp-includes/css/ HTTP/1.1" 404 - "-" "Mozilla/5.0 (Windows NT 10.0; Win64; x64) AppleWebKit/537.36 (KHTML, like Gecko) Chrome/120.0.0.0 Safari/537.36" ayukiestate.com 10.44.34.235
4.223.65.51 - - [04/Aug/2026:12:00:19 -0600] "GET /wp-includes/css/ HTTP/1.1" 403 358 "-" "Mozilla/5.0 (Windows NT 10.0; Win64; x64) AppleWebKit/537.36 (KHTML, like Gecko) Chrome/120.0.0.0 Safari/537.36" ayukiestate.com 10.44.34.235
4.223.65.51 - - [04/Aug/2026:12:00:19 -0600] "GET /wp-admin/css/colors/modern/ HTTP/1.1" 404 - "-" "Mozilla/5.0 (Windows NT 10.0; Win64; x64) AppleWebKit/537.36 (KHTML, like Gecko) Chrome/120.0.0.0 Safari/537.36" ayukiestate.com 10.44.34.235
4.223.65.51 - - [04/Aug/2026:12:00:19 -0600] "GET /lite.php HTTP/1.1" 409 83 "-" "Mozilla/5.0 (Windows NT 10.0; Win64; x64) AppleWebKit/537.36 (KHTML, like Gecko) Chrome/120.0.0.0 Safari/537.36" ayukiestate.com 10.44.34.235
4.223.65.51 - - [04/Aug/2026:12:00:20 -0600] "GET /inputs.php HTTP/1.1" 409 83 "-" "Mozilla/5.0 (Windows NT 10.0; Win64; x64) AppleWebKit/537.36 (KHTML, like Gecko) Chrome/120.0.0.0 Safari/537.36" ayukiestate.com 10.44.34.235
4.223.65.51 - - [04/Aug/2026:12:00:22 -0600] "GET /a.php HTTP/1.1" 409 83 "-" "Mozilla/5.0 (Windows NT 10.0; Win64; x64) AppleWebKit/537.36 (KHTML, like Gecko) Chrome/120.0.0.0 Safari/537.36" ayukiestate.com 10.44.34.235
4.223.65.51 - - [04/Aug/2026:12:00:23 -0600] "GET /wp-admin/wp.php HTTP/1.1" 409 83 "-" "Mozilla/5.0 (Windows NT 10.0; Win64; x64) AppleWebKit/537.36 (KHTML, like Gecko) Chrome/120.0.0.0 Safari/537.36" ayukiestate.com 10.44.34.235
4.223.65.51 - - [04/Aug/2026:12:00:24 -0600] "GET /cgi-bin/ HTTP/1.1" 404 8626 "-" "Mozilla/5.0 (Windows NT 10.0; Win64; x64) AppleWebKit/537.36 (KHTML, like Gecko) Chrome/120.0.0.0 Safari/537.36" ayukiestate.com 10.44.34.235
4.223.65.51 - - [04/Aug/2026:12:00:24 -0600] "GET /cgi-bin/ HTTP/1.1" 404 8626 "-" "Mozilla/5.0 (Windows NT 10.0; Win64; x64) AppleWebKit/537.36 (KHTML, like Gecko) Chrome/120.0.0.0 Safari/537.36" ayukiestate.com 10.44.34.235
4.223.65.51 - - [04/Aug/2026:12:00:24 -0600] "GET /x.php HTTP/1.1" 409 83 "-" "Mozilla/5.0 (Windows NT 10.0; Win64; x64) AppleWebKit/537.36 (KHTML, like Gecko) Chrome/120.0.0.0 Safari/537.36" ayukiestate.com 10.44.34.235
4.223.65.51 - - [04/Aug/2026:12:00:25 -0600] "GET /r.php HTTP/1.1" 409 83 "-" "Mozilla/5.0 (Windows NT 10.0; Win64; x64) AppleWebKit/537.36 (KHTML, like Gecko) Chrome/120.0.0.0 Safari/537.36" ayukiestate.com 10.44.34.235
4.223.65.51 - - [04/Aug/2026:12:00:26 -0600] "GET /wp-admin/js/widgets/ HTTP/1.1" 404 - "-" "Mozilla/5.0 (Windows NT 10.0; Win64; x64) AppleWebKit/537.36 (KHTML, like Gecko) Chrome/120.0.0.0 Safari/537.36" ayukiestate.com 10.44.34.235
4.223.65.51 - - [04/Aug/2026:12:00:26 -0600] "GET /wp-content/themes/ HTTP/1.1" 200 - "-" "Mozilla/5.0 (Windows NT 10.0; Win64; x64) AppleWebKit/537.36 (KHTML, like Gecko) Chrome/120.0.0.0 Safari/537.36" ayukiestate.com 10.44.34.235
4.223.65.51 - - [04/Aug/2026:12:00:26 -0600] "GET /wp-content/themes/ HTTP/1.1" 200 - "-" "Mozilla/5.0 (Windows NT 10.0; Win64; x64) AppleWebKit/537.36 (KHTML, like Gecko) Chrome/120.0.0.0 Safari/537.36" ayukiestate.com 10.44.34.235
4.223.65.51 - - [04/Aug/2026:12:00:26 -0600] "GET /tool.php HTTP/1.1" 409 83 "-" "Mozilla/5.0 (Windows NT 10.0; Win64; x64) AppleWebKit/537.36 (KHTML, like Gecko) Chrome/120.0.0.0 Safari/537.36" ayukiestate.com 10.44.34.235
4.223.65.51 - - [04/Aug/2026:12:00:27 -0600] "GET /elp.php HTTP/1.1" 409 83 "-" "Mozilla/5.0 (Windows NT 10.0; Win64; x64) AppleWebKit/537.36 (KHTML, like Gecko) Chrome/120.0.0.0 Safari/537.36" ayukiestate.com 10.44.34.235
4.223.65.51 - - [04/Aug/2026:12:00:30 -0600] "GET /chosen.php HTTP/1.1" 409 83 "-" "Mozilla/5.0 (Windows NT 10.0; Win64; x64) AppleWebKit/537.36 (KHTML, like Gecko) Chrome/120.0.0.0 Safari/537.36" ayukiestate.com 10.44.34.235
4.223.65.51 - - [04/Aug/2026:12:00:34 -0600] "GET /b.php HTTP/1.1" 409 83 "-" "Mozilla/5.0 (Windows NT 10.0; Win64; x64) AppleWebKit/537.36 (KHTML, like Gecko) Chrome/120.0.0.0 Safari/537.36" ayukiestate.com 10.44.34.235
4.223.65.51 - - [04/Aug/2026:12:00:34 -0600] "GET /ca5.php HTTP/1.1" 409 83 "-" "Mozilla/5.0 (Windows NT 10.0; Win64; x64) AppleWebKit/537.36 (KHTML, like Gecko) Chrome/120.0.0.0 Safari/537.36" ayukiestate.com 10.44.34.235
4.223.65.51 - - [04/Aug/2026:12:00:36 -0600] "GET /install.php HTTP/1.1" 409 83 "-" "Mozilla/5.0 (Windows NT 10.0; Win64; x64) AppleWebKit/537.36 (KHTML, like Gecko) Chrome/120.0.0.0 Safari/537.36" ayukiestate.com 10.44.34.235
4.223.65.51 - - [04/Aug/2026:12:00:37 -0600] "GET /2.php HTTP/1.1" 409 83 "-" "Mozilla/5.0 (Windows NT 10.0; Win64; x64) AppleWebKit/537.36 (KHTML, like Gecko) Chrome/120.0.0.0 Safari/537.36" ayukiestate.com 10.44.34.235
4.223.65.51 - - [04/Aug/2026:12:00:38 -0600] "GET /lock.php HTTP/1.1" 409 83 "-" "Mozilla/5.0 (Windows NT 10.0; Win64; x64) AppleWebKit/537.36 (KHTML, like Gecko) Chrome/120.0.0.0 Safari/537.36" ayukiestate.com 10.44.34.235
4.223.65.51 - - [04/Aug/2026:12:00:39 -0600] "GET /wp-includes/interactivity-api/index.php HTTP/1.1" 409 83 "-" "Mozilla/5.0 (Windows NT 10.0; Win64; x64) AppleWebKit/537.36 (KHTML, like Gecko) Chrome/120.0.0.0 Safari/537.36" ayukiestate.com 10.44.34.235
57.141.0.60 - - [04/Aug/2026:12:00:42 -0600] "GET /items/T346812601/ HTTP/1.1" 404 8625 "-" "Mozilla/5.0 (Windows NT 10.0; Win64; x64) AppleWebKit/537.36 (KHTML, like Gecko) Chrome/145.0.0.0 Safari/537.36 (compatible; meta-externalagent/1.1 (+https://developers.facebook.com/docs/sharing/webmasters/crawler))" ayukiestate.com 10.44.34.235
57.141.0.60 - - [04/Aug/2026:12:00:42 -0600] "GET /items/T346812601/ HTTP/2.0" 404 8625 "-" "Mozilla/5.0 (Windows NT 10.0; Win64; x64) AppleWebKit/537.36 (KHTML, like Gecko) Chrome/145.0.0.0 Safari/537.36 (compatible; meta-externalagent/1.1 (+https://developers.facebook.com/docs/sharing/webmasters/crawler))" ayukiestate.com 10.44.34.235
57.141.0.10 - - [04/Aug/2026:12:01:18 -0600] "GET /items/T345249263/ HTTP/1.1" 404 8625 "-" "Mozilla/5.0 (Windows NT 10.0; Win64; x64) AppleWebKit/537.36 (KHTML, like Gecko) Chrome/145.0.0.0 Safari/537.36 (compatible; meta-externalagent/1.1 (+https://developers.facebook.com/docs/sharing/webmasters/crawler))" ayukiestate.com 10.44.34.235
57.141.0.10 - - [04/Aug/2026:12:01:18 -0600] "GET /items/T345249263/ HTTP/2.0" 404 8625 "-" "Mozilla/5.0 (Windows NT 10.0; Win64; x64) AppleWebKit/537.36 (KHTML, like Gecko) Chrome/145.0.0.0 Safari/537.36 (compatible; meta-externalagent/1.1 (+https://developers.facebook.com/docs/sharing/webmasters/crawler))" ayukiestate.com 10.44.34.235
74.7.241.154 - - [04/Aug/2026:12:01:43 -0600] "GET /robots.txt HTTP/1.1" 200 118 "-" "Mozilla/5.0 (Macintosh; Intel Mac OS X 10_15_7) AppleWebKit/537.36 (KHTML, like Gecko) Chrome/131.0.0.0 Safari/537.36; compatible; OAI-SearchBot/1.4; robots.txt; +https://openai.com/searchbot" ayukiestate.com 10.44.34.235
74.7.241.154 - - [04/Aug/2026:12:01:43 -0600] "GET /robots.txt HTTP/2.0" 200 118 "-" "Mozilla/5.0 (Macintosh; Intel Mac OS X 10_15_7) AppleWebKit/537.36 (KHTML, like Gecko) Chrome/131.0.0.0 Safari/537.36; compatible; OAI-SearchBot/1.4; robots.txt; +https://openai.com/searchbot" ayukiestate.com 10.44.34.235
74.7.241.25 - - [04/Aug/2026:12:01:43 -0600] "GET /sitemap-9.xml HTTP/1.1" 404 8625 "-" "Mozilla/5.0 AppleWebKit/537.36 (KHTML, like Gecko; compatible; GPTBot/1.4; +https://openai.com/gptbot)" ayukiestate.com 10.44.34.235
74.7.241.25 - - [04/Aug/2026:12:01:43 -0600] "GET /sitemap-9.xml HTTP/2.0" 404 8625 "-" "Mozilla/5.0 AppleWebKit/537.36 (KHTML, like Gecko; compatible; GPTBot/1.4; +https://openai.com/gptbot)" ayukiestate.com 10.44.34.235
57.141.0.10 - - [04/Aug/2026:12:01:53 -0600] "GET /items/T341582108/ HTTP/1.1" 404 8625 "-" "Mozilla/5.0 (X11; Linux x86_64) AppleWebKit/537.36 (KHTML, like Gecko) Chrome/145.0.0.0 Safari/537.36 (compatible; meta-externalagent/1.1 (+https://developers.facebook.com/docs/sharing/webmasters/crawler))" ayukiestate.com 10.44.34.235
57.141.0.10 - - [04/Aug/2026:12:01:53 -0600] "GET /items/T341582108/ HTTP/2.0" 404 8625 "-" "Mozilla/5.0 (X11; Linux x86_64) AppleWebKit/537.36 (KHTML, like Gecko) Chrome/145.0.0.0 Safari/537.36 (compatible; meta-externalagent/1.1 (+https://developers.facebook.com/docs/sharing/webmasters/crawler))" ayukiestate.com 10.44.34.235
57.141.0.27 - - [04/Aug/2026:12:02:28 -0600] "GET /items/T345732717/ HTTP/1.1" 404 8622 "-" "Mozilla/5.0 (Macintosh; Intel Mac OS X 10_15_7) AppleWebKit/537.36 (KHTML, like Gecko) Chrome/145.0.0.0 Safari/537.36 (compatible; meta-externalagent/1.1 (+https://developers.facebook.com/docs/sharing/webmasters/crawler))" ayukiestate.com 10.44.34.235
57.141.0.27 - - [04/Aug/2026:12:02:28 -0600] "GET /items/T345732717/ HTTP/2.0" 404 8622 "-" "Mozilla/5.0 (Macintosh; Intel Mac OS X 10_15_7) AppleWebKit/537.36 (KHTML, like Gecko) Chrome/145.0.0.0 Safari/537.36 (compatible; meta-externalagent/1.1 (+https://developers.facebook.com/docs/sharing/webmasters/crawler))" ayukiestate.com 10.44.34.235
57.141.0.52 - - [04/Aug/2026:12:03:04 -0600] "GET /shopdetail/805b0094937687 HTTP/1.1" 404 8625 "-" "Mozilla/5.0 (X11; Linux x86_64) AppleWebKit/537.36 (KHTML, like Gecko) Chrome/145.0.0.0 Safari/537.36 (compatible; meta-externalagent/1.1 (+https://developers.facebook.com/docs/sharing/webmasters/crawler))" ayukiestate.com 10.44.34.235
57.141.0.52 - - [04/Aug/2026:12:03:04 -0600] "GET /shopdetail/805b0094937687 HTTP/2.0" 404 8625 "-" "Mozilla/5.0 (X11; Linux x86_64) AppleWebKit/537.36 (KHTML, like Gecko) Chrome/145.0.0.0 Safari/537.36 (compatible; meta-externalagent/1.1 (+https://developers.facebook.com/docs/sharing/webmasters/crawler))" ayukiestate.com 10.44.34.235
74.7.241.25 - - [04/Aug/2026:12:03:26 -0600] "GET /sitemap-12.xml HTTP/1.1" 404 8623 "-" "Mozilla/5.0 AppleWebKit/537.36 (KHTML, like Gecko; compatible; GPTBot/1.4; +https://openai.com/gptbot)" ayukiestate.com 10.44.34.235
74.7.241.25 - - [04/Aug/2026:12:03:26 -0600] "GET /sitemap-12.xml HTTP/2.0" 404 7756 "-" "Mozilla/5.0 AppleWebKit/537.36 (KHTML, like Gecko; compatible; GPTBot/1.4; +https://openai.com/gptbot)" ayukiestate.com 10.44.34.235
57.141.0.5 - - [04/Aug/2026:12:03:39 -0600] "GET /items/T346174038/ HTTP/1.1" 404 8625 "-" "Mozilla/5.0 (X11; Linux x86_64) AppleWebKit/537.36 (KHTML, like Gecko) Chrome/145.0.0.0 Safari/537.36 (compatible; meta-externalagent/1.1 (+https://developers.facebook.com/docs/sharing/webmasters/crawler))" ayukiestate.com 10.44.34.235
57.141.0.5 - - [04/Aug/2026:12:03:39 -0600] "GET /items/T346174038/ HTTP/2.0" 404 7756 "-" "Mozilla/5.0 (X11; Linux x86_64) AppleWebKit/537.36 (KHTML, like Gecko) Chrome/145.0.0.0 Safari/537.36 (compatible; meta-externalagent/1.1 (+https://developers.facebook.com/docs/sharing/webmasters/crawler))" ayukiestate.com 10.44.34.235
74.7.241.25 - - [04/Aug/2026:12:04:06 -0600] "GET /sitemap-7.xml HTTP/1.1" 404 8623 "-" "Mozilla/5.0 AppleWebKit/537.36 (KHTML, like Gecko; compatible; GPTBot/1.4; +https://openai.com/gptbot)" ayukiestate.com 10.44.34.235
74.7.241.25 - - [04/Aug/2026:12:04:06 -0600] "GET /sitemap-7.xml HTTP/2.0" 404 7756 "-" "Mozilla/5.0 AppleWebKit/537.36 (KHTML, like Gecko; compatible; GPTBot/1.4; +https://openai.com/gptbot)" ayukiestate.com 10.44.34.235
57.141.0.66 - - [04/Aug/2026:12:04:15 -0600] "GET /items/T342880009/ HTTP/1.1" 404 8625 "-" "Mozilla/5.0 (Windows NT 10.0; Win64; x64) AppleWebKit/537.36 (KHTML, like Gecko) Chrome/145.0.0.0 Safari/537.36 (compatible; meta-externalagent/1.1 (+https://developers.facebook.com/docs/sharing/webmasters/crawler))" ayukiestate.com 10.44.34.235
57.141.0.66 - - [04/Aug/2026:12:04:15 -0600] "GET /items/T342880009/ HTTP/2.0" 404 7756 "-" "Mozilla/5.0 (Windows NT 10.0; Win64; x64) AppleWebKit/537.36 (KHTML, like Gecko) Chrome/145.0.0.0 Safari/537.36 (compatible; meta-externalagent/1.1 (+https://developers.facebook.com/docs/sharing/webmasters/crawler))" ayukiestate.com 10.44.34.235
57.141.0.9 - - [04/Aug/2026:12:04:50 -0600] "GET /items/T343920622/ HTTP/1.1" 404 8624 "-" "Mozilla/5.0 (Windows NT 10.0; Win64; x64) AppleWebKit/537.36 (KHTML, like Gecko) Chrome/145.0.0.0 Safari/537.36 (compatible; meta-externalagent/1.1 (+https://developers.facebook.com/docs/sharing/webmasters/crawler))" ayukiestate.com 10.44.34.235
57.141.0.9 - - [04/Aug/2026:12:04:50 -0600] "GET /items/T343920622/ HTTP/2.0" 404 7756 "-" "Mozilla/5.0 (Windows NT 10.0; Win64; x64) AppleWebKit/537.36 (KHTML, like Gecko) Chrome/145.0.0.0 Safari/537.36 (compatible; meta-externalagent/1.1 (+https://developers.facebook.com/docs/sharing/webmasters/crawler))" ayukiestate.com 10.44.34.235
57.141.0.34 - - [04/Aug/2026:12:05:25 -0600] "GET /items/T342873355/ HTTP/1.1" 404 8625 "-" "Mozilla/5.0 (Windows NT 10.0; Win64; x64) AppleWebKit/537.36 (KHTML, like Gecko) Chrome/145.0.0.0 Safari/537.36 (compatible; meta-externalagent/1.1 (+https://developers.facebook.com/docs/sharing/webmasters/crawler))" ayukiestate.com 10.44.34.235
57.141.0.34 - - [04/Aug/2026:12:05:25 -0600] "GET /items/T342873355/ HTTP/2.0" 404 7756 "-" "Mozilla/5.0 (Windows NT 10.0; Win64; x64) AppleWebKit/537.36 (KHTML, like Gecko) Chrome/145.0.0.0 Safari/537.36 (compatible; meta-externalagent/1.1 (+https://developers.facebook.com/docs/sharing/webmasters/crawler))" ayukiestate.com 10.44.34.235
57.141.0.9 - - [04/Aug/2026:12:06:01 -0600] "GET /items/T343254328/ HTTP/1.1" 404 8621 "-" "Mozilla/5.0 (Windows NT 10.0; Win64; x64) AppleWebKit/537.36 (KHTML, like Gecko) Chrome/145.0.0.0 Safari/537.36 (compatible; meta-externalagent/1.1 (+https://developers.facebook.com/docs/sharing/webmasters/crawler))" ayukiestate.com 10.44.34.235
57.141.0.9 - - [04/Aug/2026:12:06:01 -0600] "GET /items/T343254328/ HTTP/2.0" 404 7756 "-" "Mozilla/5.0 (Windows NT 10.0; Win64; x64) AppleWebKit/537.36 (KHTML, like Gecko) Chrome/145.0.0.0 Safari/537.36 (compatible; meta-externalagent/1.1 (+https://developers.facebook.com/docs/sharing/webmasters/crawler))" ayukiestate.com 10.44.34.235
57.141.0.24 - - [04/Aug/2026:12:06:37 -0600] "GET /items/T345210080/ HTTP/1.1" 404 8624 "-" "Mozilla/5.0 (Macintosh; Intel Mac OS X 10_15_7) AppleWebKit/537.36 (KHTML, like Gecko) Chrome/145.0.0.0 Safari/537.36 (compatible; meta-externalagent/1.1 (+https://developers.facebook.com/docs/sharing/webmasters/crawler))" ayukiestate.com 10.44.34.235
57.141.0.24 - - [04/Aug/2026:12:06:37 -0600] "GET /items/T345210080/ HTTP/2.0" 404 7756 "-" "Mozilla/5.0 (Macintosh; Intel Mac OS X 10_15_7) AppleWebKit/537.36 (KHTML, like Gecko) Chrome/145.0.0.0 Safari/537.36 (compatible; meta-externalagent/1.1 (+https://developers.facebook.com/docs/sharing/webmasters/crawler))" ayukiestate.com 10.44.34.235
57.141.0.55 - - [04/Aug/2026:12:07:12 -0600] "GET /shopdetail/2146331318782 HTTP/1.1" 404 8624 "-" "Mozilla/5.0 (Windows NT 10.0; Win64; x64) AppleWebKit/537.36 (KHTML, like Gecko) Chrome/145.0.0.0 Safari/537.36 Edg/145.0.0.0 (compatible; meta-externalagent/1.1 (+https://developers.facebook.com/docs/sharing/webmasters/crawler))" ayukiestate.com 10.44.34.235
57.141.0.55 - - [04/Aug/2026:12:07:12 -0600] "GET /shopdetail/2146331318782 HTTP/2.0" 404 7756 "-" "Mozilla/5.0 (Windows NT 10.0; Win64; x64) AppleWebKit/537.36 (KHTML, like Gecko) Chrome/145.0.0.0 Safari/537.36 Edg/145.0.0.0 (compatible; meta-externalagent/1.1 (+https://developers.facebook.com/docs/sharing/webmasters/crawler))" ayukiestate.com 10.44.34.235
57.141.0.49 - - [04/Aug/2026:12:07:46 -0600] "GET /items/T342580644/ HTTP/1.1" 404 8623 "-" "Mozilla/5.0 (Windows NT 10.0; Win64; x64) AppleWebKit/537.36 (KHTML, like Gecko) Chrome/145.0.0.0 Safari/537.36 (compatible; meta-externalagent/1.1 (+https://developers.facebook.com/docs/sharing/webmasters/crawler))" ayukiestate.com 10.44.34.235
57.141.0.49 - - [04/Aug/2026:12:07:46 -0600] "GET /items/T342580644/ HTTP/2.0" 404 7756 "-" "Mozilla/5.0 (Windows NT 10.0; Win64; x64) AppleWebKit/537.36 (KHTML, like Gecko) Chrome/145.0.0.0 Safari/537.36 (compatible; meta-externalagent/1.1 (+https://developers.facebook.com/docs/sharing/webmasters/crawler))" ayukiestate.com 10.44.34.235
57.141.0.15 - - [04/Aug/2026:12:08:22 -0600] "GET /shopdetail/c4a0f283491617 HTTP/1.1" 404 8623 "-" "Mozilla/5.0 (Macintosh; Intel Mac OS X 10_15_7) AppleWebKit/537.36 (KHTML, like Gecko) Chrome/145.0.0.0 Safari/537.36 (compatible; meta-externalagent/1.1 (+https://developers.facebook.com/docs/sharing/webmasters/crawler))" ayukiestate.com 10.44.34.235
57.141.0.15 - - [04/Aug/2026:12:08:22 -0600] "GET /shopdetail/c4a0f283491617 HTTP/2.0" 404 7756 "-" "Mozilla/5.0 (Macintosh; Intel Mac OS X 10_15_7) AppleWebKit/537.36 (KHTML, like Gecko) Chrome/145.0.0.0 Safari/537.36 (compatible; meta-externalagent/1.1 (+https://developers.facebook.com/docs/sharing/webmasters/crawler))" ayukiestate.com 10.44.34.235
57.141.0.21 - - [04/Aug/2026:12:08:59 -0600] "GET /items/T342340931/ HTTP/1.1" 404 8626 "-" "Mozilla/5.0 (Windows NT 10.0; Win64; x64) AppleWebKit/537.36 (KHTML, like Gecko) Chrome/145.0.0.0 Safari/537.36 (compatible; meta-externalagent/1.1 (+https://developers.facebook.com/docs/sharing/webmasters/crawler))" ayukiestate.com 10.44.34.235
57.141.0.21 - - [04/Aug/2026:12:08:59 -0600] "GET /items/T342340931/ HTTP/2.0" 404 7756 "-" "Mozilla/5.0 (Windows NT 10.0; Win64; x64) AppleWebKit/537.36 (KHTML, like Gecko) Chrome/145.0.0.0 Safari/537.36 (compatible; meta-externalagent/1.1 (+https://developers.facebook.com/docs/sharing/webmasters/crawler))" ayukiestate.com 10.44.34.235
57.141.0.41 - - [04/Aug/2026:12:09:33 -0600] "GET /items/T344613080/ HTTP/1.1" 404 8623 "-" "Mozilla/5.0 (Windows NT 10.0; Win64; x64) AppleWebKit/537.36 (KHTML, like Gecko) Chrome/145.0.0.0 Safari/537.36 (compatible; meta-externalagent/1.1 (+https://developers.facebook.com/docs/sharing/webmasters/crawler))" ayukiestate.com 10.44.34.235
57.141.0.41 - - [04/Aug/2026:12:09:33 -0600] "GET /items/T344613080/ HTTP/2.0" 404 7756 "-" "Mozilla/5.0 (Windows NT 10.0; Win64; x64) AppleWebKit/537.36 (KHTML, like Gecko) Chrome/145.0.0.0 Safari/537.36 (compatible; meta-externalagent/1.1 (+https://developers.facebook.com/docs/sharing/webmasters/crawler))" ayukiestate.com 10.44.34.235
74.7.241.25 - - [04/Aug/2026:12:09:42 -0600] "GET /sitemap-15.xml HTTP/1.1" 404 8626 "-" "Mozilla/5.0 AppleWebKit/537.36 (KHTML, like Gecko; compatible; GPTBot/1.4; +https://openai.com/gptbot)" ayukiestate.com 10.44.34.235
74.7.241.25 - - [04/Aug/2026:12:09:42 -0600] "GET /sitemap-15.xml HTTP/2.0" 404 8192 "-" "Mozilla/5.0 AppleWebKit/537.36 (KHTML, like Gecko; compatible; GPTBot/1.4; +https://openai.com/gptbot)" ayukiestate.com 10.44.34.235
57.141.0.58 - - [04/Aug/2026:12:11:20 -0600] "GET /items/T343139456/ HTTP/1.1" 404 8624 "-" "Mozilla/5.0 (Windows NT 10.0; Win64; x64) AppleWebKit/537.36 (KHTML, like Gecko) Chrome/145.0.0.0 Safari/537.36 (compatible; meta-externalagent/1.1 (+https://developers.facebook.com/docs/sharing/webmasters/crawler))" ayukiestate.com 10.44.34.235
57.141.0.58 - - [04/Aug/2026:12:11:19 -0600] "GET /items/T343139456/ HTTP/2.0" 404 7756 "-" "Mozilla/5.0 (Windows NT 10.0; Win64; x64) AppleWebKit/537.36 (KHTML, like Gecko) Chrome/145.0.0.0 Safari/537.36 (compatible; meta-externalagent/1.1 (+https://developers.facebook.com/docs/sharing/webmasters/crawler))" ayukiestate.com 10.44.34.235
57.141.0.32 - - [04/Aug/2026:12:11:56 -0600] "GET /items/T345869647/ HTTP/1.1" 404 8625 "-" "Mozilla/5.0 (Macintosh; Intel Mac OS X 10_15_7) AppleWebKit/537.36 (KHTML, like Gecko) Chrome/145.0.0.0 Safari/537.36 (compatible; meta-externalagent/1.1 (+https://developers.facebook.com/docs/sharing/webmasters/crawler))" ayukiestate.com 10.44.34.235
57.141.0.32 - - [04/Aug/2026:12:11:56 -0600] "GET /items/T345869647/ HTTP/2.0" 404 7756 "-" "Mozilla/5.0 (Macintosh; Intel Mac OS X 10_15_7) AppleWebKit/537.36 (KHTML, like Gecko) Chrome/145.0.0.0 Safari/537.36 (compatible; meta-externalagent/1.1 (+https://developers.facebook.com/docs/sharing/webmasters/crawler))" ayukiestate.com 10.44.34.235
74.7.241.25 - - [04/Aug/2026:12:11:58 -0600] "GET /sitemap-2.xml HTTP/1.1" 404 8626 "-" "Mozilla/5.0 AppleWebKit/537.36 (KHTML, like Gecko; compatible; GPTBot/1.4; +https://openai.com/gptbot)" ayukiestate.com 10.44.34.235
74.7.241.25 - - [04/Aug/2026:12:11:58 -0600] "GET /sitemap-2.xml HTTP/2.0" 404 7756 "-" "Mozilla/5.0 AppleWebKit/537.36 (KHTML, like Gecko; compatible; GPTBot/1.4; +https://openai.com/gptbot)" ayukiestate.com 10.44.34.235
57.141.0.55 - - [04/Aug/2026:12:12:31 -0600] "GET /items/T342433845/ HTTP/1.1" 404 8626 "-" "Mozilla/5.0 (Macintosh; Intel Mac OS X 10_15_7) AppleWebKit/537.36 (KHTML, like Gecko) Chrome/145.0.0.0 Safari/537.36 (compatible; meta-externalagent/1.1 (+https://developers.facebook.com/docs/sharing/webmasters/crawler))" ayukiestate.com 10.44.34.235
57.141.0.55 - - [04/Aug/2026:12:12:31 -0600] "GET /items/T342433845/ HTTP/2.0" 404 7756 "-" "Mozilla/5.0 (Macintosh; Intel Mac OS X 10_15_7) AppleWebKit/537.36 (KHTML, like Gecko) Chrome/145.0.0.0 Safari/537.36 (compatible; meta-externalagent/1.1 (+https://developers.facebook.com/docs/sharing/webmasters/crawler))" ayukiestate.com 10.44.34.235
74.7.241.25 - - [04/Aug/2026:12:13:03 -0600] "GET /sitemap-6.xml HTTP/1.1" 404 8622 "-" "Mozilla/5.0 AppleWebKit/537.36 (KHTML, like Gecko; compatible; GPTBot/1.4; +https://openai.com/gptbot)" ayukiestate.com 10.44.34.235
74.7.241.25 - - [04/Aug/2026:12:13:03 -0600] "GET /sitemap-6.xml HTTP/2.0" 404 7756 "-" "Mozilla/5.0 AppleWebKit/537.36 (KHTML, like Gecko; compatible; GPTBot/1.4; +https://openai.com/gptbot)" ayukiestate.com 10.44.34.235
57.141.0.32 - - [04/Aug/2026:12:13:05 -0600] "GET /items/T347623024/ HTTP/1.1" 404 8624 "-" "Mozilla/5.0 (Macintosh; Intel Mac OS X 10_15_7) AppleWebKit/537.36 (KHTML, like Gecko) Chrome/145.0.0.0 Safari/537.36 (compatible; meta-externalagent/1.1 (+https://developers.facebook.com/docs/sharing/webmasters/crawler))" ayukiestate.com 10.44.34.235
57.141.0.32 - - [04/Aug/2026:12:13:05 -0600] "GET /items/T347623024/ HTTP/2.0" 404 7756 "-" "Mozilla/5.0 (Macintosh; Intel Mac OS X 10_15_7) AppleWebKit/537.36 (KHTML, like Gecko) Chrome/145.0.0.0 Safari/537.36 (compatible; meta-externalagent/1.1 (+https://developers.facebook.com/docs/sharing/webmasters/crawler))" ayukiestate.com 10.44.34.235
57.141.0.27 - - [04/Aug/2026:12:13:42 -0600] "GET /items/T344702672/ HTTP/1.1" 404 8621 "-" "Mozilla/5.0 (Windows NT 10.0; Win64; x64) AppleWebKit/537.36 (KHTML, like Gecko) Chrome/145.0.0.0 Safari/537.36 (compatible; meta-externalagent/1.1 (+https://developers.facebook.com/docs/sharing/webmasters/crawler))" ayukiestate.com 10.44.34.235
57.141.0.27 - - [04/Aug/2026:12:13:42 -0600] "GET /items/T344702672/ HTTP/2.0" 404 7756 "-" "Mozilla/5.0 (Windows NT 10.0; Win64; x64) AppleWebKit/537.36 (KHTML, like Gecko) Chrome/145.0.0.0 Safari/537.36 (compatible; meta-externalagent/1.1 (+https://developers.facebook.com/docs/sharing/webmasters/crawler))" ayukiestate.com 10.44.34.235
74.7.241.25 - - [04/Aug/2026:12:14:06 -0600] "GET /sitemap-17.xml HTTP/1.1" 404 8623 "-" "Mozilla/5.0 AppleWebKit/537.36 (KHTML, like Gecko; compatible; GPTBot/1.4; +https://openai.com/gptbot)" ayukiestate.com 10.44.34.235
74.7.241.25 - - [04/Aug/2026:12:14:06 -0600] "GET /sitemap-17.xml HTTP/2.0" 404 7756 "-" "Mozilla/5.0 AppleWebKit/537.36 (KHTML, like Gecko; compatible; GPTBot/1.4; +https://openai.com/gptbot)" ayukiestate.com 10.44.34.235
57.141.0.49 - - [04/Aug/2026:12:14:17 -0600] "GET /items/T347057995/ HTTP/1.1" 404 8623 "-" "Mozilla/5.0 (Windows NT 10.0; Win64; x64) AppleWebKit/537.36 (KHTML, like Gecko) Chrome/145.0.0.0 Safari/537.36 Edg/145.0.0.0 (compatible; meta-externalagent/1.1 (+https://developers.facebook.com/docs/sharing/webmasters/crawler))" ayukiestate.com 10.44.34.235
57.141.0.49 - - [04/Aug/2026:12:14:17 -0600] "GET /items/T347057995/ HTTP/2.0" 404 7756 "-" "Mozilla/5.0 (Windows NT 10.0; Win64; x64) AppleWebKit/537.36 (KHTML, like Gecko) Chrome/145.0.0.0 Safari/537.36 Edg/145.0.0.0 (compatible; meta-externalagent/1.1 (+https://developers.facebook.com/docs/sharing/webmasters/crawler))" ayukiestate.com 10.44.34.235
50.6.43.128 - - [04/Aug/2026:12:14:47 -0600] "POST /wp-cron.php?doing_wp_cron=1785867287.4102520942687988281250 HTTP/1.1" 200 - "-" "WordPress/7.0.2; https://ayukiestate.com" ayukiestate.com 10.44.34.235
57.141.0.48 - - [04/Aug/2026:12:14:53 -0600] "GET /shopdetail/3ee79351542299 HTTP/1.1" 404 8622 "-" "Mozilla/5.0 (Windows NT 10.0; Win64; x64) AppleWebKit/537.36 (KHTML, like Gecko) Chrome/145.0.0.0 Safari/537.36 (compatible; meta-externalagent/1.1 (+https://developers.facebook.com/docs/sharing/webmasters/crawler))" ayukiestate.com 10.44.34.235
57.141.0.48 - - [04/Aug/2026:12:14:53 -0600] "GET /shopdetail/3ee79351542299 HTTP/2.0" 404 7756 "-" "Mozilla/5.0 (Windows NT 10.0; Win64; x64) AppleWebKit/537.36 (KHTML, like Gecko) Chrome/145.0.0.0 Safari/537.36 (compatible; meta-externalagent/1.1 (+https://developers.facebook.com/docs/sharing/webmasters/crawler))" ayukiestate.com 10.44.34.235
74.7.241.25 - - [04/Aug/2026:12:15:08 -0600] "GET /sitemap-3.xml HTTP/1.1" 404 8623 "-" "Mozilla/5.0 AppleWebKit/537.36 (KHTML, like Gecko; compatible; GPTBot/1.4; +https://openai.com/gptbot)" ayukiestate.com 10.44.34.235
74.7.241.25 - - [04/Aug/2026:12:15:08 -0600] "GET /sitemap-3.xml HTTP/2.0" 404 7756 "-" "Mozilla/5.0 AppleWebKit/537.36 (KHTML, like Gecko; compatible; GPTBot/1.4; +https://openai.com/gptbot)" ayukiestate.com 10.44.34.235
57.141.0.64 - - [04/Aug/2026:12:15:28 -0600] "GET /items/T347134764/ HTTP/1.1" 404 8622 "-" "Mozilla/5.0 (Windows NT 10.0; Win64; x64) AppleWebKit/537.36 (KHTML, like Gecko) Chrome/145.0.0.0 Safari/537.36 (compatible; meta-externalagent/1.1 (+https://developers.facebook.com/docs/sharing/webmasters/crawler))" ayukiestate.com 10.44.34.235
57.141.0.64 - - [04/Aug/2026:12:15:28 -0600] "GET /items/T347134764/ HTTP/2.0" 404 7756 "-" "Mozilla/5.0 (Windows NT 10.0; Win64; x64) AppleWebKit/537.36 (KHTML, like Gecko) Chrome/145.0.0.0 Safari/537.36 (compatible; meta-externalagent/1.1 (+https://developers.facebook.com/docs/sharing/webmasters/crawler))" ayukiestate.com 10.44.34.235
50.6.43.128 - - [04/Aug/2026:12:15:52 -0600] "POST /wp-cron.php?doing_wp_cron=1785867352.2965888977050781250000 HTTP/1.1" 200 - "-" "WordPress/7.0.2; https://ayukiestate.com" ayukiestate.com 10.44.34.235
57.141.0.59 - - [04/Aug/2026:12:16:04 -0600] "GET /items/T342502186/ HTTP/1.1" 404 8624 "-" "Mozilla/5.0 (Windows NT 10.0; Win64; x64) AppleWebKit/537.36 (KHTML, like Gecko) Chrome/145.0.0.0 Safari/537.36 (compatible; meta-externalagent/1.1 (+https://developers.facebook.com/docs/sharing/webmasters/crawler))" ayukiestate.com 10.44.34.235
57.141.0.59 - - [04/Aug/2026:12:16:04 -0600] "GET /items/T342502186/ HTTP/2.0" 404 7756 "-" "Mozilla/5.0 (Windows NT 10.0; Win64; x64) AppleWebKit/537.36 (KHTML, like Gecko) Chrome/145.0.0.0 Safari/537.36 (compatible; meta-externalagent/1.1 (+https://developers.facebook.com/docs/sharing/webmasters/crawler))" ayukiestate.com 10.44.34.235
85.122.114.158 - - [04/Aug/2026:12:16:04 -0600] "GET /2026/07/26/understanding-the-value-of-1-sweeps-coin/ HTTP/1.1" 500 6274 "https://ayukiestate.com/" "Mozilla/5.0 (Windows NT 10.0; Win64; x64) AppleWebKit/537.36 (KHTML, like Gecko) obsidian/1.6.5 Chrome/124.0.6367.243 Electron/30.1.2 Safari/537.36" ayukiestate.com 10.44.34.235
85.122.114.158 - - [04/Aug/2026:12:16:04 -0600] "GET /2026/07/26/understanding-the-value-of-1-sweeps-coin/ HTTP/1.1" 500 6274 "https://ayukiestate.com/" "Mozilla/5.0 (Windows NT 10.0; Win64; x64) AppleWebKit/537.36 (KHTML, like Gecko) obsidian/1.6.5 Chrome/124.0.6367.243 Electron/30.1.2 Safari/537.36" ayukiestate.com 10.44.34.235
74.7.241.25 - - [04/Aug/2026:12:16:08 -0600] "GET /sitemap-4.xml HTTP/1.1" 404 8622 "-" "Mozilla/5.0 AppleWebKit/537.36 (KHTML, like Gecko; compatible; GPTBot/1.4; +https://openai.com/gptbot)" ayukiestate.com 10.44.34.235
74.7.241.25 - - [04/Aug/2026:12:16:08 -0600] "GET /sitemap-4.xml HTTP/2.0" 404 7756 "-" "Mozilla/5.0 AppleWebKit/537.36 (KHTML, like Gecko; compatible; GPTBot/1.4; +https://openai.com/gptbot)" ayukiestate.com 10.44.34.235
85.122.114.158 - - [04/Aug/2026:12:16:34 -0600] "GET /2026/07/26/understanding-the-value-of-1-sweeps-coin/ HTTP/1.1" 500 6274 "https://ayukiestate.com/" "Mozilla/5.0 (Windows NT 10.0; Win64; x64) AppleWebKit/537.36 (KHTML, like Gecko) obsidian/1.6.5 Chrome/124.0.6367.243 Electron/30.1.2 Safari/537.36" ayukiestate.com 10.44.34.235
85.122.114.158 - - [04/Aug/2026:12:16:34 -0600] "GET /2026/07/26/understanding-the-value-of-1-sweeps-coin/ HTTP/1.1" 500 6274 "https://ayukiestate.com/" "Mozilla/5.0 (Windows NT 10.0; Win64; x64) AppleWebKit/537.36 (KHTML, like Gecko) obsidian/1.6.5 Chrome/124.0.6367.243 Electron/30.1.2 Safari/537.36" ayukiestate.com 10.44.34.235
57.141.0.44 - - [04/Aug/2026:12:16:38 -0600] "GET /items/T341908639/ HTTP/1.1" 404 8624 "-" "Mozilla/5.0 (Windows NT 10.0; Win64; x64) AppleWebKit/537.36 (KHTML, like Gecko) Chrome/145.0.0.0 Safari/537.36 (compatible; meta-externalagent/1.1 (+https://developers.facebook.com/docs/sharing/webmasters/crawler))" ayukiestate.com 10.44.34.235
57.141.0.44 - - [04/Aug/2026:12:16:38 -0600] "GET /items/T341908639/ HTTP/2.0" 404 7756 "-" "Mozilla/5.0 (Windows NT 10.0; Win64; x64) AppleWebKit/537.36 (KHTML, like Gecko) Chrome/145.0.0.0 Safari/537.36 (compatible; meta-externalagent/1.1 (+https://developers.facebook.com/docs/sharing/webmasters/crawler))" ayukiestate.com 10.44.34.235
85.122.114.158 - - [04/Aug/2026:12:17:05 -0600] "GET /2026/07/26/understanding-the-value-of-1-sweeps-coin/ HTTP/1.1" 500 6273 "https://ayukiestate.com/" "Mozilla/5.0 (Windows NT 10.0; Win64; x64) AppleWebKit/537.36 (KHTML, like Gecko) obsidian/1.6.5 Chrome/124.0.6367.243 Electron/30.1.2 Safari/537.36" ayukiestate.com 10.44.34.235
85.122.114.158 - - [04/Aug/2026:12:17:05 -0600] "GET /2026/07/26/understanding-the-value-of-1-sweeps-coin/ HTTP/1.1" 500 6273 "https://ayukiestate.com/" "Mozilla/5.0 (Windows NT 10.0; Win64; x64) AppleWebKit/537.36 (KHTML, like Gecko) obsidian/1.6.5 Chrome/124.0.6367.243 Electron/30.1.2 Safari/537.36" ayukiestate.com 10.44.34.235
74.7.241.25 - - [04/Aug/2026:12:17:09 -0600] "GET /sitemap-5.xml HTTP/1.1" 404 8625 "-" "Mozilla/5.0 AppleWebKit/537.36 (KHTML, like Gecko; compatible; GPTBot/1.4; +https://openai.com/gptbot)" ayukiestate.com 10.44.34.235
74.7.241.25 - - [04/Aug/2026:12:17:09 -0600] "GET /sitemap-5.xml HTTP/2.0" 404 7756 "-" "Mozilla/5.0 AppleWebKit/537.36 (KHTML, like Gecko; compatible; GPTBot/1.4; +https://openai.com/gptbot)" ayukiestate.com 10.44.34.235
57.141.0.17 - - [04/Aug/2026:12:17:15 -0600] "GET /items/T344510248/ HTTP/1.1" 404 8625 "-" "Mozilla/5.0 (Windows NT 10.0; Win64; x64) AppleWebKit/537.36 (KHTML, like Gecko) Chrome/145.0.0.0 Safari/537.36 (compatible; meta-externalagent/1.1 (+https://developers.facebook.com/docs/sharing/webmasters/crawler))" ayukiestate.com 10.44.34.235
57.141.0.17 - - [04/Aug/2026:12:17:15 -0600] "GET /items/T344510248/ HTTP/2.0" 404 7756 "-" "Mozilla/5.0 (Windows NT 10.0; Win64; x64) AppleWebKit/537.36 (KHTML, like Gecko) Chrome/145.0.0.0 Safari/537.36 (compatible; meta-externalagent/1.1 (+https://developers.facebook.com/docs/sharing/webmasters/crawler))" ayukiestate.com 10.44.34.235
57.141.0.1 - - [04/Aug/2026:12:17:49 -0600] "GET /items/T347556210/ HTTP/1.1" 404 8621 "-" "Mozilla/5.0 (Windows NT 10.0; Win64; x64) AppleWebKit/537.36 (KHTML, like Gecko) Chrome/145.0.0.0 Safari/537.36 (compatible; meta-externalagent/1.1 (+https://developers.facebook.com/docs/sharing/webmasters/crawler))" ayukiestate.com 10.44.34.235
57.141.0.1 - - [04/Aug/2026:12:17:49 -0600] "GET /items/T347556210/ HTTP/2.0" 404 7756 "-" "Mozilla/5.0 (Windows NT 10.0; Win64; x64) AppleWebKit/537.36 (KHTML, like Gecko) Chrome/145.0.0.0 Safari/537.36 (compatible; meta-externalagent/1.1 (+https://developers.facebook.com/docs/sharing/webmasters/crawler))" ayukiestate.com 10.44.34.235
74.7.241.25 - - [04/Aug/2026:12:18:10 -0600] "GET /sitemap-1.xml HTTP/1.1" 404 8622 "-" "Mozilla/5.0 AppleWebKit/537.36 (KHTML, like Gecko; compatible; GPTBot/1.4; +https://openai.com/gptbot)" ayukiestate.com 10.44.34.235
74.7.241.25 - - [04/Aug/2026:12:18:10 -0600] "GET /sitemap-1.xml HTTP/2.0" 404 7756 "-" "Mozilla/5.0 AppleWebKit/537.36 (KHTML, like Gecko; compatible; GPTBot/1.4; +https://openai.com/gptbot)" ayukiestate.com 10.44.34.235
57.141.0.34 - - [04/Aug/2026:12:18:25 -0600] "GET /shopdetail/62d3b354461650 HTTP/1.1" 404 8621 "-" "Mozilla/5.0 (Windows NT 10.0; Win64; x64) AppleWebKit/537.36 (KHTML, like Gecko) Chrome/145.0.0.0 Safari/537.36 (compatible; meta-externalagent/1.1 (+https://developers.facebook.com/docs/sharing/webmasters/crawler))" ayukiestate.com 10.44.34.235
57.141.0.34 - - [04/Aug/2026:12:18:25 -0600] "GET /shopdetail/62d3b354461650 HTTP/2.0" 404 7756 "-" "Mozilla/5.0 (Windows NT 10.0; Win64; x64) AppleWebKit/537.36 (KHTML, like Gecko) Chrome/145.0.0.0 Safari/537.36 (compatible; meta-externalagent/1.1 (+https://developers.facebook.com/docs/sharing/webmasters/crawler))" ayukiestate.com 10.44.34.235
57.141.0.65 - - [04/Aug/2026:12:19:01 -0600] "GET /items/T345334938/ HTTP/1.1" 404 8624 "-" "Mozilla/5.0 (Macintosh; Intel Mac OS X 10_15_7) AppleWebKit/537.36 (KHTML, like Gecko) Chrome/145.0.0.0 Safari/537.36 (compatible; meta-externalagent/1.1 (+https://developers.facebook.com/docs/sharing/webmasters/crawler))" ayukiestate.com 10.44.34.235
