57.141.0.70 - - [04/Aug/2026:13:22:47 -0600] "GET /wp-json/wp/v2/posts/1612 HTTP/2.0" 200 6223 "-" "Mozilla/5.0 (Windows NT 10.0; Win64; x64) AppleWebKit/537.36 (KHTML, like Gecko) Chrome/145.0.0.0 Safari/537.36 (compatible; meta-externalagent/1.1 (+https://developers.facebook.com/docs/sharing/webmasters/crawler))" jdcpvtltd.in 10.44.34.235
66.249.64.224 - - [04/Aug/2026:13:22:54 -0600] "GET /?l=51308437561100 HTTP/1.1" 200 40952 "-" "Mozilla/5.0 (Linux; Android 6.0.1; Nexus 5X Build/MMB29P) AppleWebKit/537.36 (KHTML, like Gecko) Chrome/150.0.7871.186 Mobile Safari/537.36 (compatible; Googlebot/2.1; +http://www.google.com/bot.html)" jdcpvtltd.in 10.44.34.235
66.249.64.224 - - [04/Aug/2026:13:22:54 -0600] "GET /?l=51308437561100 HTTP/1.1" 200 40952 "-" "Mozilla/5.0 (Linux; Android 6.0.1; Nexus 5X Build/MMB29P) AppleWebKit/537.36 (KHTML, like Gecko) Chrome/150.0.7871.186 Mobile Safari/537.36 (compatible; Googlebot/2.1; +http://www.google.com/bot.html)" jdcpvtltd.in 10.44.34.235
74.7.227.137 - - [04/Aug/2026:13:22:59 -0600] "GET /products/1248595 HTTP/1.1" 404 7432 "https://www.jdcpvtltd.in" "Mozilla/5.0 AppleWebKit/537.36 (KHTML, like Gecko; compatible; GPTBot/1.4; +https://openai.com/gptbot)" jdcpvtltd.in 10.44.34.235
74.7.227.137 - - [04/Aug/2026:13:22:59 -0600] "GET /products/1248595 HTTP/2.0" 404 7432 "https://www.jdcpvtltd.in" "Mozilla/5.0 AppleWebKit/537.36 (KHTML, like Gecko; compatible; GPTBot/1.4; +https://openai.com/gptbot)" jdcpvtltd.in 10.44.34.235
82.102.23.117 - - [04/Aug/2026:13:23:41 -0600] "POST /xmlrpc.php HTTP/1.1" 409 83 "-" "Mozilla/5.0 (Macintosh; Intel Mac OS X 10_15_7) AppleWebKit/537.36 (KHTML, like Gecko) Chrome/132.0.0.0 Safari/537.36" jdcpvtltd.in 10.44.34.235
74.7.227.137 - - [04/Aug/2026:13:24:01 -0600] "GET /products/6325804 HTTP/1.1" 404 7432 "https://www.jdcpvtltd.in" "Mozilla/5.0 AppleWebKit/537.36 (KHTML, like Gecko; compatible; GPTBot/1.4; +https://openai.com/gptbot)" jdcpvtltd.in 10.44.34.235
74.7.227.137 - - [04/Aug/2026:13:24:01 -0600] "GET /products/6325804 HTTP/2.0" 404 7432 "https://www.jdcpvtltd.in" "Mozilla/5.0 AppleWebKit/537.36 (KHTML, like Gecko; compatible; GPTBot/1.4; +https://openai.com/gptbot)" jdcpvtltd.in 10.44.34.235
57.141.0.8 - - [04/Aug/2026:13:24:10 -0600] "GET /wp-json/wp/v2/posts/1035 HTTP/2.0" 200 5792 "-" "Mozilla/5.0 (Windows NT 10.0; Win64; x64) AppleWebKit/537.36 (KHTML, like Gecko) Chrome/145.0.0.0 Safari/537.36 (compatible; meta-externalagent/1.1 (+https://developers.facebook.com/docs/sharing/webmasters/crawler))" jdcpvtltd.in 10.44.34.235
57.141.0.12 - - [04/Aug/2026:13:24:11 -0600] "GET /spinanga-casino-quickhit-slots-fasttrack-wins-for/ HTTP/1.1" 200 12218 "-" "Mozilla/5.0 (Windows NT 10.0; Win64; x64) AppleWebKit/537.36 (KHTML, like Gecko) Chrome/145.0.0.0 Safari/537.36 (compatible; meta-externalagent/1.1 (+https://developers.facebook.com/docs/sharing/webmasters/crawler))" jdcpvtltd.in 10.44.34.235
57.141.0.12 - - [04/Aug/2026:13:24:11 -0600] "GET /spinanga-casino-quickhit-slots-fasttrack-wins-for/ HTTP/2.0" 200 12218 "-" "Mozilla/5.0 (Windows NT 10.0; Win64; x64) AppleWebKit/537.36 (KHTML, like Gecko) Chrome/145.0.0.0 Safari/537.36 (compatible; meta-externalagent/1.1 (+https://developers.facebook.com/docs/sharing/webmasters/crawler))" jdcpvtltd.in 10.44.34.235
57.141.0.15 - - [04/Aug/2026:13:25:01 -0600] "GET /1win-official-site-for-sports-betting-and-casino-bonus-up-to-100-000/ HTTP/1.1" 200 11764 "-" "Mozilla/5.0 (Windows NT 10.0; Win64; x64) AppleWebKit/537.36 (KHTML, like Gecko) Chrome/145.0.0.0 Safari/537.36 (compatible; meta-externalagent/1.1 (+https://developers.facebook.com/docs/sharing/webmasters/crawler))" jdcpvtltd.in 10.44.34.235
57.141.0.15 - - [04/Aug/2026:13:25:01 -0600] "GET /1win-official-site-for-sports-betting-and-casino-bonus-up-to-100-000/ HTTP/2.0" 200 11764 "-" "Mozilla/5.0 (Windows NT 10.0; Win64; x64) AppleWebKit/537.36 (KHTML, like Gecko) Chrome/145.0.0.0 Safari/537.36 (compatible; meta-externalagent/1.1 (+https://developers.facebook.com/docs/sharing/webmasters/crawler))" jdcpvtltd.in 10.44.34.235
74.7.227.137 - - [04/Aug/2026:13:25:04 -0600] "GET /products/7953424 HTTP/1.1" 404 7432 "https://www.jdcpvtltd.in" "Mozilla/5.0 AppleWebKit/537.36 (KHTML, like Gecko; compatible; GPTBot/1.4; +https://openai.com/gptbot)" jdcpvtltd.in 10.44.34.235
74.7.227.137 - - [04/Aug/2026:13:25:04 -0600] "GET /products/7953424 HTTP/2.0" 404 7432 "https://www.jdcpvtltd.in" "Mozilla/5.0 AppleWebKit/537.36 (KHTML, like Gecko; compatible; GPTBot/1.4; +https://openai.com/gptbot)" jdcpvtltd.in 10.44.34.235
66.249.64.225 - - [04/Aug/2026:13:25:48 -0600] "GET /?product/review/44110753561100 HTTP/1.1" 200 43265 "-" "Mozilla/5.0 (compatible; Googlebot/2.1; +http://www.google.com/bot.html)" jdcpvtltd.in 10.44.34.235
66.249.64.225 - - [04/Aug/2026:13:25:48 -0600] "GET /?product/review/44110753561100 HTTP/1.1" 200 43265 "-" "Mozilla/5.0 (compatible; Googlebot/2.1; +http://www.google.com/bot.html)" jdcpvtltd.in 10.44.34.235
74.7.227.137 - - [04/Aug/2026:13:26:04 -0600] "GET /products/8164975 HTTP/1.1" 404 7432 "https://www.jdcpvtltd.in" "Mozilla/5.0 AppleWebKit/537.36 (KHTML, like Gecko; compatible; GPTBot/1.4; +https://openai.com/gptbot)" jdcpvtltd.in 10.44.34.235
74.7.227.137 - - [04/Aug/2026:13:26:04 -0600] "GET /products/8164975 HTTP/2.0" 404 7432 "https://www.jdcpvtltd.in" "Mozilla/5.0 AppleWebKit/537.36 (KHTML, like Gecko; compatible; GPTBot/1.4; +https://openai.com/gptbot)" jdcpvtltd.in 10.44.34.235
164.92.227.113 - - [04/Aug/2026:13:26:06 -0600] "POST /xmlrpc.php HTTP/1.1" 409 83 "-" "Mozilla/5.0 (Windows NT 10.0; Win64; x64) AppleWebKit/537.36 (KHTML, like Gecko) Chrome/147.0.0.0 Safari/537.36" jdcpvtltd.in 10.44.34.235
164.92.227.113 - - [04/Aug/2026:13:26:06 -0600] "POST /xmlrpc.php HTTP/1.1" 409 83 "-" "Mozilla/5.0 (Windows NT 10.0; Win64; x64) AppleWebKit/537.36 (KHTML, like Gecko) Chrome/147.0.0.0 Safari/537.36" jdcpvtltd.in 10.44.34.235
50.6.43.128 - - [04/Aug/2026:13:26:21 -0600] "POST /wp-cron.php?doing_wp_cron=1785871581.7586290836334228515625 HTTP/1.1" 200 - "-" "WordPress/7.0.2; https://jdcpvtltd.in" jdcpvtltd.in 10.44.34.235
57.141.0.56 - - [04/Aug/2026:13:26:21 -0600] "GET /wp-json/oembed/1.0/embed?url=https%3A%2F%2Fjdcpvtltd.in%2Funderstanding-vavada-official-hr-team-support%2F HTTP/2.0" 200 1155 "-" "Mozilla/5.0 (Windows NT 10.0; Win64; x64) AppleWebKit/537.36 (KHTML, like Gecko) Chrome/145.0.0.0 Safari/537.36 (compatible; meta-externalagent/1.1 (+https://developers.facebook.com/docs/sharing/webmasters/crawler))" jdcpvtltd.in 10.44.34.235
45.83.178.43 - - [04/Aug/2026:13:26:30 -0600] "POST /xmlrpc.php HTTP/1.1" 409 83 "-" "Mozilla/5.0 (Windows NT 10.0; Win64; x64) AppleWebKit/537.36 (KHTML, like Gecko) Chrome/131.0.0.0 Safari/537.36 Edg/131.0.0.0" jdcpvtltd.in 10.44.34.235
74.7.227.137 - - [04/Aug/2026:13:27:07 -0600] "GET /products/6577092 HTTP/1.1" 404 7432 "https://www.jdcpvtltd.in" "Mozilla/5.0 AppleWebKit/537.36 (KHTML, like Gecko; compatible; GPTBot/1.4; +https://openai.com/gptbot)" jdcpvtltd.in 10.44.34.235
74.7.227.137 - - [04/Aug/2026:13:27:07 -0600] "GET /products/6577092 HTTP/2.0" 404 7432 "https://www.jdcpvtltd.in" "Mozilla/5.0 AppleWebKit/537.36 (KHTML, like Gecko; compatible; GPTBot/1.4; +https://openai.com/gptbot)" jdcpvtltd.in 10.44.34.235
66.249.64.225 - - [04/Aug/2026:13:27:30 -0600] "GET /shop.php?d=22131652341100 HTTP/1.1" 200 39831 "-" "Mozilla/5.0 (Linux; Android 6.0.1; Nexus 5X Build/MMB29P) AppleWebKit/537.36 (KHTML, like Gecko) Chrome/150.0.7871.186 Mobile Safari/537.36 (compatible; Googlebot/2.1; +http://www.google.com/bot.html)" jdcpvtltd.in 10.44.34.235
66.249.64.225 - - [04/Aug/2026:13:27:30 -0600] "GET /shop.php?d=22131652341100 HTTP/1.1" 200 39831 "-" "Mozilla/5.0 (Linux; Android 6.0.1; Nexus 5X Build/MMB29P) AppleWebKit/537.36 (KHTML, like Gecko) Chrome/150.0.7871.186 Mobile Safari/537.36 (compatible; Googlebot/2.1; +http://www.google.com/bot.html)" jdcpvtltd.in 10.44.34.235
74.7.227.137 - - [04/Aug/2026:13:28:10 -0600] "GET /products/0388196 HTTP/1.1" 404 7432 "https://www.jdcpvtltd.in" "Mozilla/5.0 AppleWebKit/537.36 (KHTML, like Gecko; compatible; GPTBot/1.4; +https://openai.com/gptbot)" jdcpvtltd.in 10.44.34.235
74.7.227.137 - - [04/Aug/2026:13:28:10 -0600] "GET /products/0388196 HTTP/2.0" 404 7432 "https://www.jdcpvtltd.in" "Mozilla/5.0 AppleWebKit/537.36 (KHTML, like Gecko; compatible; GPTBot/1.4; +https://openai.com/gptbot)" jdcpvtltd.in 10.44.34.235
57.141.0.71 - - [04/Aug/2026:13:28:26 -0600] "GET /1win-zerkalo-oficialnogo-sayta-bukmekera-rabochee-na-segodnya/feed/ HTTP/1.1" 200 644 "-" "Mozilla/5.0 (Windows NT 10.0; Win64; x64) AppleWebKit/537.36 (KHTML, like Gecko) Chrome/145.0.0.0 Safari/537.36 (compatible; meta-externalagent/1.1 (+https://developers.facebook.com/docs/sharing/webmasters/crawler))" jdcpvtltd.in 10.44.34.235
57.141.0.71 - - [04/Aug/2026:13:28:26 -0600] "GET /1win-zerkalo-oficialnogo-sayta-bukmekera-rabochee-na-segodnya/feed/ HTTP/2.0" 200 644 "-" "Mozilla/5.0 (Windows NT 10.0; Win64; x64) AppleWebKit/537.36 (KHTML, like Gecko) Chrome/145.0.0.0 Safari/537.36 (compatible; meta-externalagent/1.1 (+https://developers.facebook.com/docs/sharing/webmasters/crawler))" jdcpvtltd.in 10.44.34.235
20.100.187.246 - - [04/Aug/2026:13:29:10 -0600] "GET /inputs.php HTTP/1.1" 409 83 "-" "Mozilla/5.0 (Windows NT 10.0; Win64; x64) AppleWebKit/537.36 (KHTML, like Gecko) Chrome/120.0.0.0 Safari/537.36" jdcpvtltd.in 10.44.34.235
74.7.227.137 - - [04/Aug/2026:13:29:12 -0600] "GET /products/4712436 HTTP/1.1" 404 7432 "https://www.jdcpvtltd.in" "Mozilla/5.0 AppleWebKit/537.36 (KHTML, like Gecko; compatible; GPTBot/1.4; +https://openai.com/gptbot)" jdcpvtltd.in 10.44.34.235
74.7.227.137 - - [04/Aug/2026:13:29:12 -0600] "GET /products/4712436 HTTP/2.0" 404 7432 "https://www.jdcpvtltd.in" "Mozilla/5.0 AppleWebKit/537.36 (KHTML, like Gecko; compatible; GPTBot/1.4; +https://openai.com/gptbot)" jdcpvtltd.in 10.44.34.235
20.100.187.246 - - [04/Aug/2026:13:29:15 -0600] "GET /ioxi-o.php HTTP/1.1" 409 83 "-" "Mozilla/5.0 (Windows NT 10.0; Win64; x64) AppleWebKit/537.36 (KHTML, like Gecko) Chrome/120.0.0.0 Safari/537.36" jdcpvtltd.in 10.44.34.235
20.100.187.246 - - [04/Aug/2026:13:29:15 -0600] "GET /function/function.php HTTP/1.1" 409 83 "-" "Mozilla/5.0 (Windows NT 10.0; Win64; x64) AppleWebKit/537.36 (KHTML, like Gecko) Chrome/120.0.0.0 Safari/537.36" jdcpvtltd.in 10.44.34.235
20.100.187.246 - - [04/Aug/2026:13:29:18 -0600] "GET /rip.php HTTP/1.1" 409 83 "-" "Mozilla/5.0 (Windows NT 10.0; Win64; x64) AppleWebKit/537.36 (KHTML, like Gecko) Chrome/120.0.0.0 Safari/537.36" jdcpvtltd.in 10.44.34.235
20.100.187.246 - - [04/Aug/2026:13:29:18 -0600] "GET /admin.php HTTP/1.1" 409 83 "-" "Mozilla/5.0 (Windows NT 10.0; Win64; x64) AppleWebKit/537.36 (KHTML, like Gecko) Chrome/120.0.0.0 Safari/537.36" jdcpvtltd.in 10.44.34.235
20.100.187.246 - - [04/Aug/2026:13:29:19 -0600] "GET /wp-content/uploads/index.php HTTP/1.1" 409 83 "-" "Mozilla/5.0 (Windows NT 10.0; Win64; x64) AppleWebKit/537.36 (KHTML, like Gecko) Chrome/120.0.0.0 Safari/537.36" jdcpvtltd.in 10.44.34.235
20.100.187.246 - - [04/Aug/2026:13:29:20 -0600] "GET /cache.php HTTP/1.1" 409 83 "-" "Mozilla/5.0 (Windows NT 10.0; Win64; x64) AppleWebKit/537.36 (KHTML, like Gecko) Chrome/120.0.0.0 Safari/537.36" jdcpvtltd.in 10.44.34.235
20.100.187.246 - - [04/Aug/2026:13:29:21 -0600] "GET /themes.php HTTP/1.1" 409 83 "-" "Mozilla/5.0 (Windows NT 10.0; Win64; x64) AppleWebKit/537.36 (KHTML, like Gecko) Chrome/120.0.0.0 Safari/537.36" jdcpvtltd.in 10.44.34.235
20.100.187.246 - - [04/Aug/2026:13:29:22 -0600] "GET /an.php HTTP/1.1" 409 83 "-" "Mozilla/5.0 (Windows NT 10.0; Win64; x64) AppleWebKit/537.36 (KHTML, like Gecko) Chrome/120.0.0.0 Safari/537.36" jdcpvtltd.in 10.44.34.235
20.100.187.246 - - [04/Aug/2026:13:29:23 -0600] "GET /index/function.php HTTP/1.1" 409 83 "-" "Mozilla/5.0 (Windows NT 10.0; Win64; x64) AppleWebKit/537.36 (KHTML, like Gecko) Chrome/120.0.0.0 Safari/537.36" jdcpvtltd.in 10.44.34.235
20.100.187.246 - - [04/Aug/2026:13:29:23 -0600] "GET /randkeyword.PhP7 HTTP/1.1" 404 7432 "-" "Mozilla/5.0 (Windows NT 10.0; Win64; x64) AppleWebKit/537.36 (KHTML, like Gecko) Chrome/120.0.0.0 Safari/537.36" jdcpvtltd.in 10.44.34.235
20.100.187.246 - - [04/Aug/2026:13:29:23 -0600] "GET /randkeyword.PhP7 HTTP/1.1" 404 7432 "-" "Mozilla/5.0 (Windows NT 10.0; Win64; x64) AppleWebKit/537.36 (KHTML, like Gecko) Chrome/120.0.0.0 Safari/537.36" jdcpvtltd.in 10.44.34.235
20.100.187.246 - - [04/Aug/2026:13:29:24 -0600] "GET /ws.php HTTP/1.1" 409 83 "-" "Mozilla/5.0 (Windows NT 10.0; Win64; x64) AppleWebKit/537.36 (KHTML, like Gecko) Chrome/120.0.0.0 Safari/537.36" jdcpvtltd.in 10.44.34.235
20.100.187.246 - - [04/Aug/2026:13:29:25 -0600] "GET /404.php HTTP/1.1" 409 83 "-" "Mozilla/5.0 (Windows NT 10.0; Win64; x64) AppleWebKit/537.36 (KHTML, like Gecko) Chrome/120.0.0.0 Safari/537.36" jdcpvtltd.in 10.44.34.235
20.100.187.246 - - [04/Aug/2026:13:29:26 -0600] "GET /wp-admin/user.php HTTP/1.1" 409 83 "-" "Mozilla/5.0 (Windows NT 10.0; Win64; x64) AppleWebKit/537.36 (KHTML, like Gecko) Chrome/120.0.0.0 Safari/537.36" jdcpvtltd.in 10.44.34.235
20.100.187.246 - - [04/Aug/2026:13:29:27 -0600] "GET /wp-conf.php HTTP/1.1" 409 83 "-" "Mozilla/5.0 (Windows NT 10.0; Win64; x64) AppleWebKit/537.36 (KHTML, like Gecko) Chrome/120.0.0.0 Safari/537.36" jdcpvtltd.in 10.44.34.235
20.100.187.246 - - [04/Aug/2026:13:29:28 -0600] "GET /wp-content/themes/hideo/network.php HTTP/1.1" 409 83 "-" "Mozilla/5.0 (Windows NT 10.0; Win64; x64) AppleWebKit/537.36 (KHTML, like Gecko) Chrome/120.0.0.0 Safari/537.36" jdcpvtltd.in 10.44.34.235
20.100.187.246 - - [04/Aug/2026:13:29:35 -0600] "GET /wp-login.php HTTP/1.1" 409 83 "-" "Mozilla/5.0 (Windows NT 10.0; Win64; x64) AppleWebKit/537.36 (KHTML, like Gecko) Chrome/120.0.0.0 Safari/537.36" jdcpvtltd.in 10.44.34.235
20.100.187.246 - - [04/Aug/2026:13:29:36 -0600] "GET /abc.php HTTP/1.1" 409 83 "-" "Mozilla/5.0 (Windows NT 10.0; Win64; x64) AppleWebKit/537.36 (KHTML, like Gecko) Chrome/120.0.0.0 Safari/537.36" jdcpvtltd.in 10.44.34.235
20.100.187.246 - - [04/Aug/2026:13:29:38 -0600] "GET /abcd.php HTTP/1.1" 409 83 "-" "Mozilla/5.0 (Windows NT 10.0; Win64; x64) AppleWebKit/537.36 (KHTML, like Gecko) Chrome/120.0.0.0 Safari/537.36" jdcpvtltd.in 10.44.34.235
20.100.187.246 - - [04/Aug/2026:13:29:39 -0600] "GET /as.php HTTP/1.1" 409 83 "-" "Mozilla/5.0 (Windows NT 10.0; Win64; x64) AppleWebKit/537.36 (KHTML, like Gecko) Chrome/120.0.0.0 Safari/537.36" jdcpvtltd.in 10.44.34.235
66.249.64.226 - - [04/Aug/2026:13:29:37 -0600] "GET /shop.php?d=14879199021100 HTTP/1.1" 200 38840 "-" "Mozilla/5.0 (Linux; Android 6.0.1; Nexus 5X Build/MMB29P) AppleWebKit/537.36 (KHTML, like Gecko) Chrome/150.0.7871.186 Mobile Safari/537.36 (compatible; Googlebot/2.1; +http://www.google.com/bot.html)" jdcpvtltd.in 10.44.34.235
66.249.64.226 - - [04/Aug/2026:13:29:36 -0600] "GET /shop.php?d=14879199021100 HTTP/1.1" 200 38840 "-" "Mozilla/5.0 (Linux; Android 6.0.1; Nexus 5X Build/MMB29P) AppleWebKit/537.36 (KHTML, like Gecko) Chrome/150.0.7871.186 Mobile Safari/537.36 (compatible; Googlebot/2.1; +http://www.google.com/bot.html)" jdcpvtltd.in 10.44.34.235
20.100.187.246 - - [04/Aug/2026:13:29:41 -0600] "GET /wp-trackback.php HTTP/1.1" 409 83 "-" "Mozilla/5.0 (Windows NT 10.0; Win64; x64) AppleWebKit/537.36 (KHTML, like Gecko) Chrome/120.0.0.0 Safari/537.36" jdcpvtltd.in 10.44.34.235
20.100.187.246 - - [04/Aug/2026:13:29:42 -0600] "GET /about.php HTTP/1.1" 409 83 "-" "Mozilla/5.0 (Windows NT 10.0; Win64; x64) AppleWebKit/537.36 (KHTML, like Gecko) Chrome/120.0.0.0 Safari/537.36" jdcpvtltd.in 10.44.34.235
20.100.187.246 - - [04/Aug/2026:13:29:44 -0600] "GET /file.php HTTP/1.1" 409 83 "-" "Mozilla/5.0 (Windows NT 10.0; Win64; x64) AppleWebKit/537.36 (KHTML, like Gecko) Chrome/120.0.0.0 Safari/537.36" jdcpvtltd.in 10.44.34.235
20.100.187.246 - - [04/Aug/2026:13:29:45 -0600] "GET /adminfuns.php HTTP/1.1" 409 83 "-" "Mozilla/5.0 (Windows NT 10.0; Win64; x64) AppleWebKit/537.36 (KHTML, like Gecko) Chrome/120.0.0.0 Safari/537.36" jdcpvtltd.in 10.44.34.235
57.141.0.15 - - [04/Aug/2026:13:29:45 -0600] "GET /test-post-title-2/ HTTP/1.1" 200 7856 "-" "Mozilla/5.0 (Windows NT 10.0; Win64; x64) AppleWebKit/537.36 (KHTML, like Gecko) Chrome/145.0.0.0 Safari/537.36 (compatible; meta-externalagent/1.1 (+https://developers.facebook.com/docs/sharing/webmasters/crawler))" jdcpvtltd.in 10.44.34.235
57.141.0.15 - - [04/Aug/2026:13:29:45 -0600] "GET /test-post-title-2/ HTTP/2.0" 200 7856 "-" "Mozilla/5.0 (Windows NT 10.0; Win64; x64) AppleWebKit/537.36 (KHTML, like Gecko) Chrome/145.0.0.0 Safari/537.36 (compatible; meta-externalagent/1.1 (+https://developers.facebook.com/docs/sharing/webmasters/crawler))" jdcpvtltd.in 10.44.34.235
20.100.187.246 - - [04/Aug/2026:13:29:46 -0600] "GET /wp-good.php HTTP/1.1" 409 83 "-" "Mozilla/5.0 (Windows NT 10.0; Win64; x64) AppleWebKit/537.36 (KHTML, like Gecko) Chrome/120.0.0.0 Safari/537.36" jdcpvtltd.in 10.44.34.235
20.100.187.246 - - [04/Aug/2026:13:29:48 -0600] "GET /xmlrpc.php HTTP/1.1" 409 83 "-" "Mozilla/5.0 (Windows NT 10.0; Win64; x64) AppleWebKit/537.36 (KHTML, like Gecko) Chrome/120.0.0.0 Safari/537.36" jdcpvtltd.in 10.44.34.235
20.100.187.246 - - [04/Aug/2026:13:29:49 -0600] "GET /goods.php HTTP/1.1" 409 83 "-" "Mozilla/5.0 (Windows NT 10.0; Win64; x64) AppleWebKit/537.36 (KHTML, like Gecko) Chrome/120.0.0.0 Safari/537.36" jdcpvtltd.in 10.44.34.235
20.100.187.246 - - [04/Aug/2026:13:29:52 -0600] "GET /class-t.api.php HTTP/1.1" 409 83 "-" "Mozilla/5.0 (Windows NT 10.0; Win64; x64) AppleWebKit/537.36 (KHTML, like Gecko) Chrome/120.0.0.0 Safari/537.36" jdcpvtltd.in 10.44.34.235
20.100.187.246 - - [04/Aug/2026:13:29:53 -0600] "GET /sf.php HTTP/1.1" 409 83 "-" "Mozilla/5.0 (Windows NT 10.0; Win64; x64) AppleWebKit/537.36 (KHTML, like Gecko) Chrome/120.0.0.0 Safari/537.36" jdcpvtltd.in 10.44.34.235
20.100.187.246 - - [04/Aug/2026:13:29:58 -0600] "GET /kbfr.php HTTP/1.1" 409 83 "-" "Mozilla/5.0 (Windows NT 10.0; Win64; x64) AppleWebKit/537.36 (KHTML, like Gecko) Chrome/120.0.0.0 Safari/537.36" jdcpvtltd.in 10.44.34.235
20.100.187.246 - - [04/Aug/2026:13:29:58 -0600] "GET /autoload_classmap.php HTTP/1.1" 409 83 "-" "Mozilla/5.0 (Windows NT 10.0; Win64; x64) AppleWebKit/537.36 (KHTML, like Gecko) Chrome/120.0.0.0 Safari/537.36" jdcpvtltd.in 10.44.34.235
20.100.187.246 - - [04/Aug/2026:13:29:59 -0600] "GET /chosen.php?p= HTTP/1.1" 409 83 "-" "Mozilla/5.0 (Windows NT 10.0; Win64; x64) AppleWebKit/537.36 (KHTML, like Gecko) Chrome/120.0.0.0 Safari/537.36" jdcpvtltd.in 10.44.34.235
20.100.187.246 - - [04/Aug/2026:13:30:11 -0600] "GET /classwithtostring.php HTTP/1.1" 409 83 "-" "Mozilla/5.0 (Windows NT 10.0; Win64; x64) AppleWebKit/537.36 (KHTML, like Gecko) Chrome/120.0.0.0 Safari/537.36" jdcpvtltd.in 10.44.34.235
20.100.187.246 - - [04/Aug/2026:13:30:12 -0600] "GET /defaults.php HTTP/1.1" 409 83 "-" "Mozilla/5.0 (Windows NT 10.0; Win64; x64) AppleWebKit/537.36 (KHTML, like Gecko) Chrome/120.0.0.0 Safari/537.36" jdcpvtltd.in 10.44.34.235
74.7.227.137 - - [04/Aug/2026:13:30:12 -0600] "GET /products/2026891 HTTP/1.1" 404 7432 "https://www.jdcpvtltd.in" "Mozilla/5.0 AppleWebKit/537.36 (KHTML, like Gecko; compatible; GPTBot/1.4; +https://openai.com/gptbot)" jdcpvtltd.in 10.44.34.235
74.7.227.137 - - [04/Aug/2026:13:30:12 -0600] "GET /products/2026891 HTTP/2.0" 404 7432 "https://www.jdcpvtltd.in" "Mozilla/5.0 AppleWebKit/537.36 (KHTML, like Gecko; compatible; GPTBot/1.4; +https://openai.com/gptbot)" jdcpvtltd.in 10.44.34.235
20.100.187.246 - - [04/Aug/2026:13:30:13 -0600] "GET /.well-known/ HTTP/1.1" 404 - "-" "Mozilla/5.0 (Windows NT 10.0; Win64; x64) AppleWebKit/537.36 (KHTML, like Gecko) Chrome/120.0.0.0 Safari/537.36" jdcpvtltd.in 10.44.34.235
20.100.187.246 - - [04/Aug/2026:13:30:13 -0600] "GET /.well-known/ HTTP/1.1" 403 358 "-" "Mozilla/5.0 (Windows NT 10.0; Win64; x64) AppleWebKit/537.36 (KHTML, like Gecko) Chrome/120.0.0.0 Safari/537.36" jdcpvtltd.in 10.44.34.235
20.100.187.246 - - [04/Aug/2026:13:30:13 -0600] "GET /info.php HTTP/1.1" 409 83 "-" "Mozilla/5.0 (Windows NT 10.0; Win64; x64) AppleWebKit/537.36 (KHTML, like Gecko) Chrome/120.0.0.0 Safari/537.36" jdcpvtltd.in 10.44.34.235
66.249.64.224 - - [04/Aug/2026:13:30:11 -0600] "GET /shop.php?shop/sold?id=top16742049101100 HTTP/1.1" 200 39825 "-" "Mozilla/5.0 (Linux; Android 6.0.1; Nexus 5X Build/MMB29P) AppleWebKit/537.36 (KHTML, like Gecko) Chrome/150.0.7871.186 Mobile Safari/537.36 (compatible; Googlebot/2.1; +http://www.google.com/bot.html)" jdcpvtltd.in 10.44.34.235
66.249.64.224 - - [04/Aug/2026:13:30:11 -0600] "GET /shop.php?shop/sold?id=top16742049101100 HTTP/1.1" 200 39825 "-" "Mozilla/5.0 (Linux; Android 6.0.1; Nexus 5X Build/MMB29P) AppleWebKit/537.36 (KHTML, like Gecko) Chrome/150.0.7871.186 Mobile Safari/537.36 (compatible; Googlebot/2.1; +http://www.google.com/bot.html)" jdcpvtltd.in 10.44.34.235
20.100.187.246 - - [04/Aug/2026:13:30:15 -0600] "GET /cgi-bin/ HTTP/1.1" 404 7432 "-" "Mozilla/5.0 (Windows NT 10.0; Win64; x64) AppleWebKit/537.36 (KHTML, like Gecko) Chrome/120.0.0.0 Safari/537.36" jdcpvtltd.in 10.44.34.235
20.100.187.246 - - [04/Aug/2026:13:30:15 -0600] "GET /cgi-bin/ HTTP/1.1" 404 7432 "-" "Mozilla/5.0 (Windows NT 10.0; Win64; x64) AppleWebKit/537.36 (KHTML, like Gecko) Chrome/120.0.0.0 Safari/537.36" jdcpvtltd.in 10.44.34.235
20.100.187.246 - - [04/Aug/2026:13:30:16 -0600] "GET /wp-includes/Requests/src/Response/about.php HTTP/1.1" 409 83 "-" "Mozilla/5.0 (Windows NT 10.0; Win64; x64) AppleWebKit/537.36 (KHTML, like Gecko) Chrome/120.0.0.0 Safari/537.36" jdcpvtltd.in 10.44.34.235
20.100.187.246 - - [04/Aug/2026:13:30:18 -0600] "GET /wp-includes/html-api/ HTTP/1.1" 404 - "-" "Mozilla/5.0 (Windows NT 10.0; Win64; x64) AppleWebKit/537.36 (KHTML, like Gecko) Chrome/120.0.0.0 Safari/537.36" jdcpvtltd.in 10.44.34.235
20.100.187.246 - - [04/Aug/2026:13:30:18 -0600] "GET /wp-includes/html-api/ HTTP/1.1" 403 358 "-" "Mozilla/5.0 (Windows NT 10.0; Win64; x64) AppleWebKit/537.36 (KHTML, like Gecko) Chrome/120.0.0.0 Safari/537.36" jdcpvtltd.in 10.44.34.235
20.100.187.246 - - [04/Aug/2026:13:30:18 -0600] "GET /wp-content/admin.php HTTP/1.1" 409 83 "-" "Mozilla/5.0 (Windows NT 10.0; Win64; x64) AppleWebKit/537.36 (KHTML, like Gecko) Chrome/120.0.0.0 Safari/537.36" jdcpvtltd.in 10.44.34.235
161.123.208.57 - - [04/Aug/2026:13:30:15 -0600] "GET /shop.php?2773-rank212 HTTP/1.1" 200 37987 "-" "Mozilla/5.0+(compatible;+Googlebot/2.1;++http://www.google.com/bot.html)" jdcpvtltd.in 10.44.34.235
161.123.208.57 - - [04/Aug/2026:13:30:15 -0600] "GET /shop.php?2773-rank212 HTTP/1.1" 200 37987 "-" "Mozilla/5.0+(compatible;+Googlebot/2.1;++http://www.google.com/bot.html)" jdcpvtltd.in 10.44.34.235
20.100.187.246 - - [04/Aug/2026:13:30:22 -0600] "GET /wp-admin/css/colors/ectoplasm/ HTTP/1.1" 404 - "-" "Mozilla/5.0 (Windows NT 10.0; Win64; x64) AppleWebKit/537.36 (KHTML, like Gecko) Chrome/120.0.0.0 Safari/537.36" jdcpvtltd.in 10.44.34.235
20.100.187.246 - - [04/Aug/2026:13:30:22 -0600] "GET /wp-content/uploads/ HTTP/1.1" 404 - "-" "Mozilla/5.0 (Windows NT 10.0; Win64; x64) AppleWebKit/537.36 (KHTML, like Gecko) Chrome/120.0.0.0 Safari/537.36" jdcpvtltd.in 10.44.34.235
20.100.187.246 - - [04/Aug/2026:13:30:22 -0600] "GET /wp-content/uploads/ HTTP/1.1" 403 358 "-" "Mozilla/5.0 (Windows NT 10.0; Win64; x64) AppleWebKit/537.36 (KHTML, like Gecko) Chrome/120.0.0.0 Safari/537.36" jdcpvtltd.in 10.44.34.235
20.100.187.246 - - [04/Aug/2026:13:30:22 -0600] "GET /wp-content/themes/admin.php HTTP/1.1" 409 83 "-" "Mozilla/5.0 (Windows NT 10.0; Win64; x64) AppleWebKit/537.36 (KHTML, like Gecko) Chrome/120.0.0.0 Safari/537.36" jdcpvtltd.in 10.44.34.235
20.100.187.246 - - [04/Aug/2026:13:30:23 -0600] "GET /wp-content/themes/index.php HTTP/1.1" 409 83 "-" "Mozilla/5.0 (Windows NT 10.0; Win64; x64) AppleWebKit/537.36 (KHTML, like Gecko) Chrome/120.0.0.0 Safari/537.36" jdcpvtltd.in 10.44.34.235
66.249.64.224 - - [04/Aug/2026:13:30:23 -0600] "GET /shop.php?d=50815138221100 HTTP/1.1" 200 39273 "-" "Mozilla/5.0 (Linux; Android 6.0.1; Nexus 5X Build/MMB29P) AppleWebKit/537.36 (KHTML, like Gecko) Chrome/150.0.7871.186 Mobile Safari/537.36 (compatible; Googlebot/2.1; +http://www.google.com/bot.html)" jdcpvtltd.in 10.44.34.235
66.249.64.224 - - [04/Aug/2026:13:30:23 -0600] "GET /shop.php?d=50815138221100 HTTP/1.1" 200 39273 "-" "Mozilla/5.0 (Linux; Android 6.0.1; Nexus 5X Build/MMB29P) AppleWebKit/537.36 (KHTML, like Gecko) Chrome/150.0.7871.186 Mobile Safari/537.36 (compatible; Googlebot/2.1; +http://www.google.com/bot.html)" jdcpvtltd.in 10.44.34.235
20.100.187.246 - - [04/Aug/2026:13:30:28 -0600] "GET /wp-content/plugins/index.php HTTP/1.1" 409 83 "-" "Mozilla/5.0 (Windows NT 10.0; Win64; x64) AppleWebKit/537.36 (KHTML, like Gecko) Chrome/120.0.0.0 Safari/537.36" jdcpvtltd.in 10.44.34.235
57.141.0.36 - - [04/Aug/2026:13:30:34 -0600] "GET /?p=1054 HTTP/1.1" 301 - "-" "Mozilla/5.0 (Macintosh; Intel Mac OS X 10_15_7) AppleWebKit/537.36 (KHTML, like Gecko) Chrome/145.0.0.0 Safari/537.36 (compatible; meta-externalagent/1.1 (+https://developers.facebook.com/docs/sharing/webmasters/crawler))" jdcpvtltd.in 10.44.34.235
57.141.0.36 - - [04/Aug/2026:13:30:34 -0600] "GET /?p=1054 HTTP/2.0" 301 - "-" "Mozilla/5.0 (Macintosh; Intel Mac OS X 10_15_7) AppleWebKit/537.36 (KHTML, like Gecko) Chrome/145.0.0.0 Safari/537.36 (compatible; meta-externalagent/1.1 (+https://developers.facebook.com/docs/sharing/webmasters/crawler))" jdcpvtltd.in 10.44.34.235
20.100.187.246 - - [04/Aug/2026:13:30:38 -0600] "GET /wp-includes/PHPMailer/ HTTP/1.1" 404 - "-" "Mozilla/5.0 (Windows NT 10.0; Win64; x64) AppleWebKit/537.36 (KHTML, like Gecko) Chrome/120.0.0.0 Safari/537.36" jdcpvtltd.in 10.44.34.235
20.100.187.246 - - [04/Aug/2026:13:30:38 -0600] "GET /wp-includes/PHPMailer/ HTTP/1.1" 403 358 "-" "Mozilla/5.0 (Windows NT 10.0; Win64; x64) AppleWebKit/537.36 (KHTML, like Gecko) Chrome/120.0.0.0 Safari/537.36" jdcpvtltd.in 10.44.34.235
20.100.187.246 - - [04/Aug/2026:13:30:38 -0600] "GET /wp-includes/images/ HTTP/1.1" 404 - "-" "Mozilla/5.0 (Windows NT 10.0; Win64; x64) AppleWebKit/537.36 (KHTML, like Gecko) Chrome/120.0.0.0 Safari/537.36" jdcpvtltd.in 10.44.34.235
20.100.187.246 - - [04/Aug/2026:13:30:38 -0600] "GET /wp-includes/images/ HTTP/1.1" 403 358 "-" "Mozilla/5.0 (Windows NT 10.0; Win64; x64) AppleWebKit/537.36 (KHTML, like Gecko) Chrome/120.0.0.0 Safari/537.36" jdcpvtltd.in 10.44.34.235
57.141.0.23 - - [04/Aug/2026:13:30:38 -0600] "GET /kazino-epicstar-bonusy-aktsii-otzyvy-2026-goda/ HTTP/1.1" 200 13846 "-" "Mozilla/5.0 (Macintosh; Intel Mac OS X 10_15_7) AppleWebKit/537.36 (KHTML, like Gecko) Chrome/145.0.0.0 Safari/537.36 (compatible; meta-externalagent/1.1 (+https://developers.facebook.com/docs/sharing/webmasters/crawler))" jdcpvtltd.in 10.44.34.235
57.141.0.23 - - [04/Aug/2026:13:30:38 -0600] "GET /kazino-epicstar-bonusy-aktsii-otzyvy-2026-goda/ HTTP/2.0" 200 13846 "-" "Mozilla/5.0 (Macintosh; Intel Mac OS X 10_15_7) AppleWebKit/537.36 (KHTML, like Gecko) Chrome/145.0.0.0 Safari/537.36 (compatible; meta-externalagent/1.1 (+https://developers.facebook.com/docs/sharing/webmasters/crawler))" jdcpvtltd.in 10.44.34.235
20.100.187.246 - - [04/Aug/2026:13:30:38 -0600] "GET /wp-content/plugins/WordPressCore/ HTTP/1.1" 404 7432 "-" "Mozilla/5.0 (Windows NT 10.0; Win64; x64) AppleWebKit/537.36 (KHTML, like Gecko) Chrome/120.0.0.0 Safari/537.36" jdcpvtltd.in 10.44.34.235
20.100.187.246 - - [04/Aug/2026:13:30:38 -0600] "GET /wp-content/plugins/WordPressCore/ HTTP/1.1" 404 7432 "-" "Mozilla/5.0 (Windows NT 10.0; Win64; x64) AppleWebKit/537.36 (KHTML, like Gecko) Chrome/120.0.0.0 Safari/537.36" jdcpvtltd.in 10.44.34.235
165.73.242.9 - - [04/Aug/2026:13:30:38 -0600] "POST /xmlrpc.php HTTP/1.1" 408 462 "-" "Mozilla/5.0 (Macintosh; Intel Mac OS X 10_15_7) AppleWebKit/537.36" jdcpvtltd.in 10.44.34.235
74.7.227.137 - - [04/Aug/2026:13:31:14 -0600] "GET /products/2456880 HTTP/1.1" 404 7432 "https://www.jdcpvtltd.in" "Mozilla/5.0 AppleWebKit/537.36 (KHTML, like Gecko; compatible; GPTBot/1.4; +https://openai.com/gptbot)" jdcpvtltd.in 10.44.34.235
74.7.227.137 - - [04/Aug/2026:13:31:14 -0600] "GET /products/2456880 HTTP/2.0" 404 7432 "https://www.jdcpvtltd.in" "Mozilla/5.0 AppleWebKit/537.36 (KHTML, like Gecko; compatible; GPTBot/1.4; +https://openai.com/gptbot)" jdcpvtltd.in 10.44.34.235
66.249.64.226 - - [04/Aug/2026:13:31:33 -0600] "GET /shop.php?d=49475634181100 HTTP/1.1" 200 39210 "-" "Mozilla/5.0 (Linux; Android 6.0.1; Nexus 5X Build/MMB29P) AppleWebKit/537.36 (KHTML, like Gecko) Chrome/150.0.7871.186 Mobile Safari/537.36 (compatible; Googlebot/2.1; +http://www.google.com/bot.html)" jdcpvtltd.in 10.44.34.235
66.249.64.226 - - [04/Aug/2026:13:31:32 -0600] "GET /shop.php?d=49475634181100 HTTP/1.1" 200 39210 "-" "Mozilla/5.0 (Linux; Android 6.0.1; Nexus 5X Build/MMB29P) AppleWebKit/537.36 (KHTML, like Gecko) Chrome/150.0.7871.186 Mobile Safari/537.36 (compatible; Googlebot/2.1; +http://www.google.com/bot.html)" jdcpvtltd.in 10.44.34.235
57.141.0.47 - - [04/Aug/2026:13:31:44 -0600] "GET /wp-json/oembed/1.0/embed?url=https%3A%2F%2Fjdcpvtltd.in%2Fwd40-casino-fastpaced-slots-and-live-games-for-qui%2F HTTP/2.0" 200 1179 "-" "Mozilla/5.0 (Windows NT 10.0; Win64; x64) AppleWebKit/537.36 (KHTML, like Gecko) Chrome/145.0.0.0 Safari/537.36 (compatible; meta-externalagent/1.1 (+https://developers.facebook.com/docs/sharing/webmasters/crawler))" jdcpvtltd.in 10.44.34.235
66.249.64.225 - - [04/Aug/2026:13:31:43 -0600] "GET /shop.php?d=14382116701100 HTTP/1.1" 200 39276 "-" "Mozilla/5.0 (Linux; Android 6.0.1; Nexus 5X Build/MMB29P) AppleWebKit/537.36 (KHTML, like Gecko) Chrome/150.0.7871.186 Mobile Safari/537.36 (compatible; Googlebot/2.1; +http://www.google.com/bot.html)" jdcpvtltd.in 10.44.34.235
66.249.64.225 - - [04/Aug/2026:13:31:42 -0600] "GET /shop.php?d=14382116701100 HTTP/1.1" 200 39276 "-" "Mozilla/5.0 (Linux; Android 6.0.1; Nexus 5X Build/MMB29P) AppleWebKit/537.36 (KHTML, like Gecko) Chrome/150.0.7871.186 Mobile Safari/537.36 (compatible; Googlebot/2.1; +http://www.google.com/bot.html)" jdcpvtltd.in 10.44.34.235
50.6.43.128 - - [04/Aug/2026:13:32:16 -0600] "POST /wp-cron.php?doing_wp_cron=1785871936.2811279296875000000000 HTTP/1.1" 200 - "-" "WordPress/7.0.2; https://jdcpvtltd.in" jdcpvtltd.in 10.44.34.235
74.7.227.137 - - [04/Aug/2026:13:32:15 -0600] "GET /products/7954658 HTTP/1.1" 404 7432 "https://www.jdcpvtltd.in" "Mozilla/5.0 AppleWebKit/537.36 (KHTML, like Gecko; compatible; GPTBot/1.4; +https://openai.com/gptbot)" jdcpvtltd.in 10.44.34.235
74.7.227.137 - - [04/Aug/2026:13:32:15 -0600] "GET /products/7954658 HTTP/2.0" 404 7432 "https://www.jdcpvtltd.in" "Mozilla/5.0 AppleWebKit/537.36 (KHTML, like Gecko; compatible; GPTBot/1.4; +https://openai.com/gptbot)" jdcpvtltd.in 10.44.34.235
66.249.64.224 - - [04/Aug/2026:13:32:25 -0600] "GET /shop.php?d=51178701981100 HTTP/1.1" 200 38916 "-" "Mozilla/5.0 (Linux; Android 6.0.1; Nexus 5X Build/MMB29P) AppleWebKit/537.36 (KHTML, like Gecko) Chrome/150.0.7871.186 Mobile Safari/537.36 (compatible; Googlebot/2.1; +http://www.google.com/bot.html)" jdcpvtltd.in 10.44.34.235
66.249.64.224 - - [04/Aug/2026:13:32:24 -0600] "GET /shop.php?d=51178701981100 HTTP/1.1" 200 38916 "-" "Mozilla/5.0 (Linux; Android 6.0.1; Nexus 5X Build/MMB29P) AppleWebKit/537.36 (KHTML, like Gecko) Chrome/150.0.7871.186 Mobile Safari/537.36 (compatible; Googlebot/2.1; +http://www.google.com/bot.html)" jdcpvtltd.in 10.44.34.235
57.141.0.32 - - [04/Aug/2026:13:32:34 -0600] "GET /wp-json/oembed/1.0/embed?url=https%3A%2F%2Fjdcpvtltd.in%2Fvavada-pl-recenzja-bonusow-dla-graczy-2026-2%2F HTTP/2.0" 200 1161 "-" "Mozilla/5.0 (Windows NT 10.0; Win64; x64) AppleWebKit/537.36 (KHTML, like Gecko) Chrome/145.0.0.0 Safari/537.36 (compatible; meta-externalagent/1.1 (+https://developers.facebook.com/docs/sharing/webmasters/crawler))" jdcpvtltd.in 10.44.34.235
216.73.216.71 - - [04/Aug/2026:13:32:59 -0600] "GET /robots.txt HTTP/2.0" 200 66 "-" "Mozilla/5.0 AppleWebKit/537.36 (KHTML, like Gecko; compatible; ClaudeBot/1.0; +claudebot@anthropic.com)" jdcpvtltd.in 10.44.34.235
216.73.216.71 - - [04/Aug/2026:13:33:01 -0600] "GET /sitemap.xml HTTP/1.1" 200 6502 "-" "Mozilla/5.0 AppleWebKit/537.36 (KHTML, like Gecko; compatible; ClaudeBot/1.0; +claudebot@anthropic.com)" jdcpvtltd.in 10.44.34.235
216.73.216.71 - - [04/Aug/2026:13:33:01 -0600] "GET /sitemap.xml HTTP/2.0" 200 6502 "-" "Mozilla/5.0 AppleWebKit/537.36 (KHTML, like Gecko; compatible; ClaudeBot/1.0; +claudebot@anthropic.com)" jdcpvtltd.in 10.44.34.235
57.141.0.5 - - [04/Aug/2026:13:33:16 -0600] "GET /pinko-frispiny-cherez-vpn-2/feed/ HTTP/1.1" 200 557 "-" "Mozilla/5.0 (Windows NT 10.0; Win64; x64) AppleWebKit/537.36 (KHTML, like Gecko) Chrome/145.0.0.0 Safari/537.36 (compatible; meta-externalagent/1.1 (+https://developers.facebook.com/docs/sharing/webmasters/crawler))" jdcpvtltd.in 10.44.34.235
57.141.0.5 - - [04/Aug/2026:13:33:16 -0600] "GET /pinko-frispiny-cherez-vpn-2/feed/ HTTP/2.0" 200 557 "-" "Mozilla/5.0 (Windows NT 10.0; Win64; x64) AppleWebKit/537.36 (KHTML, like Gecko) Chrome/145.0.0.0 Safari/537.36 (compatible; meta-externalagent/1.1 (+https://developers.facebook.com/docs/sharing/webmasters/crawler))" jdcpvtltd.in 10.44.34.235
66.249.64.226 - - [04/Aug/2026:13:33:13 -0600] "GET /shop.php?d=49602444221100 HTTP/1.1" 200 39132 "-" "Mozilla/5.0 (Linux; Android 6.0.1; Nexus 5X Build/MMB29P) AppleWebKit/537.36 (KHTML, like Gecko) Chrome/150.0.7871.186 Mobile Safari/537.36 (compatible; Googlebot/2.1; +http://www.google.com/bot.html)" jdcpvtltd.in 10.44.34.235
66.249.64.226 - - [04/Aug/2026:13:33:13 -0600] "GET /shop.php?d=49602444221100 HTTP/1.1" 200 39132 "-" "Mozilla/5.0 (Linux; Android 6.0.1; Nexus 5X Build/MMB29P) AppleWebKit/537.36 (KHTML, like Gecko) Chrome/150.0.7871.186 Mobile Safari/537.36 (compatible; Googlebot/2.1; +http://www.google.com/bot.html)" jdcpvtltd.in 10.44.34.235
74.7.227.137 - - [04/Aug/2026:13:33:17 -0600] "GET /products/2674590 HTTP/1.1" 404 7432 "https://www.jdcpvtltd.in" "Mozilla/5.0 AppleWebKit/537.36 (KHTML, like Gecko; compatible; GPTBot/1.4; +https://openai.com/gptbot)" jdcpvtltd.in 10.44.34.235
74.7.227.137 - - [04/Aug/2026:13:33:17 -0600] "GET /products/2674590 HTTP/2.0" 404 7432 "https://www.jdcpvtltd.in" "Mozilla/5.0 AppleWebKit/537.36 (KHTML, like Gecko; compatible; GPTBot/1.4; +https://openai.com/gptbot)" jdcpvtltd.in 10.44.34.235
66.249.64.225 - - [04/Aug/2026:13:33:26 -0600] "GET /shop.php?d=43101155021100 HTTP/1.1" 200 38902 "-" "Mozilla/5.0 (Linux; Android 6.0.1; Nexus 5X Build/MMB29P) AppleWebKit/537.36 (KHTML, like Gecko) Chrome/150.0.7871.186 Mobile Safari/537.36 (compatible; Googlebot/2.1; +http://www.google.com/bot.html)" jdcpvtltd.in 10.44.34.235
66.249.64.225 - - [04/Aug/2026:13:33:26 -0600] "GET /shop.php?d=43101155021100 HTTP/1.1" 200 38902 "-" "Mozilla/5.0 (Linux; Android 6.0.1; Nexus 5X Build/MMB29P) AppleWebKit/537.36 (KHTML, like Gecko) Chrome/150.0.7871.186 Mobile Safari/537.36 (compatible; Googlebot/2.1; +http://www.google.com/bot.html)" jdcpvtltd.in 10.44.34.235
66.249.64.224 - - [04/Aug/2026:13:33:31 -0600] "GET /shop.php?d=53211329221100 HTTP/1.1" 200 39193 "-" "Mozilla/5.0 (Linux; Android 6.0.1; Nexus 5X Build/MMB29P) AppleWebKit/537.36 (KHTML, like Gecko) Chrome/150.0.7871.186 Mobile Safari/537.36 (compatible; Googlebot/2.1; +http://www.google.com/bot.html)" jdcpvtltd.in 10.44.34.235
66.249.64.224 - - [04/Aug/2026:13:33:31 -0600] "GET /shop.php?d=53211329221100 HTTP/1.1" 200 39193 "-" "Mozilla/5.0 (Linux; Android 6.0.1; Nexus 5X Build/MMB29P) AppleWebKit/537.36 (KHTML, like Gecko) Chrome/150.0.7871.186 Mobile Safari/537.36 (compatible; Googlebot/2.1; +http://www.google.com/bot.html)" jdcpvtltd.in 10.44.34.235
45.83.178.43 - - [04/Aug/2026:13:33:57 -0600] "POST /xmlrpc.php HTTP/1.1" 409 83 "-" "Mozilla/5.0 (Windows NT 10.0; Win64; x64) AppleWebKit/537.36 (KHTML, like Gecko) Chrome/148.0.0.0 Safari/537.36" jdcpvtltd.in 10.44.34.235
74.7.227.137 - - [04/Aug/2026:13:34:18 -0600] "GET /products/9058963 HTTP/1.1" 404 7432 "https://www.jdcpvtltd.in" "Mozilla/5.0 AppleWebKit/537.36 (KHTML, like Gecko; compatible; GPTBot/1.4; +https://openai.com/gptbot)" jdcpvtltd.in 10.44.34.235
74.7.227.137 - - [04/Aug/2026:13:34:18 -0600] "GET /products/9058963 HTTP/2.0" 404 7432 "https://www.jdcpvtltd.in" "Mozilla/5.0 AppleWebKit/537.36 (KHTML, like Gecko; compatible; GPTBot/1.4; +https://openai.com/gptbot)" jdcpvtltd.in 10.44.34.235
223.102.7.64 - - [04/Aug/2026:13:34:44 -0600] "GET /the-concept-of-scheduling-losses-in-the-nba/ HTTP/1.1" 200 9278 "https://jdcpvtltd.in/" "Mozilla/5.0 (Macintosh; Intel Mac OS X 10_15_7) AppleWebKit/605.1.15 (KHTML, like Gecko) Version/18.1 Safari/605.1.15" jdcpvtltd.in 10.44.34.235
223.102.7.64 - - [04/Aug/2026:13:34:45 -0600] "GET /?p=1617 HTTP/1.1" 301 - "https://jdcpvtltd.in/the-concept-of-scheduling-losses-in-the-nba/" "Mozilla/5.0 (Macintosh; Intel Mac OS X 10_15_7) AppleWebKit/605.1.15 (KHTML, like Gecko) Version/18.1 Safari/605.1.15" jdcpvtltd.in 10.44.34.235
223.102.7.64 - - [04/Aug/2026:13:34:45 -0600] "GET /?p=1617 HTTP/1.1" 301 - "https://jdcpvtltd.in/the-concept-of-scheduling-losses-in-the-nba/" "Mozilla/5.0 (Macintosh; Intel Mac OS X 10_15_7) AppleWebKit/605.1.15 (KHTML, like Gecko) Version/18.1 Safari/605.1.15" jdcpvtltd.in 10.44.34.235
223.102.7.64 - - [04/Aug/2026:13:34:46 -0600] "GET /the-concept-of-scheduling-losses-in-the-nba/ HTTP/1.1" 200 9278 "https://jdcpvtltd.in/?p=1617" "Mozilla/5.0 (Macintosh; Intel Mac OS X 10_15_7) AppleWebKit/605.1.15 (KHTML, like Gecko) Version/18.1 Safari/605.1.15" jdcpvtltd.in 10.44.34.235
66.249.64.225 - - [04/Aug/2026:13:34:50 -0600] "GET /goods.php?productSearch/pictureSearch?id=5419909411100 HTTP/1.1" 200 - "-" "Mozilla/5.0 (Linux; Android 6.0.1; Nexus 5X Build/MMB29P) AppleWebKit/537.36 (KHTML, like Gecko) Chrome/150.0.7871.186 Mobile Safari/537.36 (compatible; Googlebot/2.1; +http://www.google.com/bot.html)" jdcpvtltd.in 10.44.34.235
66.249.64.225 - - [04/Aug/2026:13:34:49 -0600] "GET /goods.php?productSearch/pictureSearch?id=5419909411100 HTTP/1.1" 200 - "-" "Mozilla/5.0 (Linux; Android 6.0.1; Nexus 5X Build/MMB29P) AppleWebKit/537.36 (KHTML, like Gecko) Chrome/150.0.7871.186 Mobile Safari/537.36 (compatible; Googlebot/2.1; +http://www.google.com/bot.html)" jdcpvtltd.in 10.44.34.235
66.249.64.224 - - [04/Aug/2026:13:34:55 -0600] "GET /?l=11566974361100 HTTP/1.1" 200 41570 "-" "Mozilla/5.0 (Linux; Android 6.0.1; Nexus 5X Build/MMB29P) AppleWebKit/537.36 (KHTML, like Gecko) Chrome/150.0.7871.186 Mobile Safari/537.36 (compatible; Googlebot/2.1; +http://www.google.com/bot.html)" jdcpvtltd.in 10.44.34.235
66.249.64.224 - - [04/Aug/2026:13:34:55 -0600] "GET /?l=11566974361100 HTTP/1.1" 200 41570 "-" "Mozilla/5.0 (Linux; Android 6.0.1; Nexus 5X Build/MMB29P) AppleWebKit/537.36 (KHTML, like Gecko) Chrome/150.0.7871.186 Mobile Safari/537.36 (compatible; Googlebot/2.1; +http://www.google.com/bot.html)" jdcpvtltd.in 10.44.34.235
57.141.0.31 - - [04/Aug/2026:13:35:00 -0600] "GET /gde-nayti-luchshie-kazino-onlayn-2026-obzor-proverennyh-saytov/ HTTP/1.1" 200 13948 "-" "Mozilla/5.0 (Windows NT 10.0; Win64; x64) AppleWebKit/537.36 (KHTML, like Gecko) Chrome/145.0.0.0 Safari/537.36 (compatible; meta-externalagent/1.1 (+https://developers.facebook.com/docs/sharing/webmasters/crawler))" jdcpvtltd.in 10.44.34.235
57.141.0.31 - - [04/Aug/2026:13:35:00 -0600] "GET /gde-nayti-luchshie-kazino-onlayn-2026-obzor-proverennyh-saytov/ HTTP/2.0" 200 13948 "-" "Mozilla/5.0 (Windows NT 10.0; Win64; x64) AppleWebKit/537.36 (KHTML, like Gecko) Chrome/145.0.0.0 Safari/537.36 (compatible; meta-externalagent/1.1 (+https://developers.facebook.com/docs/sharing/webmasters/crawler))" jdcpvtltd.in 10.44.34.235
57.141.0.45 - - [04/Aug/2026:13:35:01 -0600] "GET /wp-json/wp/v2/posts/1223 HTTP/2.0" 200 4181 "-" "Mozilla/5.0 (Windows NT 10.0; Win64; x64) AppleWebKit/537.36 (KHTML, like Gecko) Chrome/145.0.0.0 Safari/537.36 (compatible; meta-externalagent/1.1 (+https://developers.facebook.com/docs/sharing/webmasters/crawler))" jdcpvtltd.in 10.44.34.235
57.141.0.49 - - [04/Aug/2026:13:35:11 -0600] "GET /?p=1146 HTTP/1.1" 301 - "-" "Mozilla/5.0 (Windows NT 10.0; Win64; x64) AppleWebKit/537.36 (KHTML, like Gecko) Chrome/145.0.0.0 Safari/537.36 (compatible; meta-externalagent/1.1 (+https://developers.facebook.com/docs/sharing/webmasters/crawler))" jdcpvtltd.in 10.44.34.235
57.141.0.49 - - [04/Aug/2026:13:35:11 -0600] "GET /?p=1146 HTTP/2.0" 301 - "-" "Mozilla/5.0 (Windows NT 10.0; Win64; x64) AppleWebKit/537.36 (KHTML, like Gecko) Chrome/145.0.0.0 Safari/537.36 (compatible; meta-externalagent/1.1 (+https://developers.facebook.com/docs/sharing/webmasters/crawler))" jdcpvtltd.in 10.44.34.235
57.141.0.2 - - [04/Aug/2026:13:35:13 -0600] "GET /joycasino-voiti-3/ HTTP/1.1" 200 12994 "-" "Mozilla/5.0 (Windows NT 10.0; Win64; x64) AppleWebKit/537.36 (KHTML, like Gecko) Chrome/145.0.0.0 Safari/537.36 (compatible; meta-externalagent/1.1 (+https://developers.facebook.com/docs/sharing/webmasters/crawler))" jdcpvtltd.in 10.44.34.235
57.141.0.2 - - [04/Aug/2026:13:35:13 -0600] "GET /joycasino-voiti-3/ HTTP/2.0" 200 12994 "-" "Mozilla/5.0 (Windows NT 10.0; Win64; x64) AppleWebKit/537.36 (KHTML, like Gecko) Chrome/145.0.0.0 Safari/537.36 (compatible; meta-externalagent/1.1 (+https://developers.facebook.com/docs/sharing/webmasters/crawler))" jdcpvtltd.in 10.44.34.235
74.7.227.137 - - [04/Aug/2026:13:35:23 -0600] "GET /products/7823005 HTTP/1.1" 404 7432 "https://www.jdcpvtltd.in" "Mozilla/5.0 AppleWebKit/537.36 (KHTML, like Gecko; compatible; GPTBot/1.4; +https://openai.com/gptbot)" jdcpvtltd.in 10.44.34.235
74.7.227.137 - - [04/Aug/2026:13:35:23 -0600] "GET /products/7823005 HTTP/2.0" 404 7432 "https://www.jdcpvtltd.in" "Mozilla/5.0 AppleWebKit/537.36 (KHTML, like Gecko; compatible; GPTBot/1.4; +https://openai.com/gptbot)" jdcpvtltd.in 10.44.34.235
74.7.227.137 - - [04/Aug/2026:13:36:25 -0600] "GET /products/3186924 HTTP/1.1" 404 7432 "https://www.jdcpvtltd.in" "Mozilla/5.0 AppleWebKit/537.36 (KHTML, like Gecko; compatible; GPTBot/1.4; +https://openai.com/gptbot)" jdcpvtltd.in 10.44.34.235
74.7.227.137 - - [04/Aug/2026:13:36:25 -0600] "GET /products/3186924 HTTP/2.0" 404 7432 "https://www.jdcpvtltd.in" "Mozilla/5.0 AppleWebKit/537.36 (KHTML, like Gecko; compatible; GPTBot/1.4; +https://openai.com/gptbot)" jdcpvtltd.in 10.44.34.235
74.7.227.137 - - [04/Aug/2026:13:37:29 -0600] "GET /products/5133087 HTTP/1.1" 404 7432 "https://www.jdcpvtltd.in" "Mozilla/5.0 AppleWebKit/537.36 (KHTML, like Gecko; compatible; GPTBot/1.4; +https://openai.com/gptbot)" jdcpvtltd.in 10.44.34.235
74.7.227.137 - - [04/Aug/2026:13:37:29 -0600] "GET /products/5133087 HTTP/2.0" 404 7432 "https://www.jdcpvtltd.in" "Mozilla/5.0 AppleWebKit/537.36 (KHTML, like Gecko; compatible; GPTBot/1.4; +https://openai.com/gptbot)" jdcpvtltd.in 10.44.34.235
50.6.43.128 - - [04/Aug/2026:13:37:59 -0600] "POST /wp-cron.php?doing_wp_cron=1785872279.7754700183868408203125 HTTP/1.1" 200 - "-" "WordPress/7.0.2; https://jdcpvtltd.in" jdcpvtltd.in 10.44.34.235
57.141.0.24 - - [04/Aug/2026:13:37:59 -0600] "GET /2026/07/page/2/ HTTP/1.1" 200 18814 "-" "Mozilla/5.0 (Windows NT 10.0; Win64; x64) AppleWebKit/537.36 (KHTML, like Gecko) Chrome/145.0.0.0 Safari/537.36 (compatible; meta-externalagent/1.1 (+https://developers.facebook.com/docs/sharing/webmasters/crawler))" jdcpvtltd.in 10.44.34.235
57.141.0.24 - - [04/Aug/2026:13:37:59 -0600] "GET /2026/07/page/2/ HTTP/2.0" 200 18814 "-" "Mozilla/5.0 (Windows NT 10.0; Win64; x64) AppleWebKit/537.36 (KHTML, like Gecko) Chrome/145.0.0.0 Safari/537.36 (compatible; meta-externalagent/1.1 (+https://developers.facebook.com/docs/sharing/webmasters/crawler))" jdcpvtltd.in 10.44.34.235
57.141.0.33 - - [04/Aug/2026:13:38:07 -0600] "GET /mostbet-casino-bonus/feed/ HTTP/1.1" 200 511 "-" "Mozilla/5.0 (Windows NT 10.0; Win64; x64) AppleWebKit/537.36 (KHTML, like Gecko) Chrome/145.0.0.0 Safari/537.36 (compatible; meta-externalagent/1.1 (+https://developers.facebook.com/docs/sharing/webmasters/crawler))" jdcpvtltd.in 10.44.34.235
57.141.0.33 - - [04/Aug/2026:13:38:07 -0600] "GET /mostbet-casino-bonus/feed/ HTTP/2.0" 200 511 "-" "Mozilla/5.0 (Windows NT 10.0; Win64; x64) AppleWebKit/537.36 (KHTML, like Gecko) Chrome/145.0.0.0 Safari/537.36 (compatible; meta-externalagent/1.1 (+https://developers.facebook.com/docs/sharing/webmasters/crawler))" jdcpvtltd.in 10.44.34.235
86.178.125.215 - - [04/Aug/2026:13:38:21 -0600] "GET /portfolio-two-column-wide/ HTTP/1.1" 200 8173 "-" "Mozilla/5.0 (Windows NT 10.0; Win64; x64) AppleWebKit/537.36 (KHTML, like Gecko) Chrome/110.0.0.0 Safari/537.36" jdcpvtltd.in 10.44.34.235
86.178.125.215 - - [04/Aug/2026:13:38:21 -0600] "GET /portfolio-two-column-wide/ HTTP/1.1" 200 8173 "-" "Mozilla/5.0 (Windows NT 10.0; Win64; x64) AppleWebKit/537.36 (KHTML, like Gecko) Chrome/110.0.0.0 Safari/537.36" jdcpvtltd.in 10.44.34.235
74.7.227.137 - - [04/Aug/2026:13:38:31 -0600] "GET /products/4078971 HTTP/1.1" 404 7432 "https://www.jdcpvtltd.in" "Mozilla/5.0 AppleWebKit/537.36 (KHTML, like Gecko; compatible; GPTBot/1.4; +https://openai.com/gptbot)" jdcpvtltd.in 10.44.34.235
74.7.227.137 - - [04/Aug/2026:13:38:31 -0600] "GET /products/4078971 HTTP/2.0" 404 7432 "https://www.jdcpvtltd.in" "Mozilla/5.0 AppleWebKit/537.36 (KHTML, like Gecko; compatible; GPTBot/1.4; +https://openai.com/gptbot)" jdcpvtltd.in 10.44.34.235
57.141.0.43 - - [04/Aug/2026:13:38:43 -0600] "GET /wp-json/oembed/1.0/embed?url=https%3A%2F%2Fjdcpvtltd.in%2Froyal-reels-casino-fastpaced-gaming-for-quick-wins%2F HTTP/2.0" 200 1172 "-" "Mozilla/5.0 (Windows NT 10.0; Win64; x64) AppleWebKit/537.36 (KHTML, like Gecko) Chrome/145.0.0.0 Safari/537.36 (compatible; meta-externalagent/1.1 (+https://developers.facebook.com/docs/sharing/webmasters/crawler))" jdcpvtltd.in 10.44.34.235
167.103.135.47 - - [04/Aug/2026:13:38:45 -0600] "GET / HTTP/1.1" 301 - "-" "Mozilla/5.0 (Windows NT 10.0; Win64; x64) AppleWebKit/537.36 (KHTML, like Gecko) Chrome/124.0.0.0 Safari/537.36" www.jdcpvtltd.in 10.44.34.235
167.103.135.47 - - [04/Aug/2026:13:38:45 -0600] "GET / HTTP/1.1" 301 - "-" "Mozilla/5.0 (Windows NT 10.0; Win64; x64) AppleWebKit/537.36 (KHTML, like Gecko) Chrome/124.0.0.0 Safari/537.36" www.jdcpvtltd.in 10.44.34.235
167.103.135.47 - - [04/Aug/2026:13:38:49 -0600] "GET / HTTP/1.1" 200 12904 "-" "Mozilla/5.0 (Windows NT 10.0; Win64; x64) AppleWebKit/537.36 (KHTML, like Gecko) Chrome/124.0.0.0 Safari/537.36" jdcpvtltd.in 10.44.34.235
167.103.135.47 - - [04/Aug/2026:13:38:49 -0600] "GET / HTTP/1.1" 200 12904 "-" "Mozilla/5.0 (Windows NT 10.0; Win64; x64) AppleWebKit/537.36 (KHTML, like Gecko) Chrome/124.0.0.0 Safari/537.36" jdcpvtltd.in 10.44.34.235
57.141.0.5 - - [04/Aug/2026:13:38:57 -0600] "GET /wp-json/wp/v2/posts/987 HTTP/2.0" 200 2253 "-" "Mozilla/5.0 (X11; Linux x86_64) AppleWebKit/537.36 (KHTML, like Gecko) Chrome/145.0.0.0 Safari/537.36 (compatible; meta-externalagent/1.1 (+https://developers.facebook.com/docs/sharing/webmasters/crawler))" jdcpvtltd.in 10.44.34.235
74.7.227.137 - - [04/Aug/2026:13:39:36 -0600] "GET /products/3415719 HTTP/1.1" 404 7432 "https://www.jdcpvtltd.in" "Mozilla/5.0 AppleWebKit/537.36 (KHTML, like Gecko; compatible; GPTBot/1.4; +https://openai.com/gptbot)" jdcpvtltd.in 10.44.34.235
74.7.227.137 - - [04/Aug/2026:13:39:36 -0600] "GET /products/3415719 HTTP/2.0" 404 7432 "https://www.jdcpvtltd.in" "Mozilla/5.0 AppleWebKit/537.36 (KHTML, like Gecko; compatible; GPTBot/1.4; +https://openai.com/gptbot)" jdcpvtltd.in 10.44.34.235
74.7.227.137 - - [04/Aug/2026:13:40:39 -0600] "GET /products/3428476 HTTP/1.1" 404 7432 "https://www.jdcpvtltd.in" "Mozilla/5.0 AppleWebKit/537.36 (KHTML, like Gecko; compatible; GPTBot/1.4; +https://openai.com/gptbot)" jdcpvtltd.in 10.44.34.235
74.7.227.137 - - [04/Aug/2026:13:40:39 -0600] "GET /products/3428476 HTTP/2.0" 404 7432 "https://www.jdcpvtltd.in" "Mozilla/5.0 AppleWebKit/537.36 (KHTML, like Gecko; compatible; GPTBot/1.4; +https://openai.com/gptbot)" jdcpvtltd.in 10.44.34.235
45.83.178.43 - - [04/Aug/2026:13:41:02 -0600] "POST /xmlrpc.php HTTP/1.1" 409 83 "-" "Mozilla/5.0 (Macintosh; Intel Mac OS X 10_15_7) AppleWebKit/537.36 (KHTML, like Gecko) obsidian/1.8.10 Chrome/132.0.6834.196 Electron/34.2.0 Safari/537.36" jdcpvtltd.in 10.44.34.235
66.249.64.224 - - [04/Aug/2026:13:41:02 -0600] "GET /shop.php?d=22119484661100 HTTP/1.1" 200 39138 "-" "Mozilla/5.0 (Linux; Android 6.0.1; Nexus 5X Build/MMB29P) AppleWebKit/537.36 (KHTML, like Gecko) Chrome/150.0.7871.186 Mobile Safari/537.36 (compatible; Googlebot/2.1; +http://www.google.com/bot.html)" jdcpvtltd.in 10.44.34.235
66.249.64.224 - - [04/Aug/2026:13:41:01 -0600] "GET /shop.php?d=22119484661100 HTTP/1.1" 200 39138 "-" "Mozilla/5.0 (Linux; Android 6.0.1; Nexus 5X Build/MMB29P) AppleWebKit/537.36 (KHTML, like Gecko) Chrome/150.0.7871.186 Mobile Safari/537.36 (compatible; Googlebot/2.1; +http://www.google.com/bot.html)" jdcpvtltd.in 10.44.34.235
66.249.64.224 - - [04/Aug/2026:13:41:31 -0600] "GET /shop.php?productSearch/pictureSearch?id=37565077901100 HTTP/1.1" 200 40009 "-" "Mozilla/5.0 (Linux; Android 6.0.1; Nexus 5X Build/MMB29P) AppleWebKit/537.36 (KHTML, like Gecko) Chrome/150.0.7871.186 Mobile Safari/537.36 (compatible; Googlebot/2.1; +http://www.google.com/bot.html)" jdcpvtltd.in 10.44.34.235
66.249.64.224 - - [04/Aug/2026:13:41:31 -0600] "GET /shop.php?productSearch/pictureSearch?id=37565077901100 HTTP/1.1" 200 40009 "-" "Mozilla/5.0 (Linux; Android 6.0.1; Nexus 5X Build/MMB29P) AppleWebKit/537.36 (KHTML, like Gecko) Chrome/150.0.7871.186 Mobile Safari/537.36 (compatible; Googlebot/2.1; +http://www.google.com/bot.html)" jdcpvtltd.in 10.44.34.235
74.7.227.137 - - [04/Aug/2026:13:41:43 -0600] "GET /products/5521697 HTTP/1.1" 404 7432 "https://www.jdcpvtltd.in" "Mozilla/5.0 AppleWebKit/537.36 (KHTML, like Gecko; compatible; GPTBot/1.4; +https://openai.com/gptbot)" jdcpvtltd.in 10.44.34.235
