86.175.253.128 - - [04/Aug/2026:08:17:37 -0600] "GET /products/f72619333 HTTP/1.1" 429 267 "-" "Mozilla/5.0 (Macintosh; Intel Mac OS X 14_2_1) AppleWebKit/537.36 (KHTML, like Gecko) Chrome/125.0.6422.60 Safari/537.36" jdcpvtltd.in 10.44.34.235
177.234.233.225 - - [04/Aug/2026:08:14:43 -0600] "GET /products/d92227715 HTTP/1.1" 502 - "-" "Mozilla/5.0 (Macintosh; Intel Mac OS X 13.7; rv:126.0) Gecko/20100101 Firefox/126.0" jdcpvtltd.in 10.44.34.235
84.54.71.201 - - [04/Aug/2026:08:20:45 -0600] "GET /502.shtml HTTP/1.1" 429 267 "-" "Mozilla/5.0 (Windows NT 10.0; Win64; x64) AppleWebKit/537.36 (KHTML, like Gecko) Chrome/129.0.6668.100 Safari/537.36" jdcpvtltd.in 10.44.34.235
84.54.71.201 - - [04/Aug/2026:08:17:44 -0600] "GET /products/f72639233 HTTP/1.1" 429 267 "-" "Mozilla/5.0 (Windows NT 10.0; Win64; x64) AppleWebKit/537.36 (KHTML, like Gecko) Chrome/129.0.6668.100 Safari/537.36" jdcpvtltd.in 10.44.34.235
136.158.122.88 - - [04/Aug/2026:08:13:38 -0600] "GET /502.shtml HTTP/1.1" 404 7432 "-" "Mozilla/5.0 (Macintosh; Intel Mac OS X 12_7_3) AppleWebKit/537.36 (KHTML, like Gecko) Chrome/132.0.6834.83 Safari/537.36" jdcpvtltd.in 10.44.34.235
136.158.122.88 - - [04/Aug/2026:08:13:38 -0600] "GET /502.shtml HTTP/1.1" 404 7432 "-" "Mozilla/5.0 (Macintosh; Intel Mac OS X 12_7_3) AppleWebKit/537.36 (KHTML, like Gecko) Chrome/132.0.6834.83 Safari/537.36" jdcpvtltd.in 10.44.34.235
24.166.126.199 - - [04/Aug/2026:08:14:50 -0600] "GET /products/d9415808 HTTP/1.1" 502 - "-" "Mozilla/5.0 (Macintosh; Intel Mac OS X 15_2_0) AppleWebKit/537.36 (KHTML, like Gecko) Chrome/125.0.6422.60 Safari/537.36" jdcpvtltd.in 10.44.34.235
74.7.227.137 - - [04/Aug/2026:08:14:51 -0600] "GET /products/951540138 HTTP/2.0" 502 - "https://www.jdcpvtltd.in" "Mozilla/5.0 AppleWebKit/537.36 (KHTML, like Gecko; compatible; GPTBot/1.4; +https://openai.com/gptbot)" jdcpvtltd.in 10.44.34.235
131.108.80.123 - - [04/Aug/2026:08:13:40 -0600] "GET /products/d2203015 HTTP/1.1" 404 7432 "-" "Mozilla/5.0 (Windows NT 10.0; Win64; x64) AppleWebKit/537.36 (KHTML, like Gecko) Chrome/129.0.6668.29 Safari/537.36" jdcpvtltd.in 10.44.34.235
103.204.231.137 - - [04/Aug/2026:08:14:56 -0600] "GET /products/de1300221 HTTP/1.1" 502 - "-" "Mozilla/5.0 (Windows NT 10.0; Win64; x64) AppleWebKit/537.36 (KHTML, like Gecko) Chrome/125.0.6422.141 Safari/537.36" jdcpvtltd.in 10.44.34.235
74.7.227.137 - - [04/Aug/2026:08:13:41 -0600] "GET /502.shtml HTTP/1.1" 404 7432 "https://www.jdcpvtltd.in" "Mozilla/5.0 AppleWebKit/537.36 (KHTML, like Gecko; compatible; GPTBot/1.4; +https://openai.com/gptbot)" jdcpvtltd.in 10.44.34.235
74.7.227.137 - - [04/Aug/2026:08:13:41 -0600] "GET /502.shtml HTTP/1.1" 404 7432 "https://www.jdcpvtltd.in" "Mozilla/5.0 AppleWebKit/537.36 (KHTML, like Gecko; compatible; GPTBot/1.4; +https://openai.com/gptbot)" jdcpvtltd.in 10.44.34.235
2.100.62.204 - - [04/Aug/2026:08:15:04 -0600] "GET /products/e31183688 HTTP/1.1" 502 - "-" "Mozilla/5.0 (Macintosh; Intel Mac OS X 15_4_1) AppleWebKit/537.36 (KHTML, like Gecko) Chrome/134.0.6998.88 Safari/537.36" jdcpvtltd.in 10.44.34.235
74.7.227.137 - - [04/Aug/2026:08:21:10 -0600] "GET /products/781087133 HTTP/2.0" 429 267 "https://www.jdcpvtltd.in" "Mozilla/5.0 AppleWebKit/537.36 (KHTML, like Gecko; compatible; GPTBot/1.4; +https://openai.com/gptbot)" jdcpvtltd.in 10.44.34.235
87.178.242.137 - - [04/Aug/2026:08:21:11 -0600] "GET /502.shtml HTTP/1.1" 429 267 "-" "Mozilla/5.0 (Macintosh; Intel Mac OS X 15.1; rv:133.0) Gecko/20100101 Firefox/133.0" jdcpvtltd.in 10.44.34.235
87.178.242.137 - - [04/Aug/2026:08:15:11 -0600] "GET /products/e31502066 HTTP/1.1" 429 267 "-" "Mozilla/5.0 (Macintosh; Intel Mac OS X 15.1; rv:133.0) Gecko/20100101 Firefox/133.0" jdcpvtltd.in 10.44.34.235
99.252.219.233 - - [04/Aug/2026:08:13:46 -0600] "GET /502.shtml HTTP/1.1" 404 7432 "-" "Mozilla/5.0 (Macintosh; Intel Mac OS X 12_4_0) AppleWebKit/537.36 (KHTML, like Gecko) Chrome/126.0.6478.126 Safari/537.36" jdcpvtltd.in 10.44.34.235
99.252.219.233 - - [04/Aug/2026:08:13:46 -0600] "GET /502.shtml HTTP/1.1" 404 7432 "-" "Mozilla/5.0 (Macintosh; Intel Mac OS X 12_4_0) AppleWebKit/537.36 (KHTML, like Gecko) Chrome/126.0.6478.126 Safari/537.36" jdcpvtltd.in 10.44.34.235
216.98.214.33 - - [04/Aug/2026:08:13:47 -0600] "GET /products/d32416707 HTTP/1.1" 404 7432 "-" "Mozilla/5.0 (Windows NT 10.0; Win64; x64; rv:127.0) Gecko/20100101 Firefox/127.0" jdcpvtltd.in 10.44.34.235
200.125.26.166 - - [04/Aug/2026:08:13:48 -0600] "GET /502.shtml HTTP/1.1" 404 7432 "-" "Mozilla/5.0 (Macintosh; Intel Mac OS X 12_7_4) AppleWebKit/537.36 (KHTML, like Gecko) Chrome/133.0.6943.98 Safari/537.36" jdcpvtltd.in 10.44.34.235
178.81.243.172 - - [04/Aug/2026:08:15:18 -0600] "GET /products/e31650678 HTTP/1.1" 502 - "-" "Mozilla/5.0 (Macintosh; Intel Mac OS X 12_1_0) AppleWebKit/537.36 (KHTML, like Gecko) Chrome/128.0.6613.137 Safari/537.36" jdcpvtltd.in 10.44.34.235
200.125.26.166 - - [04/Aug/2026:08:13:48 -0600] "GET /502.shtml HTTP/1.1" 404 7432 "-" "Mozilla/5.0 (Macintosh; Intel Mac OS X 12_7_4) AppleWebKit/537.36 (KHTML, like Gecko) Chrome/133.0.6943.98 Safari/537.36" jdcpvtltd.in 10.44.34.235
74.7.227.137 - - [04/Aug/2026:08:13:48 -0600] "GET /products/102797818 HTTP/1.1" 404 7432 "https://www.jdcpvtltd.in" "Mozilla/5.0 AppleWebKit/537.36 (KHTML, like Gecko; compatible; GPTBot/1.4; +https://openai.com/gptbot)" jdcpvtltd.in 10.44.34.235
122.161.243.226 - - [04/Aug/2026:08:15:24 -0600] "GET /products/e41860837 HTTP/1.1" 502 - "-" "Mozilla/5.0 (Macintosh; Intel Mac OS X 10.15; rv:134.0) Gecko/20100101 Firefox/134.0" jdcpvtltd.in 10.44.34.235
38.20.7.28 - - [04/Aug/2026:08:15:34 -0600] "GET /products/e5407423 HTTP/1.1" 502 - "-" "Mozilla/5.0 (Macintosh; Intel Mac OS X 15.1; rv:128.0) Gecko/20100101 Firefox/128.0" jdcpvtltd.in 10.44.34.235
45.185.193.150 - - [04/Aug/2026:08:15:38 -0600] "GET /products/e62350158 HTTP/1.1" 502 - "-" "Mozilla/5.0 (Macintosh; Intel Mac OS X 14_4_1) AppleWebKit/537.36 (KHTML, like Gecko) Chrome/134.0.6998.45 Safari/537.36" jdcpvtltd.in 10.44.34.235
92.237.42.242 - - [04/Aug/2026:08:13:53 -0600] "GET /products/d386637 HTTP/1.1" 404 7432 "-" "Mozilla/5.0 (Macintosh; Intel Mac OS X 12.3; rv:125.0) Gecko/20100101 Firefox/125.0" jdcpvtltd.in 10.44.34.235
90.162.169.123 - - [04/Aug/2026:08:13:54 -0600] "GET /502.shtml HTTP/1.1" 404 7432 "-" "Mozilla/5.0 (Macintosh; Intel Mac OS X 11.1; rv:135.0) Gecko/20100101 Firefox/135.0" jdcpvtltd.in 10.44.34.235
90.162.169.123 - - [04/Aug/2026:08:13:54 -0600] "GET /502.shtml HTTP/1.1" 404 7432 "-" "Mozilla/5.0 (Macintosh; Intel Mac OS X 11.1; rv:135.0) Gecko/20100101 Firefox/135.0" jdcpvtltd.in 10.44.34.235
181.98.116.65 - - [04/Aug/2026:08:15:50 -0600] "GET /products/e71355954 HTTP/1.1" 502 - "-" "Mozilla/5.0 (Macintosh; Intel Mac OS X 10.15; rv:134.0) Gecko/20100101 Firefox/134.0" jdcpvtltd.in 10.44.34.235
103.154.160.138 - - [04/Aug/2026:08:15:55 -0600] "GET /products/e72409368 HTTP/1.1" 502 - "-" "Mozilla/5.0 (Macintosh; Intel Mac OS X 13.4; rv:132.0) Gecko/20100101 Firefox/132.0" jdcpvtltd.in 10.44.34.235
74.7.227.137 - - [04/Aug/2026:08:15:56 -0600] "GET /products/051065973 HTTP/2.0" 502 - "https://www.jdcpvtltd.in" "Mozilla/5.0 AppleWebKit/537.36 (KHTML, like Gecko; compatible; GPTBot/1.4; +https://openai.com/gptbot)" jdcpvtltd.in 10.44.34.235
84.54.72.139 - - [04/Aug/2026:08:14:00 -0600] "GET /502.shtml HTTP/1.1" 404 7432 "-" "Mozilla/5.0 (Windows NT 10.0; Win64; x64) AppleWebKit/537.36 (KHTML, like Gecko) Chrome/128.0.6613.137 Safari/537.36" jdcpvtltd.in 10.44.34.235
84.54.72.139 - - [04/Aug/2026:08:14:00 -0600] "GET /502.shtml HTTP/1.1" 404 7432 "-" "Mozilla/5.0 (Windows NT 10.0; Win64; x64) AppleWebKit/537.36 (KHTML, like Gecko) Chrome/128.0.6613.137 Safari/537.36" jdcpvtltd.in 10.44.34.235
197.0.70.19 - - [04/Aug/2026:08:14:01 -0600] "GET /products/d42334886 HTTP/1.1" 404 7432 "-" "Mozilla/5.0 (Macintosh; Intel Mac OS X 13_6_3) AppleWebKit/537.36 (KHTML, like Gecko) Chrome/131.0.6778.139 Safari/537.36" jdcpvtltd.in 10.44.34.235
131.255.206.71 - - [04/Aug/2026:08:22:06 -0600] "GET /products/011731060 HTTP/1.1" 429 267 "-" "Mozilla/5.0 (Windows NT 10.0; Win64; x64) AppleWebKit/537.36 (KHTML, like Gecko) Chrome/127.0.6533.17 Safari/537.36" jdcpvtltd.in 10.44.34.235
78.137.221.179 - - [04/Aug/2026:08:22:07 -0600] "GET /502.shtml HTTP/1.1" 429 267 "-" "Mozilla/5.0 (Macintosh; Intel Mac OS X 12_7_3) AppleWebKit/537.36 (KHTML, like Gecko) Chrome/132.0.6834.83 Safari/537.36" jdcpvtltd.in 10.44.34.235
78.137.221.179 - - [04/Aug/2026:08:16:06 -0600] "GET /products/e8606844 HTTP/1.1" 429 267 "-" "Mozilla/5.0 (Macintosh; Intel Mac OS X 12_7_3) AppleWebKit/537.36 (KHTML, like Gecko) Chrome/132.0.6834.83 Safari/537.36" jdcpvtltd.in 10.44.34.235
79.158.222.111 - - [04/Aug/2026:08:14:05 -0600] "GET /502.shtml HTTP/1.1" 404 7432 "-" "Mozilla/5.0 (Windows NT 10.0; Win64; x64) AppleWebKit/537.36 (KHTML, like Gecko) Chrome/126.0.6478.182 Safari/537.36" jdcpvtltd.in 10.44.34.235
79.158.222.111 - - [04/Aug/2026:08:14:05 -0600] "GET /502.shtml HTTP/1.1" 404 7432 "-" "Mozilla/5.0 (Windows NT 10.0; Win64; x64) AppleWebKit/537.36 (KHTML, like Gecko) Chrome/126.0.6478.182 Safari/537.36" jdcpvtltd.in 10.44.34.235
90.219.157.104 - - [04/Aug/2026:08:14:07 -0600] "GET /products/d5156593 HTTP/1.1" 404 7432 "-" "Mozilla/5.0 (Macintosh; Intel Mac OS X 12_7_4) AppleWebKit/537.36 (KHTML, like Gecko) Chrome/133.0.6943.98 Safari/537.36" jdcpvtltd.in 10.44.34.235
103.155.62.81 - - [04/Aug/2026:08:16:17 -0600] "GET /products/ec20021 HTTP/1.1" 502 - "-" "Mozilla/5.0 (Macintosh; Intel Mac OS X 12.5; rv:131.0) Gecko/20100101 Firefox/131.0" jdcpvtltd.in 10.44.34.235
86.195.242.156 - - [04/Aug/2026:08:22:20 -0600] "GET /products/011955097 HTTP/1.1" 429 267 "-" "Mozilla/5.0 (Macintosh; Intel Mac OS X 15.2; rv:133.0) Gecko/20100101 Firefox/133.0" jdcpvtltd.in 10.44.34.235
90.148.82.187 - - [04/Aug/2026:08:16:22 -0600] "GET /products/ed2442602 HTTP/1.1" 502 - "-" "Mozilla/5.0 (Windows NT 10.0; WOW64; rv:130.0) Gecko/20100101 Firefox/130.0" jdcpvtltd.in 10.44.34.235
66.249.64.224 - - [04/Aug/2026:08:16:26 -0600] "GET /shop.php?d=49607903381100 HTTP/1.1" 502 - "-" "Mozilla/5.0 (Linux; Android 6.0.1; Nexus 5X Build/MMB29P) AppleWebKit/537.36 (KHTML, like Gecko) Chrome/150.0.7871.186 Mobile Safari/537.36 (compatible; Googlebot/2.1; +http://www.google.com/bot.html)" jdcpvtltd.in 10.44.34.235
87.10.88.103 - - [04/Aug/2026:08:22:26 -0600] "GET /products/012172404 HTTP/1.1" 429 267 "-" "Mozilla/5.0 (Macintosh; Intel Mac OS X 11.7; rv:136.0) Gecko/20100101 Firefox/136.0" jdcpvtltd.in 10.44.34.235
66.249.64.225 - - [04/Aug/2026:08:22:26 -0600] "GET /502.shtml HTTP/1.1" 429 267 "-" "Mozilla/5.0 (Linux; Android 6.0.1; Nexus 5X Build/MMB29P) AppleWebKit/537.36 (KHTML, like Gecko) Chrome/150.0.7871.186 Mobile Safari/537.36 (compatible; Googlebot/2.1; +http://www.google.com/bot.html)" jdcpvtltd.in 10.44.34.235
66.249.64.225 - - [04/Aug/2026:08:16:26 -0600] "GET /shop.php?product/category/view_more/16874155341100 HTTP/1.1" 429 267 "-" "Mozilla/5.0 (Linux; Android 6.0.1; Nexus 5X Build/MMB29P) AppleWebKit/537.36 (KHTML, like Gecko) Chrome/150.0.7871.186 Mobile Safari/537.36 (compatible; Googlebot/2.1; +http://www.google.com/bot.html)" jdcpvtltd.in 10.44.34.235
152.56.5.178 - - [04/Aug/2026:08:14:15 -0600] "GET /502.shtml HTTP/1.1" 503 468 "-" "Mozilla/5.0 (Macintosh; Intel Mac OS X 11.0; rv:135.0) Gecko/20100101 Firefox/135.0" jdcpvtltd.in 10.44.34.235
152.56.5.178 - - [04/Aug/2026:08:14:15 -0600] "GET /502.shtml HTTP/1.1" 503 468 "-" "Mozilla/5.0 (Macintosh; Intel Mac OS X 11.0; rv:135.0) Gecko/20100101 Firefox/135.0" jdcpvtltd.in 10.44.34.235
50.6.43.128 - - [04/Aug/2026:08:14:22 -0600] "POST /wp-cron.php?doing_wp_cron=1785852862.4984579086303710937500 HTTP/1.1" 200 - "-" "WordPress/7.0.2; https://jdcpvtltd.in" jdcpvtltd.in 10.44.34.235
85.52.142.50 - - [04/Aug/2026:08:14:22 -0600] "GET /products/d72369097 HTTP/1.1" 404 7432 "-" "Mozilla/5.0 (Macintosh; Intel Mac OS X 15.2; rv:127.0) Gecko/20100101 Firefox/127.0" jdcpvtltd.in 10.44.34.235
99.241.111.71 - - [04/Aug/2026:08:14:28 -0600] "GET /502.shtml HTTP/1.1" 404 7432 "-" "Mozilla/5.0 (Macintosh; Intel Mac OS X 15_1_0) AppleWebKit/537.36 (KHTML, like Gecko) Chrome/129.0.6668.100 Safari/537.36" jdcpvtltd.in 10.44.34.235
99.241.111.71 - - [04/Aug/2026:08:14:28 -0600] "GET /502.shtml HTTP/1.1" 404 7432 "-" "Mozilla/5.0 (Macintosh; Intel Mac OS X 15_1_0) AppleWebKit/537.36 (KHTML, like Gecko) Chrome/129.0.6668.100 Safari/537.36" jdcpvtltd.in 10.44.34.235
113.23.49.211 - - [04/Aug/2026:08:14:28 -0600] "GET /502.shtml HTTP/1.1" 404 7432 "-" "Mozilla/5.0 (Macintosh; Intel Mac OS X 13.1; rv:125.0) Gecko/20100101 Firefox/125.0" jdcpvtltd.in 10.44.34.235
45.188.27.219 - - [04/Aug/2026:08:14:29 -0600] "GET /products/d8129352 HTTP/1.1" 404 7432 "-" "Mozilla/5.0 (Macintosh; Intel Mac OS X 12_6_0) AppleWebKit/537.36 (KHTML, like Gecko) Chrome/132.0.6834.83 Safari/537.36" jdcpvtltd.in 10.44.34.235
113.23.49.211 - - [04/Aug/2026:08:14:28 -0600] "GET /502.shtml HTTP/1.1" 404 7432 "-" "Mozilla/5.0 (Macintosh; Intel Mac OS X 13.1; rv:125.0) Gecko/20100101 Firefox/125.0" jdcpvtltd.in 10.44.34.235
88.230.3.88 - - [04/Aug/2026:08:14:37 -0600] "GET /products/d828376 HTTP/1.1" 404 7432 "-" "Mozilla/5.0 (Macintosh; Intel Mac OS X 10_15_7) AppleWebKit/537.36 (KHTML, like Gecko) Chrome/125.0.6422.176 Safari/537.36" jdcpvtltd.in 10.44.34.235
88.97.190.99 - - [04/Aug/2026:08:14:37 -0600] "GET /502.shtml HTTP/1.1" 404 7432 "-" "Mozilla/5.0 (Windows NT 10.0; Win64; x64) AppleWebKit/537.36 (KHTML, like Gecko) Chrome/126.0.6478.182 Safari/537.36" jdcpvtltd.in 10.44.34.235
88.97.190.99 - - [04/Aug/2026:08:14:37 -0600] "GET /502.shtml HTTP/1.1" 404 7432 "-" "Mozilla/5.0 (Windows NT 10.0; Win64; x64) AppleWebKit/537.36 (KHTML, like Gecko) Chrome/126.0.6478.182 Safari/537.36" jdcpvtltd.in 10.44.34.235
74.7.227.137 - - [04/Aug/2026:08:14:42 -0600] "GET /502.shtml HTTP/1.1" 404 7432 "https://www.jdcpvtltd.in" "Mozilla/5.0 AppleWebKit/537.36 (KHTML, like Gecko; compatible; GPTBot/1.4; +https://openai.com/gptbot)" jdcpvtltd.in 10.44.34.235
74.7.227.137 - - [04/Aug/2026:08:14:42 -0600] "GET /502.shtml HTTP/1.1" 404 7432 "https://www.jdcpvtltd.in" "Mozilla/5.0 AppleWebKit/537.36 (KHTML, like Gecko; compatible; GPTBot/1.4; +https://openai.com/gptbot)" jdcpvtltd.in 10.44.34.235
177.234.233.225 - - [04/Aug/2026:08:14:43 -0600] "GET /products/d92227715 HTTP/1.1" 404 7432 "-" "Mozilla/5.0 (Macintosh; Intel Mac OS X 13.7; rv:126.0) Gecko/20100101 Firefox/126.0" jdcpvtltd.in 10.44.34.235
84.247.45.237 - - [04/Aug/2026:08:14:42 -0600] "GET /502.shtml HTTP/1.1" 404 7432 "-" "Mozilla/5.0 (Macintosh; Intel Mac OS X 14_4_0) AppleWebKit/537.36 (KHTML, like Gecko) Chrome/134.0.6998.45" jdcpvtltd.in 10.44.34.235
84.247.45.237 - - [04/Aug/2026:08:14:42 -0600] "GET /502.shtml HTTP/1.1" 404 7432 "-" "Mozilla/5.0 (Macintosh; Intel Mac OS X 14_4_0) AppleWebKit/537.36 (KHTML, like Gecko) Chrome/134.0.6998.45" jdcpvtltd.in 10.44.34.235
74.7.227.137 - - [04/Aug/2026:08:14:51 -0600] "GET /products/951540138 HTTP/1.1" 404 7432 "https://www.jdcpvtltd.in" "Mozilla/5.0 AppleWebKit/537.36 (KHTML, like Gecko; compatible; GPTBot/1.4; +https://openai.com/gptbot)" jdcpvtltd.in 10.44.34.235
81.108.17.0 - - [04/Aug/2026:08:14:48 -0600] "GET /502.shtml HTTP/1.1" 404 7432 "-" "Mozilla/5.0 (Macintosh; Intel Mac OS X 15_4_0) AppleWebKit/537.36 (KHTML, like Gecko) Chrome/131.0.6778.265 Safari/537.36" jdcpvtltd.in 10.44.34.235
81.108.17.0 - - [04/Aug/2026:08:14:48 -0600] "GET /502.shtml HTTP/1.1" 404 7432 "-" "Mozilla/5.0 (Macintosh; Intel Mac OS X 15_4_0) AppleWebKit/537.36 (KHTML, like Gecko) Chrome/131.0.6778.265 Safari/537.36" jdcpvtltd.in 10.44.34.235
24.166.126.199 - - [04/Aug/2026:08:14:50 -0600] "GET /products/d9415808 HTTP/1.1" 404 7432 "-" "Mozilla/5.0 (Macintosh; Intel Mac OS X 15_2_0) AppleWebKit/537.36 (KHTML, like Gecko) Chrome/125.0.6422.60 Safari/537.36" jdcpvtltd.in 10.44.34.235
103.204.231.137 - - [04/Aug/2026:08:14:56 -0600] "GET /products/de1300221 HTTP/1.1" 404 7432 "-" "Mozilla/5.0 (Windows NT 10.0; Win64; x64) AppleWebKit/537.36 (KHTML, like Gecko) Chrome/125.0.6422.141 Safari/537.36" jdcpvtltd.in 10.44.34.235
213.230.86.93 - - [04/Aug/2026:08:14:54 -0600] "GET /502.shtml HTTP/1.1" 404 7432 "-" "Mozilla/5.0 (Macintosh; Intel Mac OS X 11.1; rv:136.0) Gecko/20100101 Firefox/136.0" jdcpvtltd.in 10.44.34.235
119.94.119.91 - - [04/Aug/2026:08:15:02 -0600] "GET /502.shtml HTTP/1.1" 404 7432 "-" "Mozilla/5.0 (Macintosh; Intel Mac OS X 11_6_8) AppleWebKit/537.36 (KHTML, like Gecko) Chrome/126.0.6478.55 Safari/537.36" jdcpvtltd.in 10.44.34.235
119.94.119.91 - - [04/Aug/2026:08:15:02 -0600] "GET /502.shtml HTTP/1.1" 404 7432 "-" "Mozilla/5.0 (Macintosh; Intel Mac OS X 11_6_8) AppleWebKit/537.36 (KHTML, like Gecko) Chrome/126.0.6478.55 Safari/537.36" jdcpvtltd.in 10.44.34.235
213.230.86.93 - - [04/Aug/2026:08:14:54 -0600] "GET /502.shtml HTTP/1.1" 404 7432 "-" "Mozilla/5.0 (Macintosh; Intel Mac OS X 11.1; rv:136.0) Gecko/20100101 Firefox/136.0" jdcpvtltd.in 10.44.34.235
87.178.242.137 - - [04/Aug/2026:08:15:11 -0600] "GET /products/e31502066 HTTP/1.1" 404 7432 "-" "Mozilla/5.0 (Macintosh; Intel Mac OS X 15.1; rv:133.0) Gecko/20100101 Firefox/133.0" jdcpvtltd.in 10.44.34.235
86.225.255.92 - - [04/Aug/2026:08:15:09 -0600] "GET /502.shtml HTTP/1.1" 404 7432 "-" "Mozilla/5.0 (Windows NT 10.0; Win64; x64; rv:126.0) Gecko/20100101 Firefox/126.0" jdcpvtltd.in 10.44.34.235
2.100.62.204 - - [04/Aug/2026:08:15:04 -0600] "GET /products/e31183688 HTTP/1.1" 404 7432 "-" "Mozilla/5.0 (Macintosh; Intel Mac OS X 15_4_1) AppleWebKit/537.36 (KHTML, like Gecko) Chrome/134.0.6998.88 Safari/537.36" jdcpvtltd.in 10.44.34.235
86.225.255.92 - - [04/Aug/2026:08:15:09 -0600] "GET /502.shtml HTTP/1.1" 404 7432 "-" "Mozilla/5.0 (Windows NT 10.0; Win64; x64; rv:126.0) Gecko/20100101 Firefox/126.0" jdcpvtltd.in 10.44.34.235
178.81.243.172 - - [04/Aug/2026:08:15:18 -0600] "GET /products/e31650678 HTTP/1.1" 404 7432 "-" "Mozilla/5.0 (Macintosh; Intel Mac OS X 12_1_0) AppleWebKit/537.36 (KHTML, like Gecko) Chrome/128.0.6613.137 Safari/537.36" jdcpvtltd.in 10.44.34.235
91.211.57.112 - - [04/Aug/2026:08:15:16 -0600] "GET /502.shtml HTTP/1.1" 404 7432 "-" "Mozilla/5.0 (Macintosh; Intel Mac OS X 11.2; rv:136.0) Gecko/20100101 Firefox/136.0" jdcpvtltd.in 10.44.34.235
102.209.222.170 - - [04/Aug/2026:08:16:36 -0600] "GET /products/ef442034 HTTP/1.1" 502 - "-" "Mozilla/5.0 (Windows NT 10.0; Win64; x64) AppleWebKit/537.36 (KHTML, like Gecko) Chrome/127.0.6533.120 Safari/537.36" jdcpvtltd.in 10.44.34.235
90.46.16.238 - - [04/Aug/2026:08:15:22 -0600] "GET /502.shtml HTTP/1.1" 404 7432 "-" "Mozilla/5.0 (Windows NT 10.0; Win64; x64; rv:125.0) Gecko/20100101 Firefox/125.0" jdcpvtltd.in 10.44.34.235
86.59.178.225 - - [04/Aug/2026:08:15:31 -0600] "GET /502.shtml HTTP/1.1" 404 7432 "-" "Mozilla/5.0 (Windows NT 10.0; Win64; x64) AppleWebKit/537.36 (KHTML, like Gecko) Chrome/124.0.6367.82 Safari/537.36" jdcpvtltd.in 10.44.34.235
122.161.243.226 - - [04/Aug/2026:08:15:24 -0600] "GET /products/e41860837 HTTP/1.1" 404 7432 "-" "Mozilla/5.0 (Macintosh; Intel Mac OS X 10.15; rv:134.0) Gecko/20100101 Firefox/134.0" jdcpvtltd.in 10.44.34.235
91.211.57.112 - - [04/Aug/2026:08:15:16 -0600] "GET /502.shtml HTTP/1.1" 404 7432 "-" "Mozilla/5.0 (Macintosh; Intel Mac OS X 11.2; rv:136.0) Gecko/20100101 Firefox/136.0" jdcpvtltd.in 10.44.34.235
90.46.16.238 - - [04/Aug/2026:08:15:22 -0600] "GET /502.shtml HTTP/1.1" 404 7432 "-" "Mozilla/5.0 (Windows NT 10.0; Win64; x64; rv:125.0) Gecko/20100101 Firefox/125.0" jdcpvtltd.in 10.44.34.235
38.20.7.28 - - [04/Aug/2026:08:15:34 -0600] "GET /products/e5407423 HTTP/1.1" 404 7432 "-" "Mozilla/5.0 (Macintosh; Intel Mac OS X 15.1; rv:128.0) Gecko/20100101 Firefox/128.0" jdcpvtltd.in 10.44.34.235
86.59.178.225 - - [04/Aug/2026:08:15:31 -0600] "GET /502.shtml HTTP/1.1" 404 7432 "-" "Mozilla/5.0 (Windows NT 10.0; Win64; x64) AppleWebKit/537.36 (KHTML, like Gecko) Chrome/124.0.6367.82 Safari/537.36" jdcpvtltd.in 10.44.34.235
45.185.193.150 - - [04/Aug/2026:08:15:38 -0600] "GET /products/e62350158 HTTP/1.1" 404 7432 "-" "Mozilla/5.0 (Macintosh; Intel Mac OS X 14_4_1) AppleWebKit/537.36 (KHTML, like Gecko) Chrome/134.0.6998.45 Safari/537.36" jdcpvtltd.in 10.44.34.235
37.114.148.78 - - [04/Aug/2026:08:15:39 -0600] "GET /502.shtml HTTP/1.1" 404 7432 "-" "Mozilla/5.0 (Macintosh; Intel Mac OS X 12.6; rv:125.0) Gecko/20100101 Firefox/125.0" jdcpvtltd.in 10.44.34.235
37.114.148.78 - - [04/Aug/2026:08:15:39 -0600] "GET /502.shtml HTTP/1.1" 404 7432 "-" "Mozilla/5.0 (Macintosh; Intel Mac OS X 12.6; rv:125.0) Gecko/20100101 Firefox/125.0" jdcpvtltd.in 10.44.34.235
187.191.31.156 - - [04/Aug/2026:08:15:44 -0600] "GET /502.shtml HTTP/1.1" 404 7432 "-" "Mozilla/5.0 (Macintosh; Intel Mac OS X 13_6_3) AppleWebKit/537.36 (KHTML, like Gecko) Chrome/131.0.6778.139 Safari/537.36" jdcpvtltd.in 10.44.34.235
74.7.227.137 - - [04/Aug/2026:08:15:45 -0600] "GET /502.shtml HTTP/1.1" 404 7432 "https://www.jdcpvtltd.in" "Mozilla/5.0 AppleWebKit/537.36 (KHTML, like Gecko; compatible; GPTBot/1.4; +https://openai.com/gptbot)" jdcpvtltd.in 10.44.34.235
74.7.227.137 - - [04/Aug/2026:08:15:45 -0600] "GET /502.shtml HTTP/1.1" 404 7432 "https://www.jdcpvtltd.in" "Mozilla/5.0 AppleWebKit/537.36 (KHTML, like Gecko; compatible; GPTBot/1.4; +https://openai.com/gptbot)" jdcpvtltd.in 10.44.34.235
187.191.31.156 - - [04/Aug/2026:08:15:44 -0600] "GET /502.shtml HTTP/1.1" 404 7432 "-" "Mozilla/5.0 (Macintosh; Intel Mac OS X 13_6_3) AppleWebKit/537.36 (KHTML, like Gecko) Chrome/131.0.6778.139 Safari/537.36" jdcpvtltd.in 10.44.34.235
103.154.160.138 - - [04/Aug/2026:08:15:55 -0600] "GET /products/e72409368 HTTP/1.1" 404 7432 "-" "Mozilla/5.0 (Macintosh; Intel Mac OS X 13.4; rv:132.0) Gecko/20100101 Firefox/132.0" jdcpvtltd.in 10.44.34.235
92.141.95.116 - - [04/Aug/2026:08:15:55 -0600] "GET /502.shtml HTTP/1.1" 404 7432 "-" "Mozilla/5.0 (Macintosh; Intel Mac OS X 14_5_1) AppleWebKit/537.36 (KHTML, like Gecko) Chrome/125.0.6422.141 Safari/537.36" jdcpvtltd.in 10.44.34.235
181.98.116.65 - - [04/Aug/2026:08:15:50 -0600] "GET /products/e71355954 HTTP/1.1" 404 7432 "-" "Mozilla/5.0 (Macintosh; Intel Mac OS X 10.15; rv:134.0) Gecko/20100101 Firefox/134.0" jdcpvtltd.in 10.44.34.235
92.141.95.116 - - [04/Aug/2026:08:15:55 -0600] "GET /502.shtml HTTP/1.1" 404 7432 "-" "Mozilla/5.0 (Macintosh; Intel Mac OS X 14_5_1) AppleWebKit/537.36 (KHTML, like Gecko) Chrome/125.0.6422.141 Safari/537.36" jdcpvtltd.in 10.44.34.235
102.0.10.206 - - [04/Aug/2026:08:15:58 -0600] "GET /502.shtml HTTP/1.1" 404 7432 "-" "Mozilla/5.0 (Windows NT 10.0; Win64; x64) AppleWebKit/537.36 (KHTML, like Gecko) Chrome/130.0.6723.116 Safari/537.36" jdcpvtltd.in 10.44.34.235
74.7.227.137 - - [04/Aug/2026:08:15:56 -0600] "GET /products/051065973 HTTP/1.1" 404 7432 "https://www.jdcpvtltd.in" "Mozilla/5.0 AppleWebKit/537.36 (KHTML, like Gecko; compatible; GPTBot/1.4; +https://openai.com/gptbot)" jdcpvtltd.in 10.44.34.235
102.0.10.206 - - [04/Aug/2026:08:15:58 -0600] "GET /502.shtml HTTP/1.1" 404 7432 "-" "Mozilla/5.0 (Windows NT 10.0; Win64; x64) AppleWebKit/537.36 (KHTML, like Gecko) Chrome/130.0.6723.116 Safari/537.36" jdcpvtltd.in 10.44.34.235
103.225.138.247 - - [04/Aug/2026:08:16:04 -0600] "GET /502.shtml HTTP/1.1" 404 7432 "-" "Mozilla/5.0 (Macintosh; Intel Mac OS X 12.1; rv:131.0) Gecko/20100101 Firefox/131.0" jdcpvtltd.in 10.44.34.235
103.225.138.247 - - [04/Aug/2026:08:16:04 -0600] "GET /502.shtml HTTP/1.1" 404 7432 "-" "Mozilla/5.0 (Macintosh; Intel Mac OS X 12.1; rv:131.0) Gecko/20100101 Firefox/131.0" jdcpvtltd.in 10.44.34.235
83.53.44.147 - - [04/Aug/2026:08:16:18 -0600] "GET /502.shtml HTTP/1.1" 404 7432 "-" "Mozilla/5.0 (Macintosh; Intel Mac OS X 10.15; rv:129.0) Gecko/20100101 Firefox/129.0" jdcpvtltd.in 10.44.34.235
90.148.82.187 - - [04/Aug/2026:08:16:22 -0600] "GET /products/ed2442602 HTTP/1.1" 404 7432 "-" "Mozilla/5.0 (Windows NT 10.0; WOW64; rv:130.0) Gecko/20100101 Firefox/130.0" jdcpvtltd.in 10.44.34.235
88.186.199.6 - - [04/Aug/2026:08:16:23 -0600] "GET /502.shtml HTTP/1.1" 404 7432 "-" "Mozilla/5.0 (Macintosh; Intel Mac OS X 12.5; rv:135.0) Gecko/20100101 Firefox/135.0" jdcpvtltd.in 10.44.34.235
106.200.24.102 - - [04/Aug/2026:08:16:11 -0600] "GET /502.shtml HTTP/1.1" 404 7432 "-" "Mozilla/5.0 (Macintosh; Intel Mac OS X 15_3_0) AppleWebKit/537.36 (KHTML, like Gecko) Chrome/127.0.6533.72 Safari/537.36" jdcpvtltd.in 10.44.34.235
103.155.62.81 - - [04/Aug/2026:08:16:17 -0600] "GET /products/ec20021 HTTP/1.1" 404 7432 "-" "Mozilla/5.0 (Macintosh; Intel Mac OS X 12.5; rv:131.0) Gecko/20100101 Firefox/131.0" jdcpvtltd.in 10.44.34.235
83.53.44.147 - - [04/Aug/2026:08:16:18 -0600] "GET /502.shtml HTTP/1.1" 404 7432 "-" "Mozilla/5.0 (Macintosh; Intel Mac OS X 10.15; rv:129.0) Gecko/20100101 Firefox/129.0" jdcpvtltd.in 10.44.34.235
78.137.221.179 - - [04/Aug/2026:08:16:06 -0600] "GET /products/e8606844 HTTP/1.1" 404 7432 "-" "Mozilla/5.0 (Macintosh; Intel Mac OS X 12_7_3) AppleWebKit/537.36 (KHTML, like Gecko) Chrome/132.0.6834.83 Safari/537.36" jdcpvtltd.in 10.44.34.235
106.200.24.102 - - [04/Aug/2026:08:16:11 -0600] "GET /502.shtml HTTP/1.1" 404 7432 "-" "Mozilla/5.0 (Macintosh; Intel Mac OS X 15_3_0) AppleWebKit/537.36 (KHTML, like Gecko) Chrome/127.0.6533.72 Safari/537.36" jdcpvtltd.in 10.44.34.235
103.165.20.179 - - [04/Aug/2026:08:16:16 -0600] "GET /502.shtml HTTP/1.1" 404 7432 "-" "Mozilla/5.0 (Windows NT 10.0; Win64; x64) AppleWebKit/537.36 (KHTML, like Gecko) Chrome/127.0.6533.17 Safari/537.36" jdcpvtltd.in 10.44.34.235
95.20.65.69 - - [04/Aug/2026:08:16:26 -0600] "GET /502.shtml HTTP/1.1" 404 7432 "-" "Mozilla/5.0 (Macintosh; Intel Mac OS X 10_15_7) AppleWebKit/537.36 (KHTML, like Gecko) Chrome/128.0.6613.36 Safari/537.36" jdcpvtltd.in 10.44.34.235
95.20.65.69 - - [04/Aug/2026:08:16:26 -0600] "GET /502.shtml HTTP/1.1" 404 7432 "-" "Mozilla/5.0 (Macintosh; Intel Mac OS X 10_15_7) AppleWebKit/537.36 (KHTML, like Gecko) Chrome/128.0.6613.36 Safari/537.36" jdcpvtltd.in 10.44.34.235
109.155.153.58 - - [04/Aug/2026:08:16:27 -0600] "GET /products/ed591968 HTTP/1.1" 404 7432 "-" "Mozilla/5.0 (Macintosh; U; PPC Mac OS X; en-us) AppleWebKit/125.2 (KHTML, like Gecko) Safari/125.7" jdcpvtltd.in 10.44.34.235
47.11.105.53 - - [04/Aug/2026:08:16:34 -0600] "GET /502.shtml HTTP/1.1" 404 7432 "-" "Mozilla/5.0 (Macintosh; Intel Mac OS X 11_5_2) AppleWebKit/537.36 (KHTML, like Gecko) Chrome/124.0.6367.82 Safari/537.36" jdcpvtltd.in 10.44.34.235
102.209.222.170 - - [04/Aug/2026:08:16:36 -0600] "GET /products/ef442034 HTTP/1.1" 404 7432 "-" "Mozilla/5.0 (Windows NT 10.0; Win64; x64) AppleWebKit/537.36 (KHTML, like Gecko) Chrome/127.0.6533.120 Safari/537.36" jdcpvtltd.in 10.44.34.235
47.11.105.53 - - [04/Aug/2026:08:16:34 -0600] "GET /502.shtml HTTP/1.1" 404 7432 "-" "Mozilla/5.0 (Macintosh; Intel Mac OS X 11_5_2) AppleWebKit/537.36 (KHTML, like Gecko) Chrome/124.0.6367.82 Safari/537.36" jdcpvtltd.in 10.44.34.235
136.158.122.88 - - [04/Aug/2026:08:16:38 -0600] "GET /502.shtml HTTP/1.1" 404 7432 "-" "Mozilla/5.0 (Macintosh; Intel Mac OS X 12_7_3) AppleWebKit/537.36 (KHTML, like Gecko) Chrome/132.0.6834.83 Safari/537.36" jdcpvtltd.in 10.44.34.235
66.249.64.225 - - [04/Aug/2026:08:16:26 -0600] "GET /shop.php?product/category/view_more/16874155341100 HTTP/1.1" 200 38490 "-" "Mozilla/5.0 (Linux; Android 6.0.1; Nexus 5X Build/MMB29P) AppleWebKit/537.36 (KHTML, like Gecko) Chrome/150.0.7871.186 Mobile Safari/537.36 (compatible; Googlebot/2.1; +http://www.google.com/bot.html)" jdcpvtltd.in 10.44.34.235
131.108.80.123 - - [04/Aug/2026:08:16:40 -0600] "GET /502.shtml HTTP/1.1" 404 7432 "-" "Mozilla/5.0 (Windows NT 10.0; Win64; x64) AppleWebKit/537.36 (KHTML, like Gecko) Chrome/129.0.6668.29 Safari/537.36" jdcpvtltd.in 10.44.34.235
131.108.80.123 - - [04/Aug/2026:08:16:40 -0600] "GET /502.shtml HTTP/1.1" 404 7432 "-" "Mozilla/5.0 (Windows NT 10.0; Win64; x64) AppleWebKit/537.36 (KHTML, like Gecko) Chrome/129.0.6668.29 Safari/537.36" jdcpvtltd.in 10.44.34.235
31.53.168.226 - - [04/Aug/2026:08:16:41 -0600] "GET /products/f0501246 HTTP/1.1" 404 7432 "-" "Mozilla/5.0 (Macintosh; Intel Mac OS X 10_15_7) AppleWebKit/537.36 (KHTML, like Gecko) Chrome/131.0.6778.204 Safari/537.36" jdcpvtltd.in 10.44.34.235
74.7.227.137 - - [04/Aug/2026:08:16:41 -0600] "GET /502.shtml HTTP/1.1" 404 7432 "https://www.jdcpvtltd.in" "Mozilla/5.0 AppleWebKit/537.36 (KHTML, like Gecko; compatible; GPTBot/1.4; +https://openai.com/gptbot)" jdcpvtltd.in 10.44.34.235
66.249.64.226 - - [04/Aug/2026:08:16:27 -0600] "GET /shop.php?d=40503735581100 HTTP/1.1" 200 39246 "-" "Mozilla/5.0 (Linux; Android 6.0.1; Nexus 5X Build/MMB29P) AppleWebKit/537.36 (KHTML, like Gecko) Chrome/150.0.7871.186 Mobile Safari/537.36 (compatible; Googlebot/2.1; +http://www.google.com/bot.html)" jdcpvtltd.in 10.44.34.235
99.252.219.233 - - [04/Aug/2026:08:16:46 -0600] "GET /502.shtml HTTP/1.1" 404 7432 "-" "Mozilla/5.0 (Macintosh; Intel Mac OS X 12_4_0) AppleWebKit/537.36 (KHTML, like Gecko) Chrome/126.0.6478.126 Safari/537.36" jdcpvtltd.in 10.44.34.235
74.7.227.137 - - [04/Aug/2026:08:16:48 -0600] "GET /502.shtml HTTP/1.1" 404 7432 "https://www.jdcpvtltd.in" "Mozilla/5.0 AppleWebKit/537.36 (KHTML, like Gecko; compatible; GPTBot/1.4; +https://openai.com/gptbot)" jdcpvtltd.in 10.44.34.235
74.7.227.137 - - [04/Aug/2026:08:16:48 -0600] "GET /502.shtml HTTP/1.1" 404 7432 "https://www.jdcpvtltd.in" "Mozilla/5.0 AppleWebKit/537.36 (KHTML, like Gecko; compatible; GPTBot/1.4; +https://openai.com/gptbot)" jdcpvtltd.in 10.44.34.235
216.98.214.33 - - [04/Aug/2026:08:16:47 -0600] "GET /502.shtml HTTP/1.1" 404 7432 "-" "Mozilla/5.0 (Windows NT 10.0; Win64; x64; rv:127.0) Gecko/20100101 Firefox/127.0" jdcpvtltd.in 10.44.34.235
200.125.26.166 - - [04/Aug/2026:08:16:48 -0600] "GET /502.shtml HTTP/1.1" 404 7432 "-" "Mozilla/5.0 (Macintosh; Intel Mac OS X 12_7_4) AppleWebKit/537.36 (KHTML, like Gecko) Chrome/133.0.6943.98 Safari/537.36" jdcpvtltd.in 10.44.34.235
61.8.152.13 - - [04/Aug/2026:08:16:50 -0600] "GET /products/f11279269 HTTP/1.1" 404 7432 "-" "Mozilla/5.0 (Macintosh; Intel Mac OS X 14.5; rv:132.0) Gecko/20100101 Firefox/132.0" jdcpvtltd.in 10.44.34.235
216.98.214.33 - - [04/Aug/2026:08:16:47 -0600] "GET /502.shtml HTTP/1.1" 404 7432 "-" "Mozilla/5.0 (Windows NT 10.0; Win64; x64; rv:127.0) Gecko/20100101 Firefox/127.0" jdcpvtltd.in 10.44.34.235
66.249.64.224 - - [04/Aug/2026:08:16:26 -0600] "GET /shop.php?d=49607903381100 HTTP/1.1" 200 39046 "-" "Mozilla/5.0 (Linux; Android 6.0.1; Nexus 5X Build/MMB29P) AppleWebKit/537.36 (KHTML, like Gecko) Chrome/150.0.7871.186 Mobile Safari/537.36 (compatible; Googlebot/2.1; +http://www.google.com/bot.html)" jdcpvtltd.in 10.44.34.235
90.162.169.123 - - [04/Aug/2026:08:16:54 -0600] "GET /502.shtml HTTP/1.1" 404 7432 "-" "Mozilla/5.0 (Macintosh; Intel Mac OS X 11.1; rv:135.0) Gecko/20100101 Firefox/135.0" jdcpvtltd.in 10.44.34.235
92.237.42.242 - - [04/Aug/2026:08:16:54 -0600] "GET /502.shtml HTTP/1.1" 404 7432 "-" "Mozilla/5.0 (Macintosh; Intel Mac OS X 12.3; rv:125.0) Gecko/20100101 Firefox/125.0" jdcpvtltd.in 10.44.34.235
200.92.176.31 - - [04/Aug/2026:08:16:56 -0600] "GET /products/f21376148 HTTP/1.1" 404 7432 "-" "Mozilla/5.0 (Macintosh; Intel Mac OS X 11_6_8) AppleWebKit/537.36 (KHTML, like Gecko) Chrome/126.0.6478.55 Safari/537.36" jdcpvtltd.in 10.44.34.235
74.7.227.137 - - [04/Aug/2026:08:16:58 -0600] "GET /products/371562613 HTTP/1.1" 404 7432 "https://www.jdcpvtltd.in" "Mozilla/5.0 AppleWebKit/537.36 (KHTML, like Gecko; compatible; GPTBot/1.4; +https://openai.com/gptbot)" jdcpvtltd.in 10.44.34.235
197.0.70.19 - - [04/Aug/2026:08:17:01 -0600] "GET /502.shtml HTTP/1.1" 404 7432 "-" "Mozilla/5.0 (Macintosh; Intel Mac OS X 13_6_3) AppleWebKit/537.36 (KHTML, like Gecko) Chrome/131.0.6778.139 Safari/537.36" jdcpvtltd.in 10.44.34.235
84.79.136.217 - - [04/Aug/2026:08:17:03 -0600] "GET /products/f3550466 HTTP/1.1" 404 7432 "-" "Mozilla/5.0 (Macintosh; Intel Mac OS X 12.7; rv:131.0) Gecko/20100101 Firefox/131.0" jdcpvtltd.in 10.44.34.235
197.0.70.19 - - [04/Aug/2026:08:17:01 -0600] "GET /502.shtml HTTP/1.1" 404 7432 "-" "Mozilla/5.0 (Macintosh; Intel Mac OS X 13_6_3) AppleWebKit/537.36 (KHTML, like Gecko) Chrome/131.0.6778.139 Safari/537.36" jdcpvtltd.in 10.44.34.235
90.219.157.104 - - [04/Aug/2026:08:17:07 -0600] "GET /502.shtml HTTP/1.1" 404 7432 "-" "Mozilla/5.0 (Macintosh; Intel Mac OS X 12_7_4) AppleWebKit/537.36 (KHTML, like Gecko) Chrome/133.0.6943.98 Safari/537.36" jdcpvtltd.in 10.44.34.235
84.54.72.139 - - [04/Aug/2026:08:17:00 -0600] "GET /502.shtml HTTP/1.1" 404 7432 "-" "Mozilla/5.0 (Windows NT 10.0; Win64; x64) AppleWebKit/537.36 (KHTML, like Gecko) Chrome/128.0.6613.137 Safari/537.36" jdcpvtltd.in 10.44.34.235
79.158.222.111 - - [04/Aug/2026:08:17:05 -0600] "GET /502.shtml HTTP/1.1" 404 7432 "-" "Mozilla/5.0 (Windows NT 10.0; Win64; x64) AppleWebKit/537.36 (KHTML, like Gecko) Chrome/126.0.6478.182 Safari/537.36" jdcpvtltd.in 10.44.34.235
5.36.204.129 - - [04/Aug/2026:08:17:17 -0600] "GET /502.shtml HTTP/1.1" 404 7432 "-" "Mozilla/5.0 (Macintosh; Intel Mac OS X 11.5; rv:135.0) Gecko/20100101 Firefox/135.0" jdcpvtltd.in 10.44.34.235
90.219.157.104 - - [04/Aug/2026:08:17:07 -0600] "GET /502.shtml HTTP/1.1" 404 7432 "-" "Mozilla/5.0 (Macintosh; Intel Mac OS X 12_7_4) AppleWebKit/537.36 (KHTML, like Gecko) Chrome/133.0.6943.98 Safari/537.36" jdcpvtltd.in 10.44.34.235
92.237.42.242 - - [04/Aug/2026:08:16:53 -0600] "GET /502.shtml HTTP/1.1" 404 7432 "-" "Mozilla/5.0 (Macintosh; Intel Mac OS X 12.3; rv:125.0) Gecko/20100101 Firefox/125.0" jdcpvtltd.in 10.44.34.235
124.106.91.150 - - [04/Aug/2026:08:17:14 -0600] "GET /products/f41212978 HTTP/1.1" 404 7432 "-" "Mozilla/5.0 (Macintosh; Intel Mac OS X 11.6; rv:130.0) Gecko/20100101 Firefox/130.0" jdcpvtltd.in 10.44.34.235
152.56.5.178 - - [04/Aug/2026:08:17:15 -0600] "GET /502.shtml HTTP/1.1" 404 7432 "-" "Mozilla/5.0 (Macintosh; Intel Mac OS X 11.0; rv:135.0) Gecko/20100101 Firefox/135.0" jdcpvtltd.in 10.44.34.235
5.36.204.129 - - [04/Aug/2026:08:17:17 -0600] "GET /502.shtml HTTP/1.1" 404 7432 "-" "Mozilla/5.0 (Macintosh; Intel Mac OS X 11.5; rv:135.0) Gecko/20100101 Firefox/135.0" jdcpvtltd.in 10.44.34.235
90.66.180.122 - - [04/Aug/2026:08:17:17 -0600] "GET /products/f61516559 HTTP/1.1" 404 7432 "-" "Mozilla/5.0 (Macintosh; Intel Mac OS X 11.5; rv:136.0) Gecko/20100101 Firefox/136.0" jdcpvtltd.in 10.44.34.235
85.52.142.50 - - [04/Aug/2026:08:17:22 -0600] "GET /502.shtml HTTP/1.1" 404 7432 "-" "Mozilla/5.0 (Macintosh; Intel Mac OS X 15.2; rv:127.0) Gecko/20100101 Firefox/127.0" jdcpvtltd.in 10.44.34.235
62.43.28.229 - - [04/Aug/2026:08:17:23 -0600] "GET /products/f71073309 HTTP/1.1" 404 7432 "-" "Mozilla/5.0 (Macintosh; Intel Mac OS X 12.5; rv:131.0) Gecko/20100101 Firefox/131.0" jdcpvtltd.in 10.44.34.235
85.52.142.50 - - [04/Aug/2026:08:17:22 -0600] "GET /502.shtml HTTP/1.1" 404 7432 "-" "Mozilla/5.0 (Macintosh; Intel Mac OS X 15.2; rv:127.0) Gecko/20100101 Firefox/127.0" jdcpvtltd.in 10.44.34.235
99.241.111.71 - - [04/Aug/2026:08:17:28 -0600] "GET /502.shtml HTTP/1.1" 404 7432 "-" "Mozilla/5.0 (Macintosh; Intel Mac OS X 15_1_0) AppleWebKit/537.36 (KHTML, like Gecko) Chrome/129.0.6668.100 Safari/537.36" jdcpvtltd.in 10.44.34.235
88.230.3.88 - - [04/Aug/2026:08:17:37 -0600] "GET /502.shtml HTTP/1.1" 404 7432 "-" "Mozilla/5.0 (Macintosh; Intel Mac OS X 10_15_7) AppleWebKit/537.36 (KHTML, like Gecko) Chrome/125.0.6422.176 Safari/537.36" jdcpvtltd.in 10.44.34.235
45.188.27.219 - - [04/Aug/2026:08:17:29 -0600] "GET /502.shtml HTTP/1.1" 404 7432 "-" "Mozilla/5.0 (Macintosh; Intel Mac OS X 12_6_0) AppleWebKit/537.36 (KHTML, like Gecko) Chrome/132.0.6834.83 Safari/537.36" jdcpvtltd.in 10.44.34.235
113.23.49.211 - - [04/Aug/2026:08:17:28 -0600] "GET /502.shtml HTTP/1.1" 404 7432 "-" "Mozilla/5.0 (Macintosh; Intel Mac OS X 13.1; rv:125.0) Gecko/20100101 Firefox/125.0" jdcpvtltd.in 10.44.34.235
45.188.27.219 - - [04/Aug/2026:08:17:29 -0600] "GET /502.shtml HTTP/1.1" 404 7432 "-" "Mozilla/5.0 (Macintosh; Intel Mac OS X 12_6_0) AppleWebKit/537.36 (KHTML, like Gecko) Chrome/132.0.6834.83 Safari/537.36" jdcpvtltd.in 10.44.34.235
64.180.191.147 - - [04/Aug/2026:08:17:31 -0600] "GET /products/f71269886 HTTP/1.1" 404 7432 "-" "Mozilla/5.0 (Macintosh; Intel Mac OS X 13_3_0) AppleWebKit/537.36 (KHTML, like Gecko) Chrome/128.0.6613.84 Safari/537.36" jdcpvtltd.in 10.44.34.235
86.175.253.128 - - [04/Aug/2026:08:17:37 -0600] "GET /products/f72619333 HTTP/1.1" 404 7432 "-" "Mozilla/5.0 (Macintosh; Intel Mac OS X 14_2_1) AppleWebKit/537.36 (KHTML, like Gecko) Chrome/125.0.6422.60 Safari/537.36" jdcpvtltd.in 10.44.34.235
88.230.3.88 - - [04/Aug/2026:08:17:37 -0600] "GET /502.shtml HTTP/1.1" 404 7432 "-" "Mozilla/5.0 (Macintosh; Intel Mac OS X 10_15_7) AppleWebKit/537.36 (KHTML, like Gecko) Chrome/125.0.6422.176 Safari/537.36" jdcpvtltd.in 10.44.34.235
88.97.190.99 - - [04/Aug/2026:08:17:37 -0600] "GET /502.shtml HTTP/1.1" 404 7432 "-" "Mozilla/5.0 (Windows NT 10.0; Win64; x64) AppleWebKit/537.36 (KHTML, like Gecko) Chrome/126.0.6478.182 Safari/537.36" jdcpvtltd.in 10.44.34.235
177.234.233.225 - - [04/Aug/2026:08:17:44 -0600] "GET /502.shtml HTTP/1.1" 404 7432 "-" "Mozilla/5.0 (Macintosh; Intel Mac OS X 13.7; rv:126.0) Gecko/20100101 Firefox/126.0" jdcpvtltd.in 10.44.34.235
177.234.233.225 - - [04/Aug/2026:08:17:44 -0600] "GET /502.shtml HTTP/1.1" 404 7432 "-" "Mozilla/5.0 (Macintosh; Intel Mac OS X 13.7; rv:126.0) Gecko/20100101 Firefox/126.0" jdcpvtltd.in 10.44.34.235
74.7.227.137 - - [04/Aug/2026:08:17:42 -0600] "GET /502.shtml HTTP/1.1" 404 7432 "https://www.jdcpvtltd.in" "Mozilla/5.0 AppleWebKit/537.36 (KHTML, like Gecko; compatible; GPTBot/1.4; +https://openai.com/gptbot)" jdcpvtltd.in 10.44.34.235
84.247.45.237 - - [04/Aug/2026:08:17:42 -0600] "GET /502.shtml HTTP/1.1" 404 7432 "-" "Mozilla/5.0 (Macintosh; Intel Mac OS X 14_4_0) AppleWebKit/537.36 (KHTML, like Gecko) Chrome/134.0.6998.45" jdcpvtltd.in 10.44.34.235
84.54.71.201 - - [04/Aug/2026:08:17:45 -0600] "GET /products/f72639233 HTTP/1.1" 404 7432 "-" "Mozilla/5.0 (Windows NT 10.0; Win64; x64) AppleWebKit/537.36 (KHTML, like Gecko) Chrome/129.0.6668.100 Safari/537.36" jdcpvtltd.in 10.44.34.235
81.108.17.0 - - [04/Aug/2026:08:17:48 -0600] "GET /502.shtml HTTP/1.1" 404 7432 "-" "Mozilla/5.0 (Macintosh; Intel Mac OS X 15_4_0) AppleWebKit/537.36 (KHTML, like Gecko) Chrome/131.0.6778.265 Safari/537.36" jdcpvtltd.in 10.44.34.235
24.166.126.199 - - [04/Aug/2026:08:17:50 -0600] "GET /502.shtml HTTP/1.1" 404 7432 "-" "Mozilla/5.0 (Macintosh; Intel Mac OS X 15_2_0) AppleWebKit/537.36 (KHTML, like Gecko) Chrome/125.0.6422.60 Safari/537.36" jdcpvtltd.in 10.44.34.235
24.166.126.199 - - [04/Aug/2026:08:17:50 -0600] "GET /502.shtml HTTP/1.1" 404 7432 "-" "Mozilla/5.0 (Macintosh; Intel Mac OS X 15_2_0) AppleWebKit/537.36 (KHTML, like Gecko) Chrome/125.0.6422.60 Safari/537.36" jdcpvtltd.in 10.44.34.235
74.7.227.137 - - [04/Aug/2026:08:17:51 -0600] "GET /502.shtml HTTP/1.1" 404 7432 "https://www.jdcpvtltd.in" "Mozilla/5.0 AppleWebKit/537.36 (KHTML, like Gecko; compatible; GPTBot/1.4; +https://openai.com/gptbot)" jdcpvtltd.in 10.44.34.235
74.7.227.137 - - [04/Aug/2026:08:17:51 -0600] "GET /502.shtml HTTP/1.1" 404 7432 "https://www.jdcpvtltd.in" "Mozilla/5.0 AppleWebKit/537.36 (KHTML, like Gecko; compatible; GPTBot/1.4; +https://openai.com/gptbot)" jdcpvtltd.in 10.44.34.235
103.204.231.137 - - [04/Aug/2026:08:17:56 -0600] "GET /502.shtml HTTP/1.1" 404 7432 "-" "Mozilla/5.0 (Windows NT 10.0; Win64; x64) AppleWebKit/537.36 (KHTML, like Gecko) Chrome/125.0.6422.141 Safari/537.36" jdcpvtltd.in 10.44.34.235
83.34.58.87 - - [04/Aug/2026:08:17:51 -0600] "GET /products/fa2648959 HTTP/1.1" 404 7432 "-" "Mozilla/5.0 (Macintosh; Intel Mac OS X 10.15; rv:136.0) Gecko/20100101 Firefox/136.0" jdcpvtltd.in 10.44.34.235
103.204.231.137 - - [04/Aug/2026:08:17:56 -0600] "GET /502.shtml HTTP/1.1" 404 7432 "-" "Mozilla/5.0 (Windows NT 10.0; Win64; x64) AppleWebKit/537.36 (KHTML, like Gecko) Chrome/125.0.6422.141 Safari/537.36" jdcpvtltd.in 10.44.34.235
213.230.86.93 - - [04/Aug/2026:08:17:54 -0600] "GET /502.shtml HTTP/1.1" 404 7432 "-" "Mozilla/5.0 (Macintosh; Intel Mac OS X 11.1; rv:136.0) Gecko/20100101 Firefox/136.0" jdcpvtltd.in 10.44.34.235
50.6.43.128 - - [04/Aug/2026:08:18:04 -0600] "POST /wp-cron.php?doing_wp_cron=1785853084.3152909278869628906250 HTTP/1.1" 200 - "-" "WordPress/7.0.2; https://jdcpvtltd.in" jdcpvtltd.in 10.44.34.235
74.7.227.137 - - [04/Aug/2026:08:18:00 -0600] "GET /products/661497739 HTTP/1.1" 404 7432 "https://www.jdcpvtltd.in" "Mozilla/5.0 AppleWebKit/537.36 (KHTML, like Gecko; compatible; GPTBot/1.4; +https://openai.com/gptbot)" jdcpvtltd.in 10.44.34.235
175.176.89.179 - - [04/Aug/2026:08:17:59 -0600] "GET /products/fe2040732 HTTP/1.1" 404 7432 "-" "Mozilla/5.0 (Macintosh; U; PPC Mac OS X; fr) AppleWebKit/312.5.2 (KHTML, like Gecko) Safari/312.3.3" jdcpvtltd.in 10.44.34.235
119.94.119.91 - - [04/Aug/2026:08:18:02 -0600] "GET /502.shtml HTTP/1.1" 404 7432 "-" "Mozilla/5.0 (Macintosh; Intel Mac OS X 11_6_8) AppleWebKit/537.36 (KHTML, like Gecko) Chrome/126.0.6478.55 Safari/537.36" jdcpvtltd.in 10.44.34.235
2.100.62.204 - - [04/Aug/2026:08:18:04 -0600] "GET /502.shtml HTTP/1.1" 404 7432 "-" "Mozilla/5.0 (Macintosh; Intel Mac OS X 15_4_1) AppleWebKit/537.36 (KHTML, like Gecko) Chrome/134.0.6998.88 Safari/537.36" jdcpvtltd.in 10.44.34.235
2.100.62.204 - - [04/Aug/2026:08:18:04 -0600] "GET /502.shtml HTTP/1.1" 404 7432 "-" "Mozilla/5.0 (Macintosh; Intel Mac OS X 15_4_1) AppleWebKit/537.36 (KHTML, like Gecko) Chrome/134.0.6998.88 Safari/537.36" jdcpvtltd.in 10.44.34.235
200.92.176.31 - - [04/Aug/2026:08:16:56 -0600] "GET /products/f21376148 HTTP/1.1" 502 - "-" "Mozilla/5.0 (Macintosh; Intel Mac OS X 11_6_8) AppleWebKit/537.36 (KHTML, like Gecko) Chrome/126.0.6478.55 Safari/537.36" jdcpvtltd.in 10.44.34.235
87.178.242.137 - - [04/Aug/2026:08:18:11 -0600] "GET /502.shtml HTTP/1.1" 404 7432 "-" "Mozilla/5.0 (Macintosh; Intel Mac OS X 15.1; rv:133.0) Gecko/20100101 Firefox/133.0" jdcpvtltd.in 10.44.34.235
178.81.243.172 - - [04/Aug/2026:08:18:18 -0600] "GET /502.shtml HTTP/1.1" 404 7432 "-" "Mozilla/5.0 (Macintosh; Intel Mac OS X 12_1_0) AppleWebKit/537.36 (KHTML, like Gecko) Chrome/128.0.6613.137 Safari/537.36" jdcpvtltd.in 10.44.34.235
86.225.255.92 - - [04/Aug/2026:08:18:09 -0600] "GET /502.shtml HTTP/1.1" 404 7432 "-" "Mozilla/5.0 (Windows NT 10.0; Win64; x64; rv:126.0) Gecko/20100101 Firefox/126.0" jdcpvtltd.in 10.44.34.235
91.211.57.112 - - [04/Aug/2026:08:18:16 -0600] "GET /502.shtml HTTP/1.1" 404 7432 "-" "Mozilla/5.0 (Macintosh; Intel Mac OS X 11.2; rv:136.0) Gecko/20100101 Firefox/136.0" jdcpvtltd.in 10.44.34.235
87.178.242.137 - - [04/Aug/2026:08:18:11 -0600] "GET /502.shtml HTTP/1.1" 404 7432 "-" "Mozilla/5.0 (Macintosh; Intel Mac OS X 15.1; rv:133.0) Gecko/20100101 Firefox/133.0" jdcpvtltd.in 10.44.34.235
122.161.243.226 - - [04/Aug/2026:08:18:24 -0600] "GET /502.shtml HTTP/1.1" 404 7432 "-" "Mozilla/5.0 (Macintosh; Intel Mac OS X 10.15; rv:134.0) Gecko/20100101 Firefox/134.0" jdcpvtltd.in 10.44.34.235
178.81.243.172 - - [04/Aug/2026:08:18:18 -0600] "GET /502.shtml HTTP/1.1" 404 7432 "-" "Mozilla/5.0 (Macintosh; Intel Mac OS X 12_1_0) AppleWebKit/537.36 (KHTML, like Gecko) Chrome/128.0.6613.137 Safari/537.36" jdcpvtltd.in 10.44.34.235
90.46.16.238 - - [04/Aug/2026:08:18:22 -0600] "GET /502.shtml HTTP/1.1" 404 7432 "-" "Mozilla/5.0 (Windows NT 10.0; Win64; x64; rv:125.0) Gecko/20100101 Firefox/125.0" jdcpvtltd.in 10.44.34.235
122.161.243.226 - - [04/Aug/2026:08:18:24 -0600] "GET /502.shtml HTTP/1.1" 404 7432 "-" "Mozilla/5.0 (Macintosh; Intel Mac OS X 10.15; rv:134.0) Gecko/20100101 Firefox/134.0" jdcpvtltd.in 10.44.34.235
38.20.7.28 - - [04/Aug/2026:08:18:34 -0600] "GET /502.shtml HTTP/1.1" 404 7432 "-" "Mozilla/5.0 (Macintosh; Intel Mac OS X 15.1; rv:128.0) Gecko/20100101 Firefox/128.0" jdcpvtltd.in 10.44.34.235
38.20.7.28 - - [04/Aug/2026:08:18:34 -0600] "GET /502.shtml HTTP/1.1" 404 7432 "-" "Mozilla/5.0 (Macintosh; Intel Mac OS X 15.1; rv:128.0) Gecko/20100101 Firefox/128.0" jdcpvtltd.in 10.44.34.235
86.59.178.225 - - [04/Aug/2026:08:18:31 -0600] "GET /502.shtml HTTP/1.1" 404 7432 "-" "Mozilla/5.0 (Windows NT 10.0; Win64; x64) AppleWebKit/537.36 (KHTML, like Gecko) Chrome/124.0.6367.82 Safari/537.36" jdcpvtltd.in 10.44.34.235
45.185.193.150 - - [04/Aug/2026:08:18:38 -0600] "GET /502.shtml HTTP/1.1" 404 7432 "-" "Mozilla/5.0 (Macintosh; Intel Mac OS X 14_4_1) AppleWebKit/537.36 (KHTML, like Gecko) Chrome/134.0.6998.45 Safari/537.36" jdcpvtltd.in 10.44.34.235
45.185.193.150 - - [04/Aug/2026:08:18:38 -0600] "GET /502.shtml HTTP/1.1" 404 7432 "-" "Mozilla/5.0 (Macintosh; Intel Mac OS X 14_4_1) AppleWebKit/537.36 (KHTML, like Gecko) Chrome/134.0.6998.45 Safari/537.36" jdcpvtltd.in 10.44.34.235
37.114.148.78 - - [04/Aug/2026:08:18:39 -0600] "GET /502.shtml HTTP/1.1" 404 7432 "-" "Mozilla/5.0 (Macintosh; Intel Mac OS X 12.6; rv:125.0) Gecko/20100101 Firefox/125.0" jdcpvtltd.in 10.44.34.235
84.79.136.217 - - [04/Aug/2026:08:17:03 -0600] "GET /products/f3550466 HTTP/1.1" 502 - "-" "Mozilla/5.0 (Macintosh; Intel Mac OS X 12.7; rv:131.0) Gecko/20100101 Firefox/131.0" jdcpvtltd.in 10.44.34.235
187.191.31.156 - - [04/Aug/2026:08:18:44 -0600] "GET /502.shtml HTTP/1.1" 404 7432 "-" "Mozilla/5.0 (Macintosh; Intel Mac OS X 13_6_3) AppleWebKit/537.36 (KHTML, like Gecko) Chrome/131.0.6778.139 Safari/537.36" jdcpvtltd.in 10.44.34.235
181.98.116.65 - - [04/Aug/2026:08:18:50 -0600] "GET /502.shtml HTTP/1.1" 404 7432 "-" "Mozilla/5.0 (Macintosh; Intel Mac OS X 10.15; rv:134.0) Gecko/20100101 Firefox/134.0" jdcpvtltd.in 10.44.34.235
181.98.116.65 - - [04/Aug/2026:08:18:50 -0600] "GET /502.shtml HTTP/1.1" 404 7432 "-" "Mozilla/5.0 (Macintosh; Intel Mac OS X 10.15; rv:134.0) Gecko/20100101 Firefox/134.0" jdcpvtltd.in 10.44.34.235
74.7.227.137 - - [04/Aug/2026:08:18:45 -0600] "GET /502.shtml HTTP/1.1" 404 7432 "https://www.jdcpvtltd.in" "Mozilla/5.0 AppleWebKit/537.36 (KHTML, like Gecko; compatible; GPTBot/1.4; +https://openai.com/gptbot)" jdcpvtltd.in 10.44.34.235
74.7.227.137 - - [04/Aug/2026:08:18:57 -0600] "GET /502.shtml HTTP/1.1" 404 7432 "https://www.jdcpvtltd.in" "Mozilla/5.0 AppleWebKit/537.36 (KHTML, like Gecko; compatible; GPTBot/1.4; +https://openai.com/gptbot)" jdcpvtltd.in 10.44.34.235
102.0.10.206 - - [04/Aug/2026:08:18:58 -0600] "GET /502.shtml HTTP/1.1" 404 7432 "-" "Mozilla/5.0 (Windows NT 10.0; Win64; x64) AppleWebKit/537.36 (KHTML, like Gecko) Chrome/130.0.6723.116 Safari/537.36" jdcpvtltd.in 10.44.34.235
103.154.160.138 - - [04/Aug/2026:08:18:56 -0600] "GET /502.shtml HTTP/1.1" 404 7432 "-" "Mozilla/5.0 (Macintosh; Intel Mac OS X 13.4; rv:132.0) Gecko/20100101 Firefox/132.0" jdcpvtltd.in 10.44.34.235
74.7.227.137 - - [04/Aug/2026:08:18:57 -0600] "GET /502.shtml HTTP/1.1" 404 7432 "https://www.jdcpvtltd.in" "Mozilla/5.0 AppleWebKit/537.36 (KHTML, like Gecko; compatible; GPTBot/1.4; +https://openai.com/gptbot)" jdcpvtltd.in 10.44.34.235
103.154.160.138 - - [04/Aug/2026:08:18:55 -0600] "GET /502.shtml HTTP/1.1" 404 7432 "-" "Mozilla/5.0 (Macintosh; Intel Mac OS X 13.4; rv:132.0) Gecko/20100101 Firefox/132.0" jdcpvtltd.in 10.44.34.235
92.141.95.116 - - [04/Aug/2026:08:18:55 -0600] "GET /502.shtml HTTP/1.1" 404 7432 "-" "Mozilla/5.0 (Macintosh; Intel Mac OS X 14_5_1) AppleWebKit/537.36 (KHTML, like Gecko) Chrome/125.0.6422.141 Safari/537.36" jdcpvtltd.in 10.44.34.235
74.7.227.137 - - [04/Aug/2026:08:19:04 -0600] "GET /products/912909560 HTTP/1.1" 404 7432 "https://www.jdcpvtltd.in" "Mozilla/5.0 AppleWebKit/537.36 (KHTML, like Gecko; compatible; GPTBot/1.4; +https://openai.com/gptbot)" jdcpvtltd.in 10.44.34.235
78.137.221.179 - - [04/Aug/2026:08:19:07 -0600] "GET /502.shtml HTTP/1.1" 404 7432 "-" "Mozilla/5.0 (Macintosh; Intel Mac OS X 12_7_3) AppleWebKit/537.36 (KHTML, like Gecko) Chrome/132.0.6834.83 Safari/537.36" jdcpvtltd.in 10.44.34.235
103.225.138.247 - - [04/Aug/2026:08:19:04 -0600] "GET /502.shtml HTTP/1.1" 404 7432 "-" "Mozilla/5.0 (Macintosh; Intel Mac OS X 12.1; rv:131.0) Gecko/20100101 Firefox/131.0" jdcpvtltd.in 10.44.34.235
78.137.221.179 - - [04/Aug/2026:08:19:06 -0600] "GET /502.shtml HTTP/1.1" 404 7432 "-" "Mozilla/5.0 (Macintosh; Intel Mac OS X 12_7_3) AppleWebKit/537.36 (KHTML, like Gecko) Chrome/132.0.6834.83 Safari/537.36" jdcpvtltd.in 10.44.34.235
50.6.43.128 - - [04/Aug/2026:08:19:14 -0600] "POST /wp-cron.php?doing_wp_cron=1785853154.1694428920745849609375 HTTP/1.1" 200 - "-" "WordPress/7.0.2; https://jdcpvtltd.in" jdcpvtltd.in 10.44.34.235
106.200.24.102 - - [04/Aug/2026:08:19:11 -0600] "GET /502.shtml HTTP/1.1" 404 7432 "-" "Mozilla/5.0 (Macintosh; Intel Mac OS X 15_3_0) AppleWebKit/537.36 (KHTML, like Gecko) Chrome/127.0.6533.72 Safari/537.36" jdcpvtltd.in 10.44.34.235
83.53.44.147 - - [04/Aug/2026:08:19:18 -0600] "GET /502.shtml HTTP/1.1" 404 7432 "-" "Mozilla/5.0 (Macintosh; Intel Mac OS X 10.15; rv:129.0) Gecko/20100101 Firefox/129.0" jdcpvtltd.in 10.44.34.235
103.155.62.81 - - [04/Aug/2026:08:19:17 -0600] "GET /502.shtml HTTP/1.1" 404 7432 "-" "Mozilla/5.0 (Macintosh; Intel Mac OS X 12.5; rv:131.0) Gecko/20100101 Firefox/131.0" jdcpvtltd.in 10.44.34.235
103.155.62.81 - - [04/Aug/2026:08:19:17 -0600] "GET /502.shtml HTTP/1.1" 404 7432 "-" "Mozilla/5.0 (Macintosh; Intel Mac OS X 12.5; rv:131.0) Gecko/20100101 Firefox/131.0" jdcpvtltd.in 10.44.34.235
90.148.82.187 - - [04/Aug/2026:08:19:22 -0600] "GET /502.shtml HTTP/1.1" 404 7432 "-" "Mozilla/5.0 (Windows NT 10.0; WOW64; rv:130.0) Gecko/20100101 Firefox/130.0" jdcpvtltd.in 10.44.34.235
90.148.82.187 - - [04/Aug/2026:08:19:22 -0600] "GET /502.shtml HTTP/1.1" 404 7432 "-" "Mozilla/5.0 (Windows NT 10.0; WOW64; rv:130.0) Gecko/20100101 Firefox/130.0" jdcpvtltd.in 10.44.34.235
95.20.65.69 - - [04/Aug/2026:08:19:26 -0600] "GET /502.shtml HTTP/1.1" 404 7432 "-" "Mozilla/5.0 (Macintosh; Intel Mac OS X 10_15_7) AppleWebKit/537.36 (KHTML, like Gecko) Chrome/128.0.6613.36 Safari/537.36" jdcpvtltd.in 10.44.34.235
