104.207.58.168 - - [04/Aug/2026:10:26:53 -0600] "GET /502.shtml HTTP/1.1" 404 7432 "https://jdcpvtltd.in/the-concept-of-scheduling-losses-in-the-nba/" "Mozilla/5.0 (Macintosh; Intel Mac OS X 10_15_7) AppleWebKit/537.36 (KHTML, like Gecko) Chrome/122.0.0.0 Safari/537.36" jdcpvtltd.in 10.44.34.235
104.207.58.168 - - [04/Aug/2026:10:26:53 -0600] "GET /502.shtml HTTP/1.1" 404 7432 "https://jdcpvtltd.in/the-concept-of-scheduling-losses-in-the-nba/" "Mozilla/5.0 (Macintosh; Intel Mac OS X 10_15_7) AppleWebKit/537.36 (KHTML, like Gecko) Chrome/122.0.0.0 Safari/537.36" jdcpvtltd.in 10.44.34.235
50.6.43.128 - - [04/Aug/2026:10:27:10 -0600] "POST /wp-cron.php?doing_wp_cron=1785860830.4269158840179443359375 HTTP/1.1" 200 - "-" "WordPress/7.0.2; https://jdcpvtltd.in" jdcpvtltd.in 10.44.34.235
50.6.43.128 - - [04/Aug/2026:10:27:10 -0600] "POST /wp-cron.php?doing_wp_cron=1785860830.4723470211029052734375 HTTP/1.1" 200 - "-" "WordPress/7.0.2; https://jdcpvtltd.in" jdcpvtltd.in 10.44.34.235
104.207.58.168 - - [04/Aug/2026:10:24:24 -0600] "GET /?p=1617 HTTP/1.1" 502 - "https://jdcpvtltd.in/the-concept-of-scheduling-losses-in-the-nba/" "Mozilla/5.0 (Macintosh; Intel Mac OS X 10_15_7) AppleWebKit/537.36 (KHTML, like Gecko) Chrome/122.0.0.0 Safari/537.36" jdcpvtltd.in 10.44.34.235
104.207.58.168 - - [04/Aug/2026:10:27:24 -0600] "GET /502.shtml HTTP/1.1" 404 7432 "https://jdcpvtltd.in/the-concept-of-scheduling-losses-in-the-nba/" "Mozilla/5.0 (Macintosh; Intel Mac OS X 10_15_7) AppleWebKit/537.36 (KHTML, like Gecko) Chrome/122.0.0.0 Safari/537.36" jdcpvtltd.in 10.44.34.235
104.207.58.168 - - [04/Aug/2026:10:27:24 -0600] "GET /502.shtml HTTP/1.1" 404 7432 "https://jdcpvtltd.in/the-concept-of-scheduling-losses-in-the-nba/" "Mozilla/5.0 (Macintosh; Intel Mac OS X 10_15_7) AppleWebKit/537.36 (KHTML, like Gecko) Chrome/122.0.0.0 Safari/537.36" jdcpvtltd.in 10.44.34.235
74.7.227.137 - - [04/Aug/2026:10:27:44 -0600] "GET /products/d1844979 HTTP/1.1" 404 7432 "https://www.jdcpvtltd.in" "Mozilla/5.0 AppleWebKit/537.36 (KHTML, like Gecko; compatible; GPTBot/1.4; +https://openai.com/gptbot)" jdcpvtltd.in 10.44.34.235
74.7.227.137 - - [04/Aug/2026:10:27:44 -0600] "GET /products/d1844979 HTTP/2.0" 404 7432 "https://www.jdcpvtltd.in" "Mozilla/5.0 AppleWebKit/537.36 (KHTML, like Gecko; compatible; GPTBot/1.4; +https://openai.com/gptbot)" jdcpvtltd.in 10.44.34.235
45.83.178.42 - - [04/Aug/2026:10:30:58 -0600] "POST /xmlrpc.php HTTP/1.1" 409 83 "-" "Mozilla/5.0 (X11; Linux x86_64) AppleWebKit/537.36 (KHTML, like Gecko) Chrome/135.0.0.0 Safari/537.36" jdcpvtltd.in 10.44.34.235
50.6.43.128 - - [04/Aug/2026:10:28:12 -0600] "POST /wp-cron.php?doing_wp_cron=1785860892.5234880447387695312500 HTTP/1.1" 200 - "-" "WordPress/7.0.2; https://jdcpvtltd.in" jdcpvtltd.in 10.44.34.235
34.60.155.126 - - [04/Aug/2026:10:31:15 -0600] "GET /the-concept-of-scheduling-losses-in-the-nba/ HTTP/1.1" 200 9278 "https://jdcpvtltd.in/" "Mozilla/5.0 (Macintosh; Intel Mac OS X 10_15_7) AppleWebKit/537.36 (KHTML, like Gecko) Chrome/116.0.0.0 Safari/537.36" jdcpvtltd.in 10.44.34.235
74.7.227.137 - - [04/Aug/2026:10:28:38 -0600] "GET /502.shtml HTTP/1.1" 404 7432 "https://www.jdcpvtltd.in" "Mozilla/5.0 AppleWebKit/537.36 (KHTML, like Gecko; compatible; GPTBot/1.4; +https://openai.com/gptbot)" jdcpvtltd.in 10.44.34.235
74.7.227.137 - - [04/Aug/2026:10:25:38 -0600] "GET /products/a5803050 HTTP/2.0" 404 7432 "https://www.jdcpvtltd.in" "Mozilla/5.0 AppleWebKit/537.36 (KHTML, like Gecko; compatible; GPTBot/1.4; +https://openai.com/gptbot)" jdcpvtltd.in 10.44.34.235
74.7.227.137 - - [04/Aug/2026:10:28:38 -0600] "GET /502.shtml HTTP/1.1" 404 7432 "https://www.jdcpvtltd.in" "Mozilla/5.0 AppleWebKit/537.36 (KHTML, like Gecko; compatible; GPTBot/1.4; +https://openai.com/gptbot)" jdcpvtltd.in 10.44.34.235
74.7.227.137 - - [04/Aug/2026:10:28:44 -0600] "GET /products/c7488476 HTTP/1.1" 404 7432 "https://www.jdcpvtltd.in" "Mozilla/5.0 AppleWebKit/537.36 (KHTML, like Gecko; compatible; GPTBot/1.4; +https://openai.com/gptbot)" jdcpvtltd.in 10.44.34.235
74.7.227.137 - - [04/Aug/2026:10:28:44 -0600] "GET /products/c7488476 HTTP/2.0" 404 7432 "https://www.jdcpvtltd.in" "Mozilla/5.0 AppleWebKit/537.36 (KHTML, like Gecko; compatible; GPTBot/1.4; +https://openai.com/gptbot)" jdcpvtltd.in 10.44.34.235
34.60.155.126 - - [04/Aug/2026:10:31:22 -0600] "GET /wp-login.php?action=register HTTP/1.1" 409 83 "https://jdcpvtltd.in/the-concept-of-scheduling-losses-in-the-nba/" "Mozilla/5.0 (Windows NT 6.3; Win64; x64) AppleWebKit/537.36 (KHTML, like Gecko) Chrome/103.0.0.0 Safari/537.36" jdcpvtltd.in 10.44.34.235
50.6.43.128 - - [04/Aug/2026:10:29:14 -0600] "POST /wp-cron.php?doing_wp_cron=1785860954.1132040023803710937500 HTTP/1.1" 200 - "-" "WordPress/7.0.2; https://jdcpvtltd.in" jdcpvtltd.in 10.44.34.235
104.207.58.168 - - [04/Aug/2026:10:29:23 -0600] "GET /502.shtml HTTP/1.1" 404 7432 "https://jdcpvtltd.in/the-concept-of-scheduling-losses-in-the-nba/" "Mozilla/5.0 (Macintosh; Intel Mac OS X 10_15_7) AppleWebKit/537.36 (KHTML, like Gecko) Chrome/122.0.0.0 Safari/537.36" jdcpvtltd.in 10.44.34.235
66.249.64.224 - - [04/Aug/2026:10:29:25 -0600] "GET /502.shtml HTTP/1.1" 200 40672 "-" "Mozilla/5.0 (compatible; Googlebot/2.1; +http://www.google.com/bot.html)" jdcpvtltd.in 10.44.34.235
66.249.64.224 - - [04/Aug/2026:10:26:25 -0600] "GET /?productSearch/pictureSearch?id=12424515961100 HTTP/1.1" 200 40672 "-" "Mozilla/5.0 (compatible; Googlebot/2.1; +http://www.google.com/bot.html)" jdcpvtltd.in 10.44.34.235
66.249.64.224 - - [04/Aug/2026:10:29:26 -0600] "GET /502.shtml HTTP/1.1" 200 40667 "-" "Mozilla/5.0 (Linux; Android 6.0.1; Nexus 5X Build/MMB29P) AppleWebKit/537.36 (KHTML, like Gecko) Chrome/150.0.7871.186 Mobile Safari/537.36 (compatible; Googlebot/2.1; +http://www.google.com/bot.html)" jdcpvtltd.in 10.44.34.235
66.249.64.224 - - [04/Aug/2026:10:29:25 -0600] "GET /502.shtml HTTP/1.1" 200 40671 "-" "Mozilla/5.0 (compatible; Googlebot/2.1; +http://www.google.com/bot.html)" jdcpvtltd.in 10.44.34.235
66.249.64.224 - - [04/Aug/2026:10:29:28 -0600] "GET /shop.php?d=44033965221100 HTTP/1.1" 200 39582 "-" "Mozilla/5.0 (Linux; Android 6.0.1; Nexus 5X Build/MMB29P) AppleWebKit/537.36 (KHTML, like Gecko) Chrome/150.0.7871.186 Mobile Safari/537.36 (compatible; Googlebot/2.1; +http://www.google.com/bot.html)" jdcpvtltd.in 10.44.34.235
66.249.64.224 - - [04/Aug/2026:10:29:28 -0600] "GET /shop.php?d=44033965221100 HTTP/1.1" 200 39582 "-" "Mozilla/5.0 (Linux; Android 6.0.1; Nexus 5X Build/MMB29P) AppleWebKit/537.36 (KHTML, like Gecko) Chrome/150.0.7871.186 Mobile Safari/537.36 (compatible; Googlebot/2.1; +http://www.google.com/bot.html)" jdcpvtltd.in 10.44.34.235
66.249.64.224 - - [04/Aug/2026:10:29:31 -0600] "GET /502.shtml HTTP/1.1" 200 40671 "-" "Mozilla/5.0 (Linux; Android 6.0.1; Nexus 5X Build/MMB29P) AppleWebKit/537.36 (KHTML, like Gecko) Chrome/150.0.7871.186 Mobile Safari/537.36 (compatible; Googlebot/2.1; +http://www.google.com/bot.html)" jdcpvtltd.in 10.44.34.235
66.249.64.225 - - [04/Aug/2026:10:29:35 -0600] "GET /502.shtml HTTP/1.1" 200 40669 "-" "Mozilla/5.0 (Linux; Android 6.0.1; Nexus 5X Build/MMB29P) AppleWebKit/537.36 (KHTML, like Gecko) Chrome/150.0.7871.186 Mobile Safari/537.36 (compatible; Googlebot/2.1; +http://www.google.com/bot.html)" jdcpvtltd.in 10.44.34.235
66.249.64.225 - - [04/Aug/2026:10:26:35 -0600] "GET /shop.php?product/review/37035892461100 HTTP/1.1" 200 40669 "-" "Mozilla/5.0 (Linux; Android 6.0.1; Nexus 5X Build/MMB29P) AppleWebKit/537.36 (KHTML, like Gecko) Chrome/150.0.7871.186 Mobile Safari/537.36 (compatible; Googlebot/2.1; +http://www.google.com/bot.html)" jdcpvtltd.in 10.44.34.235
66.249.64.224 - - [04/Aug/2026:10:29:35 -0600] "GET /the-concept-of-scheduling-losses-in-the-nba HTTP/1.1" 200 43760 "-" "Mozilla/5.0 (Linux; Android 6.0.1; Nexus 5X Build/MMB29P) AppleWebKit/537.36 (KHTML, like Gecko) Chrome/150.0.7871.186 Mobile Safari/537.36 (compatible; Googlebot/2.1; +http://www.google.com/bot.html)" jdcpvtltd.in 10.44.34.235
66.249.64.224 - - [04/Aug/2026:10:29:35 -0600] "GET /the-concept-of-scheduling-losses-in-the-nba HTTP/1.1" 200 43760 "-" "Mozilla/5.0 (Linux; Android 6.0.1; Nexus 5X Build/MMB29P) AppleWebKit/537.36 (KHTML, like Gecko) Chrome/150.0.7871.186 Mobile Safari/537.36 (compatible; Googlebot/2.1; +http://www.google.com/bot.html)" jdcpvtltd.in 10.44.34.235
66.249.64.225 - - [04/Aug/2026:10:29:35 -0600] "GET /502.shtml HTTP/1.1" 200 40658 "-" "Mozilla/5.0 (Linux; Android 6.0.1; Nexus 5X Build/MMB29P) AppleWebKit/537.36 (KHTML, like Gecko) Chrome/150.0.7871.186 Mobile Safari/537.36 (compatible; Googlebot/2.1; +http://www.google.com/bot.html)" jdcpvtltd.in 10.44.34.235
74.7.227.137 - - [04/Aug/2026:10:29:43 -0600] "GET /502.shtml HTTP/1.1" 404 7432 "https://www.jdcpvtltd.in" "Mozilla/5.0 AppleWebKit/537.36 (KHTML, like Gecko; compatible; GPTBot/1.4; +https://openai.com/gptbot)" jdcpvtltd.in 10.44.34.235
74.7.227.137 - - [04/Aug/2026:10:29:43 -0600] "GET /502.shtml HTTP/1.1" 404 7432 "https://www.jdcpvtltd.in" "Mozilla/5.0 AppleWebKit/537.36 (KHTML, like Gecko; compatible; GPTBot/1.4; +https://openai.com/gptbot)" jdcpvtltd.in 10.44.34.235
74.7.227.137 - - [04/Aug/2026:10:26:43 -0600] "GET /products/c4302213 HTTP/2.0" 404 7432 "https://www.jdcpvtltd.in" "Mozilla/5.0 AppleWebKit/537.36 (KHTML, like Gecko; compatible; GPTBot/1.4; +https://openai.com/gptbot)" jdcpvtltd.in 10.44.34.235
74.7.227.137 - - [04/Aug/2026:10:29:47 -0600] "GET /products/a5205632 HTTP/1.1" 404 7432 "https://www.jdcpvtltd.in" "Mozilla/5.0 AppleWebKit/537.36 (KHTML, like Gecko; compatible; GPTBot/1.4; +https://openai.com/gptbot)" jdcpvtltd.in 10.44.34.235
74.7.227.137 - - [04/Aug/2026:10:29:47 -0600] "GET /products/a5205632 HTTP/2.0" 404 7432 "https://www.jdcpvtltd.in" "Mozilla/5.0 AppleWebKit/537.36 (KHTML, like Gecko; compatible; GPTBot/1.4; +https://openai.com/gptbot)" jdcpvtltd.in 10.44.34.235
104.207.58.168 - - [04/Aug/2026:10:29:53 -0600] "GET /502.shtml HTTP/1.1" 404 7432 "https://jdcpvtltd.in/the-concept-of-scheduling-losses-in-the-nba/" "Mozilla/5.0 (Macintosh; Intel Mac OS X 10_15_7) AppleWebKit/537.36 (KHTML, like Gecko) Chrome/122.0.0.0 Safari/537.36" jdcpvtltd.in 10.44.34.235
104.207.58.168 - - [04/Aug/2026:10:30:24 -0600] "GET /502.shtml HTTP/1.1" 404 7432 "https://jdcpvtltd.in/the-concept-of-scheduling-losses-in-the-nba/" "Mozilla/5.0 (Macintosh; Intel Mac OS X 10_15_7) AppleWebKit/537.36 (KHTML, like Gecko) Chrome/122.0.0.0 Safari/537.36" jdcpvtltd.in 10.44.34.235
50.6.43.128 - - [04/Aug/2026:10:30:27 -0600] "POST /wp-cron.php?doing_wp_cron=1785861027.0632679462432861328125 HTTP/1.1" 200 - "-" "WordPress/7.0.2; https://jdcpvtltd.in" jdcpvtltd.in 10.44.34.235
74.7.227.137 - - [04/Aug/2026:10:30:52 -0600] "GET /products/e0516154 HTTP/1.1" 404 7432 "https://www.jdcpvtltd.in" "Mozilla/5.0 AppleWebKit/537.36 (KHTML, like Gecko; compatible; GPTBot/1.4; +https://openai.com/gptbot)" jdcpvtltd.in 10.44.34.235
74.7.227.137 - - [04/Aug/2026:10:30:52 -0600] "GET /products/e0516154 HTTP/2.0" 404 7432 "https://www.jdcpvtltd.in" "Mozilla/5.0 AppleWebKit/537.36 (KHTML, like Gecko; compatible; GPTBot/1.4; +https://openai.com/gptbot)" jdcpvtltd.in 10.44.34.235
34.60.155.126 - - [04/Aug/2026:10:31:24 -0600] "GET /wp-login.php?action=register HTTP/1.1" 302 - "https://jdcpvtltd.in/the-concept-of-scheduling-losses-in-the-nba/" "Mozilla/5.0 (Windows NT 6.3; Win64; x64) AppleWebKit/537.36 (KHTML, like Gecko) Chrome/103.0.0.0 Safari/537.36" jdcpvtltd.in 10.44.34.235
74.7.227.137 - - [04/Aug/2026:10:31:54 -0600] "GET /products/c2954302 HTTP/1.1" 404 7432 "https://www.jdcpvtltd.in" "Mozilla/5.0 AppleWebKit/537.36 (KHTML, like Gecko; compatible; GPTBot/1.4; +https://openai.com/gptbot)" jdcpvtltd.in 10.44.34.235
74.7.227.137 - - [04/Aug/2026:10:31:54 -0600] "GET /products/c2954302 HTTP/2.0" 404 7432 "https://www.jdcpvtltd.in" "Mozilla/5.0 AppleWebKit/537.36 (KHTML, like Gecko; compatible; GPTBot/1.4; +https://openai.com/gptbot)" jdcpvtltd.in 10.44.34.235
50.6.43.128 - - [04/Aug/2026:10:31:55 -0600] "POST /wp-cron.php?doing_wp_cron=1785861115.0197000503540039062500 HTTP/1.1" 200 - "-" "WordPress/7.0.2; https://jdcpvtltd.in" jdcpvtltd.in 10.44.34.235
34.60.155.126 - - [04/Aug/2026:10:32:10 -0600] "GET /wp-login.php?action=register HTTP/1.1" 302 - "https://jdcpvtltd.in/wp-login.php?action=register" "Mozilla/5.0 (Windows NT 6.3; Win64; x64) AppleWebKit/537.36 (KHTML, like Gecko) Chrome/103.0.0.0 Safari/537.36" jdcpvtltd.in 10.44.34.235
66.249.64.224 - - [04/Aug/2026:10:32:14 -0600] "GET /shop.php?d=21799404061100 HTTP/1.1" 200 39426 "-" "Mozilla/5.0 (Linux; Android 6.0.1; Nexus 5X Build/MMB29P) AppleWebKit/537.36 (KHTML, like Gecko) Chrome/150.0.7871.186 Mobile Safari/537.36 (compatible; Googlebot/2.1; +http://www.google.com/bot.html)" jdcpvtltd.in 10.44.34.235
66.249.64.224 - - [04/Aug/2026:10:32:14 -0600] "GET /shop.php?d=21799404061100 HTTP/1.1" 200 39426 "-" "Mozilla/5.0 (Linux; Android 6.0.1; Nexus 5X Build/MMB29P) AppleWebKit/537.36 (KHTML, like Gecko) Chrome/150.0.7871.186 Mobile Safari/537.36 (compatible; Googlebot/2.1; +http://www.google.com/bot.html)" jdcpvtltd.in 10.44.34.235
45.83.178.17 - - [04/Aug/2026:10:33:53 -0600] "POST /xmlrpc.php HTTP/1.1" 409 83 "-" "Mozilla/5.0 (Macintosh; Intel Mac OS X 10_15_7) AppleWebKit/537.36 (KHTML, like Gecko) Chrome/136.0.0.0 Safari/537.36 Edg/136.0.0.0" jdcpvtltd.in 10.44.34.235
45.83.178.43 - - [04/Aug/2026:10:34:50 -0600] "POST /xmlrpc.php HTTP/1.1" 409 83 "-" "Mozilla/5.0 (Macintosh; Intel Mac OS X 10_15_7) AppleWebKit/537.36 (KHTML, like Gecko) Chrome/146.0.0.0 Safari/537.36" jdcpvtltd.in 10.44.34.235
66.249.64.226 - - [04/Aug/2026:10:33:21 -0600] "GET /shop.php?product/review/13317363221100 HTTP/1.1" 200 40658 "-" "Mozilla/5.0 (Linux; Android 6.0.1; Nexus 5X Build/MMB29P) AppleWebKit/537.36 (KHTML, like Gecko) Chrome/150.0.7871.186 Mobile Safari/537.36 (compatible; Googlebot/2.1; +http://www.google.com/bot.html)" jdcpvtltd.in 10.44.34.235
23.81.229.133 - - [04/Aug/2026:10:36:30 -0600] "GET /the-concept-of-scheduling-losses-in-the-nba/ HTTP/1.1" 200 9278 "https://jdcpvtltd.in/" "Mozilla/5.0 (Windows NT 10.0; Win64; x64) AppleWebKit/537.36 (KHTML, like Gecko) Chrome/114.0.0.0 Safari/537.36 Vivaldi/5.3.2679.68" jdcpvtltd.in 10.44.34.235
23.81.229.133 - - [04/Aug/2026:10:36:33 -0600] "GET /?p=1617 HTTP/1.1" 301 - "https://jdcpvtltd.in/the-concept-of-scheduling-losses-in-the-nba/" "Mozilla/5.0 (Windows NT 10.0; Win64; x64) AppleWebKit/537.36 (KHTML, like Gecko) Chrome/114.0.0.0 Safari/537.36 Vivaldi/5.3.2679.68" jdcpvtltd.in 10.44.34.235
23.81.229.133 - - [04/Aug/2026:10:36:34 -0600] "GET /the-concept-of-scheduling-losses-in-the-nba/ HTTP/1.1" 200 9278 "https://jdcpvtltd.in/?p=1617" "Mozilla/5.0 (Windows NT 10.0; Win64; x64) AppleWebKit/537.36 (KHTML, like Gecko) Chrome/114.0.0.0 Safari/537.36 Vivaldi/5.3.2679.68" jdcpvtltd.in 10.44.34.235
45.83.178.42 - - [04/Aug/2026:10:38:08 -0600] "POST /xmlrpc.php HTTP/1.1" 409 83 "-" "Mozilla/5.0 (Windows NT 10.0; Win64; x64) AppleWebKit/537.36 (KHTML, like Gecko) Chrome/136.0.0.0 Safari/537.36 Edg/136.0.0.0" jdcpvtltd.in 10.44.34.235
74.7.227.137 - - [04/Aug/2026:10:32:57 -0600] "GET /products/4c795306 HTTP/2.0" 502 - "https://www.jdcpvtltd.in" "Mozilla/5.0 AppleWebKit/537.36 (KHTML, like Gecko; compatible; GPTBot/1.4; +https://openai.com/gptbot)" jdcpvtltd.in 10.44.34.235
66.249.64.224 - - [04/Aug/2026:10:36:24 -0600] "GET /shop.php?product/review/37043144181100 HTTP/1.1" 200 40658 "-" "Mozilla/5.0 (Linux; Android 6.0.1; Nexus 5X Build/MMB29P) AppleWebKit/537.36 (KHTML, like Gecko) Chrome/150.0.7871.186 Mobile Safari/537.36 (compatible; Googlebot/2.1; +http://www.google.com/bot.html)" jdcpvtltd.in 10.44.34.235
66.249.64.224 - - [04/Aug/2026:10:36:29 -0600] "GET /shop.php?d=40246829141100 HTTP/1.1" 200 40658 "-" "Mozilla/5.0 (Linux; Android 6.0.1; Nexus 5X Build/MMB29P) AppleWebKit/537.36 (KHTML, like Gecko) Chrome/150.0.7871.186 Mobile Safari/537.36 (compatible; Googlebot/2.1; +http://www.google.com/bot.html)" jdcpvtltd.in 10.44.34.235
74.7.227.137 - - [04/Aug/2026:10:34:02 -0600] "GET /products/c9823695 HTTP/2.0" 502 - "https://www.jdcpvtltd.in" "Mozilla/5.0 AppleWebKit/537.36 (KHTML, like Gecko; compatible; GPTBot/1.4; +https://openai.com/gptbot)" jdcpvtltd.in 10.44.34.235
64.31.4.57 - - [04/Aug/2026:10:40:15 -0600] "POST /xmlrpc.php HTTP/1.1" 409 83 "-" "Mozilla/5.0 (Windows NT 10.0; Win64; x64) AppleWebKit/537.36 (KHTML, like Gecko) Chrome/135.0.0.0 Safari/537.36 Edg/135.0.0.0" jdcpvtltd.in 10.44.34.235
64.31.4.57 - - [04/Aug/2026:10:40:16 -0600] "POST /xmlrpc.php HTTP/1.1" 409 83 "-" "Mozilla/5.0 (Windows NT 10.0; Win64; x64) AppleWebKit/537.36 (KHTML, like Gecko) Chrome/135.0.0.0 Safari/537.36 Edg/135.0.0.0" jdcpvtltd.in 10.44.34.235
45.83.178.17 - - [04/Aug/2026:10:40:47 -0600] "POST /xmlrpc.php HTTP/1.1" 409 83 "-" "Mozilla/5.0 (X11; Linux x86_64; rv:128.0) Gecko/20100101 Firefox/128.0" jdcpvtltd.in 10.44.34.235
74.7.227.137 - - [04/Aug/2026:10:35:05 -0600] "GET /products/7c633149 HTTP/2.0" 502 - "https://www.jdcpvtltd.in" "Mozilla/5.0 AppleWebKit/537.36 (KHTML, like Gecko; compatible; GPTBot/1.4; +https://openai.com/gptbot)" jdcpvtltd.in 10.44.34.235
77.232.38.106 - - [04/Aug/2026:10:41:33 -0600] "GET /the-concept-of-scheduling-losses-in-the-nba/ HTTP/1.1" 200 9278 "https://jdcpvtltd.in/" "Mozilla/5.0 (Windows NT 10.0; Win64; x64; rv:114.0) Gecko/20100101 Firefox/114.0" jdcpvtltd.in 10.44.34.235
77.232.38.106 - - [04/Aug/2026:10:41:34 -0600] "GET /?p=1617 HTTP/1.1" 301 - "https://jdcpvtltd.in/the-concept-of-scheduling-losses-in-the-nba/" "Mozilla/5.0 (Windows NT 10.0; Win64; x64; rv:114.0) Gecko/20100101 Firefox/114.0" jdcpvtltd.in 10.44.34.235
77.232.38.106 - - [04/Aug/2026:10:41:35 -0600] "GET /the-concept-of-scheduling-losses-in-the-nba/ HTTP/1.1" 200 9278 "https://jdcpvtltd.in/?p=1617" "Mozilla/5.0 (Windows NT 10.0; Win64; x64; rv:114.0) Gecko/20100101 Firefox/114.0" jdcpvtltd.in 10.44.34.235
45.83.178.43 - - [04/Aug/2026:10:41:35 -0600] "POST /xmlrpc.php HTTP/1.1" 409 83 "-" "Mozilla/5.0 (Windows NT 10.0; Win64; x64) AppleWebKit/537.36 (KHTML, like Gecko) Chrome/148.0.0.0 Safari/537.36 Edg/148.0.0.0" jdcpvtltd.in 10.44.34.235
74.7.227.137 - - [04/Aug/2026:10:36:06 -0600] "GET /products/a9440294 HTTP/2.0" 502 - "https://www.jdcpvtltd.in" "Mozilla/5.0 AppleWebKit/537.36 (KHTML, like Gecko; compatible; GPTBot/1.4; +https://openai.com/gptbot)" jdcpvtltd.in 10.44.34.235
66.249.64.224 - - [04/Aug/2026:10:39:28 -0600] "GET /products/7c64568 HTTP/1.1" 200 40658 "-" "Mozilla/5.0 (Linux; Android 6.0.1; Nexus 5X Build/MMB29P) AppleWebKit/537.36 (KHTML, like Gecko) Chrome/150.0.7871.186 Mobile Safari/537.36 (compatible; Googlebot/2.1; +http://www.google.com/bot.html)" jdcpvtltd.in 10.44.34.235
74.7.227.137 - - [04/Aug/2026:10:37:07 -0600] "GET /products/9e554182 HTTP/2.0" 502 - "https://www.jdcpvtltd.in" "Mozilla/5.0 AppleWebKit/537.36 (KHTML, like Gecko; compatible; GPTBot/1.4; +https://openai.com/gptbot)" jdcpvtltd.in 10.44.34.235
74.7.227.137 - - [04/Aug/2026:10:38:11 -0600] "GET /products/a0974938 HTTP/2.0" 502 - "https://www.jdcpvtltd.in" "Mozilla/5.0 AppleWebKit/537.36 (KHTML, like Gecko; compatible; GPTBot/1.4; +https://openai.com/gptbot)" jdcpvtltd.in 10.44.34.235
107.152.32.177 - - [04/Aug/2026:10:44:36 -0600] "GET /the-concept-of-scheduling-losses-in-the-nba/ HTTP/1.1" 200 9278 "https://jdcpvtltd.in/" "Mozilla/5.0 (Windows NT 10.0; WOW64; x64) AppleWebKit/537.36 (KHTML, like Gecko) Chrome/114.0.0.0 Safari/537.36 OPR/89.0.4447.51" jdcpvtltd.in 10.44.34.235
107.152.32.177 - - [04/Aug/2026:10:44:38 -0600] "GET /?p=1617 HTTP/1.1" 301 - "https://jdcpvtltd.in/the-concept-of-scheduling-losses-in-the-nba/" "Mozilla/5.0 (Windows NT 10.0; WOW64; x64) AppleWebKit/537.36 (KHTML, like Gecko) Chrome/114.0.0.0 Safari/537.36 OPR/89.0.4447.51" jdcpvtltd.in 10.44.34.235
107.152.32.177 - - [04/Aug/2026:10:44:39 -0600] "GET /the-concept-of-scheduling-losses-in-the-nba/ HTTP/1.1" 200 9278 "https://jdcpvtltd.in/?p=1617" "Mozilla/5.0 (Windows NT 10.0; WOW64; x64) AppleWebKit/537.36 (KHTML, like Gecko) Chrome/114.0.0.0 Safari/537.36 OPR/89.0.4447.51" jdcpvtltd.in 10.44.34.235
165.73.242.9 - - [04/Aug/2026:10:44:53 -0600] "POST /xmlrpc.php HTTP/1.1" 409 83 "-" "Mozilla/5.0 (Windows NT 10.0; Win64; x64) AppleWebKit/537.36 (KHTML, like Gecko) Chrome/129.0.0.0 Safari/537.36" jdcpvtltd.in 10.44.34.235
74.7.227.137 - - [04/Aug/2026:10:39:16 -0600] "GET /products/a9681512 HTTP/2.0" 502 - "https://www.jdcpvtltd.in" "Mozilla/5.0 AppleWebKit/537.36 (KHTML, like Gecko; compatible; GPTBot/1.4; +https://openai.com/gptbot)" jdcpvtltd.in 10.44.34.235
66.249.64.224 - - [04/Aug/2026:10:42:28 -0600] "GET /?productSearch/pictureSearch?id=12424515961100 HTTP/1.1" 200 40671 "-" "Mozilla/5.0 (compatible; Googlebot/2.1; +http://www.google.com/bot.html)" jdcpvtltd.in 10.44.34.235
45.83.178.42 - - [04/Aug/2026:10:45:29 -0600] "POST /xmlrpc.php HTTP/1.1" 409 83 "-" "Mozilla/5.0 (Windows NT 10.0; Win64; x64) AppleWebKit/537.36 (KHTML, like Gecko) Chrome/135.0.0.0 Safari/537.36 Edg/135.0.0.0" jdcpvtltd.in 10.44.34.235
74.7.227.137 - - [04/Aug/2026:10:40:18 -0600] "GET /products/8c432987 HTTP/2.0" 502 - "https://www.jdcpvtltd.in" "Mozilla/5.0 AppleWebKit/537.36 (KHTML, like Gecko; compatible; GPTBot/1.4; +https://openai.com/gptbot)" jdcpvtltd.in 10.44.34.235
156.59.34.88 - - [04/Aug/2026:10:46:55 -0600] "POST /xmlrpc.php HTTP/1.1" 409 83 "-" "Mozilla/5.0 (Windows NT 10.0; Win64; x64) AppleWebKit/537.36 (KHTML, like Gecko) Chrome/114.0.0.0 Safari/537.36" jdcpvtltd.in 10.44.34.235
156.59.34.88 - - [04/Aug/2026:10:46:57 -0600] "POST /xmlrpc.php HTTP/1.1" 409 83 "-" "Mozilla/5.0 (Windows NT 10.0; Win64; x64) AppleWebKit/537.36 (KHTML, like Gecko) Chrome/114.0.0.0 Safari/537.36" jdcpvtltd.in 10.44.34.235
74.7.227.137 - - [04/Aug/2026:10:41:21 -0600] "GET /products/9e470780 HTTP/2.0" 502 - "https://www.jdcpvtltd.in" "Mozilla/5.0 AppleWebKit/537.36 (KHTML, like Gecko; compatible; GPTBot/1.4; +https://openai.com/gptbot)" jdcpvtltd.in 10.44.34.235
45.83.178.17 - - [04/Aug/2026:10:47:37 -0600] "POST /xmlrpc.php HTTP/1.1" 409 83 "-" "Mozilla/5.0 (Macintosh; Intel Mac OS X 10_15_7) AppleWebKit/537.36 (KHTML, like Gecko) Chrome/129.0.0.0 Safari/537.36" jdcpvtltd.in 10.44.34.235
74.7.227.137 - - [04/Aug/2026:10:42:22 -0600] "GET /products/c3760720 HTTP/2.0" 502 - "https://www.jdcpvtltd.in" "Mozilla/5.0 AppleWebKit/537.36 (KHTML, like Gecko; compatible; GPTBot/1.4; +https://openai.com/gptbot)" jdcpvtltd.in 10.44.34.235
45.83.178.43 - - [04/Aug/2026:10:48:32 -0600] "POST /xmlrpc.php HTTP/1.1" 409 83 "-" "Mozilla/5.0 (Windows NT 10.0; Win64; x64) AppleWebKit/537.36 (KHTML, like Gecko) Chrome/135.0.0.0 Safari/537.36" jdcpvtltd.in 10.44.34.235
66.249.64.224 - - [04/Aug/2026:10:45:36 -0600] "GET /shop.php?product/category/view_more/46826909501100 HTTP/1.1" 200 40658 "-" "Mozilla/5.0 (Linux; Android 6.0.1; Nexus 5X Build/MMB29P) AppleWebKit/537.36 (KHTML, like Gecko) Chrome/150.0.7871.186 Mobile Safari/537.36 (compatible; Googlebot/2.1; +http://www.google.com/bot.html)" jdcpvtltd.in 10.44.34.235
74.7.227.137 - - [04/Aug/2026:10:43:23 -0600] "GET /products/d3665881 HTTP/2.0" 502 - "https://www.jdcpvtltd.in" "Mozilla/5.0 AppleWebKit/537.36 (KHTML, like Gecko; compatible; GPTBot/1.4; +https://openai.com/gptbot)" jdcpvtltd.in 10.44.34.235
74.7.227.137 - - [04/Aug/2026:10:44:26 -0600] "GET /products/6d990017 HTTP/2.0" 502 - "https://www.jdcpvtltd.in" "Mozilla/5.0 AppleWebKit/537.36 (KHTML, like Gecko; compatible; GPTBot/1.4; +https://openai.com/gptbot)" jdcpvtltd.in 10.44.34.235
74.7.227.137 - - [04/Aug/2026:10:45:30 -0600] "GET /products/f4344325 HTTP/2.0" 502 - "https://www.jdcpvtltd.in" "Mozilla/5.0 AppleWebKit/537.36 (KHTML, like Gecko; compatible; GPTBot/1.4; +https://openai.com/gptbot)" jdcpvtltd.in 10.44.34.235
66.249.64.225 - - [04/Aug/2026:10:48:30 -0600] "GET /?l=28868499961100 HTTP/1.1" 200 40658 "-" "Mozilla/5.0 (Linux; Android 6.0.1; Nexus 5X Build/MMB29P) AppleWebKit/537.36 (KHTML, like Gecko) Chrome/150.0.7871.186 Mobile Safari/537.36 (compatible; Googlebot/2.1; +http://www.google.com/bot.html)" jdcpvtltd.in 10.44.34.235
66.249.64.226 - - [04/Aug/2026:10:48:36 -0600] "GET /?l=48499071961100 HTTP/1.1" 200 40658 "-" "Mozilla/5.0 (Linux; Android 6.0.1; Nexus 5X Build/MMB29P) AppleWebKit/537.36 (KHTML, like Gecko) Chrome/150.0.7871.186 Mobile Safari/537.36 (compatible; Googlebot/2.1; +http://www.google.com/bot.html)" jdcpvtltd.in 10.44.34.235
74.7.227.137 - - [04/Aug/2026:10:46:30 -0600] "GET /products/3f338248 HTTP/2.0" 502 - "https://www.jdcpvtltd.in" "Mozilla/5.0 AppleWebKit/537.36 (KHTML, like Gecko; compatible; GPTBot/1.4; +https://openai.com/gptbot)" jdcpvtltd.in 10.44.34.235
45.83.178.42 - - [04/Aug/2026:10:52:33 -0600] "POST /xmlrpc.php HTTP/1.1" 409 83 "-" "Mozilla/5.0 (Windows NT 10.0; Win64; x64) AppleWebKit/537.36 (KHTML, like Gecko) Chrome/91.0.4472.124 Safari/537.36" jdcpvtltd.in 10.44.34.235
74.7.227.137 - - [04/Aug/2026:10:47:34 -0600] "GET /products/2d384260 HTTP/2.0" 502 - "https://www.jdcpvtltd.in" "Mozilla/5.0 AppleWebKit/537.36 (KHTML, like Gecko; compatible; GPTBot/1.4; +https://openai.com/gptbot)" jdcpvtltd.in 10.44.34.235
45.83.178.17 - - [04/Aug/2026:10:53:59 -0600] "POST /xmlrpc.php HTTP/1.1" 409 83 "-" "Mozilla/5.0 (Macintosh; Intel Mac OS X 10_15_7) AppleWebKit/537.36 (KHTML, like Gecko) Chrome/129.0.0.0 Safari/537.36" jdcpvtltd.in 10.44.34.235
74.7.227.137 - - [04/Aug/2026:10:48:40 -0600] "GET /products/4b719366 HTTP/2.0" 502 - "https://www.jdcpvtltd.in" "Mozilla/5.0 AppleWebKit/537.36 (KHTML, like Gecko; compatible; GPTBot/1.4; +https://openai.com/gptbot)" jdcpvtltd.in 10.44.34.235
45.83.178.43 - - [04/Aug/2026:10:55:08 -0600] "POST /xmlrpc.php HTTP/1.1" 409 83 "-" "Mozilla/5.0 (Macintosh; Intel Mac OS X 10_15_7) AppleWebKit/605.1.15 (KHTML, like Gecko) Version/26.4 Safari/605.1.15" jdcpvtltd.in 10.44.34.235
74.7.227.137 - - [04/Aug/2026:10:49:40 -0600] "GET /products/8f944584 HTTP/2.0" 502 - "https://www.jdcpvtltd.in" "Mozilla/5.0 AppleWebKit/537.36 (KHTML, like Gecko; compatible; GPTBot/1.4; +https://openai.com/gptbot)" jdcpvtltd.in 10.44.34.235
66.249.64.224 - - [04/Aug/2026:10:52:55 -0600] "GET /?productSearch/pictureSearch?id=38415535961100 HTTP/1.1" 200 40671 "-" "Mozilla/5.0 (compatible; Googlebot/2.1; +http://www.google.com/bot.html)" jdcpvtltd.in 10.44.34.235
74.7.227.137 - - [04/Aug/2026:10:50:43 -0600] "GET /products/9c518291 HTTP/2.0" 502 - "https://www.jdcpvtltd.in" "Mozilla/5.0 AppleWebKit/537.36 (KHTML, like Gecko; compatible; GPTBot/1.4; +https://openai.com/gptbot)" jdcpvtltd.in 10.44.34.235
66.249.64.225 - - [04/Aug/2026:10:54:35 -0600] "GET /shop.php?product/category/view_more/26452591061100 HTTP/1.1" 200 40658 "-" "Mozilla/5.0 (Linux; Android 6.0.1; Nexus 5X Build/MMB29P) AppleWebKit/537.36 (KHTML, like Gecko) Chrome/150.0.7871.186 Mobile Safari/537.36 (compatible; Googlebot/2.1; +http://www.google.com/bot.html)" jdcpvtltd.in 10.44.34.235
74.7.227.137 - - [04/Aug/2026:10:51:48 -0600] "GET /products/c8237756 HTTP/2.0" 502 - "https://www.jdcpvtltd.in" "Mozilla/5.0 AppleWebKit/537.36 (KHTML, like Gecko; compatible; GPTBot/1.4; +https://openai.com/gptbot)" jdcpvtltd.in 10.44.34.235
74.7.227.137 - - [04/Aug/2026:10:52:48 -0600] "GET /products/2e672059 HTTP/2.0" 502 - "https://www.jdcpvtltd.in" "Mozilla/5.0 AppleWebKit/537.36 (KHTML, like Gecko; compatible; GPTBot/1.4; +https://openai.com/gptbot)" jdcpvtltd.in 10.44.34.235
64.31.4.57 - - [04/Aug/2026:10:58:51 -0600] "POST /xmlrpc.php HTTP/1.1" 409 83 "-" "Mozilla/5.0 (Windows NT 10.0; Win64; x64) AppleWebKit/537.36 (KHTML, like Gecko) Chrome/135.0.0.0 Safari/537.36" jdcpvtltd.in 10.44.34.235
64.31.4.57 - - [04/Aug/2026:10:58:51 -0600] "POST /xmlrpc.php HTTP/1.1" 409 83 "-" "Mozilla/5.0 (Windows NT 10.0; Win64; x64) AppleWebKit/537.36 (KHTML, like Gecko) Chrome/135.0.0.0 Safari/537.36" jdcpvtltd.in 10.44.34.235
74.7.227.137 - - [04/Aug/2026:10:53:53 -0600] "GET /products/c6112938 HTTP/2.0" 502 - "https://www.jdcpvtltd.in" "Mozilla/5.0 AppleWebKit/537.36 (KHTML, like Gecko; compatible; GPTBot/1.4; +https://openai.com/gptbot)" jdcpvtltd.in 10.44.34.235
45.83.178.17 - - [04/Aug/2026:10:59:56 -0600] "POST /xmlrpc.php HTTP/1.1" 409 83 "-" "Mozilla/5.0 (Windows NT 10.0; Win64; x64) AppleWebKit/537.36 (KHTML, like Gecko) Chrome/133.0.0.0 Safari/537.36" jdcpvtltd.in 10.44.34.235
20.215.188.192 - - [04/Aug/2026:10:57:05 -0600] "GET /?l=25443335961100 HTTP/2.0" 200 7798 "-" "Mozilla/5.0 AppleWebKit/537.36 (KHTML, like Gecko); compatible; ChatGPT-User/1.0; +https://openai.com/bot" jdcpvtltd.in 10.44.34.235
45.83.178.42 - - [04/Aug/2026:11:00:12 -0600] "POST /xmlrpc.php HTTP/1.1" 409 83 "-" "Mozilla/5.0 (Windows NT 10.0; Win64; x64) AppleWebKit/537.36 (KHTML, like Gecko) Chrome/147.0.0.0 Safari/537.36 OPR/131.0.0.0" jdcpvtltd.in 10.44.34.235
165.73.242.9 - - [04/Aug/2026:11:00:14 -0600] "POST /xmlrpc.php HTTP/1.1" 409 83 "-" "Mozilla/5.0 (Windows NT 10.0; Win64; x64) AppleWebKit/537.36 (KHTML, like Gecko) Chrome/132.0.0.0 Safari/537.36" jdcpvtltd.in 10.44.34.235
66.249.64.224 - - [04/Aug/2026:10:57:35 -0600] "GET /shop.php?product/review/47801247341100 HTTP/1.1" 200 40658 "-" "Mozilla/5.0 (Linux; Android 6.0.1; Nexus 5X Build/MMB29P) AppleWebKit/537.36 (KHTML, like Gecko) Chrome/150.0.7871.186 Mobile Safari/537.36 (compatible; Googlebot/2.1; +http://www.google.com/bot.html)" jdcpvtltd.in 10.44.34.235
15.235.145.198 - - [04/Aug/2026:11:00:48 -0600] "GET /the-concept-of-scheduling-losses-in-the-nba/ HTTP/1.1" 200 9278 "https://jdcpvtltd.in/" "Mozilla/5.0 (Macintosh; Intel Mac OS X 10.15; rv:137.0) Gecko/20100101 Firefox/137.0" jdcpvtltd.in 10.44.34.235
15.235.145.198 - - [04/Aug/2026:11:00:48 -0600] "GET /?p=1617 HTTP/1.1" 301 - "https://jdcpvtltd.in/the-concept-of-scheduling-losses-in-the-nba/" "Mozilla/5.0 (Macintosh; Intel Mac OS X 10.15; rv:137.0) Gecko/20100101 Firefox/137.0" jdcpvtltd.in 10.44.34.235
15.235.145.198 - - [04/Aug/2026:11:00:49 -0600] "GET /the-concept-of-scheduling-losses-in-the-nba/ HTTP/1.1" 200 9278 "https://jdcpvtltd.in/?p=1617" "Mozilla/5.0 (Macintosh; Intel Mac OS X 10.15; rv:137.0) Gecko/20100101 Firefox/137.0" jdcpvtltd.in 10.44.34.235
74.7.227.137 - - [04/Aug/2026:10:54:53 -0600] "GET /products/3e134866 HTTP/2.0" 502 - "https://www.jdcpvtltd.in" "Mozilla/5.0 AppleWebKit/537.36 (KHTML, like Gecko; compatible; GPTBot/1.4; +https://openai.com/gptbot)" jdcpvtltd.in 10.44.34.235
50.6.43.128 - - [04/Aug/2026:10:33:00 -0600] "POST /wp-cron.php?doing_wp_cron=1785861180.1116189956665039062500 HTTP/1.1" 200 - "-" "WordPress/7.0.2; https://jdcpvtltd.in" jdcpvtltd.in 10.44.34.235
34.60.155.126 - - [04/Aug/2026:10:33:41 -0600] "GET /wp-login.php?action=register HTTP/1.1" 302 - "https://jdcpvtltd.in/wp-login.php?action=register" "Mozilla/5.0 (Windows NT 6.3; Win64; x64) AppleWebKit/537.36 (KHTML, like Gecko) Chrome/103.0.0.0 Safari/537.36" jdcpvtltd.in 10.44.34.235
66.249.64.226 - - [04/Aug/2026:10:33:22 -0600] "GET /shop.php?product/review/13317363221100 HTTP/1.1" 200 38915 "-" "Mozilla/5.0 (Linux; Android 6.0.1; Nexus 5X Build/MMB29P) AppleWebKit/537.36 (KHTML, like Gecko) Chrome/150.0.7871.186 Mobile Safari/537.36 (compatible; Googlebot/2.1; +http://www.google.com/bot.html)" jdcpvtltd.in 10.44.34.235
34.60.155.126 - - [04/Aug/2026:10:32:55 -0600] "GET /wp-login.php?action=register HTTP/1.1" 302 - "https://jdcpvtltd.in/wp-login.php?action=register" "Mozilla/5.0 (Windows NT 6.3; Win64; x64) AppleWebKit/537.36 (KHTML, like Gecko) Chrome/103.0.0.0 Safari/537.36" jdcpvtltd.in 10.44.34.235
74.7.227.137 - - [04/Aug/2026:10:34:02 -0600] "GET /products/c9823695 HTTP/1.1" 404 7432 "https://www.jdcpvtltd.in" "Mozilla/5.0 AppleWebKit/537.36 (KHTML, like Gecko; compatible; GPTBot/1.4; +https://openai.com/gptbot)" jdcpvtltd.in 10.44.34.235
74.7.227.137 - - [04/Aug/2026:10:35:05 -0600] "GET /products/7c633149 HTTP/1.1" 404 7432 "https://www.jdcpvtltd.in" "Mozilla/5.0 AppleWebKit/537.36 (KHTML, like Gecko; compatible; GPTBot/1.4; +https://openai.com/gptbot)" jdcpvtltd.in 10.44.34.235
74.7.227.137 - - [04/Aug/2026:10:35:57 -0600] "GET /502.shtml HTTP/1.1" 404 7432 "https://www.jdcpvtltd.in" "Mozilla/5.0 AppleWebKit/537.36 (KHTML, like Gecko; compatible; GPTBot/1.4; +https://openai.com/gptbot)" jdcpvtltd.in 10.44.34.235
74.7.227.137 - - [04/Aug/2026:10:36:06 -0600] "GET /products/a9440294 HTTP/1.1" 404 7432 "https://www.jdcpvtltd.in" "Mozilla/5.0 AppleWebKit/537.36 (KHTML, like Gecko; compatible; GPTBot/1.4; +https://openai.com/gptbot)" jdcpvtltd.in 10.44.34.235
74.7.227.137 - - [04/Aug/2026:10:35:57 -0600] "GET /502.shtml HTTP/1.1" 404 7432 "https://www.jdcpvtltd.in" "Mozilla/5.0 AppleWebKit/537.36 (KHTML, like Gecko; compatible; GPTBot/1.4; +https://openai.com/gptbot)" jdcpvtltd.in 10.44.34.235
66.249.64.224 - - [04/Aug/2026:10:36:29 -0600] "GET /shop.php?d=40246829141100 HTTP/1.1" 200 38917 "-" "Mozilla/5.0 (Linux; Android 6.0.1; Nexus 5X Build/MMB29P) AppleWebKit/537.36 (KHTML, like Gecko) Chrome/150.0.7871.186 Mobile Safari/537.36 (compatible; Googlebot/2.1; +http://www.google.com/bot.html)" jdcpvtltd.in 10.44.34.235
66.249.64.224 - - [04/Aug/2026:10:36:24 -0600] "GET /shop.php?product/review/37043144181100 HTTP/1.1" 200 40422 "-" "Mozilla/5.0 (Linux; Android 6.0.1; Nexus 5X Build/MMB29P) AppleWebKit/537.36 (KHTML, like Gecko) Chrome/150.0.7871.186 Mobile Safari/537.36 (compatible; Googlebot/2.1; +http://www.google.com/bot.html)" jdcpvtltd.in 10.44.34.235
74.7.227.137 - - [04/Aug/2026:10:37:02 -0600] "GET /502.shtml HTTP/1.1" 404 7432 "https://www.jdcpvtltd.in" "Mozilla/5.0 AppleWebKit/537.36 (KHTML, like Gecko; compatible; GPTBot/1.4; +https://openai.com/gptbot)" jdcpvtltd.in 10.44.34.235
74.7.227.137 - - [04/Aug/2026:10:37:02 -0600] "GET /502.shtml HTTP/1.1" 404 7432 "https://www.jdcpvtltd.in" "Mozilla/5.0 AppleWebKit/537.36 (KHTML, like Gecko; compatible; GPTBot/1.4; +https://openai.com/gptbot)" jdcpvtltd.in 10.44.34.235
74.7.227.137 - - [04/Aug/2026:10:37:07 -0600] "GET /products/9e554182 HTTP/1.1" 404 7432 "https://www.jdcpvtltd.in" "Mozilla/5.0 AppleWebKit/537.36 (KHTML, like Gecko; compatible; GPTBot/1.4; +https://openai.com/gptbot)" jdcpvtltd.in 10.44.34.235
74.7.227.137 - - [04/Aug/2026:10:38:05 -0600] "GET /502.shtml HTTP/1.1" 404 7432 "https://www.jdcpvtltd.in" "Mozilla/5.0 AppleWebKit/537.36 (KHTML, like Gecko; compatible; GPTBot/1.4; +https://openai.com/gptbot)" jdcpvtltd.in 10.44.34.235
74.7.227.137 - - [04/Aug/2026:10:38:11 -0600] "GET /products/a0974938 HTTP/1.1" 404 7432 "https://www.jdcpvtltd.in" "Mozilla/5.0 AppleWebKit/537.36 (KHTML, like Gecko; compatible; GPTBot/1.4; +https://openai.com/gptbot)" jdcpvtltd.in 10.44.34.235
74.7.227.137 - - [04/Aug/2026:10:38:05 -0600] "GET /502.shtml HTTP/1.1" 404 7432 "https://www.jdcpvtltd.in" "Mozilla/5.0 AppleWebKit/537.36 (KHTML, like Gecko; compatible; GPTBot/1.4; +https://openai.com/gptbot)" jdcpvtltd.in 10.44.34.235
45.83.178.43 - - [04/Aug/2026:11:01:33 -0600] "POST /xmlrpc.php HTTP/1.1" 409 83 "-" "Mozilla/5.0 (Macintosh; Intel Mac OS X 10_15_7) AppleWebKit/537.36 (KHTML, like Gecko) Chrome/136.0.0.0 Safari/537.36 Edg/136.0.0.0" jdcpvtltd.in 10.44.34.235
74.7.227.137 - - [04/Aug/2026:10:38:57 -0600] "GET /502.shtml HTTP/1.1" 404 7432 "https://www.jdcpvtltd.in" "Mozilla/5.0 AppleWebKit/537.36 (KHTML, like Gecko; compatible; GPTBot/1.4; +https://openai.com/gptbot)" jdcpvtltd.in 10.44.34.235
74.7.227.137 - - [04/Aug/2026:10:39:07 -0600] "GET /502.shtml HTTP/1.1" 404 7432 "https://www.jdcpvtltd.in" "Mozilla/5.0 AppleWebKit/537.36 (KHTML, like Gecko; compatible; GPTBot/1.4; +https://openai.com/gptbot)" jdcpvtltd.in 10.44.34.235
74.7.227.137 - - [04/Aug/2026:10:39:07 -0600] "GET /502.shtml HTTP/1.1" 404 7432 "https://www.jdcpvtltd.in" "Mozilla/5.0 AppleWebKit/537.36 (KHTML, like Gecko; compatible; GPTBot/1.4; +https://openai.com/gptbot)" jdcpvtltd.in 10.44.34.235
74.7.227.137 - - [04/Aug/2026:10:39:16 -0600] "GET /products/a9681512 HTTP/1.1" 404 7432 "https://www.jdcpvtltd.in" "Mozilla/5.0 AppleWebKit/537.36 (KHTML, like Gecko; compatible; GPTBot/1.4; +https://openai.com/gptbot)" jdcpvtltd.in 10.44.34.235
66.249.64.224 - - [04/Aug/2026:10:39:28 -0600] "GET /products/7c64568 HTTP/1.1" 200 41588 "-" "Mozilla/5.0 (Linux; Android 6.0.1; Nexus 5X Build/MMB29P) AppleWebKit/537.36 (KHTML, like Gecko) Chrome/150.0.7871.186 Mobile Safari/537.36 (compatible; Googlebot/2.1; +http://www.google.com/bot.html)" jdcpvtltd.in 10.44.34.235
74.7.227.137 - - [04/Aug/2026:10:40:02 -0600] "GET /502.shtml HTTP/1.1" 404 7432 "https://www.jdcpvtltd.in" "Mozilla/5.0 AppleWebKit/537.36 (KHTML, like Gecko; compatible; GPTBot/1.4; +https://openai.com/gptbot)" jdcpvtltd.in 10.44.34.235
74.7.227.137 - - [04/Aug/2026:10:40:07 -0600] "GET /502.shtml HTTP/1.1" 404 7432 "https://www.jdcpvtltd.in" "Mozilla/5.0 AppleWebKit/537.36 (KHTML, like Gecko; compatible; GPTBot/1.4; +https://openai.com/gptbot)" jdcpvtltd.in 10.44.34.235
74.7.227.137 - - [04/Aug/2026:10:40:07 -0600] "GET /502.shtml HTTP/1.1" 404 7432 "https://www.jdcpvtltd.in" "Mozilla/5.0 AppleWebKit/537.36 (KHTML, like Gecko; compatible; GPTBot/1.4; +https://openai.com/gptbot)" jdcpvtltd.in 10.44.34.235
74.7.227.137 - - [04/Aug/2026:10:40:18 -0600] "GET /products/8c432987 HTTP/1.1" 404 7432 "https://www.jdcpvtltd.in" "Mozilla/5.0 AppleWebKit/537.36 (KHTML, like Gecko; compatible; GPTBot/1.4; +https://openai.com/gptbot)" jdcpvtltd.in 10.44.34.235
74.7.227.137 - - [04/Aug/2026:10:41:05 -0600] "GET /502.shtml HTTP/1.1" 404 7432 "https://www.jdcpvtltd.in" "Mozilla/5.0 AppleWebKit/537.36 (KHTML, like Gecko; compatible; GPTBot/1.4; +https://openai.com/gptbot)" jdcpvtltd.in 10.44.34.235
74.7.227.137 - - [04/Aug/2026:10:41:21 -0600] "GET /products/9e470780 HTTP/1.1" 404 7432 "https://www.jdcpvtltd.in" "Mozilla/5.0 AppleWebKit/537.36 (KHTML, like Gecko; compatible; GPTBot/1.4; +https://openai.com/gptbot)" jdcpvtltd.in 10.44.34.235
74.7.227.137 - - [04/Aug/2026:10:41:11 -0600] "GET /502.shtml HTTP/1.1" 404 7432 "https://www.jdcpvtltd.in" "Mozilla/5.0 AppleWebKit/537.36 (KHTML, like Gecko; compatible; GPTBot/1.4; +https://openai.com/gptbot)" jdcpvtltd.in 10.44.34.235
74.7.227.137 - - [04/Aug/2026:10:41:11 -0600] "GET /502.shtml HTTP/1.1" 404 7432 "https://www.jdcpvtltd.in" "Mozilla/5.0 AppleWebKit/537.36 (KHTML, like Gecko; compatible; GPTBot/1.4; +https://openai.com/gptbot)" jdcpvtltd.in 10.44.34.235
74.7.227.137 - - [04/Aug/2026:10:42:07 -0600] "GET /502.shtml HTTP/1.1" 404 7432 "https://www.jdcpvtltd.in" "Mozilla/5.0 AppleWebKit/537.36 (KHTML, like Gecko; compatible; GPTBot/1.4; +https://openai.com/gptbot)" jdcpvtltd.in 10.44.34.235
74.7.227.137 - - [04/Aug/2026:10:42:22 -0600] "GET /products/c3760720 HTTP/1.1" 404 7432 "https://www.jdcpvtltd.in" "Mozilla/5.0 AppleWebKit/537.36 (KHTML, like Gecko; compatible; GPTBot/1.4; +https://openai.com/gptbot)" jdcpvtltd.in 10.44.34.235
74.7.227.137 - - [04/Aug/2026:10:42:16 -0600] "GET /502.shtml HTTP/1.1" 404 7432 "https://www.jdcpvtltd.in" "Mozilla/5.0 AppleWebKit/537.36 (KHTML, like Gecko; compatible; GPTBot/1.4; +https://openai.com/gptbot)" jdcpvtltd.in 10.44.34.235
74.7.227.137 - - [04/Aug/2026:10:42:16 -0600] "GET /502.shtml HTTP/1.1" 404 7432 "https://www.jdcpvtltd.in" "Mozilla/5.0 AppleWebKit/537.36 (KHTML, like Gecko; compatible; GPTBot/1.4; +https://openai.com/gptbot)" jdcpvtltd.in 10.44.34.235
66.249.64.224 - - [04/Aug/2026:10:42:28 -0600] "GET /?productSearch/pictureSearch?id=12424515961100 HTTP/1.1" 200 41506 "-" "Mozilla/5.0 (compatible; Googlebot/2.1; +http://www.google.com/bot.html)" jdcpvtltd.in 10.44.34.235
74.7.227.137 - - [04/Aug/2026:10:43:07 -0600] "GET /502.shtml HTTP/1.1" 404 7432 "https://www.jdcpvtltd.in" "Mozilla/5.0 AppleWebKit/537.36 (KHTML, like Gecko; compatible; GPTBot/1.4; +https://openai.com/gptbot)" jdcpvtltd.in 10.44.34.235
74.7.227.137 - - [04/Aug/2026:10:43:19 -0600] "GET /502.shtml HTTP/1.1" 404 7432 "https://www.jdcpvtltd.in" "Mozilla/5.0 AppleWebKit/537.36 (KHTML, like Gecko; compatible; GPTBot/1.4; +https://openai.com/gptbot)" jdcpvtltd.in 10.44.34.235
74.7.227.137 - - [04/Aug/2026:10:43:19 -0600] "GET /502.shtml HTTP/1.1" 404 7432 "https://www.jdcpvtltd.in" "Mozilla/5.0 AppleWebKit/537.36 (KHTML, like Gecko; compatible; GPTBot/1.4; +https://openai.com/gptbot)" jdcpvtltd.in 10.44.34.235
74.7.227.137 - - [04/Aug/2026:10:43:23 -0600] "GET /products/d3665881 HTTP/1.1" 404 7432 "https://www.jdcpvtltd.in" "Mozilla/5.0 AppleWebKit/537.36 (KHTML, like Gecko; compatible; GPTBot/1.4; +https://openai.com/gptbot)" jdcpvtltd.in 10.44.34.235
74.7.227.137 - - [04/Aug/2026:10:55:58 -0600] "GET /products/3f302168 HTTP/2.0" 502 - "https://www.jdcpvtltd.in" "Mozilla/5.0 AppleWebKit/537.36 (KHTML, like Gecko; compatible; GPTBot/1.4; +https://openai.com/gptbot)" jdcpvtltd.in 10.44.34.235
74.7.227.137 - - [04/Aug/2026:10:44:21 -0600] "GET /502.shtml HTTP/1.1" 404 7432 "https://www.jdcpvtltd.in" "Mozilla/5.0 AppleWebKit/537.36 (KHTML, like Gecko; compatible; GPTBot/1.4; +https://openai.com/gptbot)" jdcpvtltd.in 10.44.34.235
74.7.227.137 - - [04/Aug/2026:10:44:11 -0600] "GET /502.shtml HTTP/1.1" 404 7432 "https://www.jdcpvtltd.in" "Mozilla/5.0 AppleWebKit/537.36 (KHTML, like Gecko; compatible; GPTBot/1.4; +https://openai.com/gptbot)" jdcpvtltd.in 10.44.34.235
74.7.227.137 - - [04/Aug/2026:10:44:21 -0600] "GET /502.shtml HTTP/1.1" 404 7432 "https://www.jdcpvtltd.in" "Mozilla/5.0 AppleWebKit/537.36 (KHTML, like Gecko; compatible; GPTBot/1.4; +https://openai.com/gptbot)" jdcpvtltd.in 10.44.34.235
74.7.227.137 - - [04/Aug/2026:10:44:26 -0600] "GET /products/6d990017 HTTP/1.1" 404 7432 "https://www.jdcpvtltd.in" "Mozilla/5.0 AppleWebKit/537.36 (KHTML, like Gecko; compatible; GPTBot/1.4; +https://openai.com/gptbot)" jdcpvtltd.in 10.44.34.235
74.7.227.137 - - [04/Aug/2026:10:45:16 -0600] "GET /502.shtml HTTP/1.1" 404 7432 "https://www.jdcpvtltd.in" "Mozilla/5.0 AppleWebKit/537.36 (KHTML, like Gecko; compatible; GPTBot/1.4; +https://openai.com/gptbot)" jdcpvtltd.in 10.44.34.235
74.7.227.137 - - [04/Aug/2026:10:45:22 -0600] "GET /502.shtml HTTP/1.1" 404 7432 "https://www.jdcpvtltd.in" "Mozilla/5.0 AppleWebKit/537.36 (KHTML, like Gecko; compatible; GPTBot/1.4; +https://openai.com/gptbot)" jdcpvtltd.in 10.44.34.235
74.7.227.137 - - [04/Aug/2026:10:45:22 -0600] "GET /502.shtml HTTP/1.1" 404 7432 "https://www.jdcpvtltd.in" "Mozilla/5.0 AppleWebKit/537.36 (KHTML, like Gecko; compatible; GPTBot/1.4; +https://openai.com/gptbot)" jdcpvtltd.in 10.44.34.235
74.7.227.137 - - [04/Aug/2026:10:45:30 -0600] "GET /products/f4344325 HTTP/1.1" 404 7432 "https://www.jdcpvtltd.in" "Mozilla/5.0 AppleWebKit/537.36 (KHTML, like Gecko; compatible; GPTBot/1.4; +https://openai.com/gptbot)" jdcpvtltd.in 10.44.34.235
74.7.227.137 - - [04/Aug/2026:10:46:19 -0600] "GET /502.shtml HTTP/1.1" 404 7432 "https://www.jdcpvtltd.in" "Mozilla/5.0 AppleWebKit/537.36 (KHTML, like Gecko; compatible; GPTBot/1.4; +https://openai.com/gptbot)" jdcpvtltd.in 10.44.34.235
74.7.227.137 - - [04/Aug/2026:10:46:23 -0600] "GET /502.shtml HTTP/1.1" 404 7432 "https://www.jdcpvtltd.in" "Mozilla/5.0 AppleWebKit/537.36 (KHTML, like Gecko; compatible; GPTBot/1.4; +https://openai.com/gptbot)" jdcpvtltd.in 10.44.34.235
74.7.227.137 - - [04/Aug/2026:10:46:23 -0600] "GET /502.shtml HTTP/1.1" 404 7432 "https://www.jdcpvtltd.in" "Mozilla/5.0 AppleWebKit/537.36 (KHTML, like Gecko; compatible; GPTBot/1.4; +https://openai.com/gptbot)" jdcpvtltd.in 10.44.34.235
74.7.227.137 - - [04/Aug/2026:10:46:30 -0600] "GET /products/3f338248 HTTP/1.1" 404 7432 "https://www.jdcpvtltd.in" "Mozilla/5.0 AppleWebKit/537.36 (KHTML, like Gecko; compatible; GPTBot/1.4; +https://openai.com/gptbot)" jdcpvtltd.in 10.44.34.235
66.249.64.224 - - [04/Aug/2026:10:45:36 -0600] "GET /shop.php?product/category/view_more/46826909501100 HTTP/1.1" 200 39742 "-" "Mozilla/5.0 (Linux; Android 6.0.1; Nexus 5X Build/MMB29P) AppleWebKit/537.36 (KHTML, like Gecko) Chrome/150.0.7871.186 Mobile Safari/537.36 (compatible; Googlebot/2.1; +http://www.google.com/bot.html)" jdcpvtltd.in 10.44.34.235
74.7.227.137 - - [04/Aug/2026:10:47:26 -0600] "GET /502.shtml HTTP/1.1" 404 7432 "https://www.jdcpvtltd.in" "Mozilla/5.0 AppleWebKit/537.36 (KHTML, like Gecko; compatible; GPTBot/1.4; +https://openai.com/gptbot)" jdcpvtltd.in 10.44.34.235
74.7.227.137 - - [04/Aug/2026:10:47:21 -0600] "GET /502.shtml HTTP/1.1" 404 7432 "https://www.jdcpvtltd.in" "Mozilla/5.0 AppleWebKit/537.36 (KHTML, like Gecko; compatible; GPTBot/1.4; +https://openai.com/gptbot)" jdcpvtltd.in 10.44.34.235
74.7.227.137 - - [04/Aug/2026:10:47:26 -0600] "GET /502.shtml HTTP/1.1" 404 7432 "https://www.jdcpvtltd.in" "Mozilla/5.0 AppleWebKit/537.36 (KHTML, like Gecko; compatible; GPTBot/1.4; +https://openai.com/gptbot)" jdcpvtltd.in 10.44.34.235
74.7.227.137 - - [04/Aug/2026:10:47:34 -0600] "GET /products/2d384260 HTTP/1.1" 404 7432 "https://www.jdcpvtltd.in" "Mozilla/5.0 AppleWebKit/537.36 (KHTML, like Gecko; compatible; GPTBot/1.4; +https://openai.com/gptbot)" jdcpvtltd.in 10.44.34.235
74.7.227.137 - - [04/Aug/2026:10:48:22 -0600] "GET /502.shtml HTTP/1.1" 404 7432 "https://www.jdcpvtltd.in" "Mozilla/5.0 AppleWebKit/537.36 (KHTML, like Gecko; compatible; GPTBot/1.4; +https://openai.com/gptbot)" jdcpvtltd.in 10.44.34.235
66.249.64.225 - - [04/Aug/2026:10:48:30 -0600] "GET /?l=28868499961100 HTTP/1.1" 200 41265 "-" "Mozilla/5.0 (Linux; Android 6.0.1; Nexus 5X Build/MMB29P) AppleWebKit/537.36 (KHTML, like Gecko) Chrome/150.0.7871.186 Mobile Safari/537.36 (compatible; Googlebot/2.1; +http://www.google.com/bot.html)" jdcpvtltd.in 10.44.34.235
74.7.227.137 - - [04/Aug/2026:10:48:30 -0600] "GET /502.shtml HTTP/1.1" 404 7432 "https://www.jdcpvtltd.in" "Mozilla/5.0 AppleWebKit/537.36 (KHTML, like Gecko; compatible; GPTBot/1.4; +https://openai.com/gptbot)" jdcpvtltd.in 10.44.34.235
66.249.64.226 - - [04/Aug/2026:10:48:36 -0600] "GET /?l=48499071961100 HTTP/1.1" 200 42738 "-" "Mozilla/5.0 (Linux; Android 6.0.1; Nexus 5X Build/MMB29P) AppleWebKit/537.36 (KHTML, like Gecko) Chrome/150.0.7871.186 Mobile Safari/537.36 (compatible; Googlebot/2.1; +http://www.google.com/bot.html)" jdcpvtltd.in 10.44.34.235
74.7.227.137 - - [04/Aug/2026:10:48:40 -0600] "GET /products/4b719366 HTTP/1.1" 404 7432 "https://www.jdcpvtltd.in" "Mozilla/5.0 AppleWebKit/537.36 (KHTML, like Gecko; compatible; GPTBot/1.4; +https://openai.com/gptbot)" jdcpvtltd.in 10.44.34.235
74.7.227.137 - - [04/Aug/2026:10:48:30 -0600] "GET /502.shtml HTTP/1.1" 404 7432 "https://www.jdcpvtltd.in" "Mozilla/5.0 AppleWebKit/537.36 (KHTML, like Gecko; compatible; GPTBot/1.4; +https://openai.com/gptbot)" jdcpvtltd.in 10.44.34.235
74.7.227.137 - - [04/Aug/2026:10:49:23 -0600] "GET /502.shtml HTTP/1.1" 404 7432 "https://www.jdcpvtltd.in" "Mozilla/5.0 AppleWebKit/537.36 (KHTML, like Gecko; compatible; GPTBot/1.4; +https://openai.com/gptbot)" jdcpvtltd.in 10.44.34.235
74.7.227.137 - - [04/Aug/2026:10:49:30 -0600] "GET /502.shtml HTTP/1.1" 404 7432 "https://www.jdcpvtltd.in" "Mozilla/5.0 AppleWebKit/537.36 (KHTML, like Gecko; compatible; GPTBot/1.4; +https://openai.com/gptbot)" jdcpvtltd.in 10.44.34.235
74.7.227.137 - - [04/Aug/2026:10:49:40 -0600] "GET /products/8f944584 HTTP/1.1" 404 7432 "https://www.jdcpvtltd.in" "Mozilla/5.0 AppleWebKit/537.36 (KHTML, like Gecko; compatible; GPTBot/1.4; +https://openai.com/gptbot)" jdcpvtltd.in 10.44.34.235
74.7.227.137 - - [04/Aug/2026:10:49:30 -0600] "GET /502.shtml HTTP/1.1" 404 7432 "https://www.jdcpvtltd.in" "Mozilla/5.0 AppleWebKit/537.36 (KHTML, like Gecko; compatible; GPTBot/1.4; +https://openai.com/gptbot)" jdcpvtltd.in 10.44.34.235
74.7.227.137 - - [04/Aug/2026:10:50:26 -0600] "GET /502.shtml HTTP/1.1" 404 7432 "https://www.jdcpvtltd.in" "Mozilla/5.0 AppleWebKit/537.36 (KHTML, like Gecko; compatible; GPTBot/1.4; +https://openai.com/gptbot)" jdcpvtltd.in 10.44.34.235
74.7.227.137 - - [04/Aug/2026:10:50:34 -0600] "GET /502.shtml HTTP/1.1" 404 7432 "https://www.jdcpvtltd.in" "Mozilla/5.0 AppleWebKit/537.36 (KHTML, like Gecko; compatible; GPTBot/1.4; +https://openai.com/gptbot)" jdcpvtltd.in 10.44.34.235
74.7.227.137 - - [04/Aug/2026:10:50:34 -0600] "GET /502.shtml HTTP/1.1" 404 7432 "https://www.jdcpvtltd.in" "Mozilla/5.0 AppleWebKit/537.36 (KHTML, like Gecko; compatible; GPTBot/1.4; +https://openai.com/gptbot)" jdcpvtltd.in 10.44.34.235
74.7.227.137 - - [04/Aug/2026:10:50:43 -0600] "GET /products/9c518291 HTTP/1.1" 404 7432 "https://www.jdcpvtltd.in" "Mozilla/5.0 AppleWebKit/537.36 (KHTML, like Gecko; compatible; GPTBot/1.4; +https://openai.com/gptbot)" jdcpvtltd.in 10.44.34.235
74.7.227.137 - - [04/Aug/2026:10:51:30 -0600] "GET /502.shtml HTTP/1.1" 404 7432 "https://www.jdcpvtltd.in" "Mozilla/5.0 AppleWebKit/537.36 (KHTML, like Gecko; compatible; GPTBot/1.4; +https://openai.com/gptbot)" jdcpvtltd.in 10.44.34.235
74.7.227.137 - - [04/Aug/2026:10:51:40 -0600] "GET /502.shtml HTTP/1.1" 404 7432 "https://www.jdcpvtltd.in" "Mozilla/5.0 AppleWebKit/537.36 (KHTML, like Gecko; compatible; GPTBot/1.4; +https://openai.com/gptbot)" jdcpvtltd.in 10.44.34.235
74.7.227.137 - - [04/Aug/2026:10:51:48 -0600] "GET /products/c8237756 HTTP/1.1" 404 7432 "https://www.jdcpvtltd.in" "Mozilla/5.0 AppleWebKit/537.36 (KHTML, like Gecko; compatible; GPTBot/1.4; +https://openai.com/gptbot)" jdcpvtltd.in 10.44.34.235
74.7.227.137 - - [04/Aug/2026:10:51:40 -0600] "GET /502.shtml HTTP/1.1" 404 7432 "https://www.jdcpvtltd.in" "Mozilla/5.0 AppleWebKit/537.36 (KHTML, like Gecko; compatible; GPTBot/1.4; +https://openai.com/gptbot)" jdcpvtltd.in 10.44.34.235
74.7.227.137 - - [04/Aug/2026:10:52:30 -0600] "GET /502.shtml HTTP/1.1" 404 7432 "https://www.jdcpvtltd.in" "Mozilla/5.0 AppleWebKit/537.36 (KHTML, like Gecko; compatible; GPTBot/1.4; +https://openai.com/gptbot)" jdcpvtltd.in 10.44.34.235
74.7.227.137 - - [04/Aug/2026:10:52:40 -0600] "GET /502.shtml HTTP/1.1" 404 7432 "https://www.jdcpvtltd.in" "Mozilla/5.0 AppleWebKit/537.36 (KHTML, like Gecko; compatible; GPTBot/1.4; +https://openai.com/gptbot)" jdcpvtltd.in 10.44.34.235
