57.141.0.21 - - [04/Aug/2026:13:05:16 -0600] "GET /pin-ap-kazino-oficialnyy-sayt-pin-up-casino-vhodi-i-igray-2026/ HTTP/2.0" 200 12750 "-" "Mozilla/5.0 (Windows NT 10.0; Win64; x64) AppleWebKit/537.36 (KHTML, like Gecko) Chrome/145.0.0.0 Safari/537.36 (compatible; meta-externalagent/1.1 (+https://developers.facebook.com/docs/sharing/webmasters/crawler))" jdcpvtltd.in 10.44.34.235
20.52.125.110 - - [04/Aug/2026:13:05:18 -0600] "GET /ultra.php HTTP/1.1" 409 83 "-" "Mozilla/5.0 (Windows NT 10.0; Win64; x64) AppleWebKit/537.36 (KHTML, like Gecko) Chrome/120.0.0.0 Safari/537.36" jdcpvtltd.in 10.44.34.235
20.52.125.110 - - [04/Aug/2026:13:05:19 -0600] "GET /elp.php HTTP/1.1" 409 83 "-" "Mozilla/5.0 (Windows NT 10.0; Win64; x64) AppleWebKit/537.36 (KHTML, like Gecko) Chrome/120.0.0.0 Safari/537.36" jdcpvtltd.in 10.44.34.235
20.52.125.110 - - [04/Aug/2026:13:05:19 -0600] "GET /gecko.php HTTP/1.1" 409 83 "-" "Mozilla/5.0 (Windows NT 10.0; Win64; x64) AppleWebKit/537.36 (KHTML, like Gecko) Chrome/120.0.0.0 Safari/537.36" jdcpvtltd.in 10.44.34.235
20.52.125.110 - - [04/Aug/2026:13:05:21 -0600] "GET /goods.php HTTP/1.1" 409 83 "-" "Mozilla/5.0 (Windows NT 10.0; Win64; x64) AppleWebKit/537.36 (KHTML, like Gecko) Chrome/120.0.0.0 Safari/537.36" jdcpvtltd.in 10.44.34.235
20.52.125.110 - - [04/Aug/2026:13:05:21 -0600] "GET /man.php HTTP/1.1" 409 83 "-" "Mozilla/5.0 (Windows NT 10.0; Win64; x64) AppleWebKit/537.36 (KHTML, like Gecko) Chrome/120.0.0.0 Safari/537.36" jdcpvtltd.in 10.44.34.235
20.52.125.110 - - [04/Aug/2026:13:05:22 -0600] "GET /wp-settings.php HTTP/1.1" 409 83 "-" "Mozilla/5.0 (Windows NT 10.0; Win64; x64) AppleWebKit/537.36 (KHTML, like Gecko) Chrome/120.0.0.0 Safari/537.36" jdcpvtltd.in 10.44.34.235
20.52.125.110 - - [04/Aug/2026:13:05:23 -0600] "GET /k.php HTTP/1.1" 409 83 "-" "Mozilla/5.0 (Windows NT 10.0; Win64; x64) AppleWebKit/537.36 (KHTML, like Gecko) Chrome/120.0.0.0 Safari/537.36" jdcpvtltd.in 10.44.34.235
20.52.125.110 - - [04/Aug/2026:13:05:25 -0600] "GET /profile.php HTTP/1.1" 409 83 "-" "Mozilla/5.0 (Windows NT 10.0; Win64; x64) AppleWebKit/537.36 (KHTML, like Gecko) Chrome/120.0.0.0 Safari/537.36" jdcpvtltd.in 10.44.34.235
20.52.125.110 - - [04/Aug/2026:13:05:27 -0600] "GET /server.php HTTP/1.1" 409 83 "-" "Mozilla/5.0 (Windows NT 10.0; Win64; x64) AppleWebKit/537.36 (KHTML, like Gecko) Chrome/120.0.0.0 Safari/537.36" jdcpvtltd.in 10.44.34.235
20.52.125.110 - - [04/Aug/2026:13:05:28 -0600] "GET /shell.php HTTP/1.1" 409 83 "-" "Mozilla/5.0 (Windows NT 10.0; Win64; x64) AppleWebKit/537.36 (KHTML, like Gecko) Chrome/120.0.0.0 Safari/537.36" jdcpvtltd.in 10.44.34.235
20.52.125.110 - - [04/Aug/2026:13:05:28 -0600] "GET /t.php HTTP/1.1" 409 83 "-" "Mozilla/5.0 (Windows NT 10.0; Win64; x64) AppleWebKit/537.36 (KHTML, like Gecko) Chrome/120.0.0.0 Safari/537.36" jdcpvtltd.in 10.44.34.235
20.52.125.110 - - [04/Aug/2026:13:05:31 -0600] "GET /hello.php HTTP/1.1" 409 83 "-" "Mozilla/5.0 (Windows NT 10.0; Win64; x64) AppleWebKit/537.36 (KHTML, like Gecko) Chrome/120.0.0.0 Safari/537.36" jdcpvtltd.in 10.44.34.235
20.52.125.110 - - [04/Aug/2026:13:05:34 -0600] "GET /themes.php HTTP/1.1" 409 83 "-" "Mozilla/5.0 (Windows NT 10.0; Win64; x64) AppleWebKit/537.36 (KHTML, like Gecko) Chrome/120.0.0.0 Safari/537.36" jdcpvtltd.in 10.44.34.235
20.52.125.110 - - [04/Aug/2026:13:05:35 -0600] "GET /aa.php HTTP/1.1" 409 83 "-" "Mozilla/5.0 (Windows NT 10.0; Win64; x64) AppleWebKit/537.36 (KHTML, like Gecko) Chrome/120.0.0.0 Safari/537.36" jdcpvtltd.in 10.44.34.235
20.52.125.110 - - [04/Aug/2026:13:05:35 -0600] "GET /aafewc0k.php HTTP/1.1" 409 83 "-" "Mozilla/5.0 (Windows NT 10.0; Win64; x64) AppleWebKit/537.36 (KHTML, like Gecko) Chrome/120.0.0.0 Safari/537.36" jdcpvtltd.in 10.44.34.235
20.52.125.110 - - [04/Aug/2026:13:05:36 -0600] "GET /abcd.php HTTP/1.1" 409 83 "-" "Mozilla/5.0 (Windows NT 10.0; Win64; x64) AppleWebKit/537.36 (KHTML, like Gecko) Chrome/120.0.0.0 Safari/537.36" jdcpvtltd.in 10.44.34.235
20.52.125.110 - - [04/Aug/2026:13:05:38 -0600] "GET /about.php HTTP/1.1" 409 83 "-" "Mozilla/5.0 (Windows NT 10.0; Win64; x64) AppleWebKit/537.36 (KHTML, like Gecko) Chrome/120.0.0.0 Safari/537.36" jdcpvtltd.in 10.44.34.235
20.52.125.110 - - [04/Aug/2026:13:05:39 -0600] "GET /admin.php HTTP/1.1" 409 83 "-" "Mozilla/5.0 (Windows NT 10.0; Win64; x64) AppleWebKit/537.36 (KHTML, like Gecko) Chrome/120.0.0.0 Safari/537.36" jdcpvtltd.in 10.44.34.235
20.52.125.110 - - [04/Aug/2026:13:05:40 -0600] "GET /adminfuns.php HTTP/1.1" 409 83 "-" "Mozilla/5.0 (Windows NT 10.0; Win64; x64) AppleWebKit/537.36 (KHTML, like Gecko) Chrome/120.0.0.0 Safari/537.36" jdcpvtltd.in 10.44.34.235
20.52.125.110 - - [04/Aug/2026:13:05:41 -0600] "GET /albin.php HTTP/1.1" 409 83 "-" "Mozilla/5.0 (Windows NT 10.0; Win64; x64) AppleWebKit/537.36 (KHTML, like Gecko) Chrome/120.0.0.0 Safari/537.36" jdcpvtltd.in 10.44.34.235
20.52.125.110 - - [04/Aug/2026:13:05:43 -0600] "GET /amfsqvgv.php HTTP/1.1" 409 83 "-" "Mozilla/5.0 (Windows NT 10.0; Win64; x64) AppleWebKit/537.36 (KHTML, like Gecko) Chrome/120.0.0.0 Safari/537.36" jdcpvtltd.in 10.44.34.235
20.52.125.110 - - [04/Aug/2026:13:05:44 -0600] "GET /appreciators.php HTTP/1.1" 409 83 "-" "Mozilla/5.0 (Windows NT 10.0; Win64; x64) AppleWebKit/537.36 (KHTML, like Gecko) Chrome/120.0.0.0 Safari/537.36" jdcpvtltd.in 10.44.34.235
20.52.125.110 - - [04/Aug/2026:13:05:45 -0600] "GET /archive.php HTTP/1.1" 409 83 "-" "Mozilla/5.0 (Windows NT 10.0; Win64; x64) AppleWebKit/537.36 (KHTML, like Gecko) Chrome/120.0.0.0 Safari/537.36" jdcpvtltd.in 10.44.34.235
20.52.125.110 - - [04/Aug/2026:13:05:49 -0600] "GET /as.php HTTP/1.1" 409 83 "-" "Mozilla/5.0 (Windows NT 10.0; Win64; x64) AppleWebKit/537.36 (KHTML, like Gecko) Chrome/120.0.0.0 Safari/537.36" jdcpvtltd.in 10.44.34.235
20.52.125.110 - - [04/Aug/2026:13:05:50 -0600] "GET /atomlib.php HTTP/1.1" 409 83 "-" "Mozilla/5.0 (Windows NT 10.0; Win64; x64) AppleWebKit/537.36 (KHTML, like Gecko) Chrome/120.0.0.0 Safari/537.36" jdcpvtltd.in 10.44.34.235
20.52.125.110 - - [04/Aug/2026:13:05:51 -0600] "GET /autoload_classmap.php HTTP/1.1" 409 83 "-" "Mozilla/5.0 (Windows NT 10.0; Win64; x64) AppleWebKit/537.36 (KHTML, like Gecko) Chrome/120.0.0.0 Safari/537.36" jdcpvtltd.in 10.44.34.235
20.52.125.110 - - [04/Aug/2026:13:05:52 -0600] "GET /bb.php HTTP/1.1" 409 83 "-" "Mozilla/5.0 (Windows NT 10.0; Win64; x64) AppleWebKit/537.36 (KHTML, like Gecko) Chrome/120.0.0.0 Safari/537.36" jdcpvtltd.in 10.44.34.235
20.52.125.110 - - [04/Aug/2026:13:05:52 -0600] "GET /bnm.php HTTP/1.1" 409 83 "-" "Mozilla/5.0 (Windows NT 10.0; Win64; x64) AppleWebKit/537.36 (KHTML, like Gecko) Chrome/120.0.0.0 Safari/537.36" jdcpvtltd.in 10.44.34.235
20.52.125.110 - - [04/Aug/2026:13:05:53 -0600] "GET /bootstrap.php HTTP/1.1" 409 83 "-" "Mozilla/5.0 (Windows NT 10.0; Win64; x64) AppleWebKit/537.36 (KHTML, like Gecko) Chrome/120.0.0.0 Safari/537.36" jdcpvtltd.in 10.44.34.235
20.52.125.110 - - [04/Aug/2026:13:05:54 -0600] "GET /buy.php HTTP/1.1" 409 83 "-" "Mozilla/5.0 (Windows NT 10.0; Win64; x64) AppleWebKit/537.36 (KHTML, like Gecko) Chrome/120.0.0.0 Safari/537.36" jdcpvtltd.in 10.44.34.235
20.52.125.110 - - [04/Aug/2026:13:05:55 -0600] "GET /chosen.php HTTP/1.1" 409 83 "-" "Mozilla/5.0 (Windows NT 10.0; Win64; x64) AppleWebKit/537.36 (KHTML, like Gecko) Chrome/120.0.0.0 Safari/537.36" jdcpvtltd.in 10.44.34.235
20.52.125.110 - - [04/Aug/2026:13:05:55 -0600] "GET /classsmtps.php HTTP/1.1" 409 83 "-" "Mozilla/5.0 (Windows NT 10.0; Win64; x64) AppleWebKit/537.36 (KHTML, like Gecko) Chrome/120.0.0.0 Safari/537.36" jdcpvtltd.in 10.44.34.235
20.52.125.110 - - [04/Aug/2026:13:05:56 -0600] "GET /classwithtostring.php HTTP/1.1" 409 83 "-" "Mozilla/5.0 (Windows NT 10.0; Win64; x64) AppleWebKit/537.36 (KHTML, like Gecko) Chrome/120.0.0.0 Safari/537.36" jdcpvtltd.in 10.44.34.235
20.52.125.110 - - [04/Aug/2026:13:05:57 -0600] "GET /config.php HTTP/1.1" 409 83 "-" "Mozilla/5.0 (Windows NT 10.0; Win64; x64) AppleWebKit/537.36 (KHTML, like Gecko) Chrome/120.0.0.0 Safari/537.36" jdcpvtltd.in 10.44.34.235
20.52.125.110 - - [04/Aug/2026:13:05:59 -0600] "GET /core.php HTTP/1.1" 409 83 "-" "Mozilla/5.0 (Windows NT 10.0; Win64; x64) AppleWebKit/537.36 (KHTML, like Gecko) Chrome/120.0.0.0 Safari/537.36" jdcpvtltd.in 10.44.34.235
20.52.125.110 - - [04/Aug/2026:13:06:00 -0600] "GET /css.php HTTP/1.1" 409 83 "-" "Mozilla/5.0 (Windows NT 10.0; Win64; x64) AppleWebKit/537.36 (KHTML, like Gecko) Chrome/120.0.0.0 Safari/537.36" jdcpvtltd.in 10.44.34.235
20.52.125.110 - - [04/Aug/2026:13:06:05 -0600] "GET /database.php HTTP/1.1" 409 83 "-" "Mozilla/5.0 (Windows NT 10.0; Win64; x64) AppleWebKit/537.36 (KHTML, like Gecko) Chrome/120.0.0.0 Safari/537.36" jdcpvtltd.in 10.44.34.235
20.52.125.110 - - [04/Aug/2026:13:06:05 -0600] "GET /db.php HTTP/1.1" 409 83 "-" "Mozilla/5.0 (Windows NT 10.0; Win64; x64) AppleWebKit/537.36 (KHTML, like Gecko) Chrome/120.0.0.0 Safari/537.36" jdcpvtltd.in 10.44.34.235
20.52.125.110 - - [04/Aug/2026:13:06:06 -0600] "GET /default.php HTTP/1.1" 409 83 "-" "Mozilla/5.0 (Windows NT 10.0; Win64; x64) AppleWebKit/537.36 (KHTML, like Gecko) Chrome/120.0.0.0 Safari/537.36" jdcpvtltd.in 10.44.34.235
20.52.125.110 - - [04/Aug/2026:13:06:07 -0600] "GET /dropdown.php HTTP/1.1" 409 83 "-" "Mozilla/5.0 (Windows NT 10.0; Win64; x64) AppleWebKit/537.36 (KHTML, like Gecko) Chrome/120.0.0.0 Safari/537.36" jdcpvtltd.in 10.44.34.235
20.52.125.110 - - [04/Aug/2026:13:06:08 -0600] "GET /edit.php HTTP/1.1" 409 83 "-" "Mozilla/5.0 (Windows NT 10.0; Win64; x64) AppleWebKit/537.36 (KHTML, like Gecko) Chrome/120.0.0.0 Safari/537.36" jdcpvtltd.in 10.44.34.235
20.52.125.110 - - [04/Aug/2026:13:06:09 -0600] "GET /f35.php HTTP/1.1" 409 83 "-" "Mozilla/5.0 (Windows NT 10.0; Win64; x64) AppleWebKit/537.36 (KHTML, like Gecko) Chrome/120.0.0.0 Safari/537.36" jdcpvtltd.in 10.44.34.235
20.52.125.110 - - [04/Aug/2026:13:06:11 -0600] "GET /f7.php HTTP/1.1" 409 83 "-" "Mozilla/5.0 (Windows NT 10.0; Win64; x64) AppleWebKit/537.36 (KHTML, like Gecko) Chrome/120.0.0.0 Safari/537.36" jdcpvtltd.in 10.44.34.235
50.6.43.128 - - [04/Aug/2026:13:06:15 -0600] "POST /wp-cron.php?doing_wp_cron=1785870375.7817690372467041015625 HTTP/1.1" 200 - "-" "WordPress/7.0.2; https://jdcpvtltd.in" jdcpvtltd.in 10.44.34.235
74.7.227.137 - - [04/Aug/2026:13:06:14 -0600] "GET /products/8a187557 HTTP/1.1" 404 7432 "https://www.jdcpvtltd.in" "Mozilla/5.0 AppleWebKit/537.36 (KHTML, like Gecko; compatible; GPTBot/1.4; +https://openai.com/gptbot)" jdcpvtltd.in 10.44.34.235
74.7.227.137 - - [04/Aug/2026:13:06:14 -0600] "GET /products/8a187557 HTTP/2.0" 404 7432 "https://www.jdcpvtltd.in" "Mozilla/5.0 AppleWebKit/537.36 (KHTML, like Gecko; compatible; GPTBot/1.4; +https://openai.com/gptbot)" jdcpvtltd.in 10.44.34.235
57.141.0.43 - - [04/Aug/2026:13:06:42 -0600] "GET /prilozhenie-vavada-casino-2026-3/ HTTP/1.1" 200 12370 "-" "Mozilla/5.0 (Macintosh; Intel Mac OS X 10_15_7) AppleWebKit/537.36 (KHTML, like Gecko) Chrome/145.0.0.0 Safari/537.36 (compatible; meta-externalagent/1.1 (+https://developers.facebook.com/docs/sharing/webmasters/crawler))" jdcpvtltd.in 10.44.34.235
57.141.0.43 - - [04/Aug/2026:13:06:42 -0600] "GET /prilozhenie-vavada-casino-2026-3/ HTTP/2.0" 200 12370 "-" "Mozilla/5.0 (Macintosh; Intel Mac OS X 10_15_7) AppleWebKit/537.36 (KHTML, like Gecko) Chrome/145.0.0.0 Safari/537.36 (compatible; meta-externalagent/1.1 (+https://developers.facebook.com/docs/sharing/webmasters/crawler))" jdcpvtltd.in 10.44.34.235
57.141.0.61 - - [04/Aug/2026:13:06:54 -0600] "GET /casinochan-lightning-fast-slots-and-live-action-fo/ HTTP/1.1" 200 13206 "-" "Mozilla/5.0 (Windows NT 10.0; Win64; x64) AppleWebKit/537.36 (KHTML, like Gecko) Chrome/145.0.0.0 Safari/537.36 (compatible; meta-externalagent/1.1 (+https://developers.facebook.com/docs/sharing/webmasters/crawler))" jdcpvtltd.in 10.44.34.235
57.141.0.61 - - [04/Aug/2026:13:06:54 -0600] "GET /casinochan-lightning-fast-slots-and-live-action-fo/ HTTP/2.0" 200 13206 "-" "Mozilla/5.0 (Windows NT 10.0; Win64; x64) AppleWebKit/537.36 (KHTML, like Gecko) Chrome/145.0.0.0 Safari/537.36 (compatible; meta-externalagent/1.1 (+https://developers.facebook.com/docs/sharing/webmasters/crawler))" jdcpvtltd.in 10.44.34.235
57.141.0.48 - - [04/Aug/2026:13:07:01 -0600] "GET /joycasino-voiti-3/ HTTP/1.1" 200 12994 "-" "Mozilla/5.0 (Windows NT 10.0; Win64; x64) AppleWebKit/537.36 (KHTML, like Gecko) Chrome/145.0.0.0 Safari/537.36 (compatible; meta-externalagent/1.1 (+https://developers.facebook.com/docs/sharing/webmasters/crawler))" jdcpvtltd.in 10.44.34.235
57.141.0.48 - - [04/Aug/2026:13:07:01 -0600] "GET /joycasino-voiti-3/ HTTP/2.0" 200 12994 "-" "Mozilla/5.0 (Windows NT 10.0; Win64; x64) AppleWebKit/537.36 (KHTML, like Gecko) Chrome/145.0.0.0 Safari/537.36 (compatible; meta-externalagent/1.1 (+https://developers.facebook.com/docs/sharing/webmasters/crawler))" jdcpvtltd.in 10.44.34.235
57.141.0.55 - - [04/Aug/2026:13:07:02 -0600] "GET /coronavirus-disease-2019-8/feed/ HTTP/1.1" 200 515 "-" "Mozilla/5.0 (Windows NT 10.0; Win64; x64) AppleWebKit/537.36 (KHTML, like Gecko) Chrome/145.0.0.0 Safari/537.36 (compatible; meta-externalagent/1.1 (+https://developers.facebook.com/docs/sharing/webmasters/crawler))" jdcpvtltd.in 10.44.34.235
57.141.0.55 - - [04/Aug/2026:13:07:02 -0600] "GET /coronavirus-disease-2019-8/feed/ HTTP/2.0" 200 515 "-" "Mozilla/5.0 (Windows NT 10.0; Win64; x64) AppleWebKit/537.36 (KHTML, like Gecko) Chrome/145.0.0.0 Safari/537.36 (compatible; meta-externalagent/1.1 (+https://developers.facebook.com/docs/sharing/webmasters/crawler))" jdcpvtltd.in 10.44.34.235
57.141.0.45 - - [04/Aug/2026:13:07:05 -0600] "GET /prilozhenie-vavada-casino-2026-3/feed/ HTTP/1.1" 200 553 "-" "Mozilla/5.0 (Macintosh; Intel Mac OS X 10_15_7) AppleWebKit/537.36 (KHTML, like Gecko) Chrome/145.0.0.0 Safari/537.36 (compatible; meta-externalagent/1.1 (+https://developers.facebook.com/docs/sharing/webmasters/crawler))" jdcpvtltd.in 10.44.34.235
57.141.0.45 - - [04/Aug/2026:13:07:05 -0600] "GET /prilozhenie-vavada-casino-2026-3/feed/ HTTP/2.0" 200 553 "-" "Mozilla/5.0 (Macintosh; Intel Mac OS X 10_15_7) AppleWebKit/537.36 (KHTML, like Gecko) Chrome/145.0.0.0 Safari/537.36 (compatible; meta-externalagent/1.1 (+https://developers.facebook.com/docs/sharing/webmasters/crawler))" jdcpvtltd.in 10.44.34.235
57.141.0.2 - - [04/Aug/2026:13:07:09 -0600] "GET /wp-json/oembed/1.0/embed?url=https%3A%2F%2Fjdcpvtltd.in%2F1win-zerkalo-oficialnogo-sayta-bukmekera-rabochee-na-segodnya%2F HTTP/2.0" 200 1281 "-" "Mozilla/5.0 (Macintosh; Intel Mac OS X 10_15_7) AppleWebKit/537.36 (KHTML, like Gecko) Chrome/145.0.0.0 Safari/537.36 (compatible; meta-externalagent/1.1 (+https://developers.facebook.com/docs/sharing/webmasters/crawler))" jdcpvtltd.in 10.44.34.235
57.141.0.37 - - [04/Aug/2026:13:07:14 -0600] "GET /?p=3997 HTTP/1.1" 301 - "-" "Mozilla/5.0 (Windows NT 10.0; Win64; x64) AppleWebKit/537.36 (KHTML, like Gecko) Chrome/145.0.0.0 Safari/537.36 (compatible; meta-externalagent/1.1 (+https://developers.facebook.com/docs/sharing/webmasters/crawler))" jdcpvtltd.in 10.44.34.235
57.141.0.37 - - [04/Aug/2026:13:07:14 -0600] "GET /?p=3997 HTTP/2.0" 301 - "-" "Mozilla/5.0 (Windows NT 10.0; Win64; x64) AppleWebKit/537.36 (KHTML, like Gecko) Chrome/145.0.0.0 Safari/537.36 (compatible; meta-externalagent/1.1 (+https://developers.facebook.com/docs/sharing/webmasters/crawler))" jdcpvtltd.in 10.44.34.235
57.141.0.58 - - [04/Aug/2026:13:07:15 -0600] "GET /casinochan-lightning-fast-slots-and-live-action-fo/feed/ HTTP/1.1" 200 557 "-" "Mozilla/5.0 (Macintosh; Intel Mac OS X 10_15_7) AppleWebKit/537.36 (KHTML, like Gecko) Chrome/145.0.0.0 Safari/537.36 (compatible; meta-externalagent/1.1 (+https://developers.facebook.com/docs/sharing/webmasters/crawler))" jdcpvtltd.in 10.44.34.235
57.141.0.58 - - [04/Aug/2026:13:07:15 -0600] "GET /casinochan-lightning-fast-slots-and-live-action-fo/feed/ HTTP/2.0" 200 557 "-" "Mozilla/5.0 (Macintosh; Intel Mac OS X 10_15_7) AppleWebKit/537.36 (KHTML, like Gecko) Chrome/145.0.0.0 Safari/537.36 (compatible; meta-externalagent/1.1 (+https://developers.facebook.com/docs/sharing/webmasters/crawler))" jdcpvtltd.in 10.44.34.235
74.7.227.137 - - [04/Aug/2026:13:07:15 -0600] "GET /products/b3918621 HTTP/1.1" 404 7432 "https://www.jdcpvtltd.in" "Mozilla/5.0 AppleWebKit/537.36 (KHTML, like Gecko; compatible; GPTBot/1.4; +https://openai.com/gptbot)" jdcpvtltd.in 10.44.34.235
74.7.227.137 - - [04/Aug/2026:13:07:15 -0600] "GET /products/b3918621 HTTP/2.0" 404 7432 "https://www.jdcpvtltd.in" "Mozilla/5.0 AppleWebKit/537.36 (KHTML, like Gecko; compatible; GPTBot/1.4; +https://openai.com/gptbot)" jdcpvtltd.in 10.44.34.235
57.141.0.17 - - [04/Aug/2026:13:07:17 -0600] "GET /casinochan-lightning-fast-slots-and-live-action-fo/ HTTP/2.0" 200 13206 "-" "Mozilla/5.0 (Windows NT 10.0; Win64; x64) AppleWebKit/537.36 (KHTML, like Gecko) Chrome/145.0.0.0 Safari/537.36 (compatible; meta-externalagent/1.1 (+https://developers.facebook.com/docs/sharing/webmasters/crawler))" jdcpvtltd.in 10.44.34.235
57.141.0.17 - - [04/Aug/2026:13:07:17 -0600] "GET /casinochan-lightning-fast-slots-and-live-action-fo/ HTTP/1.1" 200 13206 "-" "Mozilla/5.0 (Windows NT 10.0; Win64; x64) AppleWebKit/537.36 (KHTML, like Gecko) Chrome/145.0.0.0 Safari/537.36 (compatible; meta-externalagent/1.1 (+https://developers.facebook.com/docs/sharing/webmasters/crawler))" jdcpvtltd.in 10.44.34.235
57.141.0.6 - - [04/Aug/2026:13:07:20 -0600] "GET /rizz-casino-juego-rpido-para-apuestas-de-alta-inte/ HTTP/1.1" 200 11740 "-" "Mozilla/5.0 (Windows NT 10.0; Win64; x64) AppleWebKit/537.36 (KHTML, like Gecko) Chrome/145.0.0.0 Safari/537.36 (compatible; meta-externalagent/1.1 (+https://developers.facebook.com/docs/sharing/webmasters/crawler))" jdcpvtltd.in 10.44.34.235
57.141.0.6 - - [04/Aug/2026:13:07:20 -0600] "GET /rizz-casino-juego-rpido-para-apuestas-de-alta-inte/ HTTP/2.0" 200 11740 "-" "Mozilla/5.0 (Windows NT 10.0; Win64; x64) AppleWebKit/537.36 (KHTML, like Gecko) Chrome/145.0.0.0 Safari/537.36 (compatible; meta-externalagent/1.1 (+https://developers.facebook.com/docs/sharing/webmasters/crawler))" jdcpvtltd.in 10.44.34.235
57.141.0.25 - - [04/Aug/2026:13:07:22 -0600] "GET /joycasino-voiti-3/feed/ HTTP/1.1" 200 526 "-" "Mozilla/5.0 (Windows NT 10.0; Win64; x64) AppleWebKit/537.36 (KHTML, like Gecko) Chrome/145.0.0.0 Safari/537.36 (compatible; meta-externalagent/1.1 (+https://developers.facebook.com/docs/sharing/webmasters/crawler))" jdcpvtltd.in 10.44.34.235
57.141.0.25 - - [04/Aug/2026:13:07:22 -0600] "GET /joycasino-voiti-3/feed/ HTTP/2.0" 200 526 "-" "Mozilla/5.0 (Windows NT 10.0; Win64; x64) AppleWebKit/537.36 (KHTML, like Gecko) Chrome/145.0.0.0 Safari/537.36 (compatible; meta-externalagent/1.1 (+https://developers.facebook.com/docs/sharing/webmasters/crawler))" jdcpvtltd.in 10.44.34.235
66.249.64.226 - - [04/Aug/2026:13:07:23 -0600] "GET /shop.php?d=49589353101100 HTTP/1.1" 200 38759 "-" "Mozilla/5.0 (Linux; Android 6.0.1; Nexus 5X Build/MMB29P) AppleWebKit/537.36 (KHTML, like Gecko) Chrome/150.0.7871.186 Mobile Safari/537.36 (compatible; Googlebot/2.1; +http://www.google.com/bot.html)" jdcpvtltd.in 10.44.34.235
66.249.64.226 - - [04/Aug/2026:13:07:23 -0600] "GET /shop.php?d=49589353101100 HTTP/1.1" 200 38759 "-" "Mozilla/5.0 (Linux; Android 6.0.1; Nexus 5X Build/MMB29P) AppleWebKit/537.36 (KHTML, like Gecko) Chrome/150.0.7871.186 Mobile Safari/537.36 (compatible; Googlebot/2.1; +http://www.google.com/bot.html)" jdcpvtltd.in 10.44.34.235
74.7.227.137 - - [04/Aug/2026:13:08:21 -0600] "GET /products/f6209140 HTTP/1.1" 404 7432 "https://www.jdcpvtltd.in" "Mozilla/5.0 AppleWebKit/537.36 (KHTML, like Gecko; compatible; GPTBot/1.4; +https://openai.com/gptbot)" jdcpvtltd.in 10.44.34.235
74.7.227.137 - - [04/Aug/2026:13:08:21 -0600] "GET /products/f6209140 HTTP/2.0" 404 7432 "https://www.jdcpvtltd.in" "Mozilla/5.0 AppleWebKit/537.36 (KHTML, like Gecko; compatible; GPTBot/1.4; +https://openai.com/gptbot)" jdcpvtltd.in 10.44.34.235
50.6.43.128 - - [04/Aug/2026:13:09:22 -0600] "POST /wp-cron.php?doing_wp_cron=1785870562.6680369377136230468750 HTTP/1.1" 200 - "-" "WordPress/7.0.2; https://jdcpvtltd.in" jdcpvtltd.in 10.44.34.235
74.7.227.137 - - [04/Aug/2026:13:09:22 -0600] "GET /products/6f674282 HTTP/1.1" 404 7432 "https://www.jdcpvtltd.in" "Mozilla/5.0 AppleWebKit/537.36 (KHTML, like Gecko; compatible; GPTBot/1.4; +https://openai.com/gptbot)" jdcpvtltd.in 10.44.34.235
74.7.227.137 - - [04/Aug/2026:13:09:22 -0600] "GET /products/6f674282 HTTP/2.0" 404 7432 "https://www.jdcpvtltd.in" "Mozilla/5.0 AppleWebKit/537.36 (KHTML, like Gecko; compatible; GPTBot/1.4; +https://openai.com/gptbot)" jdcpvtltd.in 10.44.34.235
57.141.0.30 - - [04/Aug/2026:13:09:48 -0600] "GET /wp-json/wp/v2/posts/1022 HTTP/2.0" 200 4553 "-" "Mozilla/5.0 (Windows NT 10.0; Win64; x64) AppleWebKit/537.36 (KHTML, like Gecko) Chrome/145.0.0.0 Safari/537.36 (compatible; meta-externalagent/1.1 (+https://developers.facebook.com/docs/sharing/webmasters/crawler))" jdcpvtltd.in 10.44.34.235
66.249.64.224 - - [04/Aug/2026:13:09:53 -0600] "GET /shop.php?d=14744132341100 HTTP/1.1" 200 39828 "-" "Mozilla/5.0 (Linux; Android 6.0.1; Nexus 5X Build/MMB29P) AppleWebKit/537.36 (KHTML, like Gecko) Chrome/150.0.7871.186 Mobile Safari/537.36 (compatible; Googlebot/2.1; +http://www.google.com/bot.html)" jdcpvtltd.in 10.44.34.235
66.249.64.224 - - [04/Aug/2026:13:09:53 -0600] "GET /shop.php?d=14744132341100 HTTP/1.1" 200 39828 "-" "Mozilla/5.0 (Linux; Android 6.0.1; Nexus 5X Build/MMB29P) AppleWebKit/537.36 (KHTML, like Gecko) Chrome/150.0.7871.186 Mobile Safari/537.36 (compatible; Googlebot/2.1; +http://www.google.com/bot.html)" jdcpvtltd.in 10.44.34.235
66.249.64.225 - - [04/Aug/2026:13:09:54 -0600] "GET /shop.php?product/category/view_more/4176882501100 HTTP/1.1" 200 39142 "-" "Mozilla/5.0 (Linux; Android 6.0.1; Nexus 5X Build/MMB29P) AppleWebKit/537.36 (KHTML, like Gecko) Chrome/150.0.7871.186 Mobile Safari/537.36 (compatible; Googlebot/2.1; +http://www.google.com/bot.html)" jdcpvtltd.in 10.44.34.235
66.249.64.225 - - [04/Aug/2026:13:09:54 -0600] "GET /shop.php?product/category/view_more/4176882501100 HTTP/1.1" 200 39142 "-" "Mozilla/5.0 (Linux; Android 6.0.1; Nexus 5X Build/MMB29P) AppleWebKit/537.36 (KHTML, like Gecko) Chrome/150.0.7871.186 Mobile Safari/537.36 (compatible; Googlebot/2.1; +http://www.google.com/bot.html)" jdcpvtltd.in 10.44.34.235
66.249.64.224 - - [04/Aug/2026:13:09:59 -0600] "GET /shop.php?d=27191152941100 HTTP/1.1" 200 39754 "-" "Mozilla/5.0 (Linux; Android 6.0.1; Nexus 5X Build/MMB29P) AppleWebKit/537.36 (KHTML, like Gecko) Chrome/150.0.7871.186 Mobile Safari/537.36 (compatible; Googlebot/2.1; +http://www.google.com/bot.html)" jdcpvtltd.in 10.44.34.235
66.249.64.224 - - [04/Aug/2026:13:09:59 -0600] "GET /shop.php?d=27191152941100 HTTP/1.1" 200 39754 "-" "Mozilla/5.0 (Linux; Android 6.0.1; Nexus 5X Build/MMB29P) AppleWebKit/537.36 (KHTML, like Gecko) Chrome/150.0.7871.186 Mobile Safari/537.36 (compatible; Googlebot/2.1; +http://www.google.com/bot.html)" jdcpvtltd.in 10.44.34.235
57.141.0.70 - - [04/Aug/2026:13:10:06 -0600] "GET /?p=1033 HTTP/1.1" 301 - "-" "Mozilla/5.0 (Macintosh; Intel Mac OS X 10_15_7) AppleWebKit/537.36 (KHTML, like Gecko) Chrome/145.0.0.0 Safari/537.36 (compatible; meta-externalagent/1.1 (+https://developers.facebook.com/docs/sharing/webmasters/crawler))" jdcpvtltd.in 10.44.34.235
57.141.0.70 - - [04/Aug/2026:13:10:06 -0600] "GET /?p=1033 HTTP/2.0" 301 - "-" "Mozilla/5.0 (Macintosh; Intel Mac OS X 10_15_7) AppleWebKit/537.36 (KHTML, like Gecko) Chrome/145.0.0.0 Safari/537.36 (compatible; meta-externalagent/1.1 (+https://developers.facebook.com/docs/sharing/webmasters/crawler))" jdcpvtltd.in 10.44.34.235
57.141.0.24 - - [04/Aug/2026:13:10:09 -0600] "GET /understanding-vavada-official-hr-team-support/ HTTP/1.1" 200 11648 "-" "Mozilla/5.0 (Macintosh; Intel Mac OS X 10_15_7) AppleWebKit/537.36 (KHTML, like Gecko) Chrome/145.0.0.0 Safari/537.36 (compatible; meta-externalagent/1.1 (+https://developers.facebook.com/docs/sharing/webmasters/crawler))" jdcpvtltd.in 10.44.34.235
57.141.0.24 - - [04/Aug/2026:13:10:09 -0600] "GET /understanding-vavada-official-hr-team-support/ HTTP/2.0" 200 11648 "-" "Mozilla/5.0 (Macintosh; Intel Mac OS X 10_15_7) AppleWebKit/537.36 (KHTML, like Gecko) Chrome/145.0.0.0 Safari/537.36 (compatible; meta-externalagent/1.1 (+https://developers.facebook.com/docs/sharing/webmasters/crawler))" jdcpvtltd.in 10.44.34.235
74.7.227.137 - - [04/Aug/2026:13:10:23 -0600] "GET /products/f3772213 HTTP/1.1" 404 7432 "https://www.jdcpvtltd.in" "Mozilla/5.0 AppleWebKit/537.36 (KHTML, like Gecko; compatible; GPTBot/1.4; +https://openai.com/gptbot)" jdcpvtltd.in 10.44.34.235
74.7.227.137 - - [04/Aug/2026:13:10:23 -0600] "GET /products/f3772213 HTTP/2.0" 404 7432 "https://www.jdcpvtltd.in" "Mozilla/5.0 AppleWebKit/537.36 (KHTML, like Gecko; compatible; GPTBot/1.4; +https://openai.com/gptbot)" jdcpvtltd.in 10.44.34.235
74.7.227.137 - - [04/Aug/2026:13:11:27 -0600] "GET /products/d5323985 HTTP/1.1" 404 7432 "https://www.jdcpvtltd.in" "Mozilla/5.0 AppleWebKit/537.36 (KHTML, like Gecko; compatible; GPTBot/1.4; +https://openai.com/gptbot)" jdcpvtltd.in 10.44.34.235
74.7.227.137 - - [04/Aug/2026:13:11:27 -0600] "GET /products/d5323985 HTTP/2.0" 404 7432 "https://www.jdcpvtltd.in" "Mozilla/5.0 AppleWebKit/537.36 (KHTML, like Gecko; compatible; GPTBot/1.4; +https://openai.com/gptbot)" jdcpvtltd.in 10.44.34.235
165.73.242.9 - - [04/Aug/2026:13:12:24 -0600] "POST /xmlrpc.php HTTP/1.1" 409 83 "-" "Mozilla/5.0 (Macintosh; Intel Mac OS X 10_15_7) AppleWebKit/605.1.15 (KHTML, like Gecko) Version/17.5 Safari/605.1.15" jdcpvtltd.in 10.44.34.235
74.7.227.137 - - [04/Aug/2026:13:12:28 -0600] "GET /products/2a206515 HTTP/1.1" 404 7432 "https://www.jdcpvtltd.in" "Mozilla/5.0 AppleWebKit/537.36 (KHTML, like Gecko; compatible; GPTBot/1.4; +https://openai.com/gptbot)" jdcpvtltd.in 10.44.34.235
74.7.227.137 - - [04/Aug/2026:13:12:28 -0600] "GET /products/2a206515 HTTP/2.0" 404 7432 "https://www.jdcpvtltd.in" "Mozilla/5.0 AppleWebKit/537.36 (KHTML, like Gecko; compatible; GPTBot/1.4; +https://openai.com/gptbot)" jdcpvtltd.in 10.44.34.235
45.83.178.43 - - [04/Aug/2026:13:12:34 -0600] "POST /xmlrpc.php HTTP/1.1" 409 83 "-" "Mozilla/5.0 (X11; Linux x86_64; rv:128.0) Gecko/20100101 Firefox/128.0" jdcpvtltd.in 10.44.34.235
57.141.0.62 - - [04/Aug/2026:13:12:59 -0600] "GET /?p=1608 HTTP/1.1" 301 - "-" "Mozilla/5.0 (X11; Linux x86_64) AppleWebKit/537.36 (KHTML, like Gecko) Chrome/145.0.0.0 Safari/537.36 (compatible; meta-externalagent/1.1 (+https://developers.facebook.com/docs/sharing/webmasters/crawler))" jdcpvtltd.in 10.44.34.235
57.141.0.62 - - [04/Aug/2026:13:12:59 -0600] "GET /?p=1608 HTTP/2.0" 301 - "-" "Mozilla/5.0 (X11; Linux x86_64) AppleWebKit/537.36 (KHTML, like Gecko) Chrome/145.0.0.0 Safari/537.36 (compatible; meta-externalagent/1.1 (+https://developers.facebook.com/docs/sharing/webmasters/crawler))" jdcpvtltd.in 10.44.34.235
57.141.0.43 - - [04/Aug/2026:13:13:01 -0600] "GET /pin-ap-kazino-oficialnyy-sayt-pin-up-casino-vhodi-i-igray-2026/ HTTP/1.1" 200 12750 "-" "Mozilla/5.0 (X11; Linux x86_64) AppleWebKit/537.36 (KHTML, like Gecko) Chrome/145.0.0.0 Safari/537.36 (compatible; meta-externalagent/1.1 (+https://developers.facebook.com/docs/sharing/webmasters/crawler))" jdcpvtltd.in 10.44.34.235
57.141.0.43 - - [04/Aug/2026:13:13:01 -0600] "GET /pin-ap-kazino-oficialnyy-sayt-pin-up-casino-vhodi-i-igray-2026/ HTTP/2.0" 200 12750 "-" "Mozilla/5.0 (X11; Linux x86_64) AppleWebKit/537.36 (KHTML, like Gecko) Chrome/145.0.0.0 Safari/537.36 (compatible; meta-externalagent/1.1 (+https://developers.facebook.com/docs/sharing/webmasters/crawler))" jdcpvtltd.in 10.44.34.235
66.249.64.226 - - [04/Aug/2026:13:13:09 -0600] "GET /shop.php?d=49473760141100 HTTP/1.1" 200 39208 "-" "Mozilla/5.0 (Linux; Android 6.0.1; Nexus 5X Build/MMB29P) AppleWebKit/537.36 (KHTML, like Gecko) Chrome/150.0.7871.186 Mobile Safari/537.36 (compatible; Googlebot/2.1; +http://www.google.com/bot.html)" jdcpvtltd.in 10.44.34.235
66.249.64.226 - - [04/Aug/2026:13:13:09 -0600] "GET /shop.php?d=49473760141100 HTTP/1.1" 200 39208 "-" "Mozilla/5.0 (Linux; Android 6.0.1; Nexus 5X Build/MMB29P) AppleWebKit/537.36 (KHTML, like Gecko) Chrome/150.0.7871.186 Mobile Safari/537.36 (compatible; Googlebot/2.1; +http://www.google.com/bot.html)" jdcpvtltd.in 10.44.34.235
74.7.227.137 - - [04/Aug/2026:13:13:34 -0600] "GET /products/b4794530 HTTP/1.1" 404 7432 "https://www.jdcpvtltd.in" "Mozilla/5.0 AppleWebKit/537.36 (KHTML, like Gecko; compatible; GPTBot/1.4; +https://openai.com/gptbot)" jdcpvtltd.in 10.44.34.235
74.7.227.137 - - [04/Aug/2026:13:13:34 -0600] "GET /products/b4794530 HTTP/2.0" 404 7432 "https://www.jdcpvtltd.in" "Mozilla/5.0 AppleWebKit/537.36 (KHTML, like Gecko; compatible; GPTBot/1.4; +https://openai.com/gptbot)" jdcpvtltd.in 10.44.34.235
66.249.64.225 - - [04/Aug/2026:13:13:32 -0600] "GET /shop.php?productSearch/pictureSearch?id=17855826381100 HTTP/1.1" 200 38818 "-" "Mozilla/5.0 (Linux; Android 6.0.1; Nexus 5X Build/MMB29P) AppleWebKit/537.36 (KHTML, like Gecko) Chrome/150.0.7871.186 Mobile Safari/537.36 (compatible; Googlebot/2.1; +http://www.google.com/bot.html)" jdcpvtltd.in 10.44.34.235
66.249.64.225 - - [04/Aug/2026:13:13:32 -0600] "GET /shop.php?productSearch/pictureSearch?id=17855826381100 HTTP/1.1" 200 38818 "-" "Mozilla/5.0 (Linux; Android 6.0.1; Nexus 5X Build/MMB29P) AppleWebKit/537.36 (KHTML, like Gecko) Chrome/150.0.7871.186 Mobile Safari/537.36 (compatible; Googlebot/2.1; +http://www.google.com/bot.html)" jdcpvtltd.in 10.44.34.235
57.141.0.32 - - [04/Aug/2026:13:13:54 -0600] "GET /wp-json/oembed/1.0/embed?url=https%3A%2F%2Fjdcpvtltd.in%2Fkak-bystro-naiti-vavada-v-telegram-dlia-igrokov%2F HTTP/2.0" 200 1219 "-" "Mozilla/5.0 (Windows NT 10.0; Win64; x64) AppleWebKit/537.36 (KHTML, like Gecko) Chrome/145.0.0.0 Safari/537.36 (compatible; meta-externalagent/1.1 (+https://developers.facebook.com/docs/sharing/webmasters/crawler))" jdcpvtltd.in 10.44.34.235
74.7.227.137 - - [04/Aug/2026:13:14:36 -0600] "GET /products/9d848674 HTTP/1.1" 404 7432 "https://www.jdcpvtltd.in" "Mozilla/5.0 AppleWebKit/537.36 (KHTML, like Gecko; compatible; GPTBot/1.4; +https://openai.com/gptbot)" jdcpvtltd.in 10.44.34.235
74.7.227.137 - - [04/Aug/2026:13:14:36 -0600] "GET /products/9d848674 HTTP/2.0" 404 7432 "https://www.jdcpvtltd.in" "Mozilla/5.0 AppleWebKit/537.36 (KHTML, like Gecko; compatible; GPTBot/1.4; +https://openai.com/gptbot)" jdcpvtltd.in 10.44.34.235
57.141.0.69 - - [04/Aug/2026:13:14:44 -0600] "GET /vavada-pl-recenzja-bonusow-dla-graczy-2026-4/ HTTP/1.1" 200 11749 "-" "Mozilla/5.0 (Macintosh; Intel Mac OS X 10_15_7) AppleWebKit/537.36 (KHTML, like Gecko) Chrome/145.0.0.0 Safari/537.36 (compatible; meta-externalagent/1.1 (+https://developers.facebook.com/docs/sharing/webmasters/crawler))" jdcpvtltd.in 10.44.34.235
57.141.0.69 - - [04/Aug/2026:13:14:44 -0600] "GET /vavada-pl-recenzja-bonusow-dla-graczy-2026-4/ HTTP/2.0" 200 11749 "-" "Mozilla/5.0 (Macintosh; Intel Mac OS X 10_15_7) AppleWebKit/537.36 (KHTML, like Gecko) Chrome/145.0.0.0 Safari/537.36 (compatible; meta-externalagent/1.1 (+https://developers.facebook.com/docs/sharing/webmasters/crawler))" jdcpvtltd.in 10.44.34.235
64.31.27.25 - - [04/Aug/2026:13:14:51 -0600] "POST /xmlrpc.php HTTP/1.1" 409 83 "-" "Mozilla/5.0 (Macintosh; Intel Mac OS X 10_15_7) AppleWebKit/605.1.15 (KHTML, like Gecko) Version/17.6 Safari/605.1.15" jdcpvtltd.in 10.44.34.235
64.31.27.25 - - [04/Aug/2026:13:14:51 -0600] "POST /xmlrpc.php HTTP/1.1" 409 83 "-" "Mozilla/5.0 (Macintosh; Intel Mac OS X 10_15_7) AppleWebKit/605.1.15 (KHTML, like Gecko) Version/17.6 Safari/605.1.15" jdcpvtltd.in 10.44.34.235
50.6.43.128 - - [04/Aug/2026:13:15:09 -0600] "POST /wp-cron.php?doing_wp_cron=1785870909.0864241123199462890625 HTTP/1.1" 200 - "-" "WordPress/7.0.2; https://jdcpvtltd.in" jdcpvtltd.in 10.44.34.235
57.141.0.61 - - [04/Aug/2026:13:15:08 -0600] "GET /wp-json/wp/v2/posts/1046 HTTP/2.0" 200 3997 "-" "Mozilla/5.0 (Windows NT 10.0; Win64; x64) AppleWebKit/537.36 (KHTML, like Gecko) Chrome/145.0.0.0 Safari/537.36 (compatible; meta-externalagent/1.1 (+https://developers.facebook.com/docs/sharing/webmasters/crawler))" jdcpvtltd.in 10.44.34.235
57.141.0.70 - - [04/Aug/2026:13:15:23 -0600] "GET /coronavirus-disease-2019-7/feed/ HTTP/1.1" 200 515 "-" "Mozilla/5.0 (Windows NT 10.0; Win64; x64) AppleWebKit/537.36 (KHTML, like Gecko) Chrome/145.0.0.0 Safari/537.36 (compatible; meta-externalagent/1.1 (+https://developers.facebook.com/docs/sharing/webmasters/crawler))" jdcpvtltd.in 10.44.34.235
57.141.0.70 - - [04/Aug/2026:13:15:23 -0600] "GET /coronavirus-disease-2019-7/feed/ HTTP/2.0" 200 515 "-" "Mozilla/5.0 (Windows NT 10.0; Win64; x64) AppleWebKit/537.36 (KHTML, like Gecko) Chrome/145.0.0.0 Safari/537.36 (compatible; meta-externalagent/1.1 (+https://developers.facebook.com/docs/sharing/webmasters/crawler))" jdcpvtltd.in 10.44.34.235
57.141.0.53 - - [04/Aug/2026:13:15:23 -0600] "GET /?p=1227 HTTP/1.1" 301 - "-" "Mozilla/5.0 (Windows NT 10.0; Win64; x64) AppleWebKit/537.36 (KHTML, like Gecko) Chrome/144.0.0.0 Safari/537.36 Edg/144.0.0.0 (compatible; meta-externalagent/1.1 (+https://developers.facebook.com/docs/sharing/webmasters/crawler))" jdcpvtltd.in 10.44.34.235
57.141.0.53 - - [04/Aug/2026:13:15:23 -0600] "GET /?p=1227 HTTP/2.0" 301 - "-" "Mozilla/5.0 (Windows NT 10.0; Win64; x64) AppleWebKit/537.36 (KHTML, like Gecko) Chrome/144.0.0.0 Safari/537.36 Edg/144.0.0.0 (compatible; meta-externalagent/1.1 (+https://developers.facebook.com/docs/sharing/webmasters/crawler))" jdcpvtltd.in 10.44.34.235
57.141.0.6 - - [04/Aug/2026:13:15:26 -0600] "GET /vavada-kazino-bez-depozita-bonuss-2026-apskats-4/ HTTP/1.1" 200 11808 "-" "Mozilla/5.0 (Windows NT 10.0; Win64; x64) AppleWebKit/537.36 (KHTML, like Gecko) Chrome/144.0.0.0 Safari/537.36 Edg/144.0.0.0 (compatible; meta-externalagent/1.1 (+https://developers.facebook.com/docs/sharing/webmasters/crawler))" jdcpvtltd.in 10.44.34.235
57.141.0.6 - - [04/Aug/2026:13:15:26 -0600] "GET /vavada-kazino-bez-depozita-bonuss-2026-apskats-4/ HTTP/2.0" 200 11808 "-" "Mozilla/5.0 (Windows NT 10.0; Win64; x64) AppleWebKit/537.36 (KHTML, like Gecko) Chrome/144.0.0.0 Safari/537.36 Edg/144.0.0.0 (compatible; meta-externalagent/1.1 (+https://developers.facebook.com/docs/sharing/webmasters/crawler))" jdcpvtltd.in 10.44.34.235
66.249.64.225 - - [04/Aug/2026:13:15:26 -0600] "GET /products/3e6431 HTTP/1.1" 200 42279 "-" "Mozilla/5.0 (Linux; Android 6.0.1; Nexus 5X Build/MMB29P) AppleWebKit/537.36 (KHTML, like Gecko) Chrome/150.0.7871.186 Mobile Safari/537.36 (compatible; Googlebot/2.1; +http://www.google.com/bot.html)" jdcpvtltd.in 10.44.34.235
66.249.64.225 - - [04/Aug/2026:13:15:26 -0600] "GET /products/3e6431 HTTP/1.1" 200 42279 "-" "Mozilla/5.0 (Linux; Android 6.0.1; Nexus 5X Build/MMB29P) AppleWebKit/537.36 (KHTML, like Gecko) Chrome/150.0.7871.186 Mobile Safari/537.36 (compatible; Googlebot/2.1; +http://www.google.com/bot.html)" jdcpvtltd.in 10.44.34.235
66.249.64.225 - - [04/Aug/2026:13:15:25 -0600] "GET /shop.php?d=49478377341100 HTTP/1.1" 200 38326 "-" "Mozilla/5.0 (Linux; Android 6.0.1; Nexus 5X Build/MMB29P) AppleWebKit/537.36 (KHTML, like Gecko) Chrome/150.0.7871.186 Mobile Safari/537.36 (compatible; Googlebot/2.1; +http://www.google.com/bot.html)" jdcpvtltd.in 10.44.34.235
66.249.64.225 - - [04/Aug/2026:13:15:25 -0600] "GET /shop.php?d=49478377341100 HTTP/1.1" 200 38326 "-" "Mozilla/5.0 (Linux; Android 6.0.1; Nexus 5X Build/MMB29P) AppleWebKit/537.36 (KHTML, like Gecko) Chrome/150.0.7871.186 Mobile Safari/537.36 (compatible; Googlebot/2.1; +http://www.google.com/bot.html)" jdcpvtltd.in 10.44.34.235
156.59.34.88 - - [04/Aug/2026:13:15:31 -0600] "POST /xmlrpc.php HTTP/1.1" 409 83 "-" "Mozilla/5.0 (Windows NT 10.0; Win64; x64) AppleWebKit/537.36 (KHTML, like Gecko) Chrome/114.0.0.0 Safari/537.36" jdcpvtltd.in 10.44.34.235
66.249.64.225 - - [04/Aug/2026:13:15:29 -0600] "GET /shop.php?d=9826026701100 HTTP/1.1" 200 39357 "-" "Mozilla/5.0 (Linux; Android 6.0.1; Nexus 5X Build/MMB29P) AppleWebKit/537.36 (KHTML, like Gecko) Chrome/150.0.7871.186 Mobile Safari/537.36 (compatible; Googlebot/2.1; +http://www.google.com/bot.html)" jdcpvtltd.in 10.44.34.235
66.249.64.225 - - [04/Aug/2026:13:15:29 -0600] "GET /shop.php?d=9826026701100 HTTP/1.1" 200 39357 "-" "Mozilla/5.0 (Linux; Android 6.0.1; Nexus 5X Build/MMB29P) AppleWebKit/537.36 (KHTML, like Gecko) Chrome/150.0.7871.186 Mobile Safari/537.36 (compatible; Googlebot/2.1; +http://www.google.com/bot.html)" jdcpvtltd.in 10.44.34.235
74.7.227.137 - - [04/Aug/2026:13:15:37 -0600] "GET /products/a8847982 HTTP/1.1" 404 7432 "https://www.jdcpvtltd.in" "Mozilla/5.0 AppleWebKit/537.36 (KHTML, like Gecko; compatible; GPTBot/1.4; +https://openai.com/gptbot)" jdcpvtltd.in 10.44.34.235
74.7.227.137 - - [04/Aug/2026:13:15:37 -0600] "GET /products/a8847982 HTTP/2.0" 404 7432 "https://www.jdcpvtltd.in" "Mozilla/5.0 AppleWebKit/537.36 (KHTML, like Gecko; compatible; GPTBot/1.4; +https://openai.com/gptbot)" jdcpvtltd.in 10.44.34.235
156.59.34.88 - - [04/Aug/2026:13:15:38 -0600] "POST /xmlrpc.php HTTP/1.1" 409 83 "-" "Mozilla/5.0 (Windows NT 10.0; Win64; x64) AppleWebKit/537.36 (KHTML, like Gecko) Chrome/114.0.0.0 Safari/537.36" jdcpvtltd.in 10.44.34.235
66.249.64.224 - - [04/Aug/2026:13:15:34 -0600] "GET /shop.php?d=44068838661100 HTTP/1.1" 200 38995 "-" "Mozilla/5.0 (Linux; Android 6.0.1; Nexus 5X Build/MMB29P) AppleWebKit/537.36 (KHTML, like Gecko) Chrome/150.0.7871.186 Mobile Safari/537.36 (compatible; Googlebot/2.1; +http://www.google.com/bot.html)" jdcpvtltd.in 10.44.34.235
66.249.64.224 - - [04/Aug/2026:13:15:33 -0600] "GET /shop.php?d=44068838661100 HTTP/1.1" 200 38995 "-" "Mozilla/5.0 (Linux; Android 6.0.1; Nexus 5X Build/MMB29P) AppleWebKit/537.36 (KHTML, like Gecko) Chrome/150.0.7871.186 Mobile Safari/537.36 (compatible; Googlebot/2.1; +http://www.google.com/bot.html)" jdcpvtltd.in 10.44.34.235
74.7.227.137 - - [04/Aug/2026:13:16:42 -0600] "GET /products/a3105301 HTTP/1.1" 404 7432 "https://www.jdcpvtltd.in" "Mozilla/5.0 AppleWebKit/537.36 (KHTML, like Gecko; compatible; GPTBot/1.4; +https://openai.com/gptbot)" jdcpvtltd.in 10.44.34.235
74.7.227.137 - - [04/Aug/2026:13:16:42 -0600] "GET /products/a3105301 HTTP/2.0" 404 7432 "https://www.jdcpvtltd.in" "Mozilla/5.0 AppleWebKit/537.36 (KHTML, like Gecko; compatible; GPTBot/1.4; +https://openai.com/gptbot)" jdcpvtltd.in 10.44.34.235
74.7.227.137 - - [04/Aug/2026:13:17:46 -0600] "GET /products/1b706621 HTTP/1.1" 404 7432 "https://www.jdcpvtltd.in" "Mozilla/5.0 AppleWebKit/537.36 (KHTML, like Gecko; compatible; GPTBot/1.4; +https://openai.com/gptbot)" jdcpvtltd.in 10.44.34.235
74.7.227.137 - - [04/Aug/2026:13:17:46 -0600] "GET /products/1b706621 HTTP/2.0" 404 7432 "https://www.jdcpvtltd.in" "Mozilla/5.0 AppleWebKit/537.36 (KHTML, like Gecko; compatible; GPTBot/1.4; +https://openai.com/gptbot)" jdcpvtltd.in 10.44.34.235
57.141.0.23 - - [04/Aug/2026:13:17:56 -0600] "GET /rooli-casino-quickfire-slots-live-action-for-the-m/ HTTP/1.1" 200 11395 "-" "Mozilla/5.0 (Macintosh; Intel Mac OS X 10_15_7) AppleWebKit/537.36 (KHTML, like Gecko) Chrome/145.0.0.0 Safari/537.36 (compatible; meta-externalagent/1.1 (+https://developers.facebook.com/docs/sharing/webmasters/crawler))" jdcpvtltd.in 10.44.34.235
57.141.0.23 - - [04/Aug/2026:13:17:56 -0600] "GET /rooli-casino-quickfire-slots-live-action-for-the-m/ HTTP/2.0" 200 11395 "-" "Mozilla/5.0 (Macintosh; Intel Mac OS X 10_15_7) AppleWebKit/537.36 (KHTML, like Gecko) Chrome/145.0.0.0 Safari/537.36 (compatible; meta-externalagent/1.1 (+https://developers.facebook.com/docs/sharing/webmasters/crawler))" jdcpvtltd.in 10.44.34.235
34.125.5.124 - - [04/Aug/2026:13:18:09 -0600] "GET /___proxy_subdomain_webdisk/.git/config HTTP/1.1" 500 732 "-" "-" webdisk.jdcpvtltd.in 10.44.34.235
34.125.5.124 - - [04/Aug/2026:13:18:09 -0600] "GET /.git/config HTTP/1.1" 500 732 "-" "-" webdisk.jdcpvtltd.in 10.44.34.235
74.7.227.137 - - [04/Aug/2026:13:18:50 -0600] "GET /products/0a373520 HTTP/1.1" 404 7432 "https://www.jdcpvtltd.in" "Mozilla/5.0 AppleWebKit/537.36 (KHTML, like Gecko; compatible; GPTBot/1.4; +https://openai.com/gptbot)" jdcpvtltd.in 10.44.34.235
74.7.227.137 - - [04/Aug/2026:13:18:50 -0600] "GET /products/0a373520 HTTP/2.0" 404 7432 "https://www.jdcpvtltd.in" "Mozilla/5.0 AppleWebKit/537.36 (KHTML, like Gecko; compatible; GPTBot/1.4; +https://openai.com/gptbot)" jdcpvtltd.in 10.44.34.235
66.249.64.226 - - [04/Aug/2026:13:18:58 -0600] "GET /shop.php?d=40503735581100 HTTP/1.1" 200 39248 "-" "Mozilla/5.0 (Linux; Android 6.0.1; Nexus 5X Build/MMB29P) AppleWebKit/537.36 (KHTML, like Gecko) Chrome/150.0.7871.186 Mobile Safari/537.36 (compatible; Googlebot/2.1; +http://www.google.com/bot.html)" jdcpvtltd.in 10.44.34.235
66.249.64.226 - - [04/Aug/2026:13:18:58 -0600] "GET /shop.php?d=40503735581100 HTTP/1.1" 200 39248 "-" "Mozilla/5.0 (Linux; Android 6.0.1; Nexus 5X Build/MMB29P) AppleWebKit/537.36 (KHTML, like Gecko) Chrome/150.0.7871.186 Mobile Safari/537.36 (compatible; Googlebot/2.1; +http://www.google.com/bot.html)" jdcpvtltd.in 10.44.34.235
66.249.64.224 - - [04/Aug/2026:13:19:03 -0600] "GET /shop.php?d=29791804421100 HTTP/1.1" 200 39565 "-" "Mozilla/5.0 (Linux; Android 6.0.1; Nexus 5X Build/MMB29P) AppleWebKit/537.36 (KHTML, like Gecko) Chrome/150.0.7871.186 Mobile Safari/537.36 (compatible; Googlebot/2.1; +http://www.google.com/bot.html)" jdcpvtltd.in 10.44.34.235
66.249.64.224 - - [04/Aug/2026:13:19:02 -0600] "GET /shop.php?d=29791804421100 HTTP/1.1" 200 39565 "-" "Mozilla/5.0 (Linux; Android 6.0.1; Nexus 5X Build/MMB29P) AppleWebKit/537.36 (KHTML, like Gecko) Chrome/150.0.7871.186 Mobile Safari/537.36 (compatible; Googlebot/2.1; +http://www.google.com/bot.html)" jdcpvtltd.in 10.44.34.235
57.141.0.61 - - [04/Aug/2026:13:19:15 -0600] "GET /1win-en-argentina-aplicacion-movil/ HTTP/1.1" 200 11614 "-" "Mozilla/5.0 (Windows NT 10.0; Win64; x64) AppleWebKit/537.36 (KHTML, like Gecko) Chrome/145.0.0.0 Safari/537.36 (compatible; meta-externalagent/1.1 (+https://developers.facebook.com/docs/sharing/webmasters/crawler))" jdcpvtltd.in 10.44.34.235
57.141.0.61 - - [04/Aug/2026:13:19:15 -0600] "GET /1win-en-argentina-aplicacion-movil/ HTTP/2.0" 200 11614 "-" "Mozilla/5.0 (Windows NT 10.0; Win64; x64) AppleWebKit/537.36 (KHTML, like Gecko) Chrome/145.0.0.0 Safari/537.36 (compatible; meta-externalagent/1.1 (+https://developers.facebook.com/docs/sharing/webmasters/crawler))" jdcpvtltd.in 10.44.34.235
57.141.0.21 - - [04/Aug/2026:13:19:23 -0600] "GET /wp-json/oembed/1.0/embed?url=https%3A%2F%2Fjdcpvtltd.in%2Fvavada-kazino-bez-depozita-bonuss-2026-apskats-2%2F HTTP/2.0" 200 1164 "-" "Mozilla/5.0 (Windows NT 10.0; Win64; x64) AppleWebKit/537.36 (KHTML, like Gecko) Chrome/145.0.0.0 Safari/537.36 (compatible; meta-externalagent/1.1 (+https://developers.facebook.com/docs/sharing/webmasters/crawler))" jdcpvtltd.in 10.44.34.235
74.7.227.137 - - [04/Aug/2026:13:19:52 -0600] "GET /products/5042359 HTTP/1.1" 404 7432 "https://www.jdcpvtltd.in" "Mozilla/5.0 AppleWebKit/537.36 (KHTML, like Gecko; compatible; GPTBot/1.4; +https://openai.com/gptbot)" jdcpvtltd.in 10.44.34.235
74.7.227.137 - - [04/Aug/2026:13:19:52 -0600] "GET /products/5042359 HTTP/2.0" 404 7432 "https://www.jdcpvtltd.in" "Mozilla/5.0 AppleWebKit/537.36 (KHTML, like Gecko; compatible; GPTBot/1.4; +https://openai.com/gptbot)" jdcpvtltd.in 10.44.34.235
57.141.0.71 - - [04/Aug/2026:13:20:12 -0600] "GET /?productSearch/pictureSearch?id=18768654361100 HTTP/1.1" 301 - "-" "Mozilla/5.0 (Macintosh; Intel Mac OS X 10_15_7) AppleWebKit/537.36 (KHTML, like Gecko) Chrome/145.0.0.0 Safari/537.36 (compatible; meta-externalagent/1.1 (+https://developers.facebook.com/docs/sharing/webmasters/crawler))" jdcpvtltd.in 10.44.34.235
57.141.0.71 - - [04/Aug/2026:13:20:12 -0600] "GET /?productSearch/pictureSearch?id=18768654361100 HTTP/2.0" 301 - "-" "Mozilla/5.0 (Macintosh; Intel Mac OS X 10_15_7) AppleWebKit/537.36 (KHTML, like Gecko) Chrome/145.0.0.0 Safari/537.36 (compatible; meta-externalagent/1.1 (+https://developers.facebook.com/docs/sharing/webmasters/crawler))" jdcpvtltd.in 10.44.34.235
57.141.0.6 - - [04/Aug/2026:13:20:15 -0600] "GET /?productSearch%2FpictureSearch%3Fid=18768654361100 HTTP/1.1" 200 12904 "-" "Mozilla/5.0 (Macintosh; Intel Mac OS X 10_15_7) AppleWebKit/537.36 (KHTML, like Gecko) Chrome/145.0.0.0 Safari/537.36 (compatible; meta-externalagent/1.1 (+https://developers.facebook.com/docs/sharing/webmasters/crawler))" jdcpvtltd.in 10.44.34.235
57.141.0.6 - - [04/Aug/2026:13:20:15 -0600] "GET /?productSearch%2FpictureSearch%3Fid=18768654361100 HTTP/2.0" 200 12904 "-" "Mozilla/5.0 (Macintosh; Intel Mac OS X 10_15_7) AppleWebKit/537.36 (KHTML, like Gecko) Chrome/145.0.0.0 Safari/537.36 (compatible; meta-externalagent/1.1 (+https://developers.facebook.com/docs/sharing/webmasters/crawler))" jdcpvtltd.in 10.44.34.235
66.249.64.225 - - [04/Aug/2026:13:20:23 -0600] "GET /shop.php?d=49588293861100 HTTP/1.1" 200 39145 "-" "Mozilla/5.0 (Linux; Android 6.0.1; Nexus 5X Build/MMB29P) AppleWebKit/537.36 (KHTML, like Gecko) Chrome/150.0.7871.186 Mobile Safari/537.36 (compatible; Googlebot/2.1; +http://www.google.com/bot.html)" jdcpvtltd.in 10.44.34.235
66.249.64.225 - - [04/Aug/2026:13:20:23 -0600] "GET /shop.php?d=49588293861100 HTTP/1.1" 200 39145 "-" "Mozilla/5.0 (Linux; Android 6.0.1; Nexus 5X Build/MMB29P) AppleWebKit/537.36 (KHTML, like Gecko) Chrome/150.0.7871.186 Mobile Safari/537.36 (compatible; Googlebot/2.1; +http://www.google.com/bot.html)" jdcpvtltd.in 10.44.34.235
66.249.64.225 - - [04/Aug/2026:13:20:34 -0600] "GET /shop.php?product/review/34754398141100 HTTP/1.1" 200 39103 "-" "Mozilla/5.0 (Linux; Android 6.0.1; Nexus 5X Build/MMB29P) AppleWebKit/537.36 (KHTML, like Gecko) Chrome/150.0.7871.186 Mobile Safari/537.36 (compatible; Googlebot/2.1; +http://www.google.com/bot.html)" jdcpvtltd.in 10.44.34.235
66.249.64.225 - - [04/Aug/2026:13:20:34 -0600] "GET /shop.php?product/review/34754398141100 HTTP/1.1" 200 39103 "-" "Mozilla/5.0 (Linux; Android 6.0.1; Nexus 5X Build/MMB29P) AppleWebKit/537.36 (KHTML, like Gecko) Chrome/150.0.7871.186 Mobile Safari/537.36 (compatible; Googlebot/2.1; +http://www.google.com/bot.html)" jdcpvtltd.in 10.44.34.235
50.6.43.128 - - [04/Aug/2026:13:20:55 -0600] "POST /wp-cron.php?doing_wp_cron=1785871255.6717000007629394531250 HTTP/1.1" 200 - "-" "WordPress/7.0.2; https://jdcpvtltd.in" jdcpvtltd.in 10.44.34.235
74.7.227.137 - - [04/Aug/2026:13:20:55 -0600] "GET /products/0244851 HTTP/1.1" 404 7432 "https://www.jdcpvtltd.in" "Mozilla/5.0 AppleWebKit/537.36 (KHTML, like Gecko; compatible; GPTBot/1.4; +https://openai.com/gptbot)" jdcpvtltd.in 10.44.34.235
74.7.227.137 - - [04/Aug/2026:13:20:55 -0600] "GET /products/0244851 HTTP/2.0" 404 7432 "https://www.jdcpvtltd.in" "Mozilla/5.0 AppleWebKit/537.36 (KHTML, like Gecko; compatible; GPTBot/1.4; +https://openai.com/gptbot)" jdcpvtltd.in 10.44.34.235
57.141.0.59 - - [04/Aug/2026:13:21:16 -0600] "GET /pokerdom-onlayn-kazino-i-poker-rum-pokerdom/ HTTP/1.1" 200 12187 "-" "Mozilla/5.0 (Macintosh; Intel Mac OS X 10_15_7) AppleWebKit/537.36 (KHTML, like Gecko) Chrome/145.0.0.0 Safari/537.36 (compatible; meta-externalagent/1.1 (+https://developers.facebook.com/docs/sharing/webmasters/crawler))" jdcpvtltd.in 10.44.34.235
57.141.0.59 - - [04/Aug/2026:13:21:16 -0600] "GET /pokerdom-onlayn-kazino-i-poker-rum-pokerdom/ HTTP/2.0" 200 12187 "-" "Mozilla/5.0 (Macintosh; Intel Mac OS X 10_15_7) AppleWebKit/537.36 (KHTML, like Gecko) Chrome/145.0.0.0 Safari/537.36 (compatible; meta-externalagent/1.1 (+https://developers.facebook.com/docs/sharing/webmasters/crawler))" jdcpvtltd.in 10.44.34.235
74.7.227.137 - - [04/Aug/2026:13:21:55 -0600] "GET /products/2165829 HTTP/1.1" 404 7432 "https://www.jdcpvtltd.in" "Mozilla/5.0 AppleWebKit/537.36 (KHTML, like Gecko; compatible; GPTBot/1.4; +https://openai.com/gptbot)" jdcpvtltd.in 10.44.34.235
74.7.227.137 - - [04/Aug/2026:13:21:55 -0600] "GET /products/2165829 HTTP/2.0" 404 7432 "https://www.jdcpvtltd.in" "Mozilla/5.0 AppleWebKit/537.36 (KHTML, like Gecko; compatible; GPTBot/1.4; +https://openai.com/gptbot)" jdcpvtltd.in 10.44.34.235
45.83.178.43 - - [04/Aug/2026:13:22:18 -0600] "POST /xmlrpc.php HTTP/1.1" 409 83 "-" "Mozilla/5.0 (X11; Linux x86_64) AppleWebKit/537.36 (KHTML, like Gecko) Chrome/148.0.0.0 Safari/537.36" jdcpvtltd.in 10.44.34.235
66.249.64.224 - - [04/Aug/2026:13:22:24 -0600] "GET /?l=31203791961100 HTTP/1.1" 200 40562 "-" "Mozilla/5.0 (Linux; Android 6.0.1; Nexus 5X Build/MMB29P) AppleWebKit/537.36 (KHTML, like Gecko) Chrome/150.0.7871.186 Mobile Safari/537.36 (compatible; Googlebot/2.1; +http://www.google.com/bot.html)" jdcpvtltd.in 10.44.34.235
66.249.64.224 - - [04/Aug/2026:13:22:24 -0600] "GET /?l=31203791961100 HTTP/1.1" 200 40562 "-" "Mozilla/5.0 (Linux; Android 6.0.1; Nexus 5X Build/MMB29P) AppleWebKit/537.36 (KHTML, like Gecko) Chrome/150.0.7871.186 Mobile Safari/537.36 (compatible; Googlebot/2.1; +http://www.google.com/bot.html)" jdcpvtltd.in 10.44.34.235
66.249.64.224 - - [04/Aug/2026:13:22:30 -0600] "GET /shop.php?product/category/view_more/27345231621100 HTTP/1.1" 200 38824 "-" "Mozilla/5.0 (Linux; Android 6.0.1; Nexus 5X Build/MMB29P) AppleWebKit/537.36 (KHTML, like Gecko) Chrome/150.0.7871.186 Mobile Safari/537.36 (compatible; Googlebot/2.1; +http://www.google.com/bot.html)" jdcpvtltd.in 10.44.34.235
66.249.64.224 - - [04/Aug/2026:13:22:30 -0600] "GET /shop.php?product/category/view_more/27345231621100 HTTP/1.1" 200 38824 "-" "Mozilla/5.0 (Linux; Android 6.0.1; Nexus 5X Build/MMB29P) AppleWebKit/537.36 (KHTML, like Gecko) Chrome/150.0.7871.186 Mobile Safari/537.36 (compatible; Googlebot/2.1; +http://www.google.com/bot.html)" jdcpvtltd.in 10.44.34.235
