57.141.0.33 - - [04/Aug/2026:13:47:12 -0600] "GET /what-are-the-welcome-bonuses-at-golden-star-casino/ HTTP/1.1" 200 21746 "-" "Mozilla/5.0 (Windows NT 10.0; Win64; x64) AppleWebKit/537.36 (KHTML, like Gecko) Chrome/145.0.0.0 Safari/537.36 (compatible; meta-externalagent/1.1 (+https://developers.facebook.com/docs/sharing/webmasters/crawler))" omsschool.in 10.44.34.235
57.141.0.33 - - [04/Aug/2026:13:47:12 -0600] "GET /what-are-the-welcome-bonuses-at-golden-star-casino/ HTTP/2.0" 200 21746 "-" "Mozilla/5.0 (Windows NT 10.0; Win64; x64) AppleWebKit/537.36 (KHTML, like Gecko) Chrome/145.0.0.0 Safari/537.36 (compatible; meta-externalagent/1.1 (+https://developers.facebook.com/docs/sharing/webmasters/crawler))" omsschool.in 10.44.34.235
50.6.43.128 - - [04/Aug/2026:13:54:24 -0600] "POST /wp-cron.php?doing_wp_cron=1785873264.2935850620269775390625 HTTP/1.1" 200 - "-" "WordPress/7.0.2; https://omsschool.in" omsschool.in 10.44.34.235
103.79.254.51 - - [04/Aug/2026:13:54:23 -0600] "GET /favicon.ico HTTP/1.1" 302 - "-" "FaviconHash-API/1.0" omsschool.in 10.44.34.235
103.79.254.51 - - [04/Aug/2026:13:54:23 -0600] "GET /favicon.ico HTTP/1.1" 302 - "-" "FaviconHash-API/1.0" omsschool.in 10.44.34.235
103.79.254.51 - - [04/Aug/2026:13:54:23 -0600] "GET / HTTP/1.1" 200 31620 "-" "FaviconHash-API/1.0" omsschool.in 10.44.34.235
103.79.254.51 - - [04/Aug/2026:13:54:23 -0600] "GET / HTTP/1.1" 200 31620 "-" "FaviconHash-API/1.0" omsschool.in 10.44.34.235
103.79.254.51 - - [04/Aug/2026:13:54:24 -0600] "GET /wp-content/uploads/2024/12/cropped-Untitled-design-5-32x32.png HTTP/1.1" 200 2338 "-" "FaviconHash-API/1.0" omsschool.in 10.44.34.235
103.79.254.51 - - [04/Aug/2026:13:54:25 -0600] "GET /wp-content/uploads/2024/12/cropped-Untitled-design-5-32x32.png HTTP/1.1" 200 2338 "-" "FaviconHash-API/1.0" omsschool.in 10.44.34.235
50.6.43.128 - - [04/Aug/2026:13:59:40 -0600] "POST /wp-cron.php?doing_wp_cron=1785873580.4199149608612060546875 HTTP/1.1" 200 - "-" "WordPress/7.0.2; https://omsschool.in" omsschool.in 10.44.34.235
57.141.0.51 - - [04/Aug/2026:13:59:39 -0600] "GET /category/uncategorized/page/17/ HTTP/1.1" 200 25508 "-" "Mozilla/5.0 (Windows NT 10.0; Win64; x64) AppleWebKit/537.36 (KHTML, like Gecko) Chrome/145.0.0.0 Safari/537.36 (compatible; meta-externalagent/1.1 (+https://developers.facebook.com/docs/sharing/webmasters/crawler))" omsschool.in 10.44.34.235
57.141.0.51 - - [04/Aug/2026:13:59:39 -0600] "GET /category/uncategorized/page/17/ HTTP/2.0" 200 25508 "-" "Mozilla/5.0 (Windows NT 10.0; Win64; x64) AppleWebKit/537.36 (KHTML, like Gecko) Chrome/145.0.0.0 Safari/537.36 (compatible; meta-externalagent/1.1 (+https://developers.facebook.com/docs/sharing/webmasters/crawler))" omsschool.in 10.44.34.235
50.6.43.128 - - [04/Aug/2026:14:00:16 -0600] "POST /wp-cron.php?doing_wp_cron=1785873616.9349069595336914062500 HTTP/1.1" 200 - "-" "WordPress/7.0.2; https://omsschool.in" omsschool.in 10.44.34.235
57.141.0.14 - - [04/Aug/2026:14:00:16 -0600] "GET /wp-json/oembed/1.0/embed?url=https%3A%2F%2Fomsschool.in%2Fexplore-the-world-of-kinbet-casino%2F HTTP/2.0" 200 1151 "-" "Mozilla/5.0 (Windows NT 10.0; Win64; x64) AppleWebKit/537.36 (KHTML, like Gecko) Chrome/145.0.0.0 Safari/537.36 (compatible; meta-externalagent/1.1 (+https://developers.facebook.com/docs/sharing/webmasters/crawler))" omsschool.in 10.44.34.235
57.141.0.31 - - [04/Aug/2026:14:02:25 -0600] "GET /?p=4840 HTTP/1.1" 301 - "-" "Mozilla/5.0 (Windows NT 10.0; Win64; x64) AppleWebKit/537.36 (KHTML, like Gecko) Chrome/145.0.0.0 Safari/537.36 Edg/145.0.0.0 (compatible; meta-externalagent/1.1 (+https://developers.facebook.com/docs/sharing/webmasters/crawler))" omsschool.in 10.44.34.235
57.141.0.31 - - [04/Aug/2026:14:02:25 -0600] "GET /?p=4840 HTTP/2.0" 301 - "-" "Mozilla/5.0 (Windows NT 10.0; Win64; x64) AppleWebKit/537.36 (KHTML, like Gecko) Chrome/145.0.0.0 Safari/537.36 Edg/145.0.0.0 (compatible; meta-externalagent/1.1 (+https://developers.facebook.com/docs/sharing/webmasters/crawler))" omsschool.in 10.44.34.235
50.6.43.128 - - [04/Aug/2026:14:02:35 -0600] "POST /wp-cron.php?doing_wp_cron=1785873755.3513588905334472656250 HTTP/1.1" 200 - "-" "WordPress/7.0.2; https://omsschool.in" omsschool.in 10.44.34.235
57.141.0.36 - - [04/Aug/2026:14:02:38 -0600] "GET /les-fonctionnalites-impressionnantes-de-verde-casino-a-decouvrir/ HTTP/1.1" 200 21908 "-" "Mozilla/5.0 (Windows NT 10.0; Win64; x64) AppleWebKit/537.36 (KHTML, like Gecko) Chrome/145.0.0.0 Safari/537.36 Edg/145.0.0.0 (compatible; meta-externalagent/1.1 (+https://developers.facebook.com/docs/sharing/webmasters/crawler))" omsschool.in 10.44.34.235
57.141.0.36 - - [04/Aug/2026:14:02:38 -0600] "GET /les-fonctionnalites-impressionnantes-de-verde-casino-a-decouvrir/ HTTP/2.0" 200 21908 "-" "Mozilla/5.0 (Windows NT 10.0; Win64; x64) AppleWebKit/537.36 (KHTML, like Gecko) Chrome/145.0.0.0 Safari/537.36 Edg/145.0.0.0 (compatible; meta-externalagent/1.1 (+https://developers.facebook.com/docs/sharing/webmasters/crawler))" omsschool.in 10.44.34.235
50.6.43.128 - - [04/Aug/2026:14:04:28 -0600] "POST /wp-cron.php?doing_wp_cron=1785873868.7555849552154541015625 HTTP/1.1" 200 - "-" "WordPress/7.0.2; https://omsschool.in" omsschool.in 10.44.34.235
57.141.0.12 - - [04/Aug/2026:14:04:28 -0600] "GET /10-luchshih-kazino-onlayn-2026-sravnenie-platform-i-bonusnyh-programm/ HTTP/1.1" 200 23592 "-" "Mozilla/5.0 (Windows NT 10.0; Win64; x64) AppleWebKit/537.36 (KHTML, like Gecko) Chrome/145.0.0.0 Safari/537.36 (compatible; meta-externalagent/1.1 (+https://developers.facebook.com/docs/sharing/webmasters/crawler))" omsschool.in 10.44.34.235
57.141.0.12 - - [04/Aug/2026:14:04:28 -0600] "GET /10-luchshih-kazino-onlayn-2026-sravnenie-platform-i-bonusnyh-programm/ HTTP/2.0" 200 23592 "-" "Mozilla/5.0 (Windows NT 10.0; Win64; x64) AppleWebKit/537.36 (KHTML, like Gecko) Chrome/145.0.0.0 Safari/537.36 (compatible; meta-externalagent/1.1 (+https://developers.facebook.com/docs/sharing/webmasters/crawler))" omsschool.in 10.44.34.235
57.141.0.19 - - [04/Aug/2026:14:08:57 -0600] "GET /wp-json/oembed/1.0/embed?url=https%3A%2F%2Fomsschool.in%2Fnavigating-the-unexpected-turns-of-betting-platforms-with-a-new-users-caution%2F HTTP/2.0" 200 1185 "-" "Mozilla/5.0 (Macintosh; Intel Mac OS X 10_15_7) AppleWebKit/537.36 (KHTML, like Gecko) Chrome/145.0.0.0 Safari/537.36 (compatible; meta-externalagent/1.1 (+https://developers.facebook.com/docs/sharing/webmasters/crawler))" omsschool.in 10.44.34.235
57.141.0.65 - - [04/Aug/2026:14:08:57 -0600] "GET /les-fonctionnalites-impressionnantes-de-verde-casino-a-decouvrir/feed/ HTTP/1.1" 200 461 "-" "Mozilla/5.0 (Windows NT 10.0; Win64; x64) AppleWebKit/537.36 (KHTML, like Gecko) Chrome/145.0.0.0 Safari/537.36 (compatible; meta-externalagent/1.1 (+https://developers.facebook.com/docs/sharing/webmasters/crawler))" omsschool.in 10.44.34.235
57.141.0.65 - - [04/Aug/2026:14:08:57 -0600] "GET /les-fonctionnalites-impressionnantes-de-verde-casino-a-decouvrir/feed/ HTTP/2.0" 200 461 "-" "Mozilla/5.0 (Windows NT 10.0; Win64; x64) AppleWebKit/537.36 (KHTML, like Gecko) Chrome/145.0.0.0 Safari/537.36 (compatible; meta-externalagent/1.1 (+https://developers.facebook.com/docs/sharing/webmasters/crawler))" omsschool.in 10.44.34.235
50.6.43.128 - - [04/Aug/2026:14:08:57 -0600] "POST /wp-cron.php?doing_wp_cron=1785874137.8584089279174804687500 HTTP/1.1" 200 - "-" "WordPress/7.0.2; https://omsschool.in" omsschool.in 10.44.34.235
57.141.0.56 - - [04/Aug/2026:14:17:09 -0600] "GET /wp-sitemap-posts-product-1.xml HTTP/1.1" 200 351 "-" "Mozilla/5.0 (Windows NT 10.0; Win64; x64) AppleWebKit/537.36 (KHTML, like Gecko) Chrome/145.0.0.0 Safari/537.36 (compatible; meta-externalagent/1.1 (+https://developers.facebook.com/docs/sharing/webmasters/crawler))" omsschool.in 10.44.34.235
57.141.0.56 - - [04/Aug/2026:14:17:09 -0600] "GET /wp-sitemap-posts-product-1.xml HTTP/2.0" 200 351 "-" "Mozilla/5.0 (Windows NT 10.0; Win64; x64) AppleWebKit/537.36 (KHTML, like Gecko) Chrome/145.0.0.0 Safari/537.36 (compatible; meta-externalagent/1.1 (+https://developers.facebook.com/docs/sharing/webmasters/crawler))" omsschool.in 10.44.34.235
57.141.0.1 - - [04/Aug/2026:14:18:17 -0600] "GET /polzovatelskii-opyt-ispolzovanie-1xbet-zerkalo-rabochee-na-segodnia/ HTTP/1.1" 200 24003 "-" "Mozilla/5.0 (Windows NT 10.0; Win64; x64) AppleWebKit/537.36 (KHTML, like Gecko) Chrome/145.0.0.0 Safari/537.36 (compatible; meta-externalagent/1.1 (+https://developers.facebook.com/docs/sharing/webmasters/crawler))" omsschool.in 10.44.34.235
57.141.0.1 - - [04/Aug/2026:14:18:17 -0600] "GET /polzovatelskii-opyt-ispolzovanie-1xbet-zerkalo-rabochee-na-segodnia/ HTTP/2.0" 200 7420 "-" "Mozilla/5.0 (Windows NT 10.0; Win64; x64) AppleWebKit/537.36 (KHTML, like Gecko) Chrome/145.0.0.0 Safari/537.36 (compatible; meta-externalagent/1.1 (+https://developers.facebook.com/docs/sharing/webmasters/crawler))" omsschool.in 10.44.34.235
103.79.254.51 - - [04/Aug/2026:14:18:35 -0600] "GET / HTTP/1.1" 200 31620 "-" "FaviconHash-API/1.0" omsschool.in 10.44.34.235
103.79.254.51 - - [04/Aug/2026:14:18:35 -0600] "GET / HTTP/1.1" 200 31620 "-" "FaviconHash-API/1.0" omsschool.in 10.44.34.235
103.79.254.51 - - [04/Aug/2026:14:18:36 -0600] "GET /favicon.ico HTTP/1.1" 302 - "-" "FaviconHash-API/1.0" omsschool.in 10.44.34.235
103.79.254.51 - - [04/Aug/2026:14:18:36 -0600] "GET /favicon.ico HTTP/1.1" 302 - "-" "FaviconHash-API/1.0" omsschool.in 10.44.34.235
50.6.43.128 - - [04/Aug/2026:14:18:44 -0600] "POST /wp-cron.php?doing_wp_cron=1785874724.7339580059051513671875 HTTP/1.1" 200 - "-" "WordPress/7.0.2; https://omsschool.in" omsschool.in 10.44.34.235
50.6.43.128 - - [04/Aug/2026:14:20:00 -0600] "POST /wp-cron.php?doing_wp_cron=1785874800.7069280147552490234375 HTTP/1.1" 200 - "-" "WordPress/7.0.2; https://omsschool.in" omsschool.in 10.44.34.235
57.141.0.7 - - [04/Aug/2026:14:20:20 -0600] "GET /wp-json/oembed/1.0/embed?url=https%3A%2F%2Fomsschool.in%2Fvavada-bonus-pri-registratsii-6%2F HTTP/2.0" 200 - "-" "Mozilla/5.0 (Windows NT 10.0; Win64; x64) AppleWebKit/537.36 (KHTML, like Gecko) Chrome/145.0.0.0 Safari/537.36 Edg/145.0.0.0 (compatible; meta-externalagent/1.1 (+https://developers.facebook.com/docs/sharing/webmasters/crawler))" omsschool.in 10.44.34.235
57.141.0.12 - - [04/Aug/2026:14:20:40 -0600] "GET /explore-the-world-of-kinbet-casino/feed/ HTTP/2.0" 502 - "-" "Mozilla/5.0 (Macintosh; Intel Mac OS X 10_15_7) AppleWebKit/537.36 (KHTML, like Gecko) Chrome/145.0.0.0 Safari/537.36 (compatible; meta-externalagent/1.1 (+https://developers.facebook.com/docs/sharing/webmasters/crawler))" omsschool.in 10.44.34.235
74.7.175.147 - - [04/Aug/2026:14:28:27 -0600] "GET /___proxy_subdomain_webdisk/robots.txt HTTP/1.1" 500 732 "-" "Mozilla/5.0 (Macintosh; Intel Mac OS X 10_15_7) AppleWebKit/537.36 (KHTML, like Gecko) Chrome/131.0.0.0 Safari/537.36; compatible; OAI-SearchBot/1.4; robots.txt; +https://openai.com/searchbot" webdisk.omsschool.in 10.44.34.235
74.7.175.147 - - [04/Aug/2026:14:28:27 -0600] "GET /robots.txt HTTP/2.0" 500 732 "-" "Mozilla/5.0 (Macintosh; Intel Mac OS X 10_15_7) AppleWebKit/537.36 (KHTML, like Gecko) Chrome/131.0.0.0 Safari/537.36; compatible; OAI-SearchBot/1.4; robots.txt; +https://openai.com/searchbot" webdisk.omsschool.in 10.44.34.235
57.141.0.19 - - [04/Aug/2026:14:24:02 -0600] "GET /pinco-online-kazino-2026-strategiyalar-v-m-sl-h-tl-r-pinko-kazino-onlayn/ HTTP/2.0" 502 - "-" "Mozilla/5.0 (Macintosh; Intel Mac OS X 10_15_7) AppleWebKit/537.36 (KHTML, like Gecko) Chrome/145.0.0.0 Safari/537.36 (compatible; meta-externalagent/1.1 (+https://developers.facebook.com/docs/sharing/webmasters/crawler))" omsschool.in 10.44.34.235
57.141.0.37 - - [04/Aug/2026:14:25:12 -0600] "GET /pokerdom-onlayn-kazino-i-poker-rum-2026/ HTTP/2.0" 502 - "-" "Mozilla/5.0 (Windows NT 10.0; Win64; x64) AppleWebKit/537.36 (KHTML, like Gecko) Chrome/145.0.0.0 Safari/537.36 (compatible; meta-externalagent/1.1 (+https://developers.facebook.com/docs/sharing/webmasters/crawler))" omsschool.in 10.44.34.235
20.191.152.12 - - [04/Aug/2026:14:33:57 -0600] "GET /wp-login.php HTTP/1.1" 409 83 "-" "Mozilla/5.0 (Windows NT 10.0; Win64; rv:143.0) Gecko/20100101 Firefox/143.0" omsschool.in 10.44.34.235
57.141.0.34 - - [04/Aug/2026:14:28:13 -0600] "GET /test-post-created-4/ HTTP/2.0" 502 - "-" "Mozilla/5.0 (Windows NT 10.0; Win64; x64) AppleWebKit/537.36 (KHTML, like Gecko) Chrome/145.0.0.0 Safari/537.36 (compatible; meta-externalagent/1.1 (+https://developers.facebook.com/docs/sharing/webmasters/crawler))" omsschool.in 10.44.34.235
179.19.185.8 - - [04/Aug/2026:14:30:33 -0600] "GET /index.php?rest_route=/ HTTP/2.0" 502 - "-" "Mozilla/5.0 (Windows NT 10.0; Win64; x64) AppleWebKit/537.36 (KHTML, like Gecko) Chrome/142.0.0.0 Safari/537.36" omsschool.in 10.44.34.235
57.141.0.25 - - [04/Aug/2026:14:30:38 -0600] "GET /pinko-kazino-oficialnyy-sayt-pinco-igrat-onlayn-zerkalo-i-vhod/ HTTP/2.0" 502 - "-" "Mozilla/5.0 (Macintosh; Intel Mac OS X 10_15_7) AppleWebKit/537.36 (KHTML, like Gecko) Chrome/145.0.0.0 Safari/537.36 (compatible; meta-externalagent/1.1 (+https://developers.facebook.com/docs/sharing/webmasters/crawler))" omsschool.in 10.44.34.235
57.141.0.40 - - [04/Aug/2026:14:31:35 -0600] "GET /kazino-sultan-games-rukovodstvo-po-igram/ HTTP/2.0" 502 - "-" "Mozilla/5.0 (Windows NT 10.0; Win64; x64) AppleWebKit/537.36 (KHTML, like Gecko) Chrome/145.0.0.0 Safari/537.36 (compatible; meta-externalagent/1.1 (+https://developers.facebook.com/docs/sharing/webmasters/crawler))" omsschool.in 10.44.34.235
57.141.0.1 - - [04/Aug/2026:14:32:52 -0600] "GET /vavada-otzyvy-igrokov-2/ HTTP/2.0" 502 - "-" "Mozilla/5.0 (Windows NT 10.0; Win64; x64) AppleWebKit/537.36 (KHTML, like Gecko) Chrome/145.0.0.0 Safari/537.36 (compatible; meta-externalagent/1.1 (+https://developers.facebook.com/docs/sharing/webmasters/crawler))" omsschool.in 10.44.34.235
206.189.204.48 - - [04/Aug/2026:14:32:53 -0600] "GET / HTTP/2.0" 502 - "-" "Mozilla/5.0 (Windows NT 10.0; Win64; x64) AppleWebKit/537.36 (KHTML, like Gecko) Chrome/120.0.0.0 Safari/537.36" omsschool.in 10.44.34.235
206.189.204.48 - - [04/Aug/2026:14:33:06 -0600] "GET / HTTP/2.0" 502 - "-" "Mozilla/5.0 (Windows NT 10.0; Win64; x64) AppleWebKit/537.36 (KHTML, like Gecko) Chrome/120.0.0.0 Safari/537.36" omsschool.in 10.44.34.235
216.73.216.84 - - [04/Aug/2026:14:46:01 -0600] "GET /robots.txt HTTP/2.0" 200 24 "-" "Mozilla/5.0 AppleWebKit/537.36 (KHTML, like Gecko; compatible; ClaudeBot/1.0; +claudebot@anthropic.com)" omsschool.in 10.44.34.235
57.141.0.18 - - [04/Aug/2026:14:41:04 -0600] "GET /cw-check-https-test-com/ HTTP/2.0" 502 - "-" "Mozilla/5.0 (Macintosh; Intel Mac OS X 10_15_7) AppleWebKit/537.36 (KHTML, like Gecko) Chrome/145.0.0.0 Safari/537.36 (compatible; meta-externalagent/1.1 (+https://developers.facebook.com/docs/sharing/webmasters/crawler))" omsschool.in 10.44.34.235
207.46.13.231 - - [04/Aug/2026:14:49:50 -0600] "GET /robots.txt HTTP/1.1" 200 24 "-" "Mozilla/5.0 AppleWebKit/537.36 (KHTML, like Gecko; compatible; bingbot/2.0; +http://www.bing.com/bingbot.htm) Chrome/116.0.1938.76 Safari/537.36" www.omsschool.in 10.44.34.235
207.46.13.231 - - [04/Aug/2026:14:49:50 -0600] "GET /robots.txt HTTP/2.0" 200 24 "-" "Mozilla/5.0 AppleWebKit/537.36 (KHTML, like Gecko; compatible; bingbot/2.0; +http://www.bing.com/bingbot.htm) Chrome/116.0.1938.76 Safari/537.36" www.omsschool.in 10.44.34.235
216.73.216.84 - - [04/Aug/2026:14:46:01 -0600] "GET /sitemap.xml HTTP/2.0" 502 - "-" "Mozilla/5.0 AppleWebKit/537.36 (KHTML, like Gecko; compatible; ClaudeBot/1.0; +claudebot@anthropic.com)" omsschool.in 10.44.34.235
57.141.0.17 - - [04/Aug/2026:14:48:15 -0600] "GET /ninewin-registration-steps-for-uk-players/ HTTP/2.0" 502 - "-" "Mozilla/5.0 (Macintosh; Intel Mac OS X 10_15_7) AppleWebKit/537.36 (KHTML, like Gecko) Chrome/145.0.0.0 Safari/537.36 (compatible; meta-externalagent/1.1 (+https://developers.facebook.com/docs/sharing/webmasters/crawler))" omsschool.in 10.44.34.235
57.141.0.61 - - [04/Aug/2026:14:49:48 -0600] "GET /pinco-online-kazino-az-rbaycanda-vip-klub-v-loyalliq-proqramlari/ HTTP/2.0" 502 - "-" "Mozilla/5.0 (Windows NT 10.0; Win64; x64) AppleWebKit/537.36 (KHTML, like Gecko) Chrome/145.0.0.0 Safari/537.36 (compatible; meta-externalagent/1.1 (+https://developers.facebook.com/docs/sharing/webmasters/crawler))" omsschool.in 10.44.34.235
157.55.39.56 - - [04/Aug/2026:14:49:52 -0600] "GET /sitemap.txt HTTP/2.0" 502 - "-" "Mozilla/5.0 AppleWebKit/537.36 (KHTML, like Gecko; compatible; bingbot/2.0; +http://www.bing.com/bingbot.htm) Chrome/116.0.1938.76 Safari/537.36" www.omsschool.in 10.44.34.235
57.141.0.25 - - [04/Aug/2026:14:50:12 -0600] "GET /?p=4929 HTTP/2.0" 502 - "-" "Mozilla/5.0 (Windows NT 10.0; Win64; x64) AppleWebKit/537.36 (KHTML, like Gecko) Chrome/145.0.0.0 Safari/537.36 (compatible; meta-externalagent/1.1 (+https://developers.facebook.com/docs/sharing/webmasters/crawler))" omsschool.in 10.44.34.235
50.6.43.128 - - [04/Aug/2026:14:21:22 -0600] "POST /wp-cron.php?doing_wp_cron=1785874882.9342529773712158203125 HTTP/1.1" 200 - "-" "WordPress/7.0.2; https://omsschool.in" omsschool.in 10.44.34.235
57.141.0.12 - - [04/Aug/2026:14:20:40 -0600] "GET /explore-the-world-of-kinbet-casino/feed/ HTTP/1.1" 200 432 "-" "Mozilla/5.0 (Macintosh; Intel Mac OS X 10_15_7) AppleWebKit/537.36 (KHTML, like Gecko) Chrome/145.0.0.0 Safari/537.36 (compatible; meta-externalagent/1.1 (+https://developers.facebook.com/docs/sharing/webmasters/crawler))" omsschool.in 10.44.34.235
57.141.0.71 - - [04/Aug/2026:14:21:40 -0600] "GET /wp-json/wp/v2/posts/2970 HTTP/2.0" 200 - "-" "Mozilla/5.0 (Windows NT 10.0; Win64; x64) AppleWebKit/537.36 (KHTML, like Gecko) Chrome/145.0.0.0 Safari/537.36 (compatible; meta-externalagent/1.1 (+https://developers.facebook.com/docs/sharing/webmasters/crawler))" omsschool.in 10.44.34.235
57.141.0.12 - - [04/Aug/2026:14:23:41 -0600] "GET /502.shtml HTTP/1.1" 404 16037 "-" "Mozilla/5.0 (Macintosh; Intel Mac OS X 10_15_7) AppleWebKit/537.36 (KHTML, like Gecko) Chrome/145.0.0.0 Safari/537.36 (compatible; meta-externalagent/1.1 (+https://developers.facebook.com/docs/sharing/webmasters/crawler))" omsschool.in 10.44.34.235
57.141.0.12 - - [04/Aug/2026:14:23:41 -0600] "GET /502.shtml HTTP/1.1" 404 16037 "-" "Mozilla/5.0 (Macintosh; Intel Mac OS X 10_15_7) AppleWebKit/537.36 (KHTML, like Gecko) Chrome/145.0.0.0 Safari/537.36 (compatible; meta-externalagent/1.1 (+https://developers.facebook.com/docs/sharing/webmasters/crawler))" omsschool.in 10.44.34.235
57.141.0.19 - - [04/Aug/2026:14:24:02 -0600] "GET /pinco-online-kazino-2026-strategiyalar-v-m-sl-h-tl-r-pinko-kazino-onlayn/ HTTP/1.1" 200 22486 "-" "Mozilla/5.0 (Macintosh; Intel Mac OS X 10_15_7) AppleWebKit/537.36 (KHTML, like Gecko) Chrome/145.0.0.0 Safari/537.36 (compatible; meta-externalagent/1.1 (+https://developers.facebook.com/docs/sharing/webmasters/crawler))" omsschool.in 10.44.34.235
57.141.0.37 - - [04/Aug/2026:14:25:12 -0600] "GET /pokerdom-onlayn-kazino-i-poker-rum-2026/ HTTP/1.1" 200 24143 "-" "Mozilla/5.0 (Windows NT 10.0; Win64; x64) AppleWebKit/537.36 (KHTML, like Gecko) Chrome/145.0.0.0 Safari/537.36 (compatible; meta-externalagent/1.1 (+https://developers.facebook.com/docs/sharing/webmasters/crawler))" omsschool.in 10.44.34.235
57.141.0.12 - - [04/Aug/2026:14:26:41 -0600] "GET /502.shtml HTTP/1.1" 404 16037 "-" "Mozilla/5.0 (Macintosh; Intel Mac OS X 10_15_7) AppleWebKit/537.36 (KHTML, like Gecko) Chrome/145.0.0.0 Safari/537.36 (compatible; meta-externalagent/1.1 (+https://developers.facebook.com/docs/sharing/webmasters/crawler))" omsschool.in 10.44.34.235
57.141.0.19 - - [04/Aug/2026:14:27:02 -0600] "GET /502.shtml HTTP/1.1" 404 16037 "-" "Mozilla/5.0 (Macintosh; Intel Mac OS X 10_15_7) AppleWebKit/537.36 (KHTML, like Gecko) Chrome/145.0.0.0 Safari/537.36 (compatible; meta-externalagent/1.1 (+https://developers.facebook.com/docs/sharing/webmasters/crawler))" omsschool.in 10.44.34.235
57.141.0.19 - - [04/Aug/2026:14:27:02 -0600] "GET /502.shtml HTTP/1.1" 404 16037 "-" "Mozilla/5.0 (Macintosh; Intel Mac OS X 10_15_7) AppleWebKit/537.36 (KHTML, like Gecko) Chrome/145.0.0.0 Safari/537.36 (compatible; meta-externalagent/1.1 (+https://developers.facebook.com/docs/sharing/webmasters/crawler))" omsschool.in 10.44.34.235
57.141.0.37 - - [04/Aug/2026:14:28:12 -0600] "GET /502.shtml HTTP/1.1" 404 16037 "-" "Mozilla/5.0 (Windows NT 10.0; Win64; x64) AppleWebKit/537.36 (KHTML, like Gecko) Chrome/145.0.0.0 Safari/537.36 (compatible; meta-externalagent/1.1 (+https://developers.facebook.com/docs/sharing/webmasters/crawler))" omsschool.in 10.44.34.235
57.141.0.37 - - [04/Aug/2026:14:28:12 -0600] "GET /502.shtml HTTP/1.1" 404 16037 "-" "Mozilla/5.0 (Windows NT 10.0; Win64; x64) AppleWebKit/537.36 (KHTML, like Gecko) Chrome/145.0.0.0 Safari/537.36 (compatible; meta-externalagent/1.1 (+https://developers.facebook.com/docs/sharing/webmasters/crawler))" omsschool.in 10.44.34.235
57.141.0.34 - - [04/Aug/2026:14:28:13 -0600] "GET /test-post-created-4/ HTTP/1.1" 200 19281 "-" "Mozilla/5.0 (Windows NT 10.0; Win64; x64) AppleWebKit/537.36 (KHTML, like Gecko) Chrome/145.0.0.0 Safari/537.36 (compatible; meta-externalagent/1.1 (+https://developers.facebook.com/docs/sharing/webmasters/crawler))" omsschool.in 10.44.34.235
156.205.78.6 - - [04/Aug/2026:14:30:58 -0600] "POST /xmlrpc.php HTTP/2.0" 400 - "-" "WP-XMLRPC/1.0" omsschool.in 10.44.34.235
86.127.227.84 - - [04/Aug/2026:14:30:18 -0600] "GET /wp-json/ HTTP/2.0" 200 - "-" "Mozilla/5.0 (Windows NT 10.0; Win64; x64) AppleWebKit/537.36 (KHTML, like Gecko) Chrome/142.0.0.0 Safari/537.36" omsschool.in 10.44.34.235
57.141.0.25 - - [04/Aug/2026:14:30:38 -0600] "GET /pinko-kazino-oficialnyy-sayt-pinco-igrat-onlayn-zerkalo-i-vhod/ HTTP/1.1" 200 23929 "-" "Mozilla/5.0 (Macintosh; Intel Mac OS X 10_15_7) AppleWebKit/537.36 (KHTML, like Gecko) Chrome/145.0.0.0 Safari/537.36 (compatible; meta-externalagent/1.1 (+https://developers.facebook.com/docs/sharing/webmasters/crawler))" omsschool.in 10.44.34.235
79.116.144.15 - - [04/Aug/2026:14:30:48 -0600] "GET /wp-login.php HTTP/2.0" 200 - "-" "Mozilla/5.0 (Windows NT 10.0; Win64; x64) AppleWebKit/537.36 (KHTML, like Gecko) Chrome/142.0.0.0 Safari/537.36" omsschool.in 10.44.34.235
57.141.0.37 - - [04/Aug/2026:14:31:12 -0600] "GET /502.shtml HTTP/1.1" 404 16036 "-" "Mozilla/5.0 (Windows NT 10.0; Win64; x64) AppleWebKit/537.36 (KHTML, like Gecko) Chrome/145.0.0.0 Safari/537.36 (compatible; meta-externalagent/1.1 (+https://developers.facebook.com/docs/sharing/webmasters/crawler))" omsschool.in 10.44.34.235
57.141.0.34 - - [04/Aug/2026:14:31:13 -0600] "GET /502.shtml HTTP/1.1" 404 16036 "-" "Mozilla/5.0 (Windows NT 10.0; Win64; x64) AppleWebKit/537.36 (KHTML, like Gecko) Chrome/145.0.0.0 Safari/537.36 (compatible; meta-externalagent/1.1 (+https://developers.facebook.com/docs/sharing/webmasters/crawler))" omsschool.in 10.44.34.235
57.141.0.34 - - [04/Aug/2026:14:31:13 -0600] "GET /502.shtml HTTP/1.1" 404 16037 "-" "Mozilla/5.0 (Windows NT 10.0; Win64; x64) AppleWebKit/537.36 (KHTML, like Gecko) Chrome/145.0.0.0 Safari/537.36 (compatible; meta-externalagent/1.1 (+https://developers.facebook.com/docs/sharing/webmasters/crawler))" omsschool.in 10.44.34.235
57.141.0.40 - - [04/Aug/2026:14:31:35 -0600] "GET /kazino-sultan-games-rukovodstvo-po-igram/ HTTP/1.1" 200 24201 "-" "Mozilla/5.0 (Windows NT 10.0; Win64; x64) AppleWebKit/537.36 (KHTML, like Gecko) Chrome/145.0.0.0 Safari/537.36 (compatible; meta-externalagent/1.1 (+https://developers.facebook.com/docs/sharing/webmasters/crawler))" omsschool.in 10.44.34.235
57.141.0.1 - - [04/Aug/2026:14:32:52 -0600] "GET /vavada-otzyvy-igrokov-2/ HTTP/1.1" 200 24426 "-" "Mozilla/5.0 (Windows NT 10.0; Win64; x64) AppleWebKit/537.36 (KHTML, like Gecko) Chrome/145.0.0.0 Safari/537.36 (compatible; meta-externalagent/1.1 (+https://developers.facebook.com/docs/sharing/webmasters/crawler))" omsschool.in 10.44.34.235
206.189.204.48 - - [04/Aug/2026:14:32:53 -0600] "GET / HTTP/1.1" 200 31620 "-" "Mozilla/5.0 (Windows NT 10.0; Win64; x64) AppleWebKit/537.36 (KHTML, like Gecko) Chrome/120.0.0.0 Safari/537.36" omsschool.in 10.44.34.235
206.189.204.48 - - [04/Aug/2026:14:33:06 -0600] "GET / HTTP/1.1" 200 31621 "-" "Mozilla/5.0 (Windows NT 10.0; Win64; x64) AppleWebKit/537.36 (KHTML, like Gecko) Chrome/120.0.0.0 Safari/537.36" omsschool.in 10.44.34.235
179.19.185.8 - - [04/Aug/2026:14:33:34 -0600] "GET /502.shtml HTTP/1.1" 404 16037 "-" "Mozilla/5.0 (Windows NT 10.0; Win64; x64) AppleWebKit/537.36 (KHTML, like Gecko) Chrome/142.0.0.0 Safari/537.36" omsschool.in 10.44.34.235
57.141.0.25 - - [04/Aug/2026:14:33:38 -0600] "GET /502.shtml HTTP/1.1" 404 16035 "-" "Mozilla/5.0 (Macintosh; Intel Mac OS X 10_15_7) AppleWebKit/537.36 (KHTML, like Gecko) Chrome/145.0.0.0 Safari/537.36 (compatible; meta-externalagent/1.1 (+https://developers.facebook.com/docs/sharing/webmasters/crawler))" omsschool.in 10.44.34.235
179.19.185.8 - - [04/Aug/2026:14:33:34 -0600] "GET /502.shtml HTTP/1.1" 404 16035 "-" "Mozilla/5.0 (Windows NT 10.0; Win64; x64) AppleWebKit/537.36 (KHTML, like Gecko) Chrome/142.0.0.0 Safari/537.36" omsschool.in 10.44.34.235
57.141.0.25 - - [04/Aug/2026:14:33:38 -0600] "GET /502.shtml HTTP/1.1" 404 16035 "-" "Mozilla/5.0 (Macintosh; Intel Mac OS X 10_15_7) AppleWebKit/537.36 (KHTML, like Gecko) Chrome/145.0.0.0 Safari/537.36 (compatible; meta-externalagent/1.1 (+https://developers.facebook.com/docs/sharing/webmasters/crawler))" omsschool.in 10.44.34.235
57.141.0.34 - - [04/Aug/2026:14:34:13 -0600] "GET /502.shtml HTTP/1.1" 404 16037 "-" "Mozilla/5.0 (Windows NT 10.0; Win64; x64) AppleWebKit/537.36 (KHTML, like Gecko) Chrome/145.0.0.0 Safari/537.36 (compatible; meta-externalagent/1.1 (+https://developers.facebook.com/docs/sharing/webmasters/crawler))" omsschool.in 10.44.34.235
57.141.0.40 - - [04/Aug/2026:14:34:35 -0600] "GET /502.shtml HTTP/1.1" 404 16036 "-" "Mozilla/5.0 (Windows NT 10.0; Win64; x64) AppleWebKit/537.36 (KHTML, like Gecko) Chrome/145.0.0.0 Safari/537.36 (compatible; meta-externalagent/1.1 (+https://developers.facebook.com/docs/sharing/webmasters/crawler))" omsschool.in 10.44.34.235
57.141.0.40 - - [04/Aug/2026:14:34:35 -0600] "GET /502.shtml HTTP/1.1" 404 16037 "-" "Mozilla/5.0 (Windows NT 10.0; Win64; x64) AppleWebKit/537.36 (KHTML, like Gecko) Chrome/145.0.0.0 Safari/537.36 (compatible; meta-externalagent/1.1 (+https://developers.facebook.com/docs/sharing/webmasters/crawler))" omsschool.in 10.44.34.235
57.141.0.1 - - [04/Aug/2026:14:35:52 -0600] "GET /502.shtml HTTP/1.1" 404 16035 "-" "Mozilla/5.0 (Windows NT 10.0; Win64; x64) AppleWebKit/537.36 (KHTML, like Gecko) Chrome/145.0.0.0 Safari/537.36 (compatible; meta-externalagent/1.1 (+https://developers.facebook.com/docs/sharing/webmasters/crawler))" omsschool.in 10.44.34.235
206.189.204.48 - - [04/Aug/2026:14:35:53 -0600] "GET /502.shtml HTTP/1.1" 404 16035 "-" "Mozilla/5.0 (Windows NT 10.0; Win64; x64) AppleWebKit/537.36 (KHTML, like Gecko) Chrome/120.0.0.0 Safari/537.36" omsschool.in 10.44.34.235
206.189.204.48 - - [04/Aug/2026:14:35:53 -0600] "GET /502.shtml HTTP/1.1" 404 16035 "-" "Mozilla/5.0 (Windows NT 10.0; Win64; x64) AppleWebKit/537.36 (KHTML, like Gecko) Chrome/120.0.0.0 Safari/537.36" omsschool.in 10.44.34.235
206.189.204.48 - - [04/Aug/2026:14:36:07 -0600] "GET /502.shtml HTTP/1.1" 404 16036 "-" "Mozilla/5.0 (Windows NT 10.0; Win64; x64) AppleWebKit/537.36 (KHTML, like Gecko) Chrome/120.0.0.0 Safari/537.36" omsschool.in 10.44.34.235
206.189.204.48 - - [04/Aug/2026:14:36:07 -0600] "GET /502.shtml HTTP/1.1" 404 16036 "-" "Mozilla/5.0 (Windows NT 10.0; Win64; x64) AppleWebKit/537.36 (KHTML, like Gecko) Chrome/120.0.0.0 Safari/537.36" omsschool.in 10.44.34.235
179.19.185.8 - - [04/Aug/2026:14:36:34 -0600] "GET /502.shtml HTTP/1.1" 404 16036 "-" "Mozilla/5.0 (Windows NT 10.0; Win64; x64) AppleWebKit/537.36 (KHTML, like Gecko) Chrome/142.0.0.0 Safari/537.36" omsschool.in 10.44.34.235
57.141.0.25 - - [04/Aug/2026:14:36:38 -0600] "GET /502.shtml HTTP/1.1" 404 16036 "-" "Mozilla/5.0 (Macintosh; Intel Mac OS X 10_15_7) AppleWebKit/537.36 (KHTML, like Gecko) Chrome/145.0.0.0 Safari/537.36 (compatible; meta-externalagent/1.1 (+https://developers.facebook.com/docs/sharing/webmasters/crawler))" omsschool.in 10.44.34.235
57.141.0.40 - - [04/Aug/2026:14:37:35 -0600] "GET /502.shtml HTTP/1.1" 404 16036 "-" "Mozilla/5.0 (Windows NT 10.0; Win64; x64) AppleWebKit/537.36 (KHTML, like Gecko) Chrome/145.0.0.0 Safari/537.36 (compatible; meta-externalagent/1.1 (+https://developers.facebook.com/docs/sharing/webmasters/crawler))" omsschool.in 10.44.34.235
57.141.0.1 - - [04/Aug/2026:14:38:52 -0600] "GET /502.shtml HTTP/1.1" 404 16037 "-" "Mozilla/5.0 (Windows NT 10.0; Win64; x64) AppleWebKit/537.36 (KHTML, like Gecko) Chrome/145.0.0.0 Safari/537.36 (compatible; meta-externalagent/1.1 (+https://developers.facebook.com/docs/sharing/webmasters/crawler))" omsschool.in 10.44.34.235
206.189.204.48 - - [04/Aug/2026:14:39:07 -0600] "GET /502.shtml HTTP/1.1" 404 16036 "-" "Mozilla/5.0 (Windows NT 10.0; Win64; x64) AppleWebKit/537.36 (KHTML, like Gecko) Chrome/120.0.0.0 Safari/537.36" omsschool.in 10.44.34.235
206.189.204.48 - - [04/Aug/2026:14:38:53 -0600] "GET /502.shtml HTTP/1.1" 404 16037 "-" "Mozilla/5.0 (Windows NT 10.0; Win64; x64) AppleWebKit/537.36 (KHTML, like Gecko) Chrome/120.0.0.0 Safari/537.36" omsschool.in 10.44.34.235
57.141.0.18 - - [04/Aug/2026:14:41:04 -0600] "GET /cw-check-https-test-com/ HTTP/1.1" 200 19393 "-" "Mozilla/5.0 (Macintosh; Intel Mac OS X 10_15_7) AppleWebKit/537.36 (KHTML, like Gecko) Chrome/145.0.0.0 Safari/537.36 (compatible; meta-externalagent/1.1 (+https://developers.facebook.com/docs/sharing/webmasters/crawler))" omsschool.in 10.44.34.235
57.141.0.18 - - [04/Aug/2026:14:44:04 -0600] "GET /502.shtml HTTP/1.1" 404 16037 "-" "Mozilla/5.0 (Macintosh; Intel Mac OS X 10_15_7) AppleWebKit/537.36 (KHTML, like Gecko) Chrome/145.0.0.0 Safari/537.36 (compatible; meta-externalagent/1.1 (+https://developers.facebook.com/docs/sharing/webmasters/crawler))" omsschool.in 10.44.34.235
57.141.0.18 - - [04/Aug/2026:14:44:04 -0600] "GET /502.shtml HTTP/1.1" 404 16037 "-" "Mozilla/5.0 (Macintosh; Intel Mac OS X 10_15_7) AppleWebKit/537.36 (KHTML, like Gecko) Chrome/145.0.0.0 Safari/537.36 (compatible; meta-externalagent/1.1 (+https://developers.facebook.com/docs/sharing/webmasters/crawler))" omsschool.in 10.44.34.235
50.6.43.128 - - [04/Aug/2026:15:03:29 -0600] "POST /wp-cron.php?doing_wp_cron=1785877409.0508210659027099609375 HTTP/1.1" 200 - "-" "WordPress/7.0.2; https://omsschool.in" omsschool.in 10.44.34.235
50.6.43.128 - - [04/Aug/2026:15:03:30 -0600] "POST /wp-cron.php?doing_wp_cron=1785877410.0066568851470947265625 HTTP/1.1" 200 - "-" "WordPress/7.0.2; https://omsschool.in" omsschool.in 10.44.34.235
57.141.0.23 - - [04/Aug/2026:15:05:03 -0600] "GET /?p=2970 HTTP/1.1" 301 - "-" "Mozilla/5.0 (X11; Linux x86_64) AppleWebKit/537.36 (KHTML, like Gecko) Chrome/145.0.0.0 Safari/537.36 (compatible; meta-externalagent/1.1 (+https://developers.facebook.com/docs/sharing/webmasters/crawler))" omsschool.in 10.44.34.235
57.141.0.23 - - [04/Aug/2026:15:05:03 -0600] "GET /?p=2970 HTTP/2.0" 301 - "-" "Mozilla/5.0 (X11; Linux x86_64) AppleWebKit/537.36 (KHTML, like Gecko) Chrome/145.0.0.0 Safari/537.36 (compatible; meta-externalagent/1.1 (+https://developers.facebook.com/docs/sharing/webmasters/crawler))" omsschool.in 10.44.34.235
57.141.0.2 - - [04/Aug/2026:15:05:06 -0600] "GET /co-nowego-w-mostbet-i-jego-dostepnosci-w-polsce/ HTTP/1.1" 200 22387 "-" "Mozilla/5.0 (X11; Linux x86_64) AppleWebKit/537.36 (KHTML, like Gecko) Chrome/145.0.0.0 Safari/537.36 (compatible; meta-externalagent/1.1 (+https://developers.facebook.com/docs/sharing/webmasters/crawler))" omsschool.in 10.44.34.235
57.141.0.2 - - [04/Aug/2026:15:05:06 -0600] "GET /co-nowego-w-mostbet-i-jego-dostepnosci-w-polsce/ HTTP/2.0" 200 22387 "-" "Mozilla/5.0 (X11; Linux x86_64) AppleWebKit/537.36 (KHTML, like Gecko) Chrome/145.0.0.0 Safari/537.36 (compatible; meta-externalagent/1.1 (+https://developers.facebook.com/docs/sharing/webmasters/crawler))" omsschool.in 10.44.34.235
50.6.43.128 - - [04/Aug/2026:15:10:23 -0600] "POST /wp-cron.php?doing_wp_cron=1785877823.2605800628662109375000 HTTP/1.1" 200 - "-" "WordPress/7.0.2; https://omsschool.in" omsschool.in 10.44.34.235
66.249.70.39 - - [04/Aug/2026:15:10:22 -0600] "GET /test-post-created-3/feed/ HTTP/1.1" 200 410 "-" "Mozilla/5.0 (Linux; Android 6.0.1; Nexus 5X Build/MMB29P) AppleWebKit/537.36 (KHTML, like Gecko) Chrome/150.0.7871.186 Mobile Safari/537.36 (compatible; GoogleOther)" omsschool.in 10.44.34.235
66.249.70.39 - - [04/Aug/2026:15:10:22 -0600] "GET /test-post-created-3/feed/ HTTP/1.1" 200 410 "-" "Mozilla/5.0 (Linux; Android 6.0.1; Nexus 5X Build/MMB29P) AppleWebKit/537.36 (KHTML, like Gecko) Chrome/150.0.7871.186 Mobile Safari/537.36 (compatible; GoogleOther)" omsschool.in 10.44.34.235
50.6.43.128 - - [04/Aug/2026:15:12:31 -0600] "POST /wp-cron.php?doing_wp_cron=1785877951.8212199211120605468750 HTTP/1.1" 200 - "-" "WordPress/7.0.2; https://omsschool.in" omsschool.in 10.44.34.235
57.141.0.47 - - [04/Aug/2026:15:12:31 -0600] "GET /4rabet-login-how-to-access-your-online-casino-account-in-india/ HTTP/1.1" 200 23583 "-" "Mozilla/5.0 (Macintosh; Intel Mac OS X 10_15_7) AppleWebKit/537.36 (KHTML, like Gecko) Chrome/145.0.0.0 Safari/537.36 (compatible; meta-externalagent/1.1 (+https://developers.facebook.com/docs/sharing/webmasters/crawler))" omsschool.in 10.44.34.235
57.141.0.47 - - [04/Aug/2026:15:12:31 -0600] "GET /4rabet-login-how-to-access-your-online-casino-account-in-india/ HTTP/2.0" 200 23583 "-" "Mozilla/5.0 (Macintosh; Intel Mac OS X 10_15_7) AppleWebKit/537.36 (KHTML, like Gecko) Chrome/145.0.0.0 Safari/537.36 (compatible; meta-externalagent/1.1 (+https://developers.facebook.com/docs/sharing/webmasters/crawler))" omsschool.in 10.44.34.235
50.6.43.128 - - [04/Aug/2026:15:13:25 -0600] "POST /wp-cron.php?doing_wp_cron=1785878005.1542279720306396484375 HTTP/1.1" 200 - "-" "WordPress/7.0.2; https://omsschool.in" omsschool.in 10.44.34.235
57.141.0.37 - - [04/Aug/2026:15:13:24 -0600] "GET /how-to-maximize-your-experience-at-waboom77-casino/feed/ HTTP/1.1" 200 451 "-" "Mozilla/5.0 (Windows NT 10.0; Win64; x64) AppleWebKit/537.36 (KHTML, like Gecko) Chrome/145.0.0.0 Safari/537.36 (compatible; meta-externalagent/1.1 (+https://developers.facebook.com/docs/sharing/webmasters/crawler))" omsschool.in 10.44.34.235
57.141.0.37 - - [04/Aug/2026:15:13:24 -0600] "GET /how-to-maximize-your-experience-at-waboom77-casino/feed/ HTTP/2.0" 200 451 "-" "Mozilla/5.0 (Windows NT 10.0; Win64; x64) AppleWebKit/537.36 (KHTML, like Gecko) Chrome/145.0.0.0 Safari/537.36 (compatible; meta-externalagent/1.1 (+https://developers.facebook.com/docs/sharing/webmasters/crawler))" omsschool.in 10.44.34.235
43.166.255.102 - - [04/Aug/2026:15:16:33 -0600] "GET / HTTP/1.1" 200 31621 "http://www.omsschool.in" "Mozilla/5.0 (iPhone; CPU iPhone OS 13_2_3 like Mac OS X) AppleWebKit/605.1.15 (KHTML, like Gecko) Version/13.0.3 Mobile/15E148 Safari/604.1" omsschool.in 10.44.34.235
43.166.255.102 - - [04/Aug/2026:15:16:33 -0600] "GET / HTTP/1.1" 200 31621 "http://www.omsschool.in" "Mozilla/5.0 (iPhone; CPU iPhone OS 13_2_3 like Mac OS X) AppleWebKit/605.1.15 (KHTML, like Gecko) Version/13.0.3 Mobile/15E148 Safari/604.1" omsschool.in 10.44.34.235
50.6.43.128 - - [04/Aug/2026:15:17:42 -0600] "POST /wp-cron.php?doing_wp_cron=1785878262.5549221038818359375000 HTTP/1.1" 200 - "-" "WordPress/7.0.2; https://omsschool.in" omsschool.in 10.44.34.235
57.141.0.52 - - [04/Aug/2026:15:17:41 -0600] "GET /wp-json/wp/v2/posts/4840 HTTP/2.0" 200 2619 "-" "Mozilla/5.0 (Windows NT 10.0; Win64; x64) AppleWebKit/537.36 (KHTML, like Gecko) Chrome/145.0.0.0 Safari/537.36 (compatible; meta-externalagent/1.1 (+https://developers.facebook.com/docs/sharing/webmasters/crawler))" omsschool.in 10.44.34.235
50.6.43.128 - - [04/Aug/2026:15:21:25 -0600] "POST /wp-cron.php?doing_wp_cron=1785878485.9650909900665283203125 HTTP/1.1" 200 - "-" "WordPress/7.0.2; https://omsschool.in" omsschool.in 10.44.34.235
57.141.0.16 - - [04/Aug/2026:15:21:25 -0600] "GET /goldenbet-revelations-sur-ses-politiques-de-securite/ HTTP/1.1" 200 21800 "-" "Mozilla/5.0 (Windows NT 10.0; Win64; x64) AppleWebKit/537.36 (KHTML, like Gecko) Chrome/145.0.0.0 Safari/537.36 (compatible; meta-externalagent/1.1 (+https://developers.facebook.com/docs/sharing/webmasters/crawler))" omsschool.in 10.44.34.235
57.141.0.16 - - [04/Aug/2026:15:21:25 -0600] "GET /goldenbet-revelations-sur-ses-politiques-de-securite/ HTTP/2.0" 200 21800 "-" "Mozilla/5.0 (Windows NT 10.0; Win64; x64) AppleWebKit/537.36 (KHTML, like Gecko) Chrome/145.0.0.0 Safari/537.36 (compatible; meta-externalagent/1.1 (+https://developers.facebook.com/docs/sharing/webmasters/crawler))" omsschool.in 10.44.34.235
50.6.43.128 - - [04/Aug/2026:15:22:26 -0600] "POST /wp-cron.php?doing_wp_cron=1785878546.0894420146942138671875 HTTP/1.1" 200 - "-" "WordPress/7.0.2; https://omsschool.in" omsschool.in 10.44.34.235
57.141.0.25 - - [04/Aug/2026:15:22:25 -0600] "GET /is-pocket-pokies-casinos-welcome-bonus-competitive/feed/ HTTP/1.1" 200 456 "-" "Mozilla/5.0 (Windows NT 10.0; Win64; x64) AppleWebKit/537.36 (KHTML, like Gecko) Chrome/145.0.0.0 Safari/537.36 Edg/145.0.0.0 (compatible; meta-externalagent/1.1 (+https://developers.facebook.com/docs/sharing/webmasters/crawler))" omsschool.in 10.44.34.235
57.141.0.25 - - [04/Aug/2026:15:22:25 -0600] "GET /is-pocket-pokies-casinos-welcome-bonus-competitive/feed/ HTTP/2.0" 200 456 "-" "Mozilla/5.0 (Windows NT 10.0; Win64; x64) AppleWebKit/537.36 (KHTML, like Gecko) Chrome/145.0.0.0 Safari/537.36 Edg/145.0.0.0 (compatible; meta-externalagent/1.1 (+https://developers.facebook.com/docs/sharing/webmasters/crawler))" omsschool.in 10.44.34.235
50.6.43.128 - - [04/Aug/2026:15:23:51 -0600] "POST /wp-cron.php?doing_wp_cron=1785878631.7398209571838378906250 HTTP/1.1" 200 - "-" "WordPress/7.0.2; https://omsschool.in" omsschool.in 10.44.34.235
57.141.0.38 - - [04/Aug/2026:15:23:51 -0600] "GET /pin-ap-kazino-oficialnyy-sayt-pin-up-casino-vhodi-i-igray/ HTTP/1.1" 200 24598 "-" "Mozilla/5.0 (Windows NT 10.0; Win64; x64) AppleWebKit/537.36 (KHTML, like Gecko) Chrome/145.0.0.0 Safari/537.36 (compatible; meta-externalagent/1.1 (+https://developers.facebook.com/docs/sharing/webmasters/crawler))" omsschool.in 10.44.34.235
57.141.0.38 - - [04/Aug/2026:15:23:51 -0600] "GET /pin-ap-kazino-oficialnyy-sayt-pin-up-casino-vhodi-i-igray/ HTTP/2.0" 200 24598 "-" "Mozilla/5.0 (Windows NT 10.0; Win64; x64) AppleWebKit/537.36 (KHTML, like Gecko) Chrome/145.0.0.0 Safari/537.36 (compatible; meta-externalagent/1.1 (+https://developers.facebook.com/docs/sharing/webmasters/crawler))" omsschool.in 10.44.34.235
50.6.43.128 - - [04/Aug/2026:15:24:22 -0600] "POST /wp-cron.php?doing_wp_cron=1785878662.4416449069976806640625 HTTP/1.1" 200 - "-" "WordPress/7.0.2; https://omsschool.in" omsschool.in 10.44.34.235
57.141.0.52 - - [04/Aug/2026:15:24:21 -0600] "GET /wp-json/wp/v2/posts/4793 HTTP/2.0" 200 5773 "-" "Mozilla/5.0 (Macintosh; Intel Mac OS X 10_15_7) AppleWebKit/537.36 (KHTML, like Gecko) Chrome/145.0.0.0 Safari/537.36 (compatible; meta-externalagent/1.1 (+https://developers.facebook.com/docs/sharing/webmasters/crawler))" omsschool.in 10.44.34.235
50.6.43.128 - - [04/Aug/2026:15:32:06 -0600] "POST /wp-cron.php?doing_wp_cron=1785879126.1368260383605957031250 HTTP/1.1" 200 - "-" "WordPress/7.0.2; https://omsschool.in" omsschool.in 10.44.34.235
66.249.70.39 - - [04/Aug/2026:15:32:05 -0600] "GET /book-appointment/ HTTP/1.1" 200 17918 "-" "Mozilla/5.0 (Linux; Android 6.0.1; Nexus 5X Build/MMB29P) AppleWebKit/537.36 (KHTML, like Gecko) Chrome/150.0.7871.186 Mobile Safari/537.36 (compatible; GoogleOther)" omsschool.in 10.44.34.235
66.249.70.39 - - [04/Aug/2026:15:32:05 -0600] "GET /book-appointment/ HTTP/1.1" 200 17918 "-" "Mozilla/5.0 (Linux; Android 6.0.1; Nexus 5X Build/MMB29P) AppleWebKit/537.36 (KHTML, like Gecko) Chrome/150.0.7871.186 Mobile Safari/537.36 (compatible; GoogleOther)" omsschool.in 10.44.34.235
66.249.70.39 - - [04/Aug/2026:15:32:08 -0600] "GET /wp-content/uploads/elementor/google-fonts/css/roboto.css?ver=1742424193 HTTP/1.1" 200 29492 "https://omsschool.in/book-appointment/" "Mozilla/5.0 (Linux; Android 6.0.1; Nexus 5X Build/MMB29P) AppleWebKit/537.36 (KHTML, like Gecko) Chrome/150.0.7871.186 Mobile Safari/537.36 (compatible; GoogleOther)" omsschool.in 10.44.34.235
66.249.70.38 - - [04/Aug/2026:15:32:19 -0600] "GET /wp-content/plugins/elementor/assets/js/webpack.runtime.min.js?ver=3.33.4 HTTP/1.1" 200 2625 "https://omsschool.in/book-appointment/" "Mozilla/5.0 (Linux; Android 6.0.1; Nexus 5X Build/MMB29P) AppleWebKit/537.36 (KHTML, like Gecko) Chrome/150.0.7871.186 Mobile Safari/537.36 (compatible; GoogleOther)" omsschool.in 10.44.34.235
50.6.43.128 - - [04/Aug/2026:15:33:21 -0600] "POST /wp-cron.php?doing_wp_cron=1785879201.0031390190124511718750 HTTP/1.1" 200 - "-" "WordPress/7.0.2; https://omsschool.in" omsschool.in 10.44.34.235
57.141.0.8 - - [04/Aug/2026:15:33:20 -0600] "GET /wp-json/oembed/1.0/embed?url=https%3A%2F%2Fomsschool.in%2Fhow-to-maximize-your-experience-at-waboom77-casino%2F HTTP/2.0" 200 1174 "-" "Mozilla/5.0 (Macintosh; Intel Mac OS X 10_15_7) AppleWebKit/537.36 (KHTML, like Gecko) Chrome/145.0.0.0 Safari/537.36 (compatible; meta-externalagent/1.1 (+https://developers.facebook.com/docs/sharing/webmasters/crawler))" omsschool.in 10.44.34.235
57.141.0.15 - - [04/Aug/2026:15:34:09 -0600] "GET /?p=5008 HTTP/1.1" 301 - "-" "Mozilla/5.0 (Windows NT 10.0; Win64; x64) AppleWebKit/537.36 (KHTML, like Gecko) Chrome/145.0.0.0 Safari/537.36 (compatible; meta-externalagent/1.1 (+https://developers.facebook.com/docs/sharing/webmasters/crawler))" omsschool.in 10.44.34.235
57.141.0.15 - - [04/Aug/2026:15:34:09 -0600] "GET /?p=5008 HTTP/2.0" 301 - "-" "Mozilla/5.0 (Windows NT 10.0; Win64; x64) AppleWebKit/537.36 (KHTML, like Gecko) Chrome/145.0.0.0 Safari/537.36 (compatible; meta-externalagent/1.1 (+https://developers.facebook.com/docs/sharing/webmasters/crawler))" omsschool.in 10.44.34.235
50.6.43.128 - - [04/Aug/2026:15:34:12 -0600] "POST /wp-cron.php?doing_wp_cron=1785879252.1958510875701904296875 HTTP/1.1" 200 - "-" "WordPress/7.0.2; https://omsschool.in" omsschool.in 10.44.34.235
57.141.0.4 - - [04/Aug/2026:15:34:11 -0600] "GET /navigating-the-unexpected-turns-of-betting-platforms-with-a-new-users-caution/ HTTP/1.1" 200 22376 "-" "Mozilla/5.0 (Windows NT 10.0; Win64; x64) AppleWebKit/537.36 (KHTML, like Gecko) Chrome/145.0.0.0 Safari/537.36 (compatible; meta-externalagent/1.1 (+https://developers.facebook.com/docs/sharing/webmasters/crawler))" omsschool.in 10.44.34.235
57.141.0.4 - - [04/Aug/2026:15:34:11 -0600] "GET /navigating-the-unexpected-turns-of-betting-platforms-with-a-new-users-caution/ HTTP/2.0" 200 22376 "-" "Mozilla/5.0 (Windows NT 10.0; Win64; x64) AppleWebKit/537.36 (KHTML, like Gecko) Chrome/145.0.0.0 Safari/537.36 (compatible; meta-externalagent/1.1 (+https://developers.facebook.com/docs/sharing/webmasters/crawler))" omsschool.in 10.44.34.235
50.6.43.128 - - [04/Aug/2026:15:45:07 -0600] "POST /wp-cron.php?doing_wp_cron=1785879907.7774789333343505859375 HTTP/1.1" 200 - "-" "WordPress/7.0.2; https://omsschool.in" omsschool.in 10.44.34.235
57.141.0.29 - - [04/Aug/2026:15:45:07 -0600] "GET /wp-json/oembed/1.0/embed?url=https%3A%2F%2Fomsschool.in%2Fpin-ap-kazino-oficialnyy-sayt-pin-up-casino-vhodi-i-igray%2F HTTP/2.0" 200 1277 "-" "Mozilla/5.0 (Windows NT 10.0; Win64; x64) AppleWebKit/537.36 (KHTML, like Gecko) Chrome/145.0.0.0 Safari/537.36 (compatible; meta-externalagent/1.1 (+https://developers.facebook.com/docs/sharing/webmasters/crawler))" omsschool.in 10.44.34.235
50.6.43.128 - - [04/Aug/2026:15:45:49 -0600] "POST /wp-cron.php?doing_wp_cron=1785879949.9764609336853027343750 HTTP/1.1" 200 - "-" "WordPress/7.0.2; https://omsschool.in" omsschool.in 10.44.34.235
57.141.0.53 - - [04/Aug/2026:15:45:49 -0600] "GET /smash-casino-live-dealer-games-and-real-time-tables/ HTTP/1.1" 200 23106 "-" "Mozilla/5.0 (Windows NT 10.0; Win64; x64) AppleWebKit/537.36 (KHTML, like Gecko) Chrome/145.0.0.0 Safari/537.36 (compatible; meta-externalagent/1.1 (+https://developers.facebook.com/docs/sharing/webmasters/crawler))" omsschool.in 10.44.34.235
57.141.0.53 - - [04/Aug/2026:15:45:49 -0600] "GET /smash-casino-live-dealer-games-and-real-time-tables/ HTTP/2.0" 200 23106 "-" "Mozilla/5.0 (Windows NT 10.0; Win64; x64) AppleWebKit/537.36 (KHTML, like Gecko) Chrome/145.0.0.0 Safari/537.36 (compatible; meta-externalagent/1.1 (+https://developers.facebook.com/docs/sharing/webmasters/crawler))" omsschool.in 10.44.34.235
50.6.43.128 - - [04/Aug/2026:15:52:06 -0600] "POST /wp-cron.php?doing_wp_cron=1785880326.2517271041870117187500 HTTP/1.1" 200 - "-" "WordPress/7.0.2; https://omsschool.in" omsschool.in 10.44.34.235