File: /home1/hgdxabmy/access-logs/website-cca190b0.hgd.xab.mybluehost.me
43.163.112.239 - - [04/Aug/2026:06:21:28 -0600] "GET / HTTP/1.1" 502 - "-" "Mozilla/5.0 (iPhone; CPU iPhone OS 13_2_3 like Mac OS X) AppleWebKit/605.1.15 (KHTML, like Gecko) Version/13.0.3 Mobile/15E148 Safari/604.1" www.designskp.com 10.44.34.235
135.181.254.169 - - [04/Aug/2026:06:25:51 -0600] "GET / HTTP/1.1" 502 - "-" "Mozilla/5.0 (compatible; nsscan-cms/1.0; +site-audit)" designskp.com 10.44.34.235
147.45.187.195 - - [04/Aug/2026:06:28:45 -0600] "GET /wp-config-sample.php?moreemk HTTP/1.1" 502 - "-" "Mozilla/4.0 (compatible; MSIE 7.0; Windows NT 6.1; WOW64; Trident/7.0; SLCC2; .NET CLR 2.0.50727; .NET CLR 3.5.30729; .NET CLR 3.0.30729; .NET4.0C; .NET4.0E; Media Center PC 6.0)" designskp.com 10.44.34.235
147.45.187.195 - - [04/Aug/2026:06:29:14 -0600] "GET /wp-config-sample.php?moreemk HTTP/1.1" 502 - "-" "Mozilla/4.0 (compatible; MSIE 7.0; Windows NT 6.1; WOW64; Trident/7.0; SLCC2; .NET CLR 2.0.50727; .NET CLR 3.5.30729; .NET CLR 3.0.30729; .NET4.0C; .NET4.0E; Media Center PC 6.0)" designskp.com 10.44.34.235
93.171.92.77 - - [04/Aug/2026:06:29:45 -0600] "GET /wp-config-sample.php?moreemk HTTP/1.1" 502 - "-" "Mozilla/4.0 (compatible; MSIE 7.0; Windows NT 6.1; WOW64; Trident/7.0; SLCC2; .NET CLR 2.0.50727; .NET CLR 3.5.30729; .NET CLR 3.0.30729; .NET4.0C; .NET4.0E; Media Center PC 6.0)" designskp.com 10.44.34.235
110.76.144.79 - - [04/Aug/2026:06:30:25 -0600] "GET /wp-config-sample.php?moreemk HTTP/1.1" 502 - "-" "Mozilla/4.0 (compatible; MSIE 7.0; Windows NT 6.1; WOW64; Trident/7.0; SLCC2; .NET CLR 2.0.50727; .NET CLR 3.5.30729; .NET CLR 3.0.30729; .NET4.0C; .NET4.0E; Media Center PC 6.0)" designskp.com 10.44.34.235
203.10.99.58 - - [04/Aug/2026:06:30:55 -0600] "GET /wp-config-sample.php?moreemk HTTP/1.1" 502 - "-" "Mozilla/4.0 (compatible; MSIE 7.0; Windows NT 6.1; WOW64; Trident/7.0; SLCC2; .NET CLR 2.0.50727; .NET CLR 3.5.30729; .NET CLR 3.0.30729; .NET4.0C; .NET4.0E; Media Center PC 6.0)" designskp.com 10.44.34.235
179.189.242.5 - - [04/Aug/2026:06:31:26 -0600] "GET /wp-config-sample.php?moreemk HTTP/1.1" 502 - "-" "Mozilla/4.0 (compatible; MSIE 7.0; Windows NT 6.1; WOW64; Trident/7.0; SLCC2; .NET CLR 2.0.50727; .NET CLR 3.5.30729; .NET CLR 3.0.30729; .NET4.0C; .NET4.0E; Media Center PC 6.0)" designskp.com 10.44.34.235
1.54.67.9 - - [04/Aug/2026:06:31:55 -0600] "GET /wp-config-sample.php?moreemk HTTP/1.1" 502 - "-" "Mozilla/4.0 (compatible; MSIE 7.0; Windows NT 6.1; WOW64; Trident/7.0; SLCC2; .NET CLR 2.0.50727; .NET CLR 3.5.30729; .NET CLR 3.0.30729; .NET4.0C; .NET4.0E; Media Center PC 6.0)" designskp.com 10.44.34.235
101.47.74.252 - - [04/Aug/2026:06:32:25 -0600] "GET /wp-config-sample.php?moreemk HTTP/1.1" 502 - "-" "Mozilla/4.0 (compatible; MSIE 7.0; Windows NT 6.1; WOW64; Trident/7.0; SLCC2; .NET CLR 2.0.50727; .NET CLR 3.5.30729; .NET CLR 3.0.30729; .NET4.0C; .NET4.0E; Media Center PC 6.0)" designskp.com 10.44.34.235
36.50.54.201 - - [04/Aug/2026:07:03:08 -0600] "POST /wp-login.php HTTP/1.1" 409 83 "-" "Mozilla/5.0 (Windows NT 10.0; Win64; x64; rv:140.0) Gecko/20100101 Firefox/140.0" designskp.com 10.44.34.235
43.163.112.239 - - [04/Aug/2026:06:21:28 -0600] "GET / HTTP/1.1" 301 - "-" "Mozilla/5.0 (iPhone; CPU iPhone OS 13_2_3 like Mac OS X) AppleWebKit/605.1.15 (KHTML, like Gecko) Version/13.0.3 Mobile/15E148 Safari/604.1" www.designskp.com 10.44.34.235
43.163.112.239 - - [04/Aug/2026:06:24:29 -0600] "GET /502.shtml HTTP/1.1" 301 - "-" "Mozilla/5.0 (iPhone; CPU iPhone OS 13_2_3 like Mac OS X) AppleWebKit/605.1.15 (KHTML, like Gecko) Version/13.0.3 Mobile/15E148 Safari/604.1" www.designskp.com 10.44.34.235
43.163.112.239 - - [04/Aug/2026:06:24:29 -0600] "GET /502.shtml HTTP/1.1" 301 - "-" "Mozilla/5.0 (iPhone; CPU iPhone OS 13_2_3 like Mac OS X) AppleWebKit/605.1.15 (KHTML, like Gecko) Version/13.0.3 Mobile/15E148 Safari/604.1" www.designskp.com 10.44.34.235
147.45.187.195 - - [04/Aug/2026:06:28:45 -0600] "GET /wp-config-sample.php?moreemk HTTP/1.1" 200 89 "-" "Mozilla/4.0 (compatible; MSIE 7.0; Windows NT 6.1; WOW64; Trident/7.0; SLCC2; .NET CLR 2.0.50727; .NET CLR 3.5.30729; .NET CLR 3.0.30729; .NET4.0C; .NET4.0E; Media Center PC 6.0)" designskp.com 10.44.34.235
135.181.254.169 - - [04/Aug/2026:06:25:46 -0600] "HEAD / HTTP/1.1" 200 - "-" "Mozilla/5.0 (compatible; nsscan-alive/1.0)" designskp.com 10.44.34.235
147.45.187.195 - - [04/Aug/2026:06:29:14 -0600] "GET /wp-config-sample.php?moreemk HTTP/1.1" 200 89 "-" "Mozilla/4.0 (compatible; MSIE 7.0; Windows NT 6.1; WOW64; Trident/7.0; SLCC2; .NET CLR 2.0.50727; .NET CLR 3.5.30729; .NET CLR 3.0.30729; .NET4.0C; .NET4.0E; Media Center PC 6.0)" designskp.com 10.44.34.235
135.181.254.169 - - [04/Aug/2026:06:25:51 -0600] "GET / HTTP/1.1" 200 147069 "-" "Mozilla/5.0 (compatible; nsscan-cms/1.0; +site-audit)" designskp.com 10.44.34.235
93.171.92.77 - - [04/Aug/2026:06:29:45 -0600] "GET /wp-config-sample.php?moreemk HTTP/1.1" 200 89 "-" "Mozilla/4.0 (compatible; MSIE 7.0; Windows NT 6.1; WOW64; Trident/7.0; SLCC2; .NET CLR 2.0.50727; .NET CLR 3.5.30729; .NET CLR 3.0.30729; .NET4.0C; .NET4.0E; Media Center PC 6.0)" designskp.com 10.44.34.235
43.163.112.239 - - [04/Aug/2026:06:27:29 -0600] "GET /502.shtml HTTP/1.1" 301 - "-" "Mozilla/5.0 (iPhone; CPU iPhone OS 13_2_3 like Mac OS X) AppleWebKit/605.1.15 (KHTML, like Gecko) Version/13.0.3 Mobile/15E148 Safari/604.1" www.designskp.com 10.44.34.235
110.76.144.79 - - [04/Aug/2026:06:30:26 -0600] "GET /wp-config-sample.php?moreemk HTTP/1.1" 200 89 "-" "Mozilla/4.0 (compatible; MSIE 7.0; Windows NT 6.1; WOW64; Trident/7.0; SLCC2; .NET CLR 2.0.50727; .NET CLR 3.5.30729; .NET CLR 3.0.30729; .NET4.0C; .NET4.0E; Media Center PC 6.0)" designskp.com 10.44.34.235
203.10.99.58 - - [04/Aug/2026:06:30:56 -0600] "GET /wp-config-sample.php?moreemk HTTP/1.1" 200 89 "-" "Mozilla/4.0 (compatible; MSIE 7.0; Windows NT 6.1; WOW64; Trident/7.0; SLCC2; .NET CLR 2.0.50727; .NET CLR 3.5.30729; .NET CLR 3.0.30729; .NET4.0C; .NET4.0E; Media Center PC 6.0)" designskp.com 10.44.34.235
179.189.242.5 - - [04/Aug/2026:06:31:28 -0600] "GET /wp-config-sample.php?moreemk HTTP/1.1" 200 89 "-" "Mozilla/4.0 (compatible; MSIE 7.0; Windows NT 6.1; WOW64; Trident/7.0; SLCC2; .NET CLR 2.0.50727; .NET CLR 3.5.30729; .NET CLR 3.0.30729; .NET4.0C; .NET4.0E; Media Center PC 6.0)" designskp.com 10.44.34.235
1.54.67.9 - - [04/Aug/2026:06:31:57 -0600] "GET /wp-config-sample.php?moreemk HTTP/1.1" 200 89 "-" "Mozilla/4.0 (compatible; MSIE 7.0; Windows NT 6.1; WOW64; Trident/7.0; SLCC2; .NET CLR 2.0.50727; .NET CLR 3.5.30729; .NET CLR 3.0.30729; .NET4.0C; .NET4.0E; Media Center PC 6.0)" designskp.com 10.44.34.235
101.47.74.252 - - [04/Aug/2026:06:32:25 -0600] "GET /wp-config-sample.php?moreemk HTTP/1.1" 200 89 "-" "Mozilla/4.0 (compatible; MSIE 7.0; Windows NT 6.1; WOW64; Trident/7.0; SLCC2; .NET CLR 2.0.50727; .NET CLR 3.5.30729; .NET CLR 3.0.30729; .NET4.0C; .NET4.0E; Media Center PC 6.0)" designskp.com 10.44.34.235
135.181.254.169 - - [04/Aug/2026:06:28:52 -0600] "GET /502.shtml HTTP/1.1" 404 83682 "-" "Mozilla/5.0 (compatible; nsscan-cms/1.0; +site-audit)" designskp.com 10.44.34.235
135.181.254.169 - - [04/Aug/2026:06:28:52 -0600] "GET /502.shtml HTTP/1.1" 404 83682 "-" "Mozilla/5.0 (compatible; nsscan-cms/1.0; +site-audit)" designskp.com 10.44.34.235
147.45.187.195 - - [04/Aug/2026:06:31:45 -0600] "GET /502.shtml HTTP/1.1" 404 24601 "-" "Mozilla/4.0 (compatible; MSIE 7.0; Windows NT 6.1; WOW64; Trident/7.0; SLCC2; .NET CLR 2.0.50727; .NET CLR 3.5.30729; .NET CLR 3.0.30729; .NET4.0C; .NET4.0E; Media Center PC 6.0)" designskp.com 10.44.34.235
135.181.254.169 - - [04/Aug/2026:06:31:52 -0600] "GET /502.shtml HTTP/1.1" 404 83682 "-" "Mozilla/5.0 (compatible; nsscan-cms/1.0; +site-audit)" designskp.com 10.44.34.235
93.171.92.77 - - [04/Aug/2026:06:33:00 -0600] "GET /502.shtml HTTP/1.1" 404 24601 "-" "Mozilla/4.0 (compatible; MSIE 7.0; Windows NT 6.1; WOW64; Trident/7.0; SLCC2; .NET CLR 2.0.50727; .NET CLR 3.5.30729; .NET CLR 3.0.30729; .NET4.0C; .NET4.0E; Media Center PC 6.0)" designskp.com 10.44.34.235
147.45.187.195 - - [04/Aug/2026:06:31:45 -0600] "GET /502.shtml HTTP/1.1" 404 24601 "-" "Mozilla/4.0 (compatible; MSIE 7.0; Windows NT 6.1; WOW64; Trident/7.0; SLCC2; .NET CLR 2.0.50727; .NET CLR 3.5.30729; .NET CLR 3.0.30729; .NET4.0C; .NET4.0E; Media Center PC 6.0)" designskp.com 10.44.34.235
147.45.187.195 - - [04/Aug/2026:06:32:14 -0600] "GET /502.shtml HTTP/1.1" 404 24601 "-" "Mozilla/4.0 (compatible; MSIE 7.0; Windows NT 6.1; WOW64; Trident/7.0; SLCC2; .NET CLR 2.0.50727; .NET CLR 3.5.30729; .NET CLR 3.0.30729; .NET4.0C; .NET4.0E; Media Center PC 6.0)" designskp.com 10.44.34.235
179.189.242.5 - - [04/Aug/2026:06:34:29 -0600] "GET /502.shtml HTTP/1.1" 404 24601 "-" "Mozilla/4.0 (compatible; MSIE 7.0; Windows NT 6.1; WOW64; Trident/7.0; SLCC2; .NET CLR 2.0.50727; .NET CLR 3.5.30729; .NET CLR 3.0.30729; .NET4.0C; .NET4.0E; Media Center PC 6.0)" designskp.com 10.44.34.235
110.76.144.79 - - [04/Aug/2026:06:33:27 -0600] "GET /502.shtml HTTP/1.1" 404 24601 "-" "Mozilla/4.0 (compatible; MSIE 7.0; Windows NT 6.1; WOW64; Trident/7.0; SLCC2; .NET CLR 2.0.50727; .NET CLR 3.5.30729; .NET CLR 3.0.30729; .NET4.0C; .NET4.0E; Media Center PC 6.0)" designskp.com 10.44.34.235
147.45.187.195 - - [04/Aug/2026:06:32:14 -0600] "GET /502.shtml HTTP/1.1" 404 24600 "-" "Mozilla/4.0 (compatible; MSIE 7.0; Windows NT 6.1; WOW64; Trident/7.0; SLCC2; .NET CLR 2.0.50727; .NET CLR 3.5.30729; .NET CLR 3.0.30729; .NET4.0C; .NET4.0E; Media Center PC 6.0)" designskp.com 10.44.34.235
147.45.187.195 - - [04/Aug/2026:06:34:45 -0600] "GET /502.shtml HTTP/1.1" 404 29189 "-" "Mozilla/4.0 (compatible; MSIE 7.0; Windows NT 6.1; WOW64; Trident/7.0; SLCC2; .NET CLR 2.0.50727; .NET CLR 3.5.30729; .NET CLR 3.0.30729; .NET4.0C; .NET4.0E; Media Center PC 6.0)" designskp.com 10.44.34.235
101.47.74.252 - - [04/Aug/2026:06:35:26 -0600] "GET /502.shtml HTTP/1.1" 404 24602 "-" "Mozilla/4.0 (compatible; MSIE 7.0; Windows NT 6.1; WOW64; Trident/7.0; SLCC2; .NET CLR 2.0.50727; .NET CLR 3.5.30729; .NET CLR 3.0.30729; .NET4.0C; .NET4.0E; Media Center PC 6.0)" designskp.com 10.44.34.235
203.10.99.58 - - [04/Aug/2026:06:33:56 -0600] "GET /502.shtml HTTP/1.1" 404 24601 "-" "Mozilla/4.0 (compatible; MSIE 7.0; Windows NT 6.1; WOW64; Trident/7.0; SLCC2; .NET CLR 2.0.50727; .NET CLR 3.5.30729; .NET CLR 3.0.30729; .NET4.0C; .NET4.0E; Media Center PC 6.0)" designskp.com 10.44.34.235
1.54.67.9 - - [04/Aug/2026:06:34:57 -0600] "GET /502.shtml HTTP/1.1" 404 24601 "-" "Mozilla/4.0 (compatible; MSIE 7.0; Windows NT 6.1; WOW64; Trident/7.0; SLCC2; .NET CLR 2.0.50727; .NET CLR 3.5.30729; .NET CLR 3.0.30729; .NET4.0C; .NET4.0E; Media Center PC 6.0)" designskp.com 10.44.34.235
147.45.187.195 - - [04/Aug/2026:06:35:15 -0600] "GET /502.shtml HTTP/1.1" 404 24601 "-" "Mozilla/4.0 (compatible; MSIE 7.0; Windows NT 6.1; WOW64; Trident/7.0; SLCC2; .NET CLR 2.0.50727; .NET CLR 3.5.30729; .NET CLR 3.0.30729; .NET4.0C; .NET4.0E; Media Center PC 6.0)" designskp.com 10.44.34.235
198.235.24.94 - - [04/Aug/2026:07:01:13 -0600] "GET /wp-login.php HTTP/1.1" 200 6667 "-" "Hello from Palo Alto Networks, find out more about our scans in https://docs-cortex.paloaltonetworks.com/r/1/Cortex-Xpanse/Scanning-activity" designskp.com 10.44.34.235
93.171.92.77 - - [04/Aug/2026:07:01:26 -0600] "GET /502.shtml HTTP/1.1" 404 24602 "-" "Mozilla/4.0 (compatible; MSIE 7.0; Windows NT 6.1; WOW64; Trident/7.0; SLCC2; .NET CLR 2.0.50727; .NET CLR 3.5.30729; .NET CLR 3.0.30729; .NET4.0C; .NET4.0E; Media Center PC 6.0)" designskp.com 10.44.34.235
110.76.144.79 - - [04/Aug/2026:07:01:26 -0600] "GET /502.shtml HTTP/1.1" 404 24601 "-" "Mozilla/4.0 (compatible; MSIE 7.0; Windows NT 6.1; WOW64; Trident/7.0; SLCC2; .NET CLR 2.0.50727; .NET CLR 3.5.30729; .NET CLR 3.0.30729; .NET4.0C; .NET4.0E; Media Center PC 6.0)" designskp.com 10.44.34.235
179.189.242.5 - - [04/Aug/2026:07:01:26 -0600] "GET /502.shtml HTTP/1.1" 404 24602 "-" "Mozilla/4.0 (compatible; MSIE 7.0; Windows NT 6.1; WOW64; Trident/7.0; SLCC2; .NET CLR 2.0.50727; .NET CLR 3.5.30729; .NET CLR 3.0.30729; .NET4.0C; .NET4.0E; Media Center PC 6.0)" designskp.com 10.44.34.235
101.47.74.252 - - [04/Aug/2026:07:01:26 -0600] "GET /502.shtml HTTP/1.1" 404 24600 "-" "Mozilla/4.0 (compatible; MSIE 7.0; Windows NT 6.1; WOW64; Trident/7.0; SLCC2; .NET CLR 2.0.50727; .NET CLR 3.5.30729; .NET CLR 3.0.30729; .NET4.0C; .NET4.0E; Media Center PC 6.0)" designskp.com 10.44.34.235
1.54.67.9 - - [04/Aug/2026:07:01:26 -0600] "GET /502.shtml HTTP/1.1" 404 24601 "-" "Mozilla/4.0 (compatible; MSIE 7.0; Windows NT 6.1; WOW64; Trident/7.0; SLCC2; .NET CLR 2.0.50727; .NET CLR 3.5.30729; .NET CLR 3.0.30729; .NET4.0C; .NET4.0E; Media Center PC 6.0)" designskp.com 10.44.34.235
203.10.99.58 - - [04/Aug/2026:07:01:26 -0600] "GET /502.shtml HTTP/1.1" 404 24601 "-" "Mozilla/4.0 (compatible; MSIE 7.0; Windows NT 6.1; WOW64; Trident/7.0; SLCC2; .NET CLR 2.0.50727; .NET CLR 3.5.30729; .NET CLR 3.0.30729; .NET4.0C; .NET4.0E; Media Center PC 6.0)" designskp.com 10.44.34.235
89.124.83.75 - - [04/Aug/2026:07:01:44 -0600] "GET /hello-world/ HTTP/1.1" 200 416078 "http://designskp.com/hello-world/" "Mozilla/5.0 (Windows NT 10.0; Win64; x64) AppleWebKit/537.36 (KHTML, like Gecko) Chrome/131.0.0.0 Safari/537.36 Avast/131.0.0.0" designskp.com 10.44.34.235
89.124.83.75 - - [04/Aug/2026:07:01:59 -0600] "GET / HTTP/1.1" 200 147080 "http://designskp.com/" "Mozilla/5.0 (Windows NT 10.0; Win64; x64) AppleWebKit/537.36 (KHTML, like Gecko) Chrome/131.0.0.0 Safari/537.36 Avast/131.0.0.0" designskp.com 10.44.34.235
50.6.43.128 - - [04/Aug/2026:07:03:59 -0600] "POST /wp-cron.php?doing_wp_cron=1785848639.8416550159454345703125 HTTP/1.1" 200 - "-" "WordPress/7.0.2; http://designskp.com" designskp.com 10.44.34.235
50.6.43.128 - - [04/Aug/2026:07:04:17 -0600] "POST /wp-cron.php?doing_wp_cron=1785848657.0081629753112792968750 HTTP/1.1" 200 - "-" "WordPress/7.0.2; http://designskp.com" designskp.com 10.44.34.235
50.6.43.128 - - [04/Aug/2026:07:04:17 -0600] "POST /wp-cron.php?doing_wp_cron=1785848657.9871439933776855468750 HTTP/1.1" 200 - "-" "WordPress/7.0.2; http://designskp.com" designskp.com 10.44.34.235
50.6.43.128 - - [04/Aug/2026:07:04:26 -0600] "POST /wp-cron.php?doing_wp_cron=1785848666.9686310291290283203125 HTTP/1.1" 200 - "-" "WordPress/7.0.2; http://designskp.com" designskp.com 10.44.34.235
50.6.43.128 - - [04/Aug/2026:07:04:29 -0600] "POST /wp-cron.php?doing_wp_cron=1785848669.9400160312652587890625 HTTP/1.1" 200 - "-" "WordPress/7.0.2; http://designskp.com" designskp.com 10.44.34.235
50.6.43.128 - - [04/Aug/2026:07:04:30 -0600] "POST /wp-cron.php?doing_wp_cron=1785848670.9771609306335449218750 HTTP/1.1" 200 - "-" "WordPress/7.0.2; http://designskp.com" designskp.com 10.44.34.235
179.189.242.5 - - [04/Aug/2026:07:04:26 -0600] "GET /502.shtml HTTP/1.1" 404 24601 "-" "Mozilla/4.0 (compatible; MSIE 7.0; Windows NT 6.1; WOW64; Trident/7.0; SLCC2; .NET CLR 2.0.50727; .NET CLR 3.5.30729; .NET CLR 3.0.30729; .NET4.0C; .NET4.0E; Media Center PC 6.0)" designskp.com 10.44.34.235
203.10.99.58 - - [04/Aug/2026:07:04:26 -0600] "GET /502.shtml HTTP/1.1" 404 24601 "-" "Mozilla/4.0 (compatible; MSIE 7.0; Windows NT 6.1; WOW64; Trident/7.0; SLCC2; .NET CLR 2.0.50727; .NET CLR 3.5.30729; .NET CLR 3.0.30729; .NET4.0C; .NET4.0E; Media Center PC 6.0)" designskp.com 10.44.34.235
93.171.92.77 - - [04/Aug/2026:07:04:26 -0600] "GET /502.shtml HTTP/1.1" 404 24601 "-" "Mozilla/4.0 (compatible; MSIE 7.0; Windows NT 6.1; WOW64; Trident/7.0; SLCC2; .NET CLR 2.0.50727; .NET CLR 3.5.30729; .NET CLR 3.0.30729; .NET4.0C; .NET4.0E; Media Center PC 6.0)" designskp.com 10.44.34.235
110.76.144.79 - - [04/Aug/2026:07:04:26 -0600] "GET /502.shtml HTTP/1.1" 404 24601 "-" "Mozilla/4.0 (compatible; MSIE 7.0; Windows NT 6.1; WOW64; Trident/7.0; SLCC2; .NET CLR 2.0.50727; .NET CLR 3.5.30729; .NET CLR 3.0.30729; .NET4.0C; .NET4.0E; Media Center PC 6.0)" designskp.com 10.44.34.235
50.6.43.128 - - [04/Aug/2026:07:04:42 -0600] "POST /wp-cron.php?doing_wp_cron=1785848682.8576509952545166015625 HTTP/1.1" 200 - "-" "WordPress/7.0.2; http://designskp.com" designskp.com 10.44.34.235
1.54.67.9 - - [04/Aug/2026:07:04:26 -0600] "GET /502.shtml HTTP/1.1" 404 24602 "-" "Mozilla/4.0 (compatible; MSIE 7.0; Windows NT 6.1; WOW64; Trident/7.0; SLCC2; .NET CLR 2.0.50727; .NET CLR 3.5.30729; .NET CLR 3.0.30729; .NET4.0C; .NET4.0E; Media Center PC 6.0)" designskp.com 10.44.34.235
101.47.74.252 - - [04/Aug/2026:07:04:26 -0600] "GET /502.shtml HTTP/1.1" 404 24602 "-" "Mozilla/4.0 (compatible; MSIE 7.0; Windows NT 6.1; WOW64; Trident/7.0; SLCC2; .NET CLR 2.0.50727; .NET CLR 3.5.30729; .NET CLR 3.0.30729; .NET4.0C; .NET4.0E; Media Center PC 6.0)" designskp.com 10.44.34.235
50.6.43.128 - - [04/Aug/2026:07:04:43 -0600] "POST /wp-cron.php?doing_wp_cron=1785848683.0645461082458496093750 HTTP/1.1" 200 - "-" "WordPress/7.0.2; http://designskp.com" designskp.com 10.44.34.235
50.6.43.128 - - [04/Aug/2026:07:04:47 -0600] "POST /wp-cron.php?doing_wp_cron=1785848687.8407618999481201171875 HTTP/1.1" 200 - "-" "WordPress/7.0.2; http://designskp.com" designskp.com 10.44.34.235
50.6.43.128 - - [04/Aug/2026:07:04:48 -0600] "POST /wp-cron.php?doing_wp_cron=1785848688.8645091056823730468750 HTTP/1.1" 200 - "-" "WordPress/7.0.2; http://designskp.com" designskp.com 10.44.34.235
50.6.43.128 - - [04/Aug/2026:07:04:48 -0600] "POST /wp-cron.php?doing_wp_cron=1785848688.8936901092529296875000 HTTP/1.1" 200 - "-" "WordPress/7.0.2; http://designskp.com" designskp.com 10.44.34.235
50.6.43.128 - - [04/Aug/2026:07:04:48 -0600] "POST /wp-cron.php?doing_wp_cron=1785848688.8936960697174072265625 HTTP/1.1" 200 - "-" "WordPress/7.0.2; http://designskp.com" designskp.com 10.44.34.235
50.6.43.128 - - [04/Aug/2026:07:04:48 -0600] "POST /wp-cron.php?doing_wp_cron=1785848688.8995618820190429687500 HTTP/1.1" 200 - "-" "WordPress/7.0.2; http://designskp.com" designskp.com 10.44.34.235
50.6.43.128 - - [04/Aug/2026:07:04:48 -0600] "POST /wp-cron.php?doing_wp_cron=1785848688.8991410732269287109375 HTTP/1.1" 200 - "-" "WordPress/7.0.2; http://designskp.com" designskp.com 10.44.34.235
50.6.43.128 - - [04/Aug/2026:07:04:48 -0600] "POST /wp-cron.php?doing_wp_cron=1785848688.9067420959472656250000 HTTP/1.1" 200 - "-" "WordPress/7.0.2; http://designskp.com" designskp.com 10.44.34.235
50.6.43.128 - - [04/Aug/2026:07:04:49 -0600] "POST /wp-cron.php?doing_wp_cron=1785848689.0744640827178955078125 HTTP/1.1" 200 - "-" "WordPress/7.0.2; http://designskp.com" designskp.com 10.44.34.235
50.6.43.128 - - [04/Aug/2026:07:04:50 -0600] "POST /wp-cron.php?doing_wp_cron=1785848690.0752499103546142578125 HTTP/1.1" 200 - "-" "WordPress/7.0.2; http://designskp.com" designskp.com 10.44.34.235
50.6.43.128 - - [04/Aug/2026:07:04:50 -0600] "POST /wp-cron.php?doing_wp_cron=1785848690.0828819274902343750000 HTTP/1.1" 200 - "-" "WordPress/7.0.2; http://designskp.com" designskp.com 10.44.34.235
89.124.83.75 - - [04/Aug/2026:07:04:28 -0600] "GET /502.shtml HTTP/1.1" 404 83682 "http://designskp.com/hello-world/" "Mozilla/5.0 (Windows NT 10.0; Win64; x64) AppleWebKit/537.36 (KHTML, like Gecko) Chrome/131.0.0.0 Safari/537.36 Avast/131.0.0.0" designskp.com 10.44.34.235
89.124.83.75 - - [04/Aug/2026:07:01:28 -0600] "GET /hello-world/ HTTP/1.0" 404 83682 "http://designskp.com/hello-world/" "Mozilla/5.0 (Windows NT 10.0; Win64; x64) AppleWebKit/537.36 (KHTML, like Gecko) Chrome/131.0.0.0 Safari/537.36 Avast/131.0.0.0" designskp.com 10.44.34.235
50.6.43.128 - - [04/Aug/2026:07:04:50 -0600] "POST /wp-cron.php?doing_wp_cron=1785848690.1080040931701660156250 HTTP/1.1" 200 - "-" "WordPress/7.0.2; http://designskp.com" designskp.com 10.44.34.235
50.6.43.128 - - [04/Aug/2026:07:04:51 -0600] "POST /wp-cron.php?doing_wp_cron=1785848691.0654640197753906250000 HTTP/1.1" 200 - "-" "WordPress/7.0.2; http://designskp.com" designskp.com 10.44.34.235
50.6.43.128 - - [04/Aug/2026:07:04:51 -0600] "POST /wp-cron.php?doing_wp_cron=1785848691.0840330123901367187500 HTTP/1.1" 200 - "-" "WordPress/7.0.2; http://designskp.com" designskp.com 10.44.34.235
50.6.43.128 - - [04/Aug/2026:07:04:51 -0600] "POST /wp-cron.php?doing_wp_cron=1785848691.8700048923492431640625 HTTP/1.1" 200 - "-" "WordPress/7.0.2; http://designskp.com" designskp.com 10.44.34.235
50.6.43.128 - - [04/Aug/2026:07:04:58 -0600] "POST /wp-cron.php?doing_wp_cron=1785848698.9024579524993896484375 HTTP/1.1" 200 - "-" "WordPress/7.0.2; http://designskp.com" designskp.com 10.44.34.235
50.6.43.128 - - [04/Aug/2026:07:04:58 -0600] "POST /wp-cron.php?doing_wp_cron=1785848698.9131309986114501953125 HTTP/1.1" 200 - "-" "WordPress/7.0.2; http://designskp.com" designskp.com 10.44.34.235
50.6.43.128 - - [04/Aug/2026:07:04:58 -0600] "POST /wp-cron.php?doing_wp_cron=1785848698.9453470706939697265625 HTTP/1.1" 200 - "-" "WordPress/7.0.2; http://designskp.com" designskp.com 10.44.34.235
50.6.43.128 - - [04/Aug/2026:07:04:59 -0600] "POST /wp-cron.php?doing_wp_cron=1785848699.8767900466918945312500 HTTP/1.1" 200 - "-" "WordPress/7.0.2; http://designskp.com" designskp.com 10.44.34.235
50.6.43.128 - - [04/Aug/2026:07:04:59 -0600] "POST /wp-cron.php?doing_wp_cron=1785848699.8582589626312255859375 HTTP/1.1" 200 - "-" "WordPress/7.0.2; http://designskp.com" designskp.com 10.44.34.235
50.6.43.128 - - [04/Aug/2026:07:04:59 -0600] "POST /wp-cron.php?doing_wp_cron=1785848699.8875949382781982421875 HTTP/1.1" 200 - "-" "WordPress/7.0.2; http://designskp.com" designskp.com 10.44.34.235
89.124.83.75 - - [04/Aug/2026:07:04:44 -0600] "GET /502.shtml HTTP/1.1" 404 83682 "http://designskp.com/hello-world/" "Mozilla/5.0 (Windows NT 10.0; Win64; x64) AppleWebKit/537.36 (KHTML, like Gecko) Chrome/131.0.0.0 Safari/537.36 Avast/131.0.0.0" designskp.com 10.44.34.235
50.6.43.128 - - [04/Aug/2026:07:05:11 -0600] "POST /wp-cron.php?doing_wp_cron=1785848711.9332358837127685546875 HTTP/1.1" 200 - "-" "WordPress/7.0.2; http://designskp.com" designskp.com 10.44.34.235
50.6.43.128 - - [04/Aug/2026:07:05:18 -0600] "POST /wp-cron.php?doing_wp_cron=1785848718.8891680240631103515625 HTTP/1.1" 200 - "-" "WordPress/7.0.2; http://designskp.com" designskp.com 10.44.34.235
50.6.43.128 - - [04/Aug/2026:07:06:16 -0600] "POST /wp-cron.php?doing_wp_cron=1785848776.9471809864044189453125 HTTP/1.1" 200 - "-" "WordPress/7.0.2; http://designskp.com" designskp.com 10.44.34.235
50.6.43.128 - - [04/Aug/2026:07:06:16 -0600] "POST /wp-cron.php?doing_wp_cron=1785848776.9677770137786865234375 HTTP/1.1" 200 - "-" "WordPress/7.0.2; http://designskp.com" designskp.com 10.44.34.235
50.6.43.128 - - [04/Aug/2026:07:06:17 -0600] "POST /wp-cron.php?doing_wp_cron=1785848777.0051329135894775390625 HTTP/1.1" 200 - "-" "WordPress/7.0.2; http://designskp.com" designskp.com 10.44.34.235
50.6.43.128 - - [04/Aug/2026:07:06:17 -0600] "POST /wp-cron.php?doing_wp_cron=1785848777.0055871009826660156250 HTTP/1.1" 200 - "-" "WordPress/7.0.2; http://designskp.com" designskp.com 10.44.34.235
89.124.83.75 - - [04/Aug/2026:07:04:59 -0600] "GET /502.shtml HTTP/1.1" 404 83682 "http://designskp.com/" "Mozilla/5.0 (Windows NT 10.0; Win64; x64) AppleWebKit/537.36 (KHTML, like Gecko) Chrome/131.0.0.0 Safari/537.36 Avast/131.0.0.0" designskp.com 10.44.34.235
89.124.83.75 - - [04/Aug/2026:07:01:58 -0600] "GET / HTTP/1.0" 404 83682 "http://designskp.com/" "Mozilla/5.0 (Windows NT 10.0; Win64; x64) AppleWebKit/537.36 (KHTML, like Gecko) Chrome/131.0.0.0 Safari/537.36 Avast/131.0.0.0" designskp.com 10.44.34.235
50.6.43.128 - - [04/Aug/2026:07:06:17 -0600] "POST /wp-cron.php?doing_wp_cron=1785848777.9510018825531005859375 HTTP/1.1" 200 - "-" "WordPress/7.0.2; http://designskp.com" designskp.com 10.44.34.235
50.6.43.128 - - [04/Aug/2026:07:06:17 -0600] "POST /wp-cron.php?doing_wp_cron=1785848777.9714770317077636718750 HTTP/1.1" 200 - "-" "WordPress/7.0.2; http://designskp.com" designskp.com 10.44.34.235
50.6.43.128 - - [04/Aug/2026:07:06:21 -0600] "POST /wp-cron.php?doing_wp_cron=1785848781.8840310573577880859375 HTTP/1.1" 200 - "-" "WordPress/7.0.2; http://designskp.com" designskp.com 10.44.34.235
89.124.83.75 - - [04/Aug/2026:07:04:59 -0600] "GET /502.shtml HTTP/1.1" 404 83682 "http://designskp.com/" "Mozilla/5.0 (Windows NT 10.0; Win64; x64) AppleWebKit/537.36 (KHTML, like Gecko) Chrome/131.0.0.0 Safari/537.36 Avast/131.0.0.0" designskp.com 10.44.34.235
50.6.43.128 - - [04/Aug/2026:07:06:29 -0600] "POST /wp-cron.php?doing_wp_cron=1785848789.8895359039306640625000 HTTP/1.1" 200 - "-" "WordPress/7.0.2; http://designskp.com" designskp.com 10.44.34.235
50.6.43.128 - - [04/Aug/2026:07:06:34 -0600] "POST /wp-cron.php?doing_wp_cron=1785848794.8940150737762451171875 HTTP/1.1" 200 - "-" "WordPress/7.0.2; http://designskp.com" designskp.com 10.44.34.235
50.6.43.128 - - [04/Aug/2026:07:06:37 -0600] "POST /wp-cron.php?doing_wp_cron=1785848797.9271941184997558593750 HTTP/1.1" 200 - "-" "WordPress/7.0.2; http://designskp.com" designskp.com 10.44.34.235
87.238.164.237 - - [04/Aug/2026:07:19:41 -0600] "POST /wp-login.php HTTP/1.1" 409 83 "-" "Mozilla/5.0 (Windows NT 10.0; Win64; x64; rv:145.0) Gecko/20100101 Firefox/145.0" designskp.com 10.44.34.235
193.36.224.152 - - [04/Aug/2026:07:20:46 -0600] "GET / HTTP/1.1" 406 226 "-" "Go-http-client/1.1" designskp.com 10.44.34.235
193.36.224.213 - - [04/Aug/2026:07:20:49 -0600] "GET /wp-includes/css/buttons.css HTTP/1.1" 406 226 "-" "Go-http-client/1.1" designskp.com 10.44.34.235
104.234.19.143 - - [04/Aug/2026:07:20:52 -0600] "GET /media/system/js/core.js HTTP/1.1" 406 226 "-" "Go-http-client/1.1" designskp.com 10.44.34.235
89.233.104.139 - - [04/Aug/2026:08:29:47 -0600] "POST /wp-login.php HTTP/1.1" 409 83 "-" "Mozilla/5.0 (Windows NT 10.0) AppleWebKit/537.36 (KHTML, like Gecko) Chrome/137.0.0.0 Safari/537.36 Edg/137.0.0.0" designskp.com 10.44.34.235
50.6.43.128 - - [04/Aug/2026:09:19:30 -0600] "POST /wp-cron.php?doing_wp_cron=1785856770.5745189189910888671875 HTTP/1.1" 200 - "-" "WordPress/7.0.2; http://designskp.com" designskp.com 10.44.34.235
1.12.70.96 - - [04/Aug/2026:09:19:27 -0600] "GET / HTTP/1.1" 301 - "-" "Mozilla/5.0 (iPhone; CPU iPhone OS 13_2_3 like Mac OS X) AppleWebKit/605.1.15 (KHTML, like Gecko) Version/13.0.3 Mobile/15E148 Safari/604.1" www.designskp.com 10.44.34.235
1.12.70.96 - - [04/Aug/2026:09:19:27 -0600] "GET / HTTP/1.1" 301 - "-" "Mozilla/5.0 (iPhone; CPU iPhone OS 13_2_3 like Mac OS X) AppleWebKit/605.1.15 (KHTML, like Gecko) Version/13.0.3 Mobile/15E148 Safari/604.1" www.designskp.com 10.44.34.235
50.6.43.128 - - [04/Aug/2026:09:19:35 -0600] "POST /wp-cron.php?doing_wp_cron=1785856775.8188850879669189453125 HTTP/1.1" 200 - "-" "WordPress/7.0.2; http://designskp.com" designskp.com 10.44.34.235
1.12.70.96 - - [04/Aug/2026:09:19:32 -0600] "GET / HTTP/1.1" 200 43305 "http://www.designskp.com" "Mozilla/5.0 (iPhone; CPU iPhone OS 13_2_3 like Mac OS X) AppleWebKit/605.1.15 (KHTML, like Gecko) Version/13.0.3 Mobile/15E148 Safari/604.1" designskp.com 10.44.34.235
1.12.70.96 - - [04/Aug/2026:09:19:32 -0600] "GET / HTTP/1.1" 200 43305 "http://www.designskp.com" "Mozilla/5.0 (iPhone; CPU iPhone OS 13_2_3 like Mac OS X) AppleWebKit/605.1.15 (KHTML, like Gecko) Version/13.0.3 Mobile/15E148 Safari/604.1" designskp.com 10.44.34.235
50.6.43.128 - - [04/Aug/2026:09:23:36 -0600] "POST /wp-cron.php?doing_wp_cron=1785857016.7988479137420654296875 HTTP/1.1" 200 - "-" "WordPress/7.0.2; http://designskp.com" designskp.com 10.44.34.235
43.166.246.180 - - [04/Aug/2026:09:23:33 -0600] "GET / HTTP/1.1" 200 43542 "-" "Mozilla/5.0 (iPhone; CPU iPhone OS 13_2_3 like Mac OS X) AppleWebKit/605.1.15 (KHTML, like Gecko) Version/13.0.3 Mobile/15E148 Safari/604.1" designskp.com 10.44.34.235
43.166.246.180 - - [04/Aug/2026:09:23:33 -0600] "GET / HTTP/1.1" 200 43542 "-" "Mozilla/5.0 (iPhone; CPU iPhone OS 13_2_3 like Mac OS X) AppleWebKit/605.1.15 (KHTML, like Gecko) Version/13.0.3 Mobile/15E148 Safari/604.1" designskp.com 10.44.34.235
50.6.43.128 - - [04/Aug/2026:09:55:20 -0600] "POST /wp-cron.php?doing_wp_cron=1785858920.1542201042175292968750 HTTP/1.1" 200 - "-" "WordPress/7.0.2; http://designskp.com" designskp.com 10.44.34.235
126.209.105.227 - - [04/Aug/2026:09:55:17 -0600] "GET /wp-json/wp/v2/posts HTTP/1.1" 200 24318 "-" "Mozilla/5.0 (Windows NT 10.0; Win64; x64) AppleWebKit/537.36 (KHTML, like Gecko) Chrome/120.0.0.0 Safari/537.36" designskp.com 10.44.34.235
50.6.43.128 - - [04/Aug/2026:09:55:29 -0600] "POST /wp-cron.php?doing_wp_cron=1785858929.7428090572357177734375 HTTP/1.1" 200 - "-" "WordPress/7.0.2; http://designskp.com" designskp.com 10.44.34.235
126.209.105.227 - - [04/Aug/2026:09:55:25 -0600] "POST /wp-comments-post.php HTTP/1.1" 302 - "-" "Mozilla/5.0 (Windows NT 10.0; Win64; x64) AppleWebKit/537.36 (KHTML, like Gecko) Chrome/120.0.0.0 Safari/537.36" designskp.com 10.44.34.235
50.6.43.128 - - [04/Aug/2026:09:55:35 -0600] "POST /wp-cron.php?doing_wp_cron=1785858935.2963190078735351562500 HTTP/1.1" 200 - "-" "WordPress/7.0.2; http://designskp.com" designskp.com 10.44.34.235
126.209.105.227 - - [04/Aug/2026:09:55:32 -0600] "POST /wp-comments-post.php HTTP/1.1" 429 1172 "-" "Mozilla/5.0 (Windows NT 10.0; Win64; x64) AppleWebKit/537.36 (KHTML, like Gecko) Chrome/120.0.0.0 Safari/537.36" designskp.com 10.44.34.235
50.6.43.128 - - [04/Aug/2026:09:55:48 -0600] "POST /wp-cron.php?doing_wp_cron=1785858948.2209320068359375000000 HTTP/1.1" 200 - "-" "WordPress/7.0.2; http://designskp.com" designskp.com 10.44.34.235
126.209.105.227 - - [04/Aug/2026:09:55:45 -0600] "POST /wp-comments-post.php HTTP/1.1" 302 - "-" "Mozilla/5.0 (Windows NT 10.0; Win64; x64) AppleWebKit/537.36 (KHTML, like Gecko) Chrome/120.0.0.0 Safari/537.36" designskp.com 10.44.34.235
50.6.43.128 - - [04/Aug/2026:09:55:49 -0600] "POST /wp-cron.php?doing_wp_cron=1785858949.8512539863586425781250 HTTP/1.1" 200 - "-" "WordPress/7.0.2; http://designskp.com" designskp.com 10.44.34.235
126.209.105.227 - - [04/Aug/2026:09:55:47 -0600] "POST /wp-comments-post.php HTTP/1.1" 429 1172 "-" "Mozilla/5.0 (Windows NT 10.0; Win64; x64) AppleWebKit/537.36 (KHTML, like Gecko) Chrome/120.0.0.0 Safari/537.36" designskp.com 10.44.34.235
50.6.43.128 - - [04/Aug/2026:09:55:55 -0600] "POST /wp-cron.php?doing_wp_cron=1785858955.2589530944824218750000 HTTP/1.1" 200 - "-" "WordPress/7.0.2; http://designskp.com" designskp.com 10.44.34.235
126.209.105.227 - - [04/Aug/2026:09:55:52 -0600] "POST /wp-comments-post.php HTTP/1.1" 429 1172 "-" "Mozilla/5.0 (Windows NT 10.0; Win64; x64) AppleWebKit/537.36 (KHTML, like Gecko) Chrome/120.0.0.0 Safari/537.36" designskp.com 10.44.34.235
50.6.43.128 - - [04/Aug/2026:09:55:59 -0600] "POST /wp-cron.php?doing_wp_cron=1785858959.7968389987945556640625 HTTP/1.1" 200 - "-" "WordPress/7.0.2; http://designskp.com" designskp.com 10.44.34.235
126.209.105.227 - - [04/Aug/2026:09:55:57 -0600] "POST /wp-comments-post.php HTTP/1.1" 429 1172 "-" "Mozilla/5.0 (Windows NT 10.0; Win64; x64) AppleWebKit/537.36 (KHTML, like Gecko) Chrome/120.0.0.0 Safari/537.36" designskp.com 10.44.34.235
50.6.43.128 - - [04/Aug/2026:09:56:08 -0600] "POST /wp-cron.php?doing_wp_cron=1785858968.1779110431671142578125 HTTP/1.1" 200 - "-" "WordPress/7.0.2; http://designskp.com" designskp.com 10.44.34.235
126.209.105.227 - - [04/Aug/2026:09:56:05 -0600] "POST /wp-comments-post.php HTTP/1.1" 302 - "-" "Mozilla/5.0 (Windows NT 10.0; Win64; x64) AppleWebKit/537.36 (KHTML, like Gecko) Chrome/120.0.0.0 Safari/537.36" designskp.com 10.44.34.235
50.6.43.128 - - [04/Aug/2026:09:56:14 -0600] "POST /wp-cron.php?doing_wp_cron=1785858974.9413199424743652343750 HTTP/1.1" 200 - "-" "WordPress/7.0.2; http://designskp.com" designskp.com 10.44.34.235
126.209.105.227 - - [04/Aug/2026:09:56:12 -0600] "POST /wp-comments-post.php HTTP/1.1" 429 1172 "-" "Mozilla/5.0 (Windows NT 10.0; Win64; x64) AppleWebKit/537.36 (KHTML, like Gecko) Chrome/120.0.0.0 Safari/537.36" designskp.com 10.44.34.235
50.6.43.128 - - [04/Aug/2026:09:56:20 -0600] "POST /wp-cron.php?doing_wp_cron=1785858980.3950889110565185546875 HTTP/1.1" 200 - "-" "WordPress/7.0.2; http://designskp.com" designskp.com 10.44.34.235
126.209.105.227 - - [04/Aug/2026:09:56:17 -0600] "POST /wp-comments-post.php HTTP/1.1" 429 1172 "-" "Mozilla/5.0 (Windows NT 10.0; Win64; x64) AppleWebKit/537.36 (KHTML, like Gecko) Chrome/120.0.0.0 Safari/537.36" designskp.com 10.44.34.235
50.6.43.128 - - [04/Aug/2026:09:56:25 -0600] "POST /wp-cron.php?doing_wp_cron=1785858985.1940569877624511718750 HTTP/1.1" 200 - "-" "WordPress/7.0.2; http://designskp.com" designskp.com 10.44.34.235
126.209.105.227 - - [04/Aug/2026:09:56:22 -0600] "POST /wp-comments-post.php HTTP/1.1" 302 - "-" "Mozilla/5.0 (Windows NT 10.0; Win64; x64) AppleWebKit/537.36 (KHTML, like Gecko) Chrome/120.0.0.0 Safari/537.36" designskp.com 10.44.34.235
68.235.46.132 - - [04/Aug/2026:10:09:02 -0600] "GET //images/images/cache.php HTTP/1.1" 409 83 "-" "Mozilla/5.0 (Windows NT 10.0; Win64; x64) AppleWebKit/537.36 (KHTML, like Gecko) Chrome/112.0.0.0 Safari/537.36" designskp.com 10.44.34.235
68.235.46.132 - - [04/Aug/2026:10:09:03 -0600] "GET //cgi-bin/cgi-bin/cgi-bin/cgi-bin/cache.php HTTP/1.1" 409 83 "-" "Mozilla/5.0 (Windows NT 10.0; Win64; x64) AppleWebKit/537.36 (KHTML, like Gecko) Chrome/112.0.0.0 Safari/537.36" designskp.com 10.44.34.235
68.235.46.132 - - [04/Aug/2026:10:09:04 -0600] "GET //images/images/images/images/images/images/images/images/cache.php HTTP/1.1" 409 83 "-" "Mozilla/5.0 (Windows NT 10.0; Win64; x64) AppleWebKit/537.36 (KHTML, like Gecko) Chrome/112.0.0.0 Safari/537.36" designskp.com 10.44.34.235
68.235.46.132 - - [04/Aug/2026:10:09:04 -0600] "GET //images/images/images/images/images/images/images/cache.php HTTP/1.1" 409 83 "-" "Mozilla/5.0 (Windows NT 10.0; Win64; x64) AppleWebKit/537.36 (KHTML, like Gecko) Chrome/112.0.0.0 Safari/537.36" designskp.com 10.44.34.235
68.235.46.132 - - [04/Aug/2026:10:09:05 -0600] "GET //images/images/images/images/images/images/cache.php HTTP/1.1" 409 83 "-" "Mozilla/5.0 (Windows NT 10.0; Win64; x64) AppleWebKit/537.36 (KHTML, like Gecko) Chrome/112.0.0.0 Safari/537.36" designskp.com 10.44.34.235
68.235.46.132 - - [04/Aug/2026:10:09:06 -0600] "GET //images/images/images/images/images/cache.php HTTP/1.1" 409 83 "-" "Mozilla/5.0 (Windows NT 10.0; Win64; x64) AppleWebKit/537.36 (KHTML, like Gecko) Chrome/112.0.0.0 Safari/537.36" designskp.com 10.44.34.235
68.235.46.132 - - [04/Aug/2026:10:09:06 -0600] "GET //images/images/images/images/cache.php HTTP/1.1" 409 83 "-" "Mozilla/5.0 (Windows NT 10.0; Win64; x64) AppleWebKit/537.36 (KHTML, like Gecko) Chrome/112.0.0.0 Safari/537.36" designskp.com 10.44.34.235
68.235.46.132 - - [04/Aug/2026:10:09:07 -0600] "GET //images/images/images/cache.php HTTP/1.1" 409 83 "-" "Mozilla/5.0 (Windows NT 10.0; Win64; x64) AppleWebKit/537.36 (KHTML, like Gecko) Chrome/112.0.0.0 Safari/537.36" designskp.com 10.44.34.235
68.235.46.132 - - [04/Aug/2026:10:09:08 -0600] "GET //wp-content/plugins/plugins/cache.php HTTP/1.1" 409 83 "-" "Mozilla/5.0 (Windows NT 10.0; Win64; x64) AppleWebKit/537.36 (KHTML, like Gecko) Chrome/112.0.0.0 Safari/537.36" designskp.com 10.44.34.235
68.235.46.132 - - [04/Aug/2026:10:09:08 -0600] "GET //assets/images/images/cache.php HTTP/1.1" 409 83 "-" "Mozilla/5.0 (Windows NT 10.0; Win64; x64) AppleWebKit/537.36 (KHTML, like Gecko) Chrome/112.0.0.0 Safari/537.36" designskp.com 10.44.34.235
68.235.46.132 - - [04/Aug/2026:10:09:09 -0600] "GET //blogs/media/media/cache.php HTTP/1.1" 409 83 "-" "Mozilla/5.0 (Windows NT 10.0; Win64; x64) AppleWebKit/537.36 (KHTML, like Gecko) Chrome/112.0.0.0 Safari/537.36" designskp.com 10.44.34.235
68.235.46.132 - - [04/Aug/2026:10:09:10 -0600] "GET //cache/cache/cache.php HTTP/1.1" 409 83 "-" "Mozilla/5.0 (Windows NT 10.0; Win64; x64) AppleWebKit/537.36 (KHTML, like Gecko) Chrome/112.0.0.0 Safari/537.36" designskp.com 10.44.34.235
50.6.43.128 - - [04/Aug/2026:10:16:40 -0600] "POST /wp-cron.php?doing_wp_cron=1785860200.2095820903778076171875 HTTP/1.1" 200 - "-" "WordPress/7.0.2; http://designskp.com" designskp.com 10.44.34.235
50.6.43.128 - - [04/Aug/2026:10:16:40 -0600] "POST /wp-cron.php?doing_wp_cron=1785860200.7755820751190185546875 HTTP/1.1" 200 - "-" "WordPress/7.0.2; http://designskp.com" designskp.com 10.44.34.235
43.173.182.81 - - [04/Aug/2026:10:18:54 -0600] "GET / HTTP/1.1" 502 - "-" "Mozilla/5.0 (Windows NT 10.0; Win64; x64) AppleWebKit/537.36 (KHTML, like Gecko) Chrome/107.0.0.0 Safari/537.36" designskp.com 10.44.34.235
43.173.181.224 - - [04/Aug/2026:10:19:05 -0600] "GET / HTTP/1.1" 502 - "-" "Mozilla/5.0 (Windows NT 10.0; Win64; x64) AppleWebKit/537.36 (KHTML, like Gecko) Chrome/133.0.0.0 Safari/537.36" designskp.com 10.44.34.235
27.34.64.228 - - [04/Aug/2026:10:19:22 -0600] "GET / HTTP/1.1" 502 - "-" "Mozilla/5.0 (Windows NT 10.0; Win64; x64) AppleWebKit/537.36 (KHTML, like Gecko) Chrome/133.0.0.0 Safari/537.36" designskp.com 10.44.34.235
43.173.182.81 - - [04/Aug/2026:10:18:54 -0600] "GET / HTTP/1.1" 200 43512 "-" "Mozilla/5.0 (Windows NT 10.0; Win64; x64) AppleWebKit/537.36 (KHTML, like Gecko) Chrome/107.0.0.0 Safari/537.36" designskp.com 10.44.34.235
43.173.181.224 - - [04/Aug/2026:10:19:05 -0600] "GET / HTTP/1.1" 200 43596 "-" "Mozilla/5.0 (Windows NT 10.0; Win64; x64) AppleWebKit/537.36 (KHTML, like Gecko) Chrome/133.0.0.0 Safari/537.36" designskp.com 10.44.34.235
27.34.64.228 - - [04/Aug/2026:10:19:22 -0600] "GET / HTTP/1.1" 200 43657 "-" "Mozilla/5.0 (Windows NT 10.0; Win64; x64) AppleWebKit/537.36 (KHTML, like Gecko) Chrome/133.0.0.0 Safari/537.36" designskp.com 10.44.34.235
50.6.43.128 - - [04/Aug/2026:10:20:14 -0600] "POST /wp-cron.php?doing_wp_cron=1785860414.1089220046997070312500 HTTP/1.1" 200 - "-" "WordPress/7.0.2; http://designskp.com" designskp.com 10.44.34.235
43.173.182.81 - - [04/Aug/2026:10:21:54 -0600] "GET /502.shtml HTTP/1.1" 404 24601 "-" "Mozilla/5.0 (Windows NT 10.0; Win64; x64) AppleWebKit/537.36 (KHTML, like Gecko) Chrome/107.0.0.0 Safari/537.36" designskp.com 10.44.34.235
43.173.182.81 - - [04/Aug/2026:10:21:54 -0600] "GET /502.shtml HTTP/1.1" 404 24601 "-" "Mozilla/5.0 (Windows NT 10.0; Win64; x64) AppleWebKit/537.36 (KHTML, like Gecko) Chrome/107.0.0.0 Safari/537.36" designskp.com 10.44.34.235
43.173.181.224 - - [04/Aug/2026:10:22:05 -0600] "GET /502.shtml HTTP/1.1" 404 24602 "-" "Mozilla/5.0 (Windows NT 10.0; Win64; x64) AppleWebKit/537.36 (KHTML, like Gecko) Chrome/133.0.0.0 Safari/537.36" designskp.com 10.44.34.235
43.173.181.224 - - [04/Aug/2026:10:22:05 -0600] "GET /502.shtml HTTP/1.1" 404 24602 "-" "Mozilla/5.0 (Windows NT 10.0; Win64; x64) AppleWebKit/537.36 (KHTML, like Gecko) Chrome/133.0.0.0 Safari/537.36" designskp.com 10.44.34.235
27.34.64.228 - - [04/Aug/2026:10:22:22 -0600] "GET /502.shtml HTTP/1.1" 404 24600 "-" "Mozilla/5.0 (Windows NT 10.0; Win64; x64) AppleWebKit/537.36 (KHTML, like Gecko) Chrome/133.0.0.0 Safari/537.36" designskp.com 10.44.34.235
27.34.64.228 - - [04/Aug/2026:10:22:22 -0600] "GET /502.shtml HTTP/1.1" 404 24601 "-" "Mozilla/5.0 (Windows NT 10.0; Win64; x64) AppleWebKit/537.36 (KHTML, like Gecko) Chrome/133.0.0.0 Safari/537.36" designskp.com 10.44.34.235
43.173.182.81 - - [04/Aug/2026:10:24:54 -0600] "GET /502.shtml HTTP/1.1" 404 24601 "-" "Mozilla/5.0 (Windows NT 10.0; Win64; x64) AppleWebKit/537.36 (KHTML, like Gecko) Chrome/107.0.0.0 Safari/537.36" designskp.com 10.44.34.235
43.173.181.224 - - [04/Aug/2026:10:25:05 -0600] "GET /502.shtml HTTP/1.1" 404 24601 "-" "Mozilla/5.0 (Windows NT 10.0; Win64; x64) AppleWebKit/537.36 (KHTML, like Gecko) Chrome/133.0.0.0 Safari/537.36" designskp.com 10.44.34.235
27.34.64.228 - - [04/Aug/2026:10:25:22 -0600] "GET /502.shtml HTTP/1.1" 404 24601 "-" "Mozilla/5.0 (Windows NT 10.0; Win64; x64) AppleWebKit/537.36 (KHTML, like Gecko) Chrome/133.0.0.0 Safari/537.36" designskp.com 10.44.34.235
50.6.43.128 - - [04/Aug/2026:10:25:37 -0600] "POST /wp-cron.php?doing_wp_cron=1785860737.9130759239196777343750 HTTP/1.1" 200 - "-" "WordPress/7.0.2; http://designskp.com" designskp.com 10.44.34.235
50.6.43.128 - - [04/Aug/2026:10:25:43 -0600] "POST /wp-cron.php?doing_wp_cron=1785860743.8072500228881835937500 HTTP/1.1" 200 - "-" "WordPress/7.0.2; http://designskp.com" designskp.com 10.44.34.235
50.6.43.128 - - [04/Aug/2026:10:25:55 -0600] "POST /wp-cron.php?doing_wp_cron=1785860755.2977430820465087890625 HTTP/1.1" 200 - "-" "WordPress/7.0.2; http://designskp.com" designskp.com 10.44.34.235
50.6.43.128 - - [04/Aug/2026:10:27:24 -0600] "POST /wp-cron.php?doing_wp_cron=1785860844.2828629016876220703125 HTTP/1.1" 200 - "-" "WordPress/7.0.2; http://designskp.com" designskp.com 10.44.34.235
50.6.43.128 - - [04/Aug/2026:10:27:25 -0600] "POST /wp-cron.php?doing_wp_cron=1785860845.4609448909759521484375 HTTP/1.1" 200 - "-" "WordPress/7.0.2; http://designskp.com" designskp.com 10.44.34.235
50.6.43.128 - - [04/Aug/2026:10:27:30 -0600] "POST /wp-cron.php?doing_wp_cron=1785860850.1197450160980224609375 HTTP/1.1" 200 - "-" "WordPress/7.0.2; http://designskp.com" designskp.com 10.44.34.235
50.6.43.128 - - [04/Aug/2026:10:27:32 -0600] "POST /wp-cron.php?doing_wp_cron=1785860852.3075249195098876953125 HTTP/1.1" 200 - "-" "WordPress/7.0.2; http://designskp.com" designskp.com 10.44.34.235
50.6.43.128 - - [04/Aug/2026:10:27:41 -0600] "POST /wp-cron.php?doing_wp_cron=1785860861.3662290573120117187500 HTTP/1.1" 200 - "-" "WordPress/7.0.2; http://designskp.com" designskp.com 10.44.34.235
50.6.43.128 - - [04/Aug/2026:10:27:41 -0600] "POST /wp-cron.php?doing_wp_cron=1785860861.7484920024871826171875 HTTP/1.1" 200 - "-" "WordPress/7.0.2; http://designskp.com" designskp.com 10.44.34.235
50.6.43.128 - - [04/Aug/2026:10:28:57 -0600] "POST /wp-cron.php?doing_wp_cron=1785860937.7932701110839843750000 HTTP/1.1" 200 - "-" "WordPress/7.0.2; http://designskp.com" designskp.com 10.44.34.235
50.6.43.128 - - [04/Aug/2026:10:29:07 -0600] "POST /wp-cron.php?doing_wp_cron=1785860947.6647229194641113281250 HTTP/1.1" 200 - "-" "WordPress/7.0.2; http://designskp.com" designskp.com 10.44.34.235
50.6.43.128 - - [04/Aug/2026:10:29:14 -0600] "POST /wp-cron.php?doing_wp_cron=1785860954.2739291191101074218750 HTTP/1.1" 200 - "-" "WordPress/7.0.2; http://designskp.com" designskp.com 10.44.34.235
120.240.178.156 - - [04/Aug/2026:10:58:01 -0600] "GET /robots.txt HTTP/1.1" 200 171 "-" "Mozilla/5.0 (Windows NT 10.0; WOW64) AppleWebKit/537.36 (KHTML, like Gecko) Chrome/49.0.3930.121 Safari/537.36 SE 2.X MetaSr 1.0" designskp.com 10.44.34.235
36.36.88.164 - - [04/Aug/2026:10:58:29 -0600] "GET /robots.txt HTTP/1.1" 200 171 "-" "Mozilla/5.0 (Windows NT 10.0; WOW64) AppleWebKit/537.36 (KHTML, like Gecko) Chrome/60.0.3042.114 Safari/537.36 SE 2.X MetaSr 1.0" designskp.com 10.44.34.235
172.236.142.89 - - [04/Aug/2026:11:01:09 -0600] "POST /?rest_route=/batch/v1 HTTP/1.1" 406 226 "-" "Mozilla/5.0 (Windows NT 10.0; Win64; x64) AppleWebKit/537.36 (KHTML, like Gecko) Chrome/126.0 Safari/537.36" designskp.com 10.44.34.235
172.236.142.89 - - [04/Aug/2026:11:01:09 -0600] "POST /wp-json/batch/v1 HTTP/1.1" 406 226 "-" "Mozilla/5.0 (Windows NT 10.0; Win64; x64) AppleWebKit/537.36 (KHTML, like Gecko) Chrome/126.0 Safari/537.36" designskp.com 10.44.34.235
172.236.142.89 - - [04/Aug/2026:11:01:10 -0600] "POST /?rest_route=/batch/v1 HTTP/1.1" 406 226 "-" "Mozilla/5.0 (Windows NT 10.0; Win64; x64) AppleWebKit/537.36 (KHTML, like Gecko) Chrome/126.0 Safari/537.36" designskp.com 10.44.34.235
172.236.142.89 - - [04/Aug/2026:11:01:10 -0600] "POST /?rest_route=/batch/v1 HTTP/1.1" 406 226 "-" "Mozilla/5.0 (Windows NT 10.0; Win64; x64) AppleWebKit/537.36 (KHTML, like Gecko) Chrome/126.0 Safari/537.36" designskp.com 10.44.34.235
172.236.142.89 - - [04/Aug/2026:11:01:10 -0600] "POST / HTTP/1.1" 207 628 "-" "Mozilla/5.0 (Windows NT 10.0; Win64; x64) AppleWebKit/537.36 (KHTML, like Gecko) Chrome/126.0 Safari/537.36" designskp.com 10.44.34.235
172.236.142.89 - - [04/Aug/2026:11:01:08 -0600] "GET / HTTP/1.1" 200 147494 "-" "Mozilla/5.0 (Windows NT 10.0; Win64; x64) AppleWebKit/537.36 (KHTML, like Gecko) Chrome/126.0 Safari/537.36" designskp.com 10.44.34.235
50.6.43.128 - - [04/Aug/2026:11:03:44 -0600] "POST /wp-cron.php?doing_wp_cron=1785863024.0755329132080078125000 HTTP/1.1" 200 - "-" "WordPress/7.0.2; http://designskp.com" designskp.com 10.44.34.235
50.6.43.128 - - [04/Aug/2026:11:03:46 -0600] "POST /wp-cron.php?doing_wp_cron=1785863026.1322300434112548828125 HTTP/1.1" 200 - "-" "WordPress/7.0.2; http://designskp.com" designskp.com 10.44.34.235
172.236.142.89 - - [04/Aug/2026:11:01:08 -0600] "GET / HTTP/1.1" 200 144189 "-" "Mozilla/5.0 (Windows NT 10.0; Win64; x64) AppleWebKit/537.36 (KHTML, like Gecko) Chrome/126.0 Safari/537.36" designskp.com 10.44.34.235
50.6.43.128 - - [04/Aug/2026:11:34:13 -0600] "POST /wp-cron.php?doing_wp_cron=1785864853.5203149318695068359375 HTTP/1.1" 200 - "-" "WordPress/7.0.2; http://designskp.com" designskp.com 10.44.34.235
66.132.172.222 - - [04/Aug/2026:11:34:11 -0600] "GET /wp-json/?_fields=name,description,home,gmt_offset,timezone_string,namespaces HTTP/1.1" 200 468 "-" "Mozilla/5.0 (compatible; CensysInspect/1.1; +https://about.censys.io/)" mail.designskp.com:80 10.44.34.235
50.6.43.128 - - [04/Aug/2026:11:39:18 -0600] "POST /wp-cron.php?doing_wp_cron=1785865158.3068509101867675781250 HTTP/1.1" 200 - "-" "WordPress/7.0.2; http://designskp.com" designskp.com 10.44.34.235
38.54.87.244 - - [04/Aug/2026:11:39:15 -0600] "GET /wp-json/wp/v2/posts HTTP/1.1" 200 24318 "-" "Mozilla/5.0 (Windows NT 10.0; Win64; x64) AppleWebKit/537.36 (KHTML, like Gecko) Chrome/120.0.0.0 Safari/537.36" designskp.com 10.44.34.235
50.6.43.128 - - [04/Aug/2026:11:40:40 -0600] "POST /wp-cron.php?doing_wp_cron=1785865240.1792800426483154296875 HTTP/1.1" 200 - "-" "WordPress/7.0.2; http://designskp.com" designskp.com 10.44.34.235
169.58.80.213 - - [04/Aug/2026:11:40:37 -0600] "GET / HTTP/1.1" 200 43451 "-" "Mozilla/5.0 (X11; Linux x86_64) AppleWebKit/537.36 (KHTML, like Gecko) Chrome/126.0 Safari/537.36" designskp.com 10.44.34.235
169.58.80.213 - - [04/Aug/2026:11:40:37 -0600] "GET / HTTP/1.1" 200 43451 "-" "Mozilla/5.0 (X11; Linux x86_64) AppleWebKit/537.36 (KHTML, like Gecko) Chrome/126.0 Safari/537.36" designskp.com 10.44.34.235
123.160.223.72 - - [04/Aug/2026:12:06:56 -0600] "GET / HTTP/1.1" 200 43395 "-" "Mozilla/5.0 (Macintosh; Intel Mac OS X 10_15_7) AppleWebKit/537.36 (KHTML, like Gecko) Chrome/120.0.0.0 Safari/537.36" designskp.com 10.44.34.235
123.160.223.72 - - [04/Aug/2026:12:06:56 -0600] "GET / HTTP/1.1" 200 40580 "-" "Mozilla/5.0 (Macintosh; Intel Mac OS X 10_15_7) AppleWebKit/537.36 (KHTML, like Gecko) Chrome/120.0.0.0 Safari/537.36" designskp.com 10.44.34.235
47.89.195.183 - - [04/Aug/2026:12:07:06 -0600] "GET / HTTP/1.1" 200 43406 "-" "Mozilla/5.0 (Macintosh; Intel Mac OS X 10_15_7) AppleWebKit/537.36 (KHTML, like Gecko) Chrome/120.0.0.0 Safari/537.36" designskp.com 10.44.34.235
47.89.195.183 - - [04/Aug/2026:12:07:06 -0600] "GET / HTTP/1.1" 200 40580 "-" "Mozilla/5.0 (Macintosh; Intel Mac OS X 10_15_7) AppleWebKit/537.36 (KHTML, like Gecko) Chrome/120.0.0.0 Safari/537.36" designskp.com 10.44.34.235
50.6.43.128 - - [04/Aug/2026:12:07:48 -0600] "POST /wp-cron.php?doing_wp_cron=1785866868.9801158905029296875000 HTTP/1.1" 200 - "-" "WordPress/7.0.2; http://designskp.com" designskp.com 10.44.34.235
50.6.43.128 - - [04/Aug/2026:12:08:00 -0600] "POST /wp-cron.php?doing_wp_cron=1785866880.9719169139862060546875 HTTP/1.1" 200 - "-" "WordPress/7.0.2; http://designskp.com" designskp.com 10.44.34.235
51.178.183.70 - - [04/Aug/2026:13:14:39 -0600] "POST /wp-login.php HTTP/1.1" 409 83 "-" "Mozilla/5.0 (Windows NT 10.0; rv:142.0) Gecko/20100101 Firefox/142.0" designskp.com 10.44.34.235
191.242.48.126 - - [04/Aug/2026:13:46:20 -0600] "POST /wp-login.php HTTP/1.1" 409 83 "-" "Mozilla/5.0 (Windows NT 10.0) AppleWebKit/537.36 (KHTML, like Gecko) Chrome/137.0.0.0 Safari/537.36 Edg/137.0.0.0" designskp.com 10.44.34.235
50.6.43.128 - - [04/Aug/2026:14:01:01 -0600] "POST /wp-cron.php?doing_wp_cron=1785873661.1957008838653564453125 HTTP/1.1" 200 - "-" "WordPress/7.0.2; http://designskp.com" designskp.com 10.44.34.235
150.241.73.91 - - [04/Aug/2026:14:00:57 -0600] "GET /hello-world/ HTTP/1.1" 200 416078 "http://designskp.com/hello-world/" "Mozilla/5.0 (Windows NT 10.0; Win64; x64) AppleWebKit/537.36 (KHTML, like Gecko) Chrome/130.0.0.0 Safari/537.36 CCleaner/130.0.0.0" designskp.com 10.44.34.235
150.241.73.91 - - [04/Aug/2026:14:00:57 -0600] "GET /hello-world/ HTTP/1.0" 200 416078 "http://designskp.com/hello-world/" "Mozilla/5.0 (Windows NT 10.0; Win64; x64) AppleWebKit/537.36 (KHTML, like Gecko) Chrome/130.0.0.0 Safari/537.36 CCleaner/130.0.0.0" designskp.com 10.44.34.235
150.241.73.91 - - [04/Aug/2026:14:01:02 -0600] "POST /wp-comments-post.php HTTP/1.0" 406 226 "http://designskp.com/hello-world/" "Mozilla/5.0 (Windows NT 10.0; Win64; x64) AppleWebKit/537.36 (KHTML, like Gecko) Chrome/130.0.0.0 Safari/537.36 CCleaner/130.0.0.0" designskp.com 10.44.34.235
50.6.43.128 - - [04/Aug/2026:14:01:05 -0600] "POST /wp-cron.php?doing_wp_cron=1785873665.8598320484161376953125 HTTP/1.1" 200 - "-" "WordPress/7.0.2; http://designskp.com" designskp.com 10.44.34.235
81.177.215.125 - - [04/Aug/2026:14:01:02 -0600] "POST /wp-comments-post.php HTTP/1.0" 302 - "http://designskp.com/hello-world/" "Mozilla/5.0 (Windows NT 10.0; Win64; x64) AppleWebKit/537.36 (KHTML, like Gecko) Chrome/130.0.0.0 Safari/537.36 CCleaner/130.0.0.0" designskp.com 10.44.34.235
50.6.43.128 - - [04/Aug/2026:14:01:09 -0600] "POST /wp-cron.php?doing_wp_cron=1785873669.6518950462341308593750 HTTP/1.1" 200 - "-" "WordPress/7.0.2; http://designskp.com" designskp.com 10.44.34.235
81.177.215.125 - - [04/Aug/2026:14:01:06 -0600] "GET /hello-world/ HTTP/1.1" 200 418276 "http://designskp.com/hello-world/#comment-116" "Mozilla/5.0 (Windows NT 10.0; Win64; x64) AppleWebKit/537.36 (KHTML, like Gecko) Chrome/130.0.0.0 Safari/537.36 CCleaner/130.0.0.0" designskp.com 10.44.34.235
