57.141.0.48 - - [04/Aug/2026:11:23:10 -0600] "GET /pxl-template/footer-main/ HTTP/2.0" 301 - "-" "Mozilla/5.0 (Macintosh; Intel Mac OS X 10_15_7) AppleWebKit/537.36 (KHTML, like Gecko) Chrome/145.0.0.0 Safari/537.36 (compatible; meta-externalagent/1.1 (+https://developers.facebook.com/docs/sharing/webmasters/crawler))" spokesmanconsulting.com 10.44.34.235
57.141.0.10 - - [04/Aug/2026:11:23:13 -0600] "GET / HTTP/2.0" 200 90243 "-" "Mozilla/5.0 (Macintosh; Intel Mac OS X 10_15_7) AppleWebKit/537.36 (KHTML, like Gecko) Chrome/145.0.0.0 Safari/537.36 (compatible; meta-externalagent/1.1 (+https://developers.facebook.com/docs/sharing/webmasters/crawler))" spokesmanconsulting.com 10.44.34.235
50.6.43.128 - - [04/Aug/2026:11:26:09 -0600] "GET /wp-content/plugins/elementskit-lite/modules/elementskit-icon-pack/assets/js/ekiticons.json HTTP/1.1" 200 11176 "-" "-" spokesmanconsulting.com 10.44.34.235
50.6.43.128 - - [04/Aug/2026:11:26:14 -0600] "GET /wp-content/plugins/elementskit-lite/modules/elementskit-icon-pack/assets/js/ekiticons.json HTTP/1.1" 200 11176 "-" "-" spokesmanconsulting.com 10.44.34.235
50.6.43.128 - - [04/Aug/2026:11:26:17 -0600] "GET /wp-content/plugins/elementskit-lite/modules/elementskit-icon-pack/assets/js/ekiticons.json HTTP/1.1" 200 11176 "-" "-" spokesmanconsulting.com 10.44.34.235
136.109.107.15 - - [04/Aug/2026:11:26:08 -0600] "GET / HTTP/1.1" 200 90242 "-" "Mozilla/5.0 (Linux; Android 12; Pixel 6) AppleWebKit/537.36 (KHTML, like Gecko) Chrome/114.0.0.0 Mobile Safari/537.36" spokesmanconsulting.com 10.44.34.235
136.109.107.15 - - [04/Aug/2026:11:26:08 -0600] "GET / HTTP/1.1" 200 89242 "-" "Mozilla/5.0 (Linux; Android 12; Pixel 6) AppleWebKit/537.36 (KHTML, like Gecko) Chrome/114.0.0.0 Mobile Safari/537.36" spokesmanconsulting.com 10.44.34.235
50.6.43.128 - - [04/Aug/2026:11:26:22 -0600] "GET /wp-content/plugins/elementskit-lite/modules/elementskit-icon-pack/assets/js/ekiticons.json HTTP/1.1" 200 11176 "-" "-" spokesmanconsulting.com 10.44.34.235
136.109.107.15 - - [04/Aug/2026:11:26:17 -0600] "GET / HTTP/1.1" 200 90243 "-" "Mozilla/5.0 (Linux; Android 12; Pixel 6) AppleWebKit/537.36 (KHTML, like Gecko) Chrome/114.0.0.0 Mobile Safari/537.36" spokesmanconsulting.com 10.44.34.235
136.109.107.15 - - [04/Aug/2026:11:26:17 -0600] "GET / HTTP/1.1" 200 90243 "-" "Mozilla/5.0 (Linux; Android 12; Pixel 6) AppleWebKit/537.36 (KHTML, like Gecko) Chrome/114.0.0.0 Mobile Safari/537.36" spokesmanconsulting.com 10.44.34.235
50.6.43.128 - - [04/Aug/2026:11:27:50 -0600] "POST /wp-cron.php?doing_wp_cron=1785864470.6436541080474853515625 HTTP/1.1" 200 - "-" "WordPress/7.0.2; https://spokesmanconsulting.com" spokesmanconsulting.com 10.44.34.235
57.141.0.55 - - [04/Aug/2026:11:27:50 -0600] "GET /pxl-template/contact-popup/ HTTP/1.1" 301 - "-" "Mozilla/5.0 (Macintosh; Intel Mac OS X 10_15_7) AppleWebKit/537.36 (KHTML, like Gecko) Chrome/145.0.0.0 Safari/537.36 (compatible; meta-externalagent/1.1 (+https://developers.facebook.com/docs/sharing/webmasters/crawler))" spokesmanconsulting.com 10.44.34.235
57.141.0.55 - - [04/Aug/2026:11:27:50 -0600] "GET /pxl-template/contact-popup/ HTTP/2.0" 301 - "-" "Mozilla/5.0 (Macintosh; Intel Mac OS X 10_15_7) AppleWebKit/537.36 (KHTML, like Gecko) Chrome/145.0.0.0 Safari/537.36 (compatible; meta-externalagent/1.1 (+https://developers.facebook.com/docs/sharing/webmasters/crawler))" spokesmanconsulting.com 10.44.34.235
57.141.0.27 - - [04/Aug/2026:11:27:52 -0600] "GET / HTTP/2.0" 200 90243 "-" "Mozilla/5.0 (Macintosh; Intel Mac OS X 10_15_7) AppleWebKit/537.36 (KHTML, like Gecko) Chrome/145.0.0.0 Safari/537.36 (compatible; meta-externalagent/1.1 (+https://developers.facebook.com/docs/sharing/webmasters/crawler))" spokesmanconsulting.com 10.44.34.235
50.6.43.128 - - [04/Aug/2026:11:30:58 -0600] "GET /wp-content/plugins/elementskit-lite/modules/elementskit-icon-pack/assets/js/ekiticons.json HTTP/1.1" 200 11176 "-" "-" spokesmanconsulting.com 10.44.34.235
50.6.43.128 - - [04/Aug/2026:11:31:03 -0600] "GET /wp-content/plugins/elementskit-lite/modules/elementskit-icon-pack/assets/js/ekiticons.json HTTP/1.1" 200 11176 "-" "-" spokesmanconsulting.com 10.44.34.235
205.169.39.8 - - [04/Aug/2026:11:30:57 -0600] "GET / HTTP/1.1" 200 90241 "-" "Mozilla/5.0 (Windows NT 10.0) AppleWebKit/537.36 (KHTML, like Gecko) Chrome/106.0.0.0 Safari/537.36" spokesmanconsulting.com 10.44.34.235
205.169.39.8 - - [04/Aug/2026:11:30:57 -0600] "GET / HTTP/1.1" 200 90241 "-" "Mozilla/5.0 (Windows NT 10.0) AppleWebKit/537.36 (KHTML, like Gecko) Chrome/106.0.0.0 Safari/537.36" spokesmanconsulting.com 10.44.34.235
50.6.43.128 - - [04/Aug/2026:11:50:22 -0600] "POST /wp-cron.php?doing_wp_cron=1785865822.2319018840789794921875 HTTP/1.1" 200 - "-" "WordPress/7.0.2; https://spokesmanconsulting.com" spokesmanconsulting.com 10.44.34.235
57.141.0.42 - - [04/Aug/2026:11:50:21 -0600] "GET /pxl-template/header-home-3/ HTTP/1.1" 301 - "-" "Mozilla/5.0 (Windows NT 10.0; Win64; x64) AppleWebKit/537.36 (KHTML, like Gecko) Chrome/145.0.0.0 Safari/537.36 (compatible; meta-externalagent/1.1 (+https://developers.facebook.com/docs/sharing/webmasters/crawler))" spokesmanconsulting.com 10.44.34.235
57.141.0.42 - - [04/Aug/2026:11:50:21 -0600] "GET /pxl-template/header-home-3/ HTTP/2.0" 301 - "-" "Mozilla/5.0 (Windows NT 10.0; Win64; x64) AppleWebKit/537.36 (KHTML, like Gecko) Chrome/145.0.0.0 Safari/537.36 (compatible; meta-externalagent/1.1 (+https://developers.facebook.com/docs/sharing/webmasters/crawler))" spokesmanconsulting.com 10.44.34.235
50.6.43.128 - - [04/Aug/2026:11:50:25 -0600] "GET /wp-content/plugins/elementskit-lite/modules/elementskit-icon-pack/assets/js/ekiticons.json HTTP/1.1" 200 11176 "-" "-" spokesmanconsulting.com 10.44.34.235
50.6.43.128 - - [04/Aug/2026:11:50:30 -0600] "GET /wp-content/plugins/elementskit-lite/modules/elementskit-icon-pack/assets/js/ekiticons.json HTTP/1.1" 200 11176 "-" "-" spokesmanconsulting.com 10.44.34.235
50.6.43.128 - - [04/Aug/2026:11:50:34 -0600] "GET /wp-content/plugins/elementskit-lite/modules/elementskit-icon-pack/assets/js/ekiticons.json HTTP/1.1" 200 11176 "-" "-" spokesmanconsulting.com 10.44.34.235
57.141.0.39 - - [04/Aug/2026:11:50:24 -0600] "GET / HTTP/1.1" 200 90243 "-" "Mozilla/5.0 (Windows NT 10.0; Win64; x64) AppleWebKit/537.36 (KHTML, like Gecko) Chrome/145.0.0.0 Safari/537.36 (compatible; meta-externalagent/1.1 (+https://developers.facebook.com/docs/sharing/webmasters/crawler))" spokesmanconsulting.com 10.44.34.235
57.141.0.39 - - [04/Aug/2026:11:50:24 -0600] "GET / HTTP/2.0" 200 90243 "-" "Mozilla/5.0 (Windows NT 10.0; Win64; x64) AppleWebKit/537.36 (KHTML, like Gecko) Chrome/145.0.0.0 Safari/537.36 (compatible; meta-externalagent/1.1 (+https://developers.facebook.com/docs/sharing/webmasters/crawler))" spokesmanconsulting.com 10.44.34.235
50.6.43.128 - - [04/Aug/2026:11:50:39 -0600] "GET /wp-content/plugins/elementskit-lite/modules/elementskit-icon-pack/assets/js/ekiticons.json HTTP/1.1" 200 11176 "-" "-" spokesmanconsulting.com 10.44.34.235
43.131.253.14 - - [04/Aug/2026:11:50:33 -0600] "GET / HTTP/1.1" 200 90242 "http://www.spokesmanconsulting.com" "Mozilla/5.0 (iPhone; CPU iPhone OS 13_2_3 like Mac OS X) AppleWebKit/605.1.15 (KHTML, like Gecko) Version/13.0.3 Mobile/15E148 Safari/604.1" spokesmanconsulting.com 10.44.34.235
43.131.253.14 - - [04/Aug/2026:11:50:33 -0600] "GET / HTTP/1.1" 200 90242 "http://www.spokesmanconsulting.com" "Mozilla/5.0 (iPhone; CPU iPhone OS 13_2_3 like Mac OS X) AppleWebKit/605.1.15 (KHTML, like Gecko) Version/13.0.3 Mobile/15E148 Safari/604.1" spokesmanconsulting.com 10.44.34.235
169.58.30.42 - - [04/Aug/2026:11:52:31 -0600] "GET / HTTP/1.1" 406 226 "-" "python-requests/2.31.0" spokesmanconsulting.com 10.44.34.235
169.58.30.42 - - [04/Aug/2026:11:52:32 -0600] "GET /po-admin/index.php?mod=PoTimeout&act=timer HTTP/1.1" 409 83 "-" "Mozilla/5.0 (Windows NT 10.0; Win64; x64) AppleWebKit/537.36 (KHTML, like Gecko) Chrome/124.0.0.0 Safari/537.36" spokesmanconsulting.com 10.44.34.235
169.58.30.42 - - [04/Aug/2026:11:52:32 -0600] "GET /po-admin/index.php?mod=PoTimeout&act=rec_session HTTP/1.1" 409 83 "-" "Mozilla/5.0 (Windows NT 10.0; Win64; x64) AppleWebKit/537.36 (KHTML, like Gecko) Chrome/124.0.0.0 Safari/537.36" spokesmanconsulting.com 10.44.34.235
169.58.30.42 - - [04/Aug/2026:11:52:33 -0600] "GET /po-admin/index.php HTTP/1.1" 409 83 "-" "Mozilla/5.0 (Windows NT 10.0; Win64; x64) AppleWebKit/537.36 (KHTML, like Gecko) Chrome/124.0.0.0 Safari/537.36" spokesmanconsulting.com 10.44.34.235
169.58.30.42 - - [04/Aug/2026:11:52:33 -0600] "GET /po-includes/js/filemanager/dialog.php HTTP/1.1" 409 83 "-" "Mozilla/5.0 (Windows NT 10.0; Win64; x64) AppleWebKit/537.36 (KHTML, like Gecko) Chrome/124.0.0.0 Safari/537.36" spokesmanconsulting.com 10.44.34.235
43.130.34.74 - - [04/Aug/2026:11:53:25 -0600] "GET /wp-json/oembed/1.0/embed?url=https%3A%2F%2Fspokesmanconsulting.com%2F&format=xml HTTP/1.1" 200 1150 "-" "Mozilla/5.0 (iPhone; CPU iPhone OS 13_2_3 like Mac OS X) AppleWebKit/605.1.15 (KHTML, like Gecko) Version/13.0.3 Mobile/15E148 Safari/604.1" spokesmanconsulting.com 10.44.34.235
15.204.10.8 - - [04/Aug/2026:11:56:38 -0600] "GET /wp-login.php HTTP/2.0" 409 83 "-" "Mozilla/5.0 (Windows NT 10.0; Win64; x64) AppleWebKit/537.36 (KHTML, like Gecko) Chrome/150.0.0.0 Safari/537.36" spokesmanconsulting.com 10.44.34.235
82.130.249.15 - - [04/Aug/2026:11:57:11 -0600] "GET /wp-login.php HTTP/2.0" 409 83 "-" "Mozilla/5.0 (Windows NT 10.0; Win64; x64) AppleWebKit/537.36 (KHTML, like Gecko) Chrome/150.0.0.0 Safari/537.36" spokesmanconsulting.com 10.44.34.235
43.166.129.247 - - [04/Aug/2026:12:05:32 -0600] "GET /wp-json/oembed/1.0/embed?url=https%3A%2F%2Fspokesmanconsulting.com%2F HTTP/1.1" 200 1098 "-" "Mozilla/5.0 (iPhone; CPU iPhone OS 13_2_3 like Mac OS X) AppleWebKit/605.1.15 (KHTML, like Gecko) Version/13.0.3 Mobile/15E148 Safari/604.1" spokesmanconsulting.com 10.44.34.235
50.6.43.128 - - [04/Aug/2026:12:06:17 -0600] "POST /wp-cron.php?doing_wp_cron=1785866777.1203479766845703125000 HTTP/1.1" 200 - "-" "WordPress/7.0.2; https://spokesmanconsulting.com" spokesmanconsulting.com 10.44.34.235
203.134.193.134 - - [04/Aug/2026:12:10:24 -0600] "GET /wp-login.php HTTP/2.0" 409 83 "-" "Mozilla/5.0 (Windows NT 10.0; Win64; x64) AppleWebKit/537.36 (KHTML, like Gecko) Chrome/150.0.0.0 Safari/537.36" spokesmanconsulting.com 10.44.34.235
50.6.43.128 - - [04/Aug/2026:12:13:53 -0600] "GET /wp-content/plugins/elementskit-lite/modules/elementskit-icon-pack/assets/js/ekiticons.json HTTP/1.1" 200 11176 "-" "-" spokesmanconsulting.com 10.44.34.235
50.6.43.128 - - [04/Aug/2026:12:13:58 -0600] "GET /wp-content/plugins/elementskit-lite/modules/elementskit-icon-pack/assets/js/ekiticons.json HTTP/1.1" 200 11176 "-" "-" spokesmanconsulting.com 10.44.34.235
67.180.57.76 - - [04/Aug/2026:12:12:47 -0600] "GET / HTTP/2.0" 200 7553 "-" "Mozilla/5.0 (Macintosh; Intel Mac OS X 10_15_7) AppleWebKit/537.36 (KHTML, like Gecko) HeadlessChrome/139.0.7258.5 Safari/537.36" spokesmanconsulting.com 10.44.34.235
67.180.57.76 - - [04/Aug/2026:12:12:47 -0600] "GET / HTTP/1.1" 200 90242 "-" "Mozilla/5.0 (Macintosh; Intel Mac OS X 10_15_7) AppleWebKit/537.36 (KHTML, like Gecko) HeadlessChrome/139.0.7258.5 Safari/537.36" spokesmanconsulting.com 10.44.34.235
57.141.0.14 - - [04/Aug/2026:12:13:22 -0600] "GET /pxl-template/header-landing-sticky/ HTTP/1.1" 301 - "-" "Mozilla/5.0 (Windows NT 10.0; Win64; x64) AppleWebKit/537.36 (KHTML, like Gecko) Chrome/145.0.0.0 Safari/537.36 (compatible; meta-externalagent/1.1 (+https://developers.facebook.com/docs/sharing/webmasters/crawler))" spokesmanconsulting.com 10.44.34.235
57.141.0.14 - - [04/Aug/2026:12:13:22 -0600] "GET /pxl-template/header-landing-sticky/ HTTP/2.0" 301 - "-" "Mozilla/5.0 (Windows NT 10.0; Win64; x64) AppleWebKit/537.36 (KHTML, like Gecko) Chrome/145.0.0.0 Safari/537.36 (compatible; meta-externalagent/1.1 (+https://developers.facebook.com/docs/sharing/webmasters/crawler))" spokesmanconsulting.com 10.44.34.235
43.159.35.188 - - [04/Aug/2026:12:15:44 -0600] "GET /wp-content/uploads/2024/11/home-slider1.webp HTTP/1.1" 200 178400 "-" "Mozilla/5.0 (iPhone; CPU iPhone OS 13_2_3 like Mac OS X) AppleWebKit/605.1.15 (KHTML, like Gecko) Version/13.0.3 Mobile/15E148 Safari/604.1" spokesmanconsulting.com 10.44.34.235
43.159.35.188 - - [04/Aug/2026:12:15:44 -0600] "GET /wp-content/uploads/2024/11/home-slider1.webp HTTP/1.1" 200 178400 "-" "Mozilla/5.0 (iPhone; CPU iPhone OS 13_2_3 like Mac OS X) AppleWebKit/605.1.15 (KHTML, like Gecko) Version/13.0.3 Mobile/15E148 Safari/604.1" spokesmanconsulting.com 10.44.34.235
165.22.58.190 - - [04/Aug/2026:12:17:54 -0600] "GET /wp-login.php HTTP/1.1" 409 83 "-" "Mozilla/5.0 (Macintosh; Intel Mac OS X 13_6_1) AppleWebKit/537.36 (KHTML, like Gecko) Chrome/119.0.0.0 Safari/537.36" spokesmanconsulting.com 10.44.34.235
165.22.58.190 - - [04/Aug/2026:12:18:15 -0600] "GET /wp-admin/ HTTP/1.1" 302 - "https://wordpress.org/" "Mozilla/5.0 (Macintosh; Intel Mac OS X 10_15_7) AppleWebKit/537.36 (KHTML, like Gecko) Chrome/120.0.0.0 Safari/537.36" spokesmanconsulting.com 10.44.34.235
209.42.18.223 - - [04/Aug/2026:12:22:50 -0600] "GET /wp-login.php HTTP/2.0" 409 83 "-" "Mozilla/5.0 (Windows NT 10.0; Win64; x64) AppleWebKit/537.36 (KHTML, like Gecko) Chrome/150.0.0.0 Safari/537.36" spokesmanconsulting.com 10.44.34.235
43.165.170.119 - - [04/Aug/2026:12:24:25 -0600] "GET /author/admincb/ HTTP/1.1" 502 - "-" "Mozilla/5.0 (iPhone; CPU iPhone OS 13_2_3 like Mac OS X) AppleWebKit/605.1.15 (KHTML, like Gecko) Version/13.0.3 Mobile/15E148 Safari/604.1" spokesmanconsulting.com 10.44.34.235
50.6.43.128 - - [04/Aug/2026:12:30:43 -0600] "GET /wp-content/plugins/elementskit-lite/modules/elementskit-icon-pack/assets/js/ekiticons.json HTTP/1.1" 200 11176 "-" "-" spokesmanconsulting.com 10.44.34.235
50.6.43.128 - - [04/Aug/2026:12:30:44 -0600] "GET /wp-content/plugins/elementskit-lite/modules/elementskit-icon-pack/assets/js/ekiticons.json HTTP/1.1" 200 11176 "-" "-" spokesmanconsulting.com 10.44.34.235
43.165.170.119 - - [04/Aug/2026:12:24:25 -0600] "GET /author/admincb/ HTTP/1.1" 200 75998 "-" "Mozilla/5.0 (iPhone; CPU iPhone OS 13_2_3 like Mac OS X) AppleWebKit/605.1.15 (KHTML, like Gecko) Version/13.0.3 Mobile/15E148 Safari/604.1" spokesmanconsulting.com 10.44.34.235
163.7.12.6 - - [04/Aug/2026:12:26:13 -0600] "GET / HTTP/1.1" 502 - "-" "Mozilla/5.0 (Windows NT 10.0; Win64; x64) AppleWebKit/537.36 (KHTML, like Gecko) Chrome/126.0.0.0 Safari/537.36" spokesmanconsulting.com 10.44.34.235
50.6.43.128 - - [04/Aug/2026:12:32:45 -0600] "GET /wp-content/plugins/elementskit-lite/modules/elementskit-icon-pack/assets/js/ekiticons.json HTTP/1.1" 200 11176 "-" "-" spokesmanconsulting.com 10.44.34.235
50.6.43.128 - - [04/Aug/2026:12:32:46 -0600] "GET /wp-content/plugins/elementskit-lite/modules/elementskit-icon-pack/assets/js/ekiticons.json HTTP/1.1" 200 11176 "-" "-" spokesmanconsulting.com 10.44.34.235
50.6.43.128 - - [04/Aug/2026:12:32:58 -0600] "GET /wp-content/plugins/elementskit-lite/modules/elementskit-icon-pack/assets/js/ekiticons.json HTTP/1.1" 200 11176 "-" "-" spokesmanconsulting.com 10.44.34.235
50.6.43.128 - - [04/Aug/2026:12:32:58 -0600] "GET /wp-content/plugins/elementskit-lite/modules/elementskit-icon-pack/assets/js/ekiticons.json HTTP/1.1" 200 11176 "-" "-" spokesmanconsulting.com 10.44.34.235
50.6.43.128 - - [04/Aug/2026:12:33:00 -0600] "GET /wp-content/plugins/elementskit-lite/modules/elementskit-icon-pack/assets/js/ekiticons.json HTTP/1.1" 200 11176 "-" "-" spokesmanconsulting.com 10.44.34.235
50.6.43.128 - - [04/Aug/2026:12:33:00 -0600] "GET /wp-content/plugins/elementskit-lite/modules/elementskit-icon-pack/assets/js/ekiticons.json HTTP/1.1" 200 11176 "-" "-" spokesmanconsulting.com 10.44.34.235
43.165.170.119 - - [04/Aug/2026:12:27:25 -0600] "GET /502.shtml HTTP/1.1" 404 70588 "-" "Mozilla/5.0 (iPhone; CPU iPhone OS 13_2_3 like Mac OS X) AppleWebKit/605.1.15 (KHTML, like Gecko) Version/13.0.3 Mobile/15E148 Safari/604.1" spokesmanconsulting.com 10.44.34.235
43.165.170.119 - - [04/Aug/2026:12:27:25 -0600] "GET /502.shtml HTTP/1.1" 404 70589 "-" "Mozilla/5.0 (iPhone; CPU iPhone OS 13_2_3 like Mac OS X) AppleWebKit/605.1.15 (KHTML, like Gecko) Version/13.0.3 Mobile/15E148 Safari/604.1" spokesmanconsulting.com 10.44.34.235
50.6.43.128 - - [04/Aug/2026:12:33:04 -0600] "GET /wp-content/plugins/elementskit-lite/modules/elementskit-icon-pack/assets/js/ekiticons.json HTTP/1.1" 200 11176 "-" "-" spokesmanconsulting.com 10.44.34.235
50.6.43.128 - - [04/Aug/2026:12:33:05 -0600] "GET /wp-content/plugins/elementskit-lite/modules/elementskit-icon-pack/assets/js/ekiticons.json HTTP/1.1" 200 11176 "-" "-" spokesmanconsulting.com 10.44.34.235
50.6.43.128 - - [04/Aug/2026:12:33:05 -0600] "GET /wp-content/plugins/elementskit-lite/modules/elementskit-icon-pack/assets/js/ekiticons.json HTTP/1.1" 200 11176 "-" "-" spokesmanconsulting.com 10.44.34.235
50.6.43.128 - - [04/Aug/2026:12:33:08 -0600] "GET /wp-content/plugins/elementskit-lite/modules/elementskit-icon-pack/assets/js/ekiticons.json HTTP/1.1" 200 11176 "-" "-" spokesmanconsulting.com 10.44.34.235
163.7.12.6 - - [04/Aug/2026:12:29:14 -0600] "GET /502.shtml HTTP/1.1" 404 326560 "-" "Mozilla/5.0 (Windows NT 10.0; Win64; x64) AppleWebKit/537.36 (KHTML, like Gecko) Chrome/126.0.0.0 Safari/537.36" spokesmanconsulting.com 10.44.34.235
50.6.43.128 - - [04/Aug/2026:12:30:45 -0600] "POST /wp-cron.php?doing_wp_cron=1785868245.2614419460296630859375 HTTP/1.1" 200 - "-" "WordPress/7.0.2; https://spokesmanconsulting.com" spokesmanconsulting.com 10.44.34.235
50.6.43.128 - - [04/Aug/2026:12:33:12 -0600] "GET /wp-content/plugins/elementskit-lite/modules/elementskit-icon-pack/assets/js/ekiticons.json HTTP/1.1" 200 11176 "-" "-" spokesmanconsulting.com 10.44.34.235
50.6.43.128 - - [04/Aug/2026:12:33:13 -0600] "GET /wp-content/plugins/elementskit-lite/modules/elementskit-icon-pack/assets/js/ekiticons.json HTTP/1.1" 200 11176 "-" "-" spokesmanconsulting.com 10.44.34.235
163.7.12.6 - - [04/Aug/2026:12:29:14 -0600] "GET /502.shtml HTTP/1.1" 404 326560 "-" "Mozilla/5.0 (Windows NT 10.0; Win64; x64) AppleWebKit/537.36 (KHTML, like Gecko) Chrome/126.0.0.0 Safari/537.36" spokesmanconsulting.com 10.44.34.235
43.165.170.119 - - [04/Aug/2026:12:30:25 -0600] "GET /502.shtml HTTP/1.1" 404 70588 "-" "Mozilla/5.0 (iPhone; CPU iPhone OS 13_2_3 like Mac OS X) AppleWebKit/605.1.15 (KHTML, like Gecko) Version/13.0.3 Mobile/15E148 Safari/604.1" spokesmanconsulting.com 10.44.34.235
50.6.43.128 - - [04/Aug/2026:12:33:21 -0600] "GET /wp-content/plugins/elementskit-lite/modules/elementskit-icon-pack/assets/js/ekiticons.json HTTP/1.1" 200 11176 "-" "-" spokesmanconsulting.com 10.44.34.235
50.6.43.128 - - [04/Aug/2026:12:32:49 -0600] "POST /wp-cron.php?doing_wp_cron=1785868369.7246708869934082031250 HTTP/1.1" 200 - "-" "WordPress/7.0.2; https://spokesmanconsulting.com" spokesmanconsulting.com 10.44.34.235
50.6.43.128 - - [04/Aug/2026:12:33:26 -0600] "GET /wp-content/plugins/elementskit-lite/modules/elementskit-icon-pack/assets/js/ekiticons.json HTTP/1.1" 200 11176 "-" "-" spokesmanconsulting.com 10.44.34.235
163.7.12.6 - - [04/Aug/2026:12:32:14 -0600] "GET /502.shtml HTTP/1.1" 404 326560 "-" "Mozilla/5.0 (Windows NT 10.0; Win64; x64) AppleWebKit/537.36 (KHTML, like Gecko) Chrome/126.0.0.0 Safari/537.36" spokesmanconsulting.com 10.44.34.235
43.167.232.38 - - [04/Aug/2026:12:35:02 -0600] "GET /embed/ HTTP/1.1" 301 - "-" "Mozilla/5.0 (iPhone; CPU iPhone OS 13_2_3 like Mac OS X) AppleWebKit/605.1.15 (KHTML, like Gecko) Version/13.0.3 Mobile/15E148 Safari/604.1" spokesmanconsulting.com 10.44.34.235
43.167.232.38 - - [04/Aug/2026:12:35:02 -0600] "GET /embed/ HTTP/1.1" 301 - "-" "Mozilla/5.0 (iPhone; CPU iPhone OS 13_2_3 like Mac OS X) AppleWebKit/605.1.15 (KHTML, like Gecko) Version/13.0.3 Mobile/15E148 Safari/604.1" spokesmanconsulting.com 10.44.34.235
50.6.43.128 - - [04/Aug/2026:12:35:09 -0600] "GET /wp-content/plugins/elementskit-lite/modules/elementskit-icon-pack/assets/js/ekiticons.json HTTP/1.1" 200 11176 "-" "-" spokesmanconsulting.com 10.44.34.235
50.6.43.128 - - [04/Aug/2026:12:35:14 -0600] "GET /wp-content/plugins/elementskit-lite/modules/elementskit-icon-pack/assets/js/ekiticons.json HTTP/1.1" 200 11176 "-" "-" spokesmanconsulting.com 10.44.34.235
43.167.232.38 - - [04/Aug/2026:12:35:09 -0600] "GET / HTTP/1.1" 200 90242 "https://spokesmanconsulting.com/embed/" "Mozilla/5.0 (iPhone; CPU iPhone OS 13_2_3 like Mac OS X) AppleWebKit/605.1.15 (KHTML, like Gecko) Version/13.0.3 Mobile/15E148 Safari/604.1" spokesmanconsulting.com 10.44.34.235
43.167.232.38 - - [04/Aug/2026:12:35:09 -0600] "GET / HTTP/1.1" 200 90242 "https://spokesmanconsulting.com/embed/" "Mozilla/5.0 (iPhone; CPU iPhone OS 13_2_3 like Mac OS X) AppleWebKit/605.1.15 (KHTML, like Gecko) Version/13.0.3 Mobile/15E148 Safari/604.1" spokesmanconsulting.com 10.44.34.235
163.7.12.6 - - [04/Aug/2026:12:26:13 -0600] "GET / HTTP/1.1" 200 409035 "-" "Mozilla/5.0 (Windows NT 10.0; Win64; x64) AppleWebKit/537.36 (KHTML, like Gecko) Chrome/126.0.0.0 Safari/537.36" spokesmanconsulting.com 10.44.34.235
50.6.43.128 - - [04/Aug/2026:12:36:28 -0600] "POST /wp-cron.php?doing_wp_cron=1785868588.0605769157409667968750 HTTP/1.1" 200 - "-" "WordPress/7.0.2; https://spokesmanconsulting.com" spokesmanconsulting.com 10.44.34.235
163.7.12.6 - - [04/Aug/2026:12:26:29 -0600] "GET /wp-json/ HTTP/1.1" 200 344668 "-" "Mozilla/5.0 (Windows NT 10.0; Win64; x64) AppleWebKit/537.36 (KHTML, like Gecko) Chrome/126.0.0.0 Safari/537.36" spokesmanconsulting.com 10.44.34.235
120.72.98.5 - - [04/Aug/2026:12:36:39 -0600] "GET /wp-login.php HTTP/2.0" 409 83 "-" "Mozilla/5.0 (Windows NT 10.0; Win64; x64) AppleWebKit/537.36 (KHTML, like Gecko) Chrome/150.0.0.0 Safari/537.36" spokesmanconsulting.com 10.44.34.235
115.146.125.52 - - [04/Aug/2026:12:48:58 -0600] "GET /wp-login.php HTTP/2.0" 409 83 "-" "Mozilla/5.0 (Windows NT 10.0; Win64; x64) AppleWebKit/537.36 (KHTML, like Gecko) Chrome/150.0.0.0 Safari/537.36" spokesmanconsulting.com 10.44.34.235
220.181.108.177 - - [04/Aug/2026:12:54:40 -0600] "GET /are-you-thinking-of-building-home-in-classic-style-modern-or-both/?sidebar-blog=left HTTP/1.1" 301 - "-" "Mozilla/5.0 (compatible; Baiduspider/2.0; +http://www.baidu.com/search/spider.html)" spokesmanconsulting.com 10.44.34.235
220.181.108.177 - - [04/Aug/2026:12:54:40 -0600] "GET /are-you-thinking-of-building-home-in-classic-style-modern-or-both/?sidebar-blog=left HTTP/2.0" 301 - "-" "Mozilla/5.0 (compatible; Baiduspider/2.0; +http://www.baidu.com/search/spider.html)" spokesmanconsulting.com 10.44.34.235
50.6.43.128 - - [04/Aug/2026:12:54:42 -0600] "GET /wp-content/plugins/elementskit-lite/modules/elementskit-icon-pack/assets/js/ekiticons.json HTTP/1.1" 200 11176 "-" "-" spokesmanconsulting.com 10.44.34.235
50.6.43.128 - - [04/Aug/2026:12:54:47 -0600] "GET /wp-content/plugins/elementskit-lite/modules/elementskit-icon-pack/assets/js/ekiticons.json HTTP/1.1" 200 11176 "-" "-" spokesmanconsulting.com 10.44.34.235
220.181.108.103 - - [04/Aug/2026:12:54:41 -0600] "GET /g20-union-minister-dharmendra-pradhan-to-inaugurate-future-of-work-exhibition-in-3rd-edwg-meeting/ HTTP/1.1" 200 82039 "-" "Mozilla/5.0 (compatible; Baiduspider/2.0; +http://www.baidu.com/search/spider.html)" spokesmanconsulting.com 10.44.34.235
220.181.108.103 - - [04/Aug/2026:12:54:41 -0600] "GET /g20-union-minister-dharmendra-pradhan-to-inaugurate-future-of-work-exhibition-in-3rd-edwg-meeting/ HTTP/2.0" 200 82039 "-" "Mozilla/5.0 (compatible; Baiduspider/2.0; +http://www.baidu.com/search/spider.html)" spokesmanconsulting.com 10.44.34.235
118.33.31.166 - - [04/Aug/2026:12:56:13 -0600] "POST /xmlrpc.php HTTP/1.1" 409 83 "-" "Mozilla/5.0 (X11; Ubuntu; Linux x86_64; x86) AppleWebKit/537.36 (KHTML, like Gecko) Safari/12.0.0.0 Safari/537.36" spokesmanconsulting.com 10.44.34.235
116.179.37.241 - - [04/Aug/2026:12:56:25 -0600] "GET /wp-content/uploads/elementor/google-fonts/css/dmsans.css?ver=1743411481 HTTP/1.1" 200 2873 "https://spokesmanconsulting.com/g20-union-minister-dharmendra-pradhan-to-inaugurate-future-of-work-exhibition-in-3rd-edwg-meeting/" "Mozilla/5.0 (compatible; Baiduspider-render/2.0; +http://www.baidu.com/search/spider.html)" spokesmanconsulting.com 10.44.34.235
116.179.37.20 - - [04/Aug/2026:12:56:25 -0600] "GET /wp-content/uploads/elementor/css/custom-frontend.min.css?ver=1785857887 HTTP/1.1" 200 10206 "https://spokesmanconsulting.com/g20-union-minister-dharmendra-pradhan-to-inaugurate-future-of-work-exhibition-in-3rd-edwg-meeting/" "Mozilla/5.0 (compatible; Baiduspider-render/2.0; +http://www.baidu.com/search/spider.html)" spokesmanconsulting.com 10.44.34.235
116.179.37.148 - - [04/Aug/2026:12:56:25 -0600] "GET /wp-content/themes/maiko/assets/js/libs/observer.js?ver=3.6.1 HTTP/1.1" 200 4607 "https://spokesmanconsulting.com/g20-union-minister-dharmendra-pradhan-to-inaugurate-future-of-work-exhibition-in-3rd-edwg-meeting/" "Mozilla/5.0 (compatible; Baiduspider-render/2.0; +http://www.baidu.com/search/spider.html)" spokesmanconsulting.com 10.44.34.235
116.179.37.167 - - [04/Aug/2026:12:56:26 -0600] "GET /wp-content/themes/maiko/assets/js/libs/tilt.min.js?ver=1.0.0 HTTP/1.1" 200 2966 "https://spokesmanconsulting.com/g20-union-minister-dharmendra-pradhan-to-inaugurate-future-of-work-exhibition-in-3rd-edwg-meeting/" "Mozilla/5.0 (compatible; Baiduspider-render/2.0; +http://www.baidu.com/search/spider.html)" spokesmanconsulting.com 10.44.34.235
116.179.37.5 - - [04/Aug/2026:12:56:26 -0600] "GET /wp-includes/js/comment-reply.min.js?ver=7.0.2 HTTP/1.1" 200 1505 "https://spokesmanconsulting.com/g20-union-minister-dharmendra-pradhan-to-inaugurate-future-of-work-exhibition-in-3rd-edwg-meeting/" "Mozilla/5.0 (compatible; Baiduspider-render/2.0; +http://www.baidu.com/search/spider.html)" spokesmanconsulting.com 10.44.34.235
116.179.37.174 - - [04/Aug/2026:12:56:26 -0600] "GET /wp-content/themes/maiko/assets/js/libs/tweenmax.min.js?ver=2.1.2 HTTP/1.1" 200 50050 "https://spokesmanconsulting.com/g20-union-minister-dharmendra-pradhan-to-inaugurate-future-of-work-exhibition-in-3rd-edwg-meeting/" "Mozilla/5.0 (compatible; Baiduspider-render/2.0; +http://www.baidu.com/search/spider.html)" spokesmanconsulting.com 10.44.34.235
116.179.37.240 - - [04/Aug/2026:12:56:26 -0600] "GET /wp-content/themes/maiko/assets/js/libs/three.min.js?ver=1.0.0 HTTP/1.1" 200 196909 "https://spokesmanconsulting.com/g20-union-minister-dharmendra-pradhan-to-inaugurate-future-of-work-exhibition-in-3rd-edwg-meeting/" "Mozilla/5.0 (compatible; Baiduspider-render/2.0; +http://www.baidu.com/search/spider.html)" spokesmanconsulting.com 10.44.34.235
116.179.37.155 - - [04/Aug/2026:12:56:26 -0600] "GET /wp-json/bit-assist/v1/iframe?clientDomain=s-protocol-bit-assist-spokesmanconsulting.com HTTP/1.1" 200 459 "https://spokesmanconsulting.com/g20-union-minister-dharmendra-pradhan-to-inaugurate-future-of-work-exhibition-in-3rd-edwg-meeting/" "Mozilla/5.0 (compatible; Baiduspider-render/2.0; +http://www.baidu.com/search/spider.html)" spokesmanconsulting.com 10.44.34.235
116.179.37.48 - - [04/Aug/2026:12:56:27 -0600] "POST /wp-json/bit-assist/v1/bitAssistWidget HTTP/1.1" 200 868 "https://spokesmanconsulting.com/wp-json/bit-assist/v1/iframe?clientDomain=s-protocol-bit-assist-spokesmanconsulting.com" "Mozilla/5.0 (compatible; Baiduspider-render/2.0; +http://www.baidu.com/search/spider.html)" spokesmanconsulting.com 10.44.34.235
57.141.0.27 - - [04/Aug/2026:12:57:08 -0600] "GET /pxl-template/home4-tab-link2/ HTTP/1.1" 301 - "-" "Mozilla/5.0 (Windows NT 10.0; Win64; x64) AppleWebKit/537.36 (KHTML, like Gecko) Chrome/145.0.0.0 Safari/537.36 (compatible; meta-externalagent/1.1 (+https://developers.facebook.com/docs/sharing/webmasters/crawler))" spokesmanconsulting.com 10.44.34.235
57.141.0.27 - - [04/Aug/2026:12:57:08 -0600] "GET /pxl-template/home4-tab-link2/ HTTP/2.0" 301 - "-" "Mozilla/5.0 (Windows NT 10.0; Win64; x64) AppleWebKit/537.36 (KHTML, like Gecko) Chrome/145.0.0.0 Safari/537.36 (compatible; meta-externalagent/1.1 (+https://developers.facebook.com/docs/sharing/webmasters/crawler))" spokesmanconsulting.com 10.44.34.235
57.141.0.53 - - [04/Aug/2026:12:57:11 -0600] "GET / HTTP/2.0" 200 90243 "-" "Mozilla/5.0 (Windows NT 10.0; Win64; x64) AppleWebKit/537.36 (KHTML, like Gecko) Chrome/145.0.0.0 Safari/537.36 (compatible; meta-externalagent/1.1 (+https://developers.facebook.com/docs/sharing/webmasters/crawler))" spokesmanconsulting.com 10.44.34.235
164.138.220.142 - - [04/Aug/2026:13:01:11 -0600] "GET /wp-login.php HTTP/2.0" 409 83 "-" "Mozilla/5.0 (Windows NT 10.0; Win64; x64) AppleWebKit/537.36 (KHTML, like Gecko) Chrome/150.0.0.0 Safari/537.36" spokesmanconsulting.com 10.44.34.235
34.81.246.59 - - [04/Aug/2026:13:15:58 -0600] "GET / HTTP/1.1" 301 - "-" "Mozilla/5.0 (Macintosh; Intel Mac OS X 10_15_7) AppleWebKit/605.1.15 (KHTML, like Gecko) Version/18.4 Safari/605.1.15" mail.spokesmanconsulting.com 10.44.34.235
34.81.246.59 - - [04/Aug/2026:13:15:58 -0600] "GET / HTTP/1.1" 301 - "-" "Mozilla/5.0 (Macintosh; Intel Mac OS X 10_15_7) AppleWebKit/605.1.15 (KHTML, like Gecko) Version/18.4 Safari/605.1.15" mail.spokesmanconsulting.com 10.44.34.235
34.81.246.59 - - [04/Aug/2026:13:15:59 -0600] "GET / HTTP/1.1" 200 90241 "https://mail.spokesmanconsulting.com/" "Mozilla/5.0 (Macintosh; Intel Mac OS X 10_15_7) AppleWebKit/605.1.15 (KHTML, like Gecko) Version/18.4 Safari/605.1.15" spokesmanconsulting.com 10.44.34.235
34.81.246.59 - - [04/Aug/2026:13:15:59 -0600] "GET / HTTP/1.1" 200 90241 "http://mail.spokesmanconsulting.com/" "Mozilla/5.0 (Windows NT 10.0; Win64; x64) AppleWebKit/537.36 (KHTML, like Gecko) Chrome/146.0.0.0 Safari/537.36 Edg/146.0.0.0" spokesmanconsulting.com 10.44.34.235
34.81.246.59 - - [04/Aug/2026:13:16:09 -0600] "GET /@fs/.env?raw?? HTTP/1.1" 406 226 "-" "Mozilla/5.0 (compatible; Amazonbot/0.1; +https://developer.amazon.com/support/amazonbot)" mail.spokesmanconsulting.com 10.44.34.235
34.81.246.59 - - [04/Aug/2026:13:16:09 -0600] "GET /@fs/.env?import&raw?? HTTP/1.1" 406 226 "-" "Mozilla/5.0 (compatible; Amzn-SearchBot/1.0; +https://developer.amazon.com/support/amazonbot)" mail.spokesmanconsulting.com 10.44.34.235
34.81.246.59 - - [04/Aug/2026:13:16:09 -0600] "GET /@fs/.env HTTP/1.1" 406 226 "-" "Mozilla/5.0 AppleWebKit/537.36 (KHTML, like Gecko; compatible; GPTBot/1.4; +https://openai.com/gptbot)" mail.spokesmanconsulting.com 10.44.34.235
34.81.246.59 - - [04/Aug/2026:13:16:09 -0600] "GET /@fs/root/.env?raw?? HTTP/1.1" 406 226 "-" "Mozilla/5.0 AppleWebKit/537.36 (KHTML, like Gecko; compatible; ClaudeBot/1.0; +claudebot@anthropic.com)" mail.spokesmanconsulting.com 10.44.34.235
34.81.246.59 - - [04/Aug/2026:13:16:09 -0600] "GET /@fs/../.env?raw?? HTTP/1.1" 406 226 "-" "Mozilla/5.0 (compatible; Amazonbot/0.1; +https://developer.amazon.com/support/amazonbot)" mail.spokesmanconsulting.com 10.44.34.235
34.81.246.59 - - [04/Aug/2026:13:16:09 -0600] "GET /@fs/root/.env HTTP/1.1" 406 226 "-" "Mozilla/5.0 (compatible; OAI-SearchBot/1.3; +https://openai.com/searchbot)" mail.spokesmanconsulting.com 10.44.34.235
34.81.246.59 - - [04/Aug/2026:13:16:09 -0600] "GET /@fs/app/.env HTTP/1.1" 406 226 "-" "Mozilla/5.0 (compatible; Amzn-SearchBot/1.0; +https://developer.amazon.com/support/amazonbot)" mail.spokesmanconsulting.com 10.44.34.235
34.81.246.59 - - [04/Aug/2026:13:16:09 -0600] "GET /@fs/app/.env?raw?? HTTP/1.1" 406 226 "-" "Mozilla/5.0 AppleWebKit/537.36 (KHTML, like Gecko); compatible; ChatGPT-User/1.0; +https://openai.com/bot" mail.spokesmanconsulting.com 10.44.34.235
34.81.246.59 - - [04/Aug/2026:13:16:09 -0600] "GET / HTTP/1.1" 301 - "-" "Mozilla/5.0 (Windows NT 10.0; Win64; x64) AppleWebKit/537.36 (KHTML, like Gecko) Chrome/146.0.0.0 Safari/537.36" mail.spokesmanconsulting.com 10.44.34.235
34.81.246.59 - - [04/Aug/2026:13:16:09 -0600] "GET /env.js HTTP/1.1" 406 226 "-" "Mozilla/5.0 (compatible; Amazonbot/0.1; +https://developer.amazon.com/support/amazonbot)" mail.spokesmanconsulting.com 10.44.34.235
34.81.246.59 - - [04/Aug/2026:13:16:09 -0600] "GET /cgi-sys/403.html HTTP/1.1" 404 - "-" "Mozilla/5.0 (compatible; PerplexityBot/1.0; +https://perplexity.ai/perplexitybot)" mail.spokesmanconsulting.com 10.44.34.235
34.81.246.59 - - [04/Aug/2026:13:16:09 -0600] "GET /.env.old HTTP/1.1" 406 226 "-" "Mozilla/5.0 AppleWebKit/537.36 (KHTML, like Gecko); compatible; ChatGPT-User/1.0; +https://openai.com/bot" mail.spokesmanconsulting.com 10.44.34.235
34.81.246.59 - - [04/Aug/2026:13:16:09 -0600] "GET /@fs/proc/self/environ?import&raw?? HTTP/1.1" 404 355 "-" "Mozilla/5.0 (compatible; PerplexityBot/1.0; +https://perplexity.ai/perplexitybot)" mail.spokesmanconsulting.com 10.44.34.235
34.81.246.59 - - [04/Aug/2026:13:16:09 -0600] "GET /cgi-sys/403.html HTTP/1.1" 404 - "-" "Mozilla/5.0 (compatible; Google-Extended/1.0; +http://www.google.com/bot.html)" mail.spokesmanconsulting.com 10.44.34.235
34.81.246.59 - - [04/Aug/2026:13:16:09 -0600] "GET /.env HTTP/1.1" 406 226 "-" "Mozilla/5.0 (compatible; Amazonbot/0.1; +https://developer.amazon.com/support/amazonbot)" mail.spokesmanconsulting.com 10.44.34.235
34.81.246.59 - - [04/Aug/2026:13:16:09 -0600] "GET /.env.bak HTTP/1.1" 406 226 "-" "Mozilla/5.0 (compatible; PerplexityBot/1.0; +https://perplexity.ai/perplexitybot)" mail.spokesmanconsulting.com 10.44.34.235
34.81.246.59 - - [04/Aug/2026:13:16:09 -0600] "GET /@fs/proc/self/environ?raw?? HTTP/1.1" 404 355 "-" "Mozilla/5.0 (compatible; Google-Extended/1.0; +http://www.google.com/bot.html)" mail.spokesmanconsulting.com 10.44.34.235
34.81.246.59 - - [04/Aug/2026:13:16:09 -0600] "GET /backend/.env HTTP/1.1" 406 226 "-" "Mozilla/5.0 (compatible; Amazonbot/0.1; +https://developer.amazon.com/support/amazonbot)" mail.spokesmanconsulting.com 10.44.34.235
34.81.246.59 - - [04/Aug/2026:13:16:09 -0600] "GET /app/.env HTTP/1.1" 406 226 "-" "Mozilla/5.0 AppleWebKit/537.36 (KHTML, like Gecko; compatible; ChatGPT-User/1.0; +https://openai.com/bot)" mail.spokesmanconsulting.com 10.44.34.235
34.81.246.59 - - [04/Aug/2026:13:16:09 -0600] "GET /api/.env HTTP/1.1" 406 226 "-" "Mozilla/5.0 (compatible; Amzn-SearchBot/1.0; +https://developer.amazon.com/support/amazonbot)" mail.spokesmanconsulting.com 10.44.34.235
34.81.246.59 - - [04/Aug/2026:13:16:09 -0600] "GET /.env.swp HTTP/1.1" 406 226 "-" "Mozilla/5.0 (compatible; Amzn-SearchBot/1.0; +https://developer.amazon.com/support/amazonbot)" mail.spokesmanconsulting.com 10.44.34.235
34.81.246.59 - - [04/Aug/2026:13:16:09 -0600] "GET /.env.backup HTTP/1.1" 406 226 "-" "Mozilla/5.0 (compatible; Google-Extended/1.0; +http://www.google.com/bot.html)" mail.spokesmanconsulting.com 10.44.34.235
34.81.246.59 - - [04/Aug/2026:13:16:09 -0600] "GET /cgi-sys/403.html HTTP/1.1" 404 - "-" "Mozilla/5.0 AppleWebKit/537.36 (KHTML, like Gecko); compatible; ChatGPT-User/1.0; +https://openai.com/bot" mail.spokesmanconsulting.com 10.44.34.235
34.81.246.59 - - [04/Aug/2026:13:16:09 -0600] "GET /@fs/proc/self/environ HTTP/1.1" 404 355 "-" "Mozilla/5.0 AppleWebKit/537.36 (KHTML, like Gecko); compatible; ChatGPT-User/1.0; +https://openai.com/bot" mail.spokesmanconsulting.com 10.44.34.235
34.81.246.59 - - [04/Aug/2026:13:16:09 -0600] "GET /core/.env HTTP/1.1" 406 226 "-" "Mozilla/5.0 (compatible; Google-Extended/1.0; +http://www.google.com/bot.html)" mail.spokesmanconsulting.com 10.44.34.235
34.81.246.59 - - [04/Aug/2026:13:16:09 -0600] "GET /docker/.env HTTP/1.1" 406 226 "-" "Mozilla/5.0 (compatible; PerplexityBot/1.0; +https://perplexity.ai/perplexitybot)" mail.spokesmanconsulting.com 10.44.34.235
34.81.246.59 - - [04/Aug/2026:13:16:09 -0600] "GET /laravel/.env HTTP/1.1" 406 226 "-" "Mozilla/5.0 (compatible; OAI-SearchBot/1.3; +https://openai.com/searchbot)" mail.spokesmanconsulting.com 10.44.34.235
34.81.246.59 - - [04/Aug/2026:13:16:09 -0600] "GET /config/.env HTTP/1.1" 406 226 "-" "Mozilla/5.0 AppleWebKit/537.36 (KHTML, like Gecko); compatible; ChatGPT-User/1.0; +https://openai.com/bot" mail.spokesmanconsulting.com 10.44.34.235
34.81.246.59 - - [04/Aug/2026:13:16:10 -0600] "GET / HTTP/1.1" 200 90241 "https://mail.spokesmanconsulting.com" "Mozilla/5.0 (Windows NT 10.0; Win64; x64) AppleWebKit/537.36 (KHTML, like Gecko) Chrome/146.0.0.0 Safari/537.36" spokesmanconsulting.com 10.44.34.235
50.6.43.128 - - [04/Aug/2026:13:16:11 -0600] "GET /wp-content/plugins/elementskit-lite/modules/elementskit-icon-pack/assets/js/ekiticons.json HTTP/1.1" 200 11176 "-" "-" spokesmanconsulting.com 10.44.34.235
50.6.43.128 - - [04/Aug/2026:13:16:11 -0600] "GET /wp-content/plugins/elementskit-lite/modules/elementskit-icon-pack/assets/js/ekiticons.json HTTP/1.1" 200 11176 "-" "-" spokesmanconsulting.com 10.44.34.235
50.6.43.128 - - [04/Aug/2026:13:16:11 -0600] "GET /wp-content/plugins/elementskit-lite/modules/elementskit-icon-pack/assets/js/ekiticons.json HTTP/1.1" 200 11176 "-" "-" spokesmanconsulting.com 10.44.34.235
50.6.43.128 - - [04/Aug/2026:13:16:11 -0600] "GET /wp-content/plugins/elementskit-lite/modules/elementskit-icon-pack/assets/js/ekiticons.json HTTP/1.1" 200 11176 "-" "-" spokesmanconsulting.com 10.44.34.235
50.6.43.128 - - [04/Aug/2026:13:16:11 -0600] "GET /wp-content/plugins/elementskit-lite/modules/elementskit-icon-pack/assets/js/ekiticons.json HTTP/1.1" 200 11176 "-" "-" spokesmanconsulting.com 10.44.34.235
50.6.43.128 - - [04/Aug/2026:13:16:12 -0600] "GET /wp-content/plugins/elementskit-lite/modules/elementskit-icon-pack/assets/js/ekiticons.json HTTP/1.1" 200 11176 "-" "-" spokesmanconsulting.com 10.44.34.235
50.6.43.128 - - [04/Aug/2026:13:16:12 -0600] "GET /wp-content/plugins/elementskit-lite/modules/elementskit-icon-pack/assets/js/ekiticons.json HTTP/1.1" 200 11176 "-" "-" spokesmanconsulting.com 10.44.34.235
50.6.43.128 - - [04/Aug/2026:13:16:12 -0600] "GET /wp-content/plugins/elementskit-lite/modules/elementskit-icon-pack/assets/js/ekiticons.json HTTP/1.1" 200 11176 "-" "-" spokesmanconsulting.com 10.44.34.235
50.6.43.128 - - [04/Aug/2026:13:16:16 -0600] "GET /wp-content/plugins/elementskit-lite/modules/elementskit-icon-pack/assets/js/ekiticons.json HTTP/1.1" 200 11176 "-" "-" spokesmanconsulting.com 10.44.34.235
50.6.43.128 - - [04/Aug/2026:13:16:16 -0600] "GET /wp-content/plugins/elementskit-lite/modules/elementskit-icon-pack/assets/js/ekiticons.json HTTP/1.1" 200 11176 "-" "-" spokesmanconsulting.com 10.44.34.235
50.6.43.128 - - [04/Aug/2026:13:16:16 -0600] "GET /wp-content/plugins/elementskit-lite/modules/elementskit-icon-pack/assets/js/ekiticons.json HTTP/1.1" 200 11176 "-" "-" spokesmanconsulting.com 10.44.34.235
50.6.43.128 - - [04/Aug/2026:13:16:16 -0600] "GET /wp-content/plugins/elementskit-lite/modules/elementskit-icon-pack/assets/js/ekiticons.json HTTP/1.1" 200 11176 "-" "-" spokesmanconsulting.com 10.44.34.235
50.6.43.128 - - [04/Aug/2026:13:16:17 -0600] "GET /wp-content/plugins/elementskit-lite/modules/elementskit-icon-pack/assets/js/ekiticons.json HTTP/1.1" 200 11176 "-" "-" spokesmanconsulting.com 10.44.34.235
50.6.43.128 - - [04/Aug/2026:13:16:17 -0600] "GET /wp-content/plugins/elementskit-lite/modules/elementskit-icon-pack/assets/js/ekiticons.json HTTP/1.1" 200 11176 "-" "-" spokesmanconsulting.com 10.44.34.235
50.6.43.128 - - [04/Aug/2026:13:16:17 -0600] "GET /wp-content/plugins/elementskit-lite/modules/elementskit-icon-pack/assets/js/ekiticons.json HTTP/1.1" 200 11176 "-" "-" spokesmanconsulting.com 10.44.34.235
50.6.43.128 - - [04/Aug/2026:13:16:17 -0600] "GET /wp-content/plugins/elementskit-lite/modules/elementskit-icon-pack/assets/js/ekiticons.json HTTP/1.1" 200 11176 "-" "-" spokesmanconsulting.com 10.44.34.235
34.81.246.59 - - [04/Aug/2026:13:16:20 -0600] "GET /src/.env HTTP/1.1" 406 226 "-" "Mozilla/5.0 AppleWebKit/537.36 (KHTML, like Gecko); compatible; ChatGPT-User/1.0; +https://openai.com/bot" mail.spokesmanconsulting.com 10.44.34.235
34.81.246.59 - - [04/Aug/2026:13:16:20 -0600] "GET /frontend/.env HTTP/1.1" 406 226 "-" "Mozilla/5.0 (compatible; Amzn-SearchBot/1.0; +https://developer.amazon.com/support/amazonbot)" mail.spokesmanconsulting.com 10.44.34.235
34.81.246.59 - - [04/Aug/2026:13:16:20 -0600] "GET /public/.env HTTP/1.1" 406 226 "-" "Mozilla/5.0 (compatible; Amazonbot/0.1; +https://developer.amazon.com/support/amazonbot)" mail.spokesmanconsulting.com 10.44.34.235
34.81.246.59 - - [04/Aug/2026:13:16:20 -0600] "GET /.github/.env HTTP/1.1" 406 226 "-" "Mozilla/5.0 (compatible; OAI-SearchBot/1.3; +https://openai.com/searchbot)" mail.spokesmanconsulting.com 10.44.34.235
34.81.246.59 - - [04/Aug/2026:13:16:20 -0600] "GET /web/.env HTTP/1.1" 406 226 "-" "Mozilla/5.0 AppleWebKit/537.36 (KHTML, like Gecko; compatible; ChatGPT-User/1.0; +https://openai.com/bot)" mail.spokesmanconsulting.com 10.44.34.235
34.81.246.59 - - [04/Aug/2026:13:16:20 -0600] "GET /server/.env HTTP/1.1" 406 226 "-" "Mozilla/5.0 (compatible; Amazonbot/0.1; +https://developer.amazon.com/support/amazonbot)" mail.spokesmanconsulting.com 10.44.34.235
34.81.246.59 - - [04/Aug/2026:13:16:21 -0600] "GET /wp-includes/js/jquery/ui/core.min.js?ver=1.13.3 HTTP/1.1" 200 8375 "-" "Mozilla/5.0 (Windows NT 10.0; Win64; x64) AppleWebKit/537.36 (KHTML, like Gecko) Chrome/146.0.0.0 Safari/537.36 Edg/146.0.0.0" spokesmanconsulting.com 10.44.34.235
34.81.246.59 - - [04/Aug/2026:13:16:21 -0600] "GET /wp-content/plugins/case-addons/assets/js/libs/waypoints.min.js?ver=2.0.5 HTTP/1.1" 200 3747 "-" "Mozilla/5.0 (Macintosh; Intel Mac OS X 10_15_7) AppleWebKit/537.36 (KHTML, like Gecko) Chrome/147.0.0.0 Safari/537.36" spokesmanconsulting.com 10.44.34.235
34.81.246.59 - - [04/Aug/2026:13:16:21 -0600] "GET /wp-includes/js/jquery/jquery-migrate.min.js?ver=3.4.1 HTTP/1.1" 200 5422 "-" "Mozilla/5.0 (Windows NT 10.0; Win64; x64) AppleWebKit/537.36 (KHTML, like Gecko) Chrome/147.0.0.0 Safari/537.36" spokesmanconsulting.com 10.44.34.235
34.81.246.59 - - [04/Aug/2026:13:16:21 -0600] "GET /wp-content/plugins/contact-form-7/includes/js/index.js?ver=6.1.6 HTTP/1.1" 200 5501 "-" "Mozilla/5.0 (Macintosh; Intel Mac OS X 10_15_7) AppleWebKit/605.1.15 (KHTML, like Gecko) Version/18.3 Safari/605.1.15" spokesmanconsulting.com 10.44.34.235
34.81.246.59 - - [04/Aug/2026:13:16:21 -0600] "GET /wp-content/plugins/bit-assist/iframe/bit-assist.js?ver=1.8.3 HTTP/1.1" 200 2106 "-" "Mozilla/5.0 (Macintosh; Intel Mac OS X 10.15; rv:150.0) Gecko/20100101 Firefox/150.0" spokesmanconsulting.com 10.44.34.235
34.81.246.59 - - [04/Aug/2026:13:16:21 -0600] "GET /wp-content/themes/maiko/assets/js/libs/jarallax.min.js?ver=1.1.0 HTTP/1.1" 200 4516 "-" "Mozilla/5.0 (X11; Linux x86_64) AppleWebKit/537.36 (KHTML, like Gecko) Chrome/146.0.0.0 Safari/537.36" spokesmanconsulting.com 10.44.34.235
34.81.246.59 - - [04/Aug/2026:13:16:21 -0600] "GET /wp-content/plugins/contact-form-7/includes/swv/js/index.js?ver=6.1.6 HTTP/1.1" 200 3813 "-" "Mozilla/5.0 (iPhone; CPU iPhone OS 18_4 like Mac OS X) AppleWebKit/605.1.15 (KHTML, like Gecko) Version/18.4 Mobile/15E148 Safari/604.1" spokesmanconsulting.com 10.44.34.235
34.81.246.59 - - [04/Aug/2026:13:16:21 -0600] "GET /wp-content/plugins/elementor/assets/js/webpack.runtime.min.js?ver=4.2.1 HTTP/1.1" 200 2685 "-" "Mozilla/5.0 (Windows NT 10.0; Win64; x64; rv:149.0) Gecko/20100101 Firefox/149.0" spokesmanconsulting.com 10.44.34.235
34.81.246.59 - - [04/Aug/2026:13:16:21 -0600] "GET /wp-includes/js/dist/i18n.min.js?ver=781d11515ad3d91786ec HTTP/1.1" 200 2570 "-" "Mozilla/5.0 (Windows NT 10.0; Win64; x64; rv:150.0) Gecko/20100101 Firefox/150.0" spokesmanconsulting.com 10.44.34.235
34.81.246.59 - - [04/Aug/2026:13:16:21 -0600] "GET /wp-content/plugins/elementskit-lite/widgets/init/assets/js/widget-scripts.js?ver=3.10.02 HTTP/1.1" 200 17425 "-" "Mozilla/5.0 (X11; Linux x86_64; rv:150.0) Gecko/20100101 Firefox/150.0" spokesmanconsulting.com 10.44.34.235
34.81.246.59 - - [04/Aug/2026:13:16:21 -0600] "GET /wp-includes/js/dist/hooks.min.js?ver=7496969728ca0f95732d HTTP/1.1" 200 1898 "-" "Mozilla/5.0 (Windows NT 10.0; Win64; x64) AppleWebKit/537.36 (KHTML, like Gecko) Chrome/145.0.0.0 Safari/537.36" spokesmanconsulting.com 10.44.34.235
34.81.246.59 - - [04/Aug/2026:13:16:21 -0600] "GET /wp-content/plugins/case-addons/assets/js/libs/counter.min.js?ver=7.0.2 HTTP/1.1" 200 1159 "-" "Mozilla/5.0 (Macintosh; Intel Mac OS X 10_15_7) AppleWebKit/537.36 (KHTML, like Gecko) Chrome/146.0.0.0 Safari/537.36" spokesmanconsulting.com 10.44.34.235
34.81.246.59 - - [04/Aug/2026:13:16:21 -0600] "GET /wp-content/plugins/case-addons/assets/js/main.js?ver=1.0.0 HTTP/1.1" 200 377 "-" "Mozilla/5.0 (Macintosh; Intel Mac OS X 10_15_7) AppleWebKit/605.1.15 (KHTML, like Gecko) Version/18.4 Safari/605.1.15" spokesmanconsulting.com 10.44.34.235
34.81.246.59 - - [04/Aug/2026:13:16:21 -0600] "GET /wp-content/plugins/elementor/assets/js/frontend-modules.min.js?ver=4.2.1 HTTP/1.1" 200 21047 "-" "Mozilla/5.0 (X11; Linux x86_64; rv:149.0) Gecko/20100101 Firefox/149.0" spokesmanconsulting.com 10.44.34.235
34.81.246.59 - - [04/Aug/2026:13:16:21 -0600] "GET /wp-content/plugins/revslider/public/js/sr7.js?ver=6.7.28 HTTP/1.1" 200 119573 "-" "Mozilla/5.0 (Windows NT 10.0; Win64; x64) AppleWebKit/537.36 (KHTML, like Gecko) Chrome/146.0.0.0 Safari/537.36" spokesmanconsulting.com 10.44.34.235
34.81.246.59 - - [04/Aug/2026:13:16:21 -0600] "GET /wp-content/plugins/revslider/public/js/libs/tptools.js?ver=6.7.28 HTTP/1.1" 200 92702 "-" "Mozilla/5.0 (X11; Linux x86_64) AppleWebKit/537.36 (KHTML, like Gecko) Chrome/147.0.0.0 Safari/537.36" spokesmanconsulting.com 10.44.34.235
34.81.246.59 - - [04/Aug/2026:13:16:09 -0600] "GET /.env.production HTTP/1.1" 404 24082 "-" "Mozilla/5.0 AppleWebKit/537.36 (KHTML, like Gecko; compatible; GPTBot/1.4; +https://openai.com/gptbot)" mail.spokesmanconsulting.com 10.44.34.235
50.6.43.128 - - [04/Aug/2026:13:16:23 -0600] "GET /wp-content/plugins/elementskit-lite/modules/elementskit-icon-pack/assets/js/ekiticons.json HTTP/1.1" 200 11176 "-" "-" spokesmanconsulting.com 10.44.34.235
34.81.246.59 - - [04/Aug/2026:13:16:09 -0600] "GET /.env.production HTTP/1.1" 404 70591 "-" "Mozilla/5.0 AppleWebKit/537.36 (KHTML, like Gecko; compatible; GPTBot/1.4; +https://openai.com/gptbot)" mail.spokesmanconsulting.com 10.44.34.235
50.6.43.128 - - [04/Aug/2026:13:16:23 -0600] "GET /wp-content/plugins/elementskit-lite/modules/elementskit-icon-pack/assets/js/ekiticons.json HTTP/1.1" 200 11176 "-" "-" spokesmanconsulting.com 10.44.34.235
50.6.43.128 - - [04/Aug/2026:13:16:23 -0600] "GET /wp-content/plugins/elementskit-lite/modules/elementskit-icon-pack/assets/js/ekiticons.json HTTP/1.1" 200 11176 "-" "-" spokesmanconsulting.com 10.44.34.235
50.6.43.128 - - [04/Aug/2026:13:16:23 -0600] "GET /wp-content/plugins/elementskit-lite/modules/elementskit-icon-pack/assets/js/ekiticons.json HTTP/1.1" 200 11176 "-" "-" spokesmanconsulting.com 10.44.34.235
50.6.43.128 - - [04/Aug/2026:13:16:23 -0600] "GET /wp-content/plugins/elementskit-lite/modules/elementskit-icon-pack/assets/js/ekiticons.json HTTP/1.1" 200 11176 "-" "-" spokesmanconsulting.com 10.44.34.235
50.6.43.128 - - [04/Aug/2026:13:16:23 -0600] "GET /wp-content/plugins/elementskit-lite/modules/elementskit-icon-pack/assets/js/ekiticons.json HTTP/1.1" 200 11176 "-" "-" spokesmanconsulting.com 10.44.34.235
34.81.246.59 - - [04/Aug/2026:13:16:09 -0600] "GET /.env.example HTTP/1.1" 404 70590 "-" "Mozilla/5.0 AppleWebKit/537.36 (KHTML, like Gecko); compatible; ChatGPT-User/1.0; +https://openai.com/bot" mail.spokesmanconsulting.com 10.44.34.235
34.81.246.59 - - [04/Aug/2026:13:16:09 -0600] "GET /.env.example HTTP/1.1" 404 70590 "-" "Mozilla/5.0 AppleWebKit/537.36 (KHTML, like Gecko); compatible; ChatGPT-User/1.0; +https://openai.com/bot" mail.spokesmanconsulting.com 10.44.34.235
50.6.43.128 - - [04/Aug/2026:13:16:24 -0600] "GET /wp-content/plugins/elementskit-lite/modules/elementskit-icon-pack/assets/js/ekiticons.json HTTP/1.1" 200 11176 "-" "-" spokesmanconsulting.com 10.44.34.235
50.6.43.128 - - [04/Aug/2026:13:16:24 -0600] "GET /wp-content/plugins/elementskit-lite/modules/elementskit-icon-pack/assets/js/ekiticons.json HTTP/1.1" 200 11176 "-" "-" spokesmanconsulting.com 10.44.34.235
50.6.43.128 - - [04/Aug/2026:13:16:24 -0600] "GET /wp-content/plugins/elementskit-lite/modules/elementskit-icon-pack/assets/js/ekiticons.json HTTP/1.1" 200 11176 "-" "-" spokesmanconsulting.com 10.44.34.235
50.6.43.128 - - [04/Aug/2026:13:16:24 -0600] "GET /wp-content/plugins/elementskit-lite/modules/elementskit-icon-pack/assets/js/ekiticons.json HTTP/1.1" 200 11176 "-" "-" spokesmanconsulting.com 10.44.34.235
34.81.246.59 - - [04/Aug/2026:13:16:09 -0600] "GET /.env.staging HTTP/1.1" 404 70591 "-" "Mozilla/5.0 (compatible; OAI-SearchBot/1.3; +https://openai.com/searchbot)" mail.spokesmanconsulting.com 10.44.34.235
34.81.246.59 - - [04/Aug/2026:13:16:09 -0600] "GET /.env.staging HTTP/1.1" 404 40458 "-" "Mozilla/5.0 (compatible; OAI-SearchBot/1.3; +https://openai.com/searchbot)" mail.spokesmanconsulting.com 10.44.34.235
34.81.246.59 - - [04/Aug/2026:13:16:09 -0600] "GET /env.json HTTP/1.1" 404 70774 "-" "Mozilla/5.0 AppleWebKit/537.36 (KHTML, like Gecko; compatible; ClaudeBot/1.0; +claudebot@anthropic.com)" mail.spokesmanconsulting.com 10.44.34.235
34.81.246.59 - - [04/Aug/2026:13:16:09 -0600] "GET /admin/.env HTTP/1.1" 404 70592 "-" "Mozilla/5.0 AppleWebKit/537.36 (KHTML, like Gecko; compatible; GPTBot/1.4; +https://openai.com/gptbot)" mail.spokesmanconsulting.com 10.44.34.235
34.81.246.59 - - [04/Aug/2026:13:16:09 -0600] "GET /admin/.env HTTP/1.1" 404 70592 "-" "Mozilla/5.0 AppleWebKit/537.36 (KHTML, like Gecko; compatible; GPTBot/1.4; +https://openai.com/gptbot)" mail.spokesmanconsulting.com 10.44.34.235
34.81.246.59 - - [04/Aug/2026:13:16:09 -0600] "GET /.env.local HTTP/1.1" 404 70592 "-" "Mozilla/5.0 (compatible; Amzn-SearchBot/1.0; +https://developer.amazon.com/support/amazonbot)" mail.spokesmanconsulting.com 10.44.34.235
