HEX
Server: Apache
System: Linux sh00683.bluehost.com 5.14.0-687.26.1.el9_8.x86_64 #1 SMP PREEMPT_DYNAMIC Tue Jul 14 16:32:02 EDT 2026 x86_64
User: hgdxabmy (1072)
PHP: 8.2.32
Disabled: NONE
Upload Files
File: /home1/hgdxabmy/access-logs/website-db74ca88.hgd.xab.mybluehost.me-ssl_log
50.6.43.128 - - [04/Aug/2026:06:10:17 -0600] "GET /wp-content/plugins/elementskit-lite/modules/elementskit-icon-pack/assets/js/ekiticons.json HTTP/1.1" 200 11176 "-" "-" spokesmanconsulting.com 10.44.34.235
50.6.43.128 - - [04/Aug/2026:06:10:20 -0600] "GET /wp-content/plugins/elementskit-lite/modules/elementskit-icon-pack/assets/js/ekiticons.json HTTP/1.1" 200 11176 "-" "-" spokesmanconsulting.com 10.44.34.235
2a06:98c0:3600::103 - - [04/Aug/2026:06:06:16 -0600] "GET / HTTP/1.1" 200 90242 "-" "Mozilla/5.0 (Macintosh; Intel Mac OS X 10_15_7) AppleWebKit/537.36 (KHTML, like Gecko) Chrome/147.0.0.0 Safari/537.36 CloudflareWebScanner/1.0" spokesmanconsulting.com 10.44.34.235
45.94.81.154 - - [04/Aug/2026:06:11:41 -0600] "GET /wp-login.php HTTP/2.0" 409 83 "-" "Mozilla/5.0 (Windows NT 10.0; Win64; x64) AppleWebKit/537.36 (KHTML, like Gecko) Chrome/150.0.0.0 Safari/537.36" spokesmanconsulting.com 10.44.34.235
2a06:98c0:3600::103 - - [04/Aug/2026:06:06:16 -0600] "GET / HTTP/2.0" 502 - "-" "Mozilla/5.0 (Macintosh; Intel Mac OS X 10_15_7) AppleWebKit/537.36 (KHTML, like Gecko) Chrome/147.0.0.0 Safari/537.36 CloudflareWebScanner/1.0" spokesmanconsulting.com 10.44.34.235
94.154.43.178 - - [04/Aug/2026:06:13:06 -0600] "GET /.env HTTP/1.1" 406 226 "-" "Mozilla/5.0 (Windows NT 10.0; Win64; x64) AppleWebKit/537.36 (KHTML, like Gecko) Chrome/147.0.0.0 Safari/537.36" autodiscover.spokesmanconsulting.com 10.44.34.235
94.154.43.178 - - [04/Aug/2026:06:13:06 -0600] "GET /.env HTTP/1.1" 406 226 "-" "Mozilla/5.0 (Windows NT 10.0; Win64; x64) AppleWebKit/537.36 (KHTML, like Gecko) Chrome/147.0.0.0 Safari/537.36" cpanel.spokesmanconsulting.com 10.44.34.235
94.154.43.229 - - [04/Aug/2026:06:13:06 -0600] "GET /.env HTTP/1.1" 406 226 "-" "Mozilla/5.0 (Windows NT 10.0; Win64; x64) AppleWebKit/537.36 (KHTML, like Gecko) Chrome/147.0.0.0 Safari/537.36" webmail.spokesmanconsulting.com 10.44.34.235
50.6.43.128 - - [04/Aug/2026:06:18:45 -0600] "GET /wp-content/plugins/elementskit-lite/modules/elementskit-icon-pack/assets/js/ekiticons.json HTTP/1.1" 200 11176 "-" "-" spokesmanconsulting.com 10.44.34.235
50.6.43.128 - - [04/Aug/2026:06:18:49 -0600] "GET /wp-content/plugins/elementskit-lite/modules/elementskit-icon-pack/assets/js/ekiticons.json HTTP/1.1" 200 11176 "-" "-" spokesmanconsulting.com 10.44.34.235
2a06:98c0:3600::103 - - [04/Aug/2026:06:09:16 -0600] "GET /502.shtml HTTP/1.1" 404 70587 "-" "Mozilla/5.0 (Macintosh; Intel Mac OS X 10_15_7) AppleWebKit/537.36 (KHTML, like Gecko) Chrome/147.0.0.0 Safari/537.36 CloudflareWebScanner/1.0" spokesmanconsulting.com 10.44.34.235
50.6.43.128 - - [04/Aug/2026:06:18:50 -0600] "GET /wp-content/plugins/elementskit-lite/modules/elementskit-icon-pack/assets/js/ekiticons.json HTTP/1.1" 200 11176 "-" "-" spokesmanconsulting.com 10.44.34.235
50.6.43.128 - - [04/Aug/2026:06:18:51 -0600] "GET /wp-content/plugins/elementskit-lite/modules/elementskit-icon-pack/assets/js/ekiticons.json HTTP/1.1" 200 11176 "-" "-" spokesmanconsulting.com 10.44.34.235
2a06:98c0:3600::103 - - [04/Aug/2026:06:09:16 -0600] "GET /502.shtml HTTP/1.1" 404 70585 "-" "Mozilla/5.0 (Macintosh; Intel Mac OS X 10_15_7) AppleWebKit/537.36 (KHTML, like Gecko) Chrome/147.0.0.0 Safari/537.36 CloudflareWebScanner/1.0" spokesmanconsulting.com 10.44.34.235
57.141.0.60 - - [04/Aug/2026:06:12:42 -0600] "GET /pxl-template/pricing-basic/ HTTP/2.0" 502 - "-" "Mozilla/5.0 (Windows NT 10.0; Win64; x64) AppleWebKit/537.36 (KHTML, like Gecko) Chrome/145.0.0.0 Safari/537.36 (compatible; meta-externalagent/1.1 (+https://developers.facebook.com/docs/sharing/webmasters/crawler))" spokesmanconsulting.com 10.44.34.235
57.141.0.32 - - [04/Aug/2026:06:14:17 -0600] "GET /pxl-template/tab-accordion/ HTTP/2.0" 502 - "-" "Mozilla/5.0 (Windows NT 10.0; Win64; x64) AppleWebKit/537.36 (KHTML, like Gecko) Chrome/145.0.0.0 Safari/537.36 (compatible; meta-externalagent/1.1 (+https://developers.facebook.com/docs/sharing/webmasters/crawler))" spokesmanconsulting.com 10.44.34.235
181.86.25.58 - - [04/Aug/2026:06:24:06 -0600] "GET /contact/ HTTP/1.1" 200 93368 "-" "Mozilla/5.0 (Windows NT 10.0; Win64; x64) AppleWebKit/537.36 (KHTML, like Gecko) Chrome/149.0.0.0 Safari/537.36" spokesmanconsulting.com 10.44.34.235
181.86.25.58 - - [04/Aug/2026:06:24:06 -0600] "GET /contact/ HTTP/2.0" 200 93368 "-" "Mozilla/5.0 (Windows NT 10.0; Win64; x64) AppleWebKit/537.36 (KHTML, like Gecko) Chrome/149.0.0.0 Safari/537.36" spokesmanconsulting.com 10.44.34.235
102.119.9.193 - - [04/Aug/2026:06:24:37 -0600] "GET /tag/statistics/ HTTP/1.1" 502 - "-" "Mozilla/5.0 (Windows NT 6.1) AppleWebKit/537.36 (KHTML, like Gecko) Chrome/93.0.4577.82 Safari/537.36" spokesmanconsulting.com 10.44.34.235
41.90.185.144 - - [04/Aug/2026:06:24:51 -0600] "GET /tag/statistics/ HTTP/1.1" 502 - "-" "Mozilla/5.0 (Windows NT 10.0; Win64; x64) AppleWebKit/537.36 (KHTML, like Gecko) Chrome/84.0.4147.135 Safari/537.36" spokesmanconsulting.com 10.44.34.235
103.133.214.160 - - [04/Aug/2026:06:49:53 -0600] "GET /wp-login.php HTTP/2.0" 409 83 "-" "Mozilla/5.0 (Windows NT 10.0; Win64; x64) AppleWebKit/537.36 (KHTML, like Gecko) Chrome/150.0.0.0 Safari/537.36" spokesmanconsulting.com 10.44.34.235
50.28.87.108 - - [04/Aug/2026:06:49:57 -0600] "GET /wp-login.php HTTP/2.0" 409 83 "-" "Mozilla/5.0 (Windows NT 10.0; Win64; x64) AppleWebKit/537.36 (KHTML, like Gecko) Chrome/150.0.0.0 Safari/537.36" spokesmanconsulting.com 10.44.34.235
86.125.136.143 - - [04/Aug/2026:07:01:30 -0600] "GET /wp-login.php HTTP/2.0" 409 83 "-" "Mozilla/5.0 (Windows NT 10.0; Win64; x64) AppleWebKit/537.36 (KHTML, like Gecko) Chrome/150.0.0.0 Safari/537.36" spokesmanconsulting.com 10.44.34.235
50.6.43.128 - - [04/Aug/2026:07:02:08 -0600] "GET /wp-content/plugins/elementskit-lite/modules/elementskit-icon-pack/assets/js/ekiticons.json HTTP/1.1" 200 11176 "-" "-" spokesmanconsulting.com 10.44.34.235
50.6.43.128 - - [04/Aug/2026:07:02:13 -0600] "GET /wp-content/plugins/elementskit-lite/modules/elementskit-icon-pack/assets/js/ekiticons.json HTTP/1.1" 200 11176 "-" "-" spokesmanconsulting.com 10.44.34.235
2a06:98c0:3600::103 - - [04/Aug/2026:06:12:18 -0600] "GET /502.shtml HTTP/1.1" 404 76224 "-" "Mozilla/5.0 (Macintosh; Intel Mac OS X 10_15_7) AppleWebKit/537.36 (KHTML, like Gecko) Chrome/147.0.0.0 Safari/537.36 CloudflareWebScanner/1.0" spokesmanconsulting.com 10.44.34.235
57.141.0.60 - - [04/Aug/2026:06:15:37 -0600] "GET /pxl-template/pricing-basic/ HTTP/1.1" 301 - "-" "Mozilla/5.0 (Windows NT 10.0; Win64; x64) AppleWebKit/537.36 (KHTML, like Gecko) Chrome/145.0.0.0 Safari/537.36 (compatible; meta-externalagent/1.1 (+https://developers.facebook.com/docs/sharing/webmasters/crawler))" spokesmanconsulting.com 10.44.34.235
57.141.0.32 - - [04/Aug/2026:06:16:28 -0600] "GET /pxl-template/tab-accordion/ HTTP/1.1" 301 - "-" "Mozilla/5.0 (Windows NT 10.0; Win64; x64) AppleWebKit/537.36 (KHTML, like Gecko) Chrome/145.0.0.0 Safari/537.36 (compatible; meta-externalagent/1.1 (+https://developers.facebook.com/docs/sharing/webmasters/crawler))" spokesmanconsulting.com 10.44.34.235
50.6.43.128 - - [04/Aug/2026:07:03:25 -0600] "GET /wp-content/plugins/elementskit-lite/modules/elementskit-icon-pack/assets/js/ekiticons.json HTTP/1.1" 200 11176 "-" "-" spokesmanconsulting.com 10.44.34.235
50.6.43.128 - - [04/Aug/2026:07:03:26 -0600] "GET /wp-content/plugins/elementskit-lite/modules/elementskit-icon-pack/assets/js/ekiticons.json HTTP/1.1" 200 11176 "-" "-" spokesmanconsulting.com 10.44.34.235
50.6.43.128 - - [04/Aug/2026:07:03:30 -0600] "GET /wp-content/plugins/elementskit-lite/modules/elementskit-icon-pack/assets/js/ekiticons.json HTTP/1.1" 200 11176 "-" "-" spokesmanconsulting.com 10.44.34.235
50.6.43.128 - - [04/Aug/2026:07:03:31 -0600] "GET /wp-content/plugins/elementskit-lite/modules/elementskit-icon-pack/assets/js/ekiticons.json HTTP/1.1" 200 11176 "-" "-" spokesmanconsulting.com 10.44.34.235
50.6.43.128 - - [04/Aug/2026:07:03:34 -0600] "GET /wp-content/plugins/elementskit-lite/modules/elementskit-icon-pack/assets/js/ekiticons.json HTTP/1.1" 200 11176 "-" "-" spokesmanconsulting.com 10.44.34.235
50.6.43.128 - - [04/Aug/2026:07:03:35 -0600] "GET /wp-content/plugins/elementskit-lite/modules/elementskit-icon-pack/assets/js/ekiticons.json HTTP/1.1" 200 11176 "-" "-" spokesmanconsulting.com 10.44.34.235
50.6.43.128 - - [04/Aug/2026:07:03:35 -0600] "GET /wp-content/plugins/elementskit-lite/modules/elementskit-icon-pack/assets/js/ekiticons.json HTTP/1.1" 200 11176 "-" "-" spokesmanconsulting.com 10.44.34.235
57.141.0.60 - - [04/Aug/2026:06:18:37 -0600] "GET /502.shtml HTTP/1.1" 404 70587 "-" "Mozilla/5.0 (Windows NT 10.0; Win64; x64) AppleWebKit/537.36 (KHTML, like Gecko) Chrome/145.0.0.0 Safari/537.36 (compatible; meta-externalagent/1.1 (+https://developers.facebook.com/docs/sharing/webmasters/crawler))" spokesmanconsulting.com 10.44.34.235
57.141.0.60 - - [04/Aug/2026:06:18:37 -0600] "GET /502.shtml HTTP/1.1" 404 70584 "-" "Mozilla/5.0 (Windows NT 10.0; Win64; x64) AppleWebKit/537.36 (KHTML, like Gecko) Chrome/145.0.0.0 Safari/537.36 (compatible; meta-externalagent/1.1 (+https://developers.facebook.com/docs/sharing/webmasters/crawler))" spokesmanconsulting.com 10.44.34.235
50.6.43.128 - - [04/Aug/2026:07:03:40 -0600] "GET /wp-content/plugins/elementskit-lite/modules/elementskit-icon-pack/assets/js/ekiticons.json HTTP/1.1" 200 11176 "-" "-" spokesmanconsulting.com 10.44.34.235
57.141.0.32 - - [04/Aug/2026:06:19:28 -0600] "GET /502.shtml HTTP/1.1" 404 70588 "-" "Mozilla/5.0 (Windows NT 10.0; Win64; x64) AppleWebKit/537.36 (KHTML, like Gecko) Chrome/145.0.0.0 Safari/537.36 (compatible; meta-externalagent/1.1 (+https://developers.facebook.com/docs/sharing/webmasters/crawler))" spokesmanconsulting.com 10.44.34.235
57.141.0.32 - - [04/Aug/2026:06:19:28 -0600] "GET /502.shtml HTTP/1.1" 404 70587 "-" "Mozilla/5.0 (Windows NT 10.0; Win64; x64) AppleWebKit/537.36 (KHTML, like Gecko) Chrome/145.0.0.0 Safari/537.36 (compatible; meta-externalagent/1.1 (+https://developers.facebook.com/docs/sharing/webmasters/crawler))" spokesmanconsulting.com 10.44.34.235
50.6.43.128 - - [04/Aug/2026:07:03:54 -0600] "GET /wp-content/plugins/elementskit-lite/modules/elementskit-icon-pack/assets/js/ekiticons.json HTTP/1.1" 200 11176 "-" "-" spokesmanconsulting.com 10.44.34.235
50.6.43.128 - - [04/Aug/2026:07:03:59 -0600] "GET /wp-content/plugins/elementskit-lite/modules/elementskit-icon-pack/assets/js/ekiticons.json HTTP/1.1" 200 11176 "-" "-" spokesmanconsulting.com 10.44.34.235
50.6.43.128 - - [04/Aug/2026:07:03:59 -0600] "GET /wp-content/plugins/elementskit-lite/modules/elementskit-icon-pack/assets/js/ekiticons.json HTTP/1.1" 200 11176 "-" "-" spokesmanconsulting.com 10.44.34.235
50.6.43.128 - - [04/Aug/2026:07:04:01 -0600] "GET /wp-content/plugins/elementskit-lite/modules/elementskit-icon-pack/assets/js/ekiticons.json HTTP/1.1" 200 11176 "-" "-" spokesmanconsulting.com 10.44.34.235
57.141.0.60 - - [04/Aug/2026:06:21:37 -0600] "GET /502.shtml HTTP/1.1" 404 76223 "-" "Mozilla/5.0 (Windows NT 10.0; Win64; x64) AppleWebKit/537.36 (KHTML, like Gecko) Chrome/145.0.0.0 Safari/537.36 (compatible; meta-externalagent/1.1 (+https://developers.facebook.com/docs/sharing/webmasters/crawler))" spokesmanconsulting.com 10.44.34.235
57.141.0.32 - - [04/Aug/2026:06:22:28 -0600] "GET /502.shtml HTTP/1.1" 404 70588 "-" "Mozilla/5.0 (Windows NT 10.0; Win64; x64) AppleWebKit/537.36 (KHTML, like Gecko) Chrome/145.0.0.0 Safari/537.36 (compatible; meta-externalagent/1.1 (+https://developers.facebook.com/docs/sharing/webmasters/crawler))" spokesmanconsulting.com 10.44.34.235
50.6.43.128 - - [04/Aug/2026:07:04:13 -0600] "GET /wp-content/plugins/elementskit-lite/modules/elementskit-icon-pack/assets/js/ekiticons.json HTTP/1.1" 200 11176 "-" "-" spokesmanconsulting.com 10.44.34.235
50.6.43.128 - - [04/Aug/2026:07:04:14 -0600] "GET /wp-content/plugins/elementskit-lite/modules/elementskit-icon-pack/assets/js/ekiticons.json HTTP/1.1" 200 11176 "-" "-" spokesmanconsulting.com 10.44.34.235
50.6.43.128 - - [04/Aug/2026:07:04:14 -0600] "GET /wp-content/plugins/elementskit-lite/modules/elementskit-icon-pack/assets/js/ekiticons.json HTTP/1.1" 200 11176 "-" "-" spokesmanconsulting.com 10.44.34.235
50.6.43.128 - - [04/Aug/2026:07:04:19 -0600] "GET /wp-content/plugins/elementskit-lite/modules/elementskit-icon-pack/assets/js/ekiticons.json HTTP/1.1" 200 11176 "-" "-" spokesmanconsulting.com 10.44.34.235
102.119.9.193 - - [04/Aug/2026:06:24:37 -0600] "GET /tag/statistics/ HTTP/1.1" 200 71710 "-" "Mozilla/5.0 (Windows NT 6.1) AppleWebKit/537.36 (KHTML, like Gecko) Chrome/93.0.4577.82 Safari/537.36" spokesmanconsulting.com 10.44.34.235
41.90.185.144 - - [04/Aug/2026:06:24:51 -0600] "GET /tag/statistics/ HTTP/1.1" 200 71712 "-" "Mozilla/5.0 (Windows NT 10.0; Win64; x64) AppleWebKit/537.36 (KHTML, like Gecko) Chrome/84.0.4147.135 Safari/537.36" spokesmanconsulting.com 10.44.34.235
50.6.43.128 - - [04/Aug/2026:07:04:26 -0600] "GET /wp-content/plugins/elementskit-lite/modules/elementskit-icon-pack/assets/js/ekiticons.json HTTP/1.1" 200 11176 "-" "-" spokesmanconsulting.com 10.44.34.235
50.6.43.128 - - [04/Aug/2026:07:04:26 -0600] "GET /wp-content/plugins/elementskit-lite/modules/elementskit-icon-pack/assets/js/ekiticons.json HTTP/1.1" 200 11176 "-" "-" spokesmanconsulting.com 10.44.34.235
50.6.43.128 - - [04/Aug/2026:07:04:27 -0600] "GET /wp-content/plugins/elementskit-lite/modules/elementskit-icon-pack/assets/js/ekiticons.json HTTP/1.1" 200 11176 "-" "-" spokesmanconsulting.com 10.44.34.235
50.6.43.128 - - [04/Aug/2026:07:04:28 -0600] "GET /wp-content/plugins/elementskit-lite/modules/elementskit-icon-pack/assets/js/ekiticons.json HTTP/1.1" 200 11176 "-" "-" spokesmanconsulting.com 10.44.34.235
50.6.43.128 - - [04/Aug/2026:07:04:31 -0600] "GET /wp-content/plugins/elementskit-lite/modules/elementskit-icon-pack/assets/js/ekiticons.json HTTP/1.1" 200 11176 "-" "-" spokesmanconsulting.com 10.44.34.235
50.6.43.128 - - [04/Aug/2026:07:04:32 -0600] "GET /wp-content/plugins/elementskit-lite/modules/elementskit-icon-pack/assets/js/ekiticons.json HTTP/1.1" 200 11176 "-" "-" spokesmanconsulting.com 10.44.34.235
50.6.43.128 - - [04/Aug/2026:07:04:32 -0600] "GET /wp-content/plugins/elementskit-lite/modules/elementskit-icon-pack/assets/js/ekiticons.json HTTP/1.1" 200 11176 "-" "-" spokesmanconsulting.com 10.44.34.235
50.6.43.128 - - [04/Aug/2026:07:04:33 -0600] "GET /wp-content/plugins/elementskit-lite/modules/elementskit-icon-pack/assets/js/ekiticons.json HTTP/1.1" 200 11176 "-" "-" spokesmanconsulting.com 10.44.34.235
102.119.9.193 - - [04/Aug/2026:06:27:37 -0600] "GET /502.shtml HTTP/1.1" 404 70588 "-" "Mozilla/5.0 (Windows NT 6.1) AppleWebKit/537.36 (KHTML, like Gecko) Chrome/93.0.4577.82 Safari/537.36" spokesmanconsulting.com 10.44.34.235
41.90.185.144 - - [04/Aug/2026:06:27:51 -0600] "GET /502.shtml HTTP/1.1" 404 70587 "-" "Mozilla/5.0 (Windows NT 10.0; Win64; x64) AppleWebKit/537.36 (KHTML, like Gecko) Chrome/84.0.4147.135 Safari/537.36" spokesmanconsulting.com 10.44.34.235
50.6.43.128 - - [04/Aug/2026:07:04:38 -0600] "GET /wp-content/plugins/elementskit-lite/modules/elementskit-icon-pack/assets/js/ekiticons.json HTTP/1.1" 200 11176 "-" "-" spokesmanconsulting.com 10.44.34.235
50.6.43.128 - - [04/Aug/2026:07:04:38 -0600] "GET /wp-content/plugins/elementskit-lite/modules/elementskit-icon-pack/assets/js/ekiticons.json HTTP/1.1" 200 11176 "-" "-" spokesmanconsulting.com 10.44.34.235
41.90.185.144 - - [04/Aug/2026:06:27:51 -0600] "GET /502.shtml HTTP/1.1" 404 70588 "-" "Mozilla/5.0 (Windows NT 10.0; Win64; x64) AppleWebKit/537.36 (KHTML, like Gecko) Chrome/84.0.4147.135 Safari/537.36" spokesmanconsulting.com 10.44.34.235
102.119.9.193 - - [04/Aug/2026:06:27:37 -0600] "GET /502.shtml HTTP/1.1" 404 70586 "-" "Mozilla/5.0 (Windows NT 6.1) AppleWebKit/537.36 (KHTML, like Gecko) Chrome/93.0.4577.82 Safari/537.36" spokesmanconsulting.com 10.44.34.235
50.6.43.128 - - [04/Aug/2026:07:04:43 -0600] "GET /wp-content/plugins/elementskit-lite/modules/elementskit-icon-pack/assets/js/ekiticons.json HTTP/1.1" 200 11176 "-" "-" spokesmanconsulting.com 10.44.34.235
50.6.43.128 - - [04/Aug/2026:07:04:44 -0600] "GET /wp-content/plugins/elementskit-lite/modules/elementskit-icon-pack/assets/js/ekiticons.json HTTP/1.1" 200 11176 "-" "-" spokesmanconsulting.com 10.44.34.235
102.119.9.193 - - [04/Aug/2026:06:30:37 -0600] "GET /502.shtml HTTP/1.1" 404 70585 "-" "Mozilla/5.0 (Windows NT 6.1) AppleWebKit/537.36 (KHTML, like Gecko) Chrome/93.0.4577.82 Safari/537.36" spokesmanconsulting.com 10.44.34.235
41.90.185.144 - - [04/Aug/2026:06:30:51 -0600] "GET /502.shtml HTTP/1.1" 404 70586 "-" "Mozilla/5.0 (Windows NT 10.0; Win64; x64) AppleWebKit/537.36 (KHTML, like Gecko) Chrome/84.0.4147.135 Safari/537.36" spokesmanconsulting.com 10.44.34.235
50.6.43.128 - - [04/Aug/2026:07:02:19 -0600] "POST /wp-cron.php?doing_wp_cron=1785848539.9105889797210693359375 HTTP/1.1" 200 - "-" "WordPress/7.0.2; https://spokesmanconsulting.com" spokesmanconsulting.com 10.44.34.235
50.6.43.128 - - [04/Aug/2026:07:03:35 -0600] "POST /wp-cron.php?doing_wp_cron=1785848615.0146949291229248046875 HTTP/1.1" 200 - "-" "WordPress/7.0.2; https://spokesmanconsulting.com" spokesmanconsulting.com 10.44.34.235
50.6.43.128 - - [04/Aug/2026:07:03:37 -0600] "POST /wp-cron.php?doing_wp_cron=1785848617.9010980129241943359375 HTTP/1.1" 200 - "-" "WordPress/7.0.2; https://spokesmanconsulting.com" spokesmanconsulting.com 10.44.34.235
50.6.43.128 - - [04/Aug/2026:07:03:42 -0600] "POST /wp-cron.php?doing_wp_cron=1785848622.0060679912567138671875 HTTP/1.1" 200 - "-" "WordPress/7.0.2; https://spokesmanconsulting.com" spokesmanconsulting.com 10.44.34.235
50.6.43.128 - - [04/Aug/2026:07:03:42 -0600] "POST /wp-cron.php?doing_wp_cron=1785848622.9439890384674072265625 HTTP/1.1" 200 - "-" "WordPress/7.0.2; https://spokesmanconsulting.com" spokesmanconsulting.com 10.44.34.235
50.6.43.128 - - [04/Aug/2026:07:04:50 -0600] "POST /wp-cron.php?doing_wp_cron=1785848690.8653330802917480468750 HTTP/1.1" 200 - "-" "WordPress/7.0.2; https://spokesmanconsulting.com" spokesmanconsulting.com 10.44.34.235
50.6.43.128 - - [04/Aug/2026:07:04:50 -0600] "POST /wp-cron.php?doing_wp_cron=1785848690.8583219051361083984375 HTTP/1.1" 200 - "-" "WordPress/7.0.2; https://spokesmanconsulting.com" spokesmanconsulting.com 10.44.34.235
103.75.185.95 - - [04/Aug/2026:07:15:20 -0600] "GET /wp-login.php HTTP/2.0" 409 83 "-" "Mozilla/5.0 (Windows NT 10.0; Win64; x64) AppleWebKit/537.36 (KHTML, like Gecko) Chrome/150.0.0.0 Safari/537.36" spokesmanconsulting.com 10.44.34.235
108.160.154.27 - - [04/Aug/2026:07:15:36 -0600] "GET /wp-login.php HTTP/2.0" 409 83 "-" "Mozilla/5.0 (Windows NT 10.0; Win64; x64) AppleWebKit/537.36 (KHTML, like Gecko) Chrome/150.0.0.0 Safari/537.36" spokesmanconsulting.com 10.44.34.235
92.205.108.227 - - [04/Aug/2026:07:26:17 -0600] "GET /wp-login.php HTTP/2.0" 409 83 "-" "Mozilla/5.0 (Windows NT 10.0; Win64; x64) AppleWebKit/537.36 (KHTML, like Gecko) Chrome/150.0.0.0 Safari/537.36" spokesmanconsulting.com 10.44.34.235
57.141.0.11 - - [04/Aug/2026:07:26:21 -0600] "GET /pxl-template/header-home-1/ HTTP/1.1" 301 - "-" "Mozilla/5.0 (Windows NT 10.0; Win64; x64) AppleWebKit/537.36 (KHTML, like Gecko) Chrome/145.0.0.0 Safari/537.36 (compatible; meta-externalagent/1.1 (+https://developers.facebook.com/docs/sharing/webmasters/crawler))" spokesmanconsulting.com 10.44.34.235
57.141.0.11 - - [04/Aug/2026:07:26:21 -0600] "GET /pxl-template/header-home-1/ HTTP/2.0" 301 - "-" "Mozilla/5.0 (Windows NT 10.0; Win64; x64) AppleWebKit/537.36 (KHTML, like Gecko) Chrome/145.0.0.0 Safari/537.36 (compatible; meta-externalagent/1.1 (+https://developers.facebook.com/docs/sharing/webmasters/crawler))" spokesmanconsulting.com 10.44.34.235
50.6.43.128 - - [04/Aug/2026:07:26:24 -0600] "GET /wp-content/plugins/elementskit-lite/modules/elementskit-icon-pack/assets/js/ekiticons.json HTTP/1.1" 200 11176 "-" "-" spokesmanconsulting.com 10.44.34.235
50.6.43.128 - - [04/Aug/2026:07:26:29 -0600] "GET /wp-content/plugins/elementskit-lite/modules/elementskit-icon-pack/assets/js/ekiticons.json HTTP/1.1" 200 11176 "-" "-" spokesmanconsulting.com 10.44.34.235
57.141.0.69 - - [04/Aug/2026:07:26:24 -0600] "GET / HTTP/1.1" 200 90243 "-" "Mozilla/5.0 (Windows NT 10.0; Win64; x64) AppleWebKit/537.36 (KHTML, like Gecko) Chrome/145.0.0.0 Safari/537.36 (compatible; meta-externalagent/1.1 (+https://developers.facebook.com/docs/sharing/webmasters/crawler))" spokesmanconsulting.com 10.44.34.235
57.141.0.69 - - [04/Aug/2026:07:26:24 -0600] "GET / HTTP/2.0" 200 90243 "-" "Mozilla/5.0 (Windows NT 10.0; Win64; x64) AppleWebKit/537.36 (KHTML, like Gecko) Chrome/145.0.0.0 Safari/537.36 (compatible; meta-externalagent/1.1 (+https://developers.facebook.com/docs/sharing/webmasters/crawler))" spokesmanconsulting.com 10.44.34.235
50.6.43.128 - - [04/Aug/2026:07:34:49 -0600] "POST /wp-cron.php?doing_wp_cron=1785850489.3272318840026855468750 HTTP/1.1" 200 - "-" "WordPress/7.0.2; https://spokesmanconsulting.com" spokesmanconsulting.com 10.44.34.235
34.11.236.75 - - [04/Aug/2026:07:34:48 -0600] "HEAD / HTTP/1.1" 200 - "-" "Mozilla/5.0 (Windows NT 10.0; Win64; x64) AppleWebKit/537.36 (KHTML, like Gecko) Chrome/115.0 Safari/537.36" spokesmanconsulting.com 10.44.34.235
50.6.43.128 - - [04/Aug/2026:07:34:51 -0600] "GET /wp-content/plugins/elementskit-lite/modules/elementskit-icon-pack/assets/js/ekiticons.json HTTP/1.1" 200 11176 "-" "-" spokesmanconsulting.com 10.44.34.235
50.6.43.128 - - [04/Aug/2026:07:34:56 -0600] "GET /wp-content/plugins/elementskit-lite/modules/elementskit-icon-pack/assets/js/ekiticons.json HTTP/1.1" 200 11176 "-" "-" spokesmanconsulting.com 10.44.34.235
34.11.236.75 - - [04/Aug/2026:07:34:50 -0600] "GET / HTTP/1.1" 200 90241 "-" "Mozilla/5.0 (Windows NT 10.0; Win64; x64) AppleWebKit/537.36 (KHTML, like Gecko) Chrome/115.0 Safari/537.36" spokesmanconsulting.com 10.44.34.235
34.11.236.75 - - [04/Aug/2026:07:34:50 -0600] "GET / HTTP/1.1" 200 90241 "-" "Mozilla/5.0 (Windows NT 10.0; Win64; x64) AppleWebKit/537.36 (KHTML, like Gecko) Chrome/115.0 Safari/537.36" spokesmanconsulting.com 10.44.34.235
86.125.136.143 - - [04/Aug/2026:07:39:08 -0600] "GET /wp-login.php HTTP/2.0" 409 83 "-" "Mozilla/5.0 (Windows NT 10.0; Win64; x64) AppleWebKit/537.36 (KHTML, like Gecko) Chrome/150.0.0.0 Safari/537.36" spokesmanconsulting.com 10.44.34.235
50.6.43.128 - - [04/Aug/2026:07:43:15 -0600] "GET /wp-content/plugins/elementskit-lite/modules/elementskit-icon-pack/assets/js/ekiticons.json HTTP/1.1" 200 11176 "-" "-" spokesmanconsulting.com 10.44.34.235
50.6.43.128 - - [04/Aug/2026:07:43:20 -0600] "GET /wp-content/plugins/elementskit-lite/modules/elementskit-icon-pack/assets/js/ekiticons.json HTTP/1.1" 200 11176 "-" "-" spokesmanconsulting.com 10.44.34.235
124.222.230.178 - - [04/Aug/2026:07:43:14 -0600] "GET / HTTP/1.1" 200 90243 "http://spokesmanconsulting.com" "Mozilla/5.0 (iPhone; CPU iPhone OS 13_2_3 like Mac OS X) AppleWebKit/605.1.15 (KHTML, like Gecko) Version/13.0.3 Mobile/15E148 Safari/604.1" spokesmanconsulting.com 10.44.34.235
124.222.230.178 - - [04/Aug/2026:07:43:14 -0600] "GET / HTTP/1.1" 200 90243 "http://spokesmanconsulting.com" "Mozilla/5.0 (iPhone; CPU iPhone OS 13_2_3 like Mac OS X) AppleWebKit/605.1.15 (KHTML, like Gecko) Version/13.0.3 Mobile/15E148 Safari/604.1" spokesmanconsulting.com 10.44.34.235
57.141.0.9 - - [04/Aug/2026:07:43:34 -0600] "GET /pxl-template/footer/ HTTP/1.1" 301 - "-" "Mozilla/5.0 (Windows NT 10.0; Win64; x64) AppleWebKit/537.36 (KHTML, like Gecko) Chrome/145.0.0.0 Safari/537.36 (compatible; meta-externalagent/1.1 (+https://developers.facebook.com/docs/sharing/webmasters/crawler))" spokesmanconsulting.com 10.44.34.235
57.141.0.9 - - [04/Aug/2026:07:43:34 -0600] "GET /pxl-template/footer/ HTTP/2.0" 301 - "-" "Mozilla/5.0 (Windows NT 10.0; Win64; x64) AppleWebKit/537.36 (KHTML, like Gecko) Chrome/145.0.0.0 Safari/537.36 (compatible; meta-externalagent/1.1 (+https://developers.facebook.com/docs/sharing/webmasters/crawler))" spokesmanconsulting.com 10.44.34.235
57.141.0.7 - - [04/Aug/2026:07:43:37 -0600] "GET / HTTP/2.0" 200 90243 "-" "Mozilla/5.0 (Windows NT 10.0; Win64; x64) AppleWebKit/537.36 (KHTML, like Gecko) Chrome/145.0.0.0 Safari/537.36 (compatible; meta-externalagent/1.1 (+https://developers.facebook.com/docs/sharing/webmasters/crawler))" spokesmanconsulting.com 10.44.34.235
85.208.96.199 - - [04/Aug/2026:07:46:45 -0600] "GET /robots.txt HTTP/1.1" 406 226 "-" "Mozilla/5.0 (compatible; SemrushBot/7~bl; +http://www.semrush.com/bot.html)" spokesmanconsulting.com 10.44.34.235
185.191.171.6 - - [04/Aug/2026:07:46:46 -0600] "GET /our-clients/ HTTP/1.1" 406 226 "-" "Mozilla/5.0 (compatible; SemrushBot/7~bl; +http://www.semrush.com/bot.html)" spokesmanconsulting.com 10.44.34.235
50.6.43.128 - - [04/Aug/2026:07:48:19 -0600] "GET /wp-content/plugins/elementskit-lite/modules/elementskit-icon-pack/assets/js/ekiticons.json HTTP/1.1" 200 11176 "-" "-" spokesmanconsulting.com 10.44.34.235
50.6.43.128 - - [04/Aug/2026:07:48:24 -0600] "GET /wp-content/plugins/elementskit-lite/modules/elementskit-icon-pack/assets/js/ekiticons.json HTTP/1.1" 200 11176 "-" "-" spokesmanconsulting.com 10.44.34.235
34.96.46.172 - - [04/Aug/2026:07:48:19 -0600] "GET / HTTP/2.0" 200 7553 "-" "Mozilla/5.0 (Macintosh; Intel Mac OS X 10_15_7) AppleWebKit/605.1.15 (KHTML, like Gecko) Version/17.0 Safari/605.1.15" spokesmanconsulting.com 10.44.34.235
34.96.46.172 - - [04/Aug/2026:07:48:19 -0600] "GET / HTTP/1.1" 200 90241 "-" "Mozilla/5.0 (Macintosh; Intel Mac OS X 10_15_7) AppleWebKit/605.1.15 (KHTML, like Gecko) Version/17.0 Safari/605.1.15" spokesmanconsulting.com 10.44.34.235
57.141.0.60 - - [04/Aug/2026:07:51:06 -0600] "GET /pxl-template/pricing-custom/ HTTP/1.1" 301 - "-" "Mozilla/5.0 (Windows NT 10.0; Win64; x64) AppleWebKit/537.36 (KHTML, like Gecko) Chrome/145.0.0.0 Safari/537.36 Edg/145.0.0.0 (compatible; meta-externalagent/1.1 (+https://developers.facebook.com/docs/sharing/webmasters/crawler))" spokesmanconsulting.com 10.44.34.235
57.141.0.60 - - [04/Aug/2026:07:51:06 -0600] "GET /pxl-template/pricing-custom/ HTTP/2.0" 301 - "-" "Mozilla/5.0 (Windows NT 10.0; Win64; x64) AppleWebKit/537.36 (KHTML, like Gecko) Chrome/145.0.0.0 Safari/537.36 Edg/145.0.0.0 (compatible; meta-externalagent/1.1 (+https://developers.facebook.com/docs/sharing/webmasters/crawler))" spokesmanconsulting.com 10.44.34.235
57.141.0.64 - - [04/Aug/2026:07:51:09 -0600] "GET / HTTP/2.0" 200 90243 "-" "Mozilla/5.0 (Windows NT 10.0; Win64; x64) AppleWebKit/537.36 (KHTML, like Gecko) Chrome/145.0.0.0 Safari/537.36 Edg/145.0.0.0 (compatible; meta-externalagent/1.1 (+https://developers.facebook.com/docs/sharing/webmasters/crawler))" spokesmanconsulting.com 10.44.34.235
198.235.24.44 - - [04/Aug/2026:07:51:18 -0600] "GET / HTTP/1.1" 301 - "-" "Hello from Palo Alto Networks, find out more about our scans in https://docs-cortex.paloaltonetworks.com/r/1/Cortex-Xpanse/Scanning-activity" mail.spokesmanconsulting.com 10.44.34.235
198.235.24.44 - - [04/Aug/2026:07:51:18 -0600] "GET / HTTP/1.1" 301 - "-" "Hello from Palo Alto Networks, find out more about our scans in https://docs-cortex.paloaltonetworks.com/r/1/Cortex-Xpanse/Scanning-activity" mail.spokesmanconsulting.com 10.44.34.235
51.255.197.21 - - [04/Aug/2026:07:51:25 -0600] "GET /wp-login.php HTTP/2.0" 409 83 "-" "Mozilla/5.0 (Windows NT 10.0; Win64; x64) AppleWebKit/537.36 (KHTML, like Gecko) Chrome/150.0.0.0 Safari/537.36" spokesmanconsulting.com 10.44.34.235
68.183.22.192 - - [04/Aug/2026:07:51:34 -0600] "GET /wp-login.php HTTP/2.0" 409 83 "-" "Mozilla/5.0 (Windows NT 10.0; Win64; x64) AppleWebKit/537.36 (KHTML, like Gecko) Chrome/150.0.0.0 Safari/537.36" spokesmanconsulting.com 10.44.34.235
94.154.43.186 - - [04/Aug/2026:07:59:42 -0600] "GET / HTTP/1.1" 400 52 "-" "Mozilla/5.0 (Windows NT 10.0; Win64; x64) AppleWebKit/537.36 (KHTML, like Gecko) Chrome/147.0.0.0 Safari/537.36" autodiscover.spokesmanconsulting.com 10.44.34.235
94.154.43.185 - - [04/Aug/2026:07:59:42 -0600] "GET /___proxy_subdomain_webmail/ HTTP/1.1" 500 732 "-" "Mozilla/5.0 (Windows NT 10.0; Win64; x64) AppleWebKit/537.36 (KHTML, like Gecko) Chrome/147.0.0.0 Safari/537.36" webmail.spokesmanconsulting.com 10.44.34.235
94.154.43.185 - - [04/Aug/2026:07:59:42 -0600] "GET / HTTP/1.1" 500 732 "-" "Mozilla/5.0 (Windows NT 10.0; Win64; x64) AppleWebKit/537.36 (KHTML, like Gecko) Chrome/147.0.0.0 Safari/537.36" webmail.spokesmanconsulting.com 10.44.34.235
94.154.43.183 - - [04/Aug/2026:07:59:42 -0600] "GET /___proxy_subdomain_cpanel/ HTTP/1.1" 500 732 "-" "Mozilla/5.0 (Windows NT 10.0; Win64; x64) AppleWebKit/537.36 (KHTML, like Gecko) Chrome/147.0.0.0 Safari/537.36" cpanel.spokesmanconsulting.com 10.44.34.235
94.154.43.183 - - [04/Aug/2026:07:59:42 -0600] "GET / HTTP/1.1" 500 732 "-" "Mozilla/5.0 (Windows NT 10.0; Win64; x64) AppleWebKit/537.36 (KHTML, like Gecko) Chrome/147.0.0.0 Safari/537.36" cpanel.spokesmanconsulting.com 10.44.34.235
57.141.0.41 - - [04/Aug/2026:08:03:22 -0600] "GET /pxl-template/header-home-2/ HTTP/1.1" 301 - "-" "Mozilla/5.0 (Windows NT 10.0; Win64; x64) AppleWebKit/537.36 (KHTML, like Gecko) Chrome/145.0.0.0 Safari/537.36 Edg/145.0.0.0 (compatible; meta-externalagent/1.1 (+https://developers.facebook.com/docs/sharing/webmasters/crawler))" spokesmanconsulting.com 10.44.34.235
57.141.0.41 - - [04/Aug/2026:08:03:22 -0600] "GET /pxl-template/header-home-2/ HTTP/2.0" 301 - "-" "Mozilla/5.0 (Windows NT 10.0; Win64; x64) AppleWebKit/537.36 (KHTML, like Gecko) Chrome/145.0.0.0 Safari/537.36 Edg/145.0.0.0 (compatible; meta-externalagent/1.1 (+https://developers.facebook.com/docs/sharing/webmasters/crawler))" spokesmanconsulting.com 10.44.34.235
57.141.0.47 - - [04/Aug/2026:08:03:27 -0600] "GET / HTTP/2.0" 200 90243 "-" "Mozilla/5.0 (Windows NT 10.0; Win64; x64) AppleWebKit/537.36 (KHTML, like Gecko) Chrome/145.0.0.0 Safari/537.36 Edg/145.0.0.0 (compatible; meta-externalagent/1.1 (+https://developers.facebook.com/docs/sharing/webmasters/crawler))" spokesmanconsulting.com 10.44.34.235
92.205.108.227 - - [04/Aug/2026:08:03:30 -0600] "GET /wp-login.php HTTP/2.0" 409 83 "-" "Mozilla/5.0 (Windows NT 10.0; Win64; x64) AppleWebKit/537.36 (KHTML, like Gecko) Chrome/150.0.0.0 Safari/537.36" spokesmanconsulting.com 10.44.34.235
57.141.0.60 - - [04/Aug/2026:08:05:00 -0600] "GET /pxl-template/header-home-slider-video/ HTTP/1.1" 301 - "-" "Mozilla/5.0 (Macintosh; Intel Mac OS X 10_15_7) AppleWebKit/537.36 (KHTML, like Gecko) Chrome/145.0.0.0 Safari/537.36 (compatible; meta-externalagent/1.1 (+https://developers.facebook.com/docs/sharing/webmasters/crawler))" spokesmanconsulting.com 10.44.34.235
57.141.0.60 - - [04/Aug/2026:08:05:00 -0600] "GET /pxl-template/header-home-slider-video/ HTTP/2.0" 301 - "-" "Mozilla/5.0 (Macintosh; Intel Mac OS X 10_15_7) AppleWebKit/537.36 (KHTML, like Gecko) Chrome/145.0.0.0 Safari/537.36 (compatible; meta-externalagent/1.1 (+https://developers.facebook.com/docs/sharing/webmasters/crawler))" spokesmanconsulting.com 10.44.34.235
50.6.43.128 - - [04/Aug/2026:08:05:16 -0600] "GET /wp-content/plugins/elementskit-lite/modules/elementskit-icon-pack/assets/js/ekiticons.json HTTP/1.1" 200 11176 "-" "-" spokesmanconsulting.com 10.44.34.235
50.6.43.128 - - [04/Aug/2026:08:05:21 -0600] "GET /wp-content/plugins/elementskit-lite/modules/elementskit-icon-pack/assets/js/ekiticons.json HTTP/1.1" 200 11176 "-" "-" spokesmanconsulting.com 10.44.34.235
57.141.0.45 - - [04/Aug/2026:08:05:05 -0600] "GET / HTTP/2.0" 200 7553 "-" "Mozilla/5.0 (Macintosh; Intel Mac OS X 10_15_7) AppleWebKit/537.36 (KHTML, like Gecko) Chrome/145.0.0.0 Safari/537.36 (compatible; meta-externalagent/1.1 (+https://developers.facebook.com/docs/sharing/webmasters/crawler))" spokesmanconsulting.com 10.44.34.235
57.141.0.45 - - [04/Aug/2026:08:05:05 -0600] "GET / HTTP/1.1" 200 90241 "-" "Mozilla/5.0 (Macintosh; Intel Mac OS X 10_15_7) AppleWebKit/537.36 (KHTML, like Gecko) Chrome/145.0.0.0 Safari/537.36 (compatible; meta-externalagent/1.1 (+https://developers.facebook.com/docs/sharing/webmasters/crawler))" spokesmanconsulting.com 10.44.34.235
50.6.43.128 - - [04/Aug/2026:08:07:06 -0600] "GET /wp-content/plugins/elementskit-lite/modules/elementskit-icon-pack/assets/js/ekiticons.json HTTP/1.1" 200 11176 "-" "-" spokesmanconsulting.com 10.44.34.235
50.6.43.128 - - [04/Aug/2026:08:07:09 -0600] "GET /wp-content/plugins/elementskit-lite/modules/elementskit-icon-pack/assets/js/ekiticons.json HTTP/1.1" 200 11176 "-" "-" spokesmanconsulting.com 10.44.34.235
57.141.0.70 - - [04/Aug/2026:08:06:34 -0600] "GET /author/admincb/ HTTP/2.0" 200 7605 "-" "Mozilla/5.0 (Windows NT 10.0; Win64; x64) AppleWebKit/537.36 (KHTML, like Gecko) Chrome/145.0.0.0 Safari/537.36 (compatible; meta-externalagent/1.1 (+https://developers.facebook.com/docs/sharing/webmasters/crawler))" spokesmanconsulting.com 10.44.34.235
57.141.0.70 - - [04/Aug/2026:08:06:34 -0600] "GET /author/admincb/ HTTP/1.1" 200 75986 "-" "Mozilla/5.0 (Windows NT 10.0; Win64; x64) AppleWebKit/537.36 (KHTML, like Gecko) Chrome/145.0.0.0 Safari/537.36 (compatible; meta-externalagent/1.1 (+https://developers.facebook.com/docs/sharing/webmasters/crawler))" spokesmanconsulting.com 10.44.34.235
50.6.43.128 - - [04/Aug/2026:08:07:15 -0600] "POST /wp-cron.php?doing_wp_cron=1785852435.2779529094696044921875 HTTP/1.1" 200 - "-" "WordPress/7.0.2; https://spokesmanconsulting.com" spokesmanconsulting.com 10.44.34.235
51.178.48.43 - - [04/Aug/2026:08:14:06 -0600] "GET /wp-login.php HTTP/2.0" 409 83 "-" "Mozilla/5.0 (Windows NT 10.0; Win64; x64) AppleWebKit/537.36 (KHTML, like Gecko) Chrome/150.0.0.0 Safari/537.36" spokesmanconsulting.com 10.44.34.235
164.138.220.142 - - [04/Aug/2026:08:23:22 -0600] "GET /wp-login.php HTTP/2.0" 409 83 "-" "Mozilla/5.0 (Windows NT 10.0; Win64; x64) AppleWebKit/537.36 (KHTML, like Gecko) Chrome/150.0.0.0 Safari/537.36" spokesmanconsulting.com 10.44.34.235
50.6.43.128 - - [04/Aug/2026:08:23:43 -0600] "GET /wp-content/plugins/elementskit-lite/modules/elementskit-icon-pack/assets/js/ekiticons.json HTTP/1.1" 200 11176 "-" "-" spokesmanconsulting.com 10.44.34.235
50.6.43.128 - - [04/Aug/2026:08:23:48 -0600] "GET /wp-content/plugins/elementskit-lite/modules/elementskit-icon-pack/assets/js/ekiticons.json HTTP/1.1" 200 11176 "-" "-" spokesmanconsulting.com 10.44.34.235
4.227.216.131 - - [04/Aug/2026:08:21:57 -0600] "GET / HTTP/1.1" 200 15737 "-" "Mozilla/5.0 (Macintosh; Intel Mac OS X 10_15_7) AppleWebKit/537.36 (KHTML, like Gecko) Chrome/145.0.0.0 Safari/537.36" spokesmanconsulting.com 10.44.34.235
4.227.216.131 - - [04/Aug/2026:08:21:57 -0600] "GET / HTTP/1.1" 200 90243 "-" "Mozilla/5.0 (Macintosh; Intel Mac OS X 10_15_7) AppleWebKit/537.36 (KHTML, like Gecko) Chrome/145.0.0.0 Safari/537.36" spokesmanconsulting.com 10.44.34.235
169.58.30.42 - - [04/Aug/2026:08:39:56 -0600] "POST /index.php?option=com_ajax&plugin=helix3&format=json HTTP/1.1" 409 83 "-" "Mozilla/5.0 (Windows NT 10.0; Win64; x64) AppleWebKit/537.36" spokesmanconsulting.com 10.44.34.235
169.58.30.42 - - [04/Aug/2026:08:39:57 -0600] "GET / HTTP/1.1" 406 226 "-" "Mozilla/5.0" spokesmanconsulting.com 10.44.34.235
169.58.30.42 - - [04/Aug/2026:08:39:57 -0600] "POST /index.php?option=com_ajax&plugin=helix3&format=json HTTP/1.1" 409 83 "-" "Mozilla/5.0 (Windows NT 10.0; Win64; x64) AppleWebKit/537.36" spokesmanconsulting.com 10.44.34.235
169.58.30.42 - - [04/Aug/2026:08:39:58 -0600] "POST /index.php?option=com_ajax&plugin=helix3&format=json HTTP/1.1" 409 83 "-" "Mozilla/5.0 (Windows NT 10.0; Win64; x64) AppleWebKit/537.36" spokesmanconsulting.com 10.44.34.235
169.58.30.42 - - [04/Aug/2026:08:39:58 -0600] "POST /index.php?option=com_ajax&plugin=helix3&format=json HTTP/1.1" 409 83 "-" "Mozilla/5.0 (Windows NT 10.0; Win64; x64) AppleWebKit/537.36" spokesmanconsulting.com 10.44.34.235
169.58.30.42 - - [04/Aug/2026:08:39:59 -0600] "GET /nxproof.php.json?t=1785854399 HTTP/1.1" 409 83 "-" "Mozilla/5.0" spokesmanconsulting.com 10.44.34.235
169.58.30.42 - - [04/Aug/2026:08:40:00 -0600] "GET /nxproof.php.json?nxcache=1785854399715 HTTP/1.1" 409 83 "-" "Mozilla/5.0" spokesmanconsulting.com 10.44.34.235
169.58.30.42 - - [04/Aug/2026:08:40:00 -0600] "POST /index.php?option=com_ajax&plugin=helix3&format=json HTTP/1.1" 409 83 "-" "Mozilla/5.0 (Windows NT 10.0; Win64; x64) AppleWebKit/537.36" spokesmanconsulting.com 10.44.34.235
169.58.30.42 - - [04/Aug/2026:08:40:01 -0600] "GET /templates/shaper_helix3/layout/nxproof.php.json?nxcache=1785854400887 HTTP/1.1" 409 83 "-" "Mozilla/5.0" spokesmanconsulting.com 10.44.34.235
92.205.108.227 - - [04/Aug/2026:08:42:39 -0600] "GET /wp-login.php HTTP/2.0" 409 83 "-" "Mozilla/5.0 (Windows NT 10.0; Win64; x64) AppleWebKit/537.36 (KHTML, like Gecko) Chrome/150.0.0.0 Safari/537.36" spokesmanconsulting.com 10.44.34.235
169.58.30.42 - - [04/Aug/2026:08:43:07 -0600] "POST /index.php?option=com_sppagebuilder&task=asset.uploadCustomIcon HTTP/1.1" 409 83 "-" "Mozilla/5.0 (Macintosh; Intel Mac OS X 13_4) AppleWebKit/605.1.15 Safari/605.1.15" spokesmanconsulting.com 10.44.34.235
169.58.30.42 - - [04/Aug/2026:08:43:07 -0600] "GET /media/com_sppagebuilder/assets/iconfont/icofont/fonts/Nxploited_1785854587922.php HTTP/1.1" 409 83 "-" "Mozilla/5.0 (Macintosh; Intel Mac OS X 13_4) AppleWebKit/605.1.15 Safari/605.1.15" spokesmanconsulting.com 10.44.34.235
3.139.242.79 - - [04/Aug/2026:08:51:18 -0600] "GET /autodiscover/autodiscover.xml HTTP/1.1" 400 52 "http://autodiscover.spokesmanconsulting.com/" "visionheight.com/scan Mozilla/5.0 (Macintosh; Intel Mac OS X 10_15_7) Chrome/126.0.0.0 Safari/537.36" autodiscover.spokesmanconsulting.com 10.44.34.235
3.139.242.79 - - [04/Aug/2026:08:52:24 -0600] "GET / HTTP/1.1" 400 52 "-" "visionheight.com/scan Mozilla/5.0 (Macintosh; Intel Mac OS X 10_15_7) Chrome/126.0.0.0 Safari/537.36" autodiscover.spokesmanconsulting.com 10.44.34.235
157.66.26.183 - - [04/Aug/2026:08:53:31 -0600] "GET /wp-login.php HTTP/2.0" 409 83 "-" "Mozilla/5.0 (Windows NT 10.0; Win64; x64) AppleWebKit/537.36 (KHTML, like Gecko) Chrome/150.0.0.0 Safari/537.36" spokesmanconsulting.com 10.44.34.235
143.198.224.133 - - [04/Aug/2026:09:00:13 -0600] "GET / HTTP/1.1" 200 90241 "-" "Mozilla/5.0 (X11; Linux x86_64) AppleWebKit/537.36 (KHTML, like Gecko) Chrome/142.0.0.0 Safari/537.36" spokesmanconsulting.com 10.44.34.235
143.198.224.133 - - [04/Aug/2026:09:00:19 -0600] "GET /wp-content/uploads/2025/03/SCPL-Logo-scaled-32x32.png HTTP/1.1" 200 1157 "https://spokesmanconsulting.com/" "Mozilla/5.0 (X11; Linux x86_64) AppleWebKit/537.36 (KHTML, like Gecko) Chrome/142.0.0.0 Safari/537.36" spokesmanconsulting.com 10.44.34.235
4.227.216.131 - - [04/Aug/2026:09:00:24 -0600] "GET / HTTP/1.1" 301 - "-" "Mozilla/5.0 (Macintosh; Intel Mac OS X 10_15_7) AppleWebKit/537.36 (KHTML, like Gecko) Chrome/146.0.0.0 Safari/537.36" website-db74ca88.hgd.xab.mybluehost.me 10.44.34.235
4.227.216.131 - - [04/Aug/2026:09:00:24 -0600] "GET / HTTP/1.1" 301 - "-" "Mozilla/5.0 (Macintosh; Intel Mac OS X 10_15_7) AppleWebKit/537.36 (KHTML, like Gecko) Chrome/146.0.0.0 Safari/537.36" website-db74ca88.hgd.xab.mybluehost.me 10.44.34.235
4.227.216.131 - - [04/Aug/2026:09:00:26 -0600] "GET / HTTP/1.1" 200 90243 "-" "Mozilla/5.0 (Macintosh; Intel Mac OS X 10_15_7) AppleWebKit/537.36 (KHTML, like Gecko) Chrome/146.0.0.0 Safari/537.36" spokesmanconsulting.com 10.44.34.235
103.56.163.133 - - [04/Aug/2026:09:02:48 -0600] "GET /wp-login.php HTTP/2.0" 409 83 "-" "Mozilla/5.0 (Windows NT 10.0; Win64; x64) AppleWebKit/537.36 (KHTML, like Gecko) Chrome/150.0.0.0 Safari/537.36" spokesmanconsulting.com 10.44.34.235
50.6.43.128 - - [04/Aug/2026:09:03:49 -0600] "GET /wp-content/plugins/elementskit-lite/modules/elementskit-icon-pack/assets/js/ekiticons.json HTTP/1.1" 200 11176 "-" "-" spokesmanconsulting.com 10.44.34.235
50.6.43.128 - - [04/Aug/2026:09:03:54 -0600] "GET /wp-content/plugins/elementskit-lite/modules/elementskit-icon-pack/assets/js/ekiticons.json HTTP/1.1" 200 11176 "-" "-" spokesmanconsulting.com 10.44.34.235
50.6.43.128 - - [04/Aug/2026:09:03:59 -0600] "POST /wp-cron.php?doing_wp_cron=1785855839.7032179832458496093750 HTTP/1.1" 200 - "-" "WordPress/7.0.2; https://spokesmanconsulting.com" spokesmanconsulting.com 10.44.34.235
169.58.30.42 - - [04/Aug/2026:09:03:48 -0600] "GET / HTTP/1.1" 200 90241 "-" "Nx-zDHub" spokesmanconsulting.com 10.44.34.235
169.58.30.42 - - [04/Aug/2026:09:03:48 -0600] "GET / HTTP/1.1" 200 90241 "-" "Nx-zDHub" spokesmanconsulting.com 10.44.34.235
169.58.30.42 - - [04/Aug/2026:09:03:59 -0600] "POST /wp-admin/admin-ajax.php HTTP/1.1" 409 83 "-" "Nx-zDHub" spokesmanconsulting.com 10.44.34.235
169.58.30.42 - - [04/Aug/2026:09:04:00 -0600] "POST /admin-ajax.php HTTP/1.1" 409 83 "-" "Nx-zDHub" spokesmanconsulting.com 10.44.34.235
173.252.82.2 - - [04/Aug/2026:09:09:22 -0600] "GET /wp-content/uploads/2024/08/SCPL-Logo-1536x361.png HTTP/2.0" 200 77465 "-" "meta-externalagent/1.1 (+https://developers.facebook.com/docs/sharing/webmasters/crawler)" spokesmanconsulting.com 10.44.34.235
91.134.248.230 - - [04/Aug/2026:09:11:34 -0600] "GET /wp-login.php HTTP/2.0" 409 83 "-" "Mozilla/5.0 (Windows NT 10.0; Win64; x64) AppleWebKit/537.36 (KHTML, like Gecko) Chrome/150.0.0.0 Safari/537.36" spokesmanconsulting.com 10.44.34.235
202.51.202.242 - - [04/Aug/2026:09:16:45 -0600] "GET /wp-login.php HTTP/2.0" 409 83 "-" "Mozilla/5.0 (Windows NT 10.0; Win64; x64) AppleWebKit/537.36 (KHTML, like Gecko) Chrome/150.0.0.0 Safari/537.36" spokesmanconsulting.com 10.44.34.235
20.16.180.61 - - [04/Aug/2026:09:21:15 -0600] "GET /wp-login.php HTTP/2.0" 409 83 "-" "Mozilla/5.0 (Windows NT 10.0; Win64; x64) AppleWebKit/537.36 (KHTML, like Gecko) Chrome/150.0.0.0 Safari/537.36" spokesmanconsulting.com 10.44.34.235
169.58.30.42 - - [04/Aug/2026:09:29:53 -0600] "GET /index.php?option=com_users&view=login HTTP/1.1" 409 83 "-" "Mozilla/5.0 (Windows NT 10.0; Win64; x64) AppleWebKit/537.36" spokesmanconsulting.com 10.44.34.235
216.245.208.229 - - [04/Aug/2026:09:30:40 -0600] "GET /wp-login.php HTTP/2.0" 409 83 "-" "Mozilla/5.0 (Windows NT 10.0; Win64; x64) AppleWebKit/537.36 (KHTML, like Gecko) Chrome/150.0.0.0 Safari/537.36" spokesmanconsulting.com 10.44.34.235
20.84.7.202 - - [04/Aug/2026:09:34:52 -0600] "POST /wp-login.php HTTP/1.1" 409 83 "-" "Mozilla/5.0 (Windows NT 10.0) AppleWebKit/537.36 (KHTML, like Gecko) Chrome/137.0.0.0 Safari/537.36 Edg/137.0.0.0" spokesmanconsulting.com 10.44.34.235
128.90.161.8 - - [04/Aug/2026:09:35:28 -0600] "GET /autodiscover/autodiscover.xml HTTP/1.1" 400 52 "http://autodiscover.spokesmanconsulting.com/wp-json/" "Mozilla/5.0 (Macintosh; Intel Mac OS X 10_15_7) AppleWebKit/605.1.15 (KHTML, like Gecko) Version/15.1 Safari/605.1.15" autodiscover.spokesmanconsulting.com 10.44.34.235
128.90.161.8 - - [04/Aug/2026:09:35:28 -0600] "GET /autodiscover/autodiscover.xml HTTP/1.1" 400 52 "http://autodiscover.spokesmanconsulting.com/" "Mozilla/5.0 (X11; Linux x86_64) AppleWebKit/537.36 (KHTML, like Gecko) Chrome/115.0.0.0 Safari/537.36" autodiscover.spokesmanconsulting.com 10.44.34.235
128.90.161.8 - - [04/Aug/2026:09:35:29 -0600] "GET /autodiscover/autodiscover.xml HTTP/1.1" 400 52 "http://autodiscover.spokesmanconsulting.com/feed/" "Mozilla/5.0 (Macintosh; Intel Mac OS X 10_15_7) AppleWebKit/605.1.15 (KHTML, like Gecko) Version/15.1 Safari/605.1.15" autodiscover.spokesmanconsulting.com 10.44.34.235
50.6.43.128 - - [04/Aug/2026:09:37:32 -0600] "GET /wp-content/plugins/elementskit-lite/modules/elementskit-icon-pack/assets/js/ekiticons.json HTTP/1.1" 200 11176 "-" "-" spokesmanconsulting.com 10.44.34.235
47.251.12.114 - - [04/Aug/2026:09:37:36 -0600] "GET /wp-login.php HTTP/2.0" 409 83 "-" "Mozilla/5.0 (Windows NT 10.0; Win64; x64) AppleWebKit/537.36 (KHTML, like Gecko) Chrome/150.0.0.0 Safari/537.36" spokesmanconsulting.com 10.44.34.235
50.6.43.128 - - [04/Aug/2026:09:37:37 -0600] "GET /wp-content/plugins/elementskit-lite/modules/elementskit-icon-pack/assets/js/ekiticons.json HTTP/1.1" 200 11176 "-" "-" spokesmanconsulting.com 10.44.34.235
50.6.43.128 - - [04/Aug/2026:09:37:42 -0600] "POST /wp-cron.php?doing_wp_cron=1785857862.6670410633087158203125 HTTP/1.1" 200 - "-" "WordPress/7.0.2; https://spokesmanconsulting.com" spokesmanconsulting.com 10.44.34.235
169.58.30.42 - - [04/Aug/2026:09:37:31 -0600] "GET / HTTP/1.1" 200 409035 "-" "Mozilla/5.0 (Windows NT 10.0; Win64; x64) AppleWebKit/537.36 Chrome/120.0.0.0 Safari/537.36" spokesmanconsulting.com 10.44.34.235
169.58.30.42 - - [04/Aug/2026:09:37:31 -0600] "GET / HTTP/2.0" 200 409035 "-" "Mozilla/5.0 (Windows NT 10.0; Win64; x64) AppleWebKit/537.36 Chrome/120.0.0.0 Safari/537.36" spokesmanconsulting.com 10.44.34.235
50.6.43.128 - - [04/Aug/2026:09:37:44 -0600] "GET /wp-content/plugins/elementskit-lite/modules/elementskit-icon-pack/assets/js/ekiticons.json HTTP/1.1" 200 11176 "-" "-" spokesmanconsulting.com 10.44.34.235
50.6.43.128 - - [04/Aug/2026:09:37:49 -0600] "GET /wp-content/plugins/elementskit-lite/modules/elementskit-icon-pack/assets/js/ekiticons.json HTTP/1.1" 200 11176 "-" "-" spokesmanconsulting.com 10.44.34.235
169.58.30.42 - - [04/Aug/2026:09:37:43 -0600] "POST /alfacgiapi/bash.alfa HTTP/2.0" 404 326390 "-" "Mozilla/5.0 (Windows NT 10.0; Win64; x64) AppleWebKit/537.36 Chrome/120.0.0.0 Safari/537.36" spokesmanconsulting.com 10.44.34.235
50.6.43.128 - - [04/Aug/2026:09:37:57 -0600] "GET /wp-content/plugins/elementskit-lite/modules/elementskit-icon-pack/assets/js/ekiticons.json HTTP/1.1" 200 11176 "-" "-" spokesmanconsulting.com 10.44.34.235
50.6.43.128 - - [04/Aug/2026:09:38:02 -0600] "GET /wp-content/plugins/elementskit-lite/modules/elementskit-icon-pack/assets/js/ekiticons.json HTTP/1.1" 200 11176 "-" "-" spokesmanconsulting.com 10.44.34.235
169.58.30.42 - - [04/Aug/2026:09:37:56 -0600] "GET /alfacgiapi/bash.alfa HTTP/1.1" 404 326560 "-" "Mozilla/5.0 (Windows NT 10.0; Win64; x64) AppleWebKit/537.36 Chrome/120.0.0.0 Safari/537.36" spokesmanconsulting.com 10.44.34.235
169.58.30.42 - - [04/Aug/2026:09:37:56 -0600] "GET /alfacgiapi/bash.alfa HTTP/2.0" 404 326560 "-" "Mozilla/5.0 (Windows NT 10.0; Win64; x64) AppleWebKit/537.36 Chrome/120.0.0.0 Safari/537.36" spokesmanconsulting.com 10.44.34.235
50.6.43.128 - - [04/Aug/2026:09:38:10 -0600] "GET /wp-content/plugins/elementskit-lite/modules/elementskit-icon-pack/assets/js/ekiticons.json HTTP/1.1" 200 11176 "-" "-" spokesmanconsulting.com 10.44.34.235
50.6.43.128 - - [04/Aug/2026:09:38:15 -0600] "GET /wp-content/plugins/elementskit-lite/modules/elementskit-icon-pack/assets/js/ekiticons.json HTTP/1.1" 200 11176 "-" "-" spokesmanconsulting.com 10.44.34.235
169.58.30.42 - - [04/Aug/2026:09:38:10 -0600] "POST /alfacgiapi/perl.alfa HTTP/2.0" 404 326560 "-" "Mozilla/5.0 (Windows NT 10.0; Win64; x64) AppleWebKit/537.36 Chrome/120.0.0.0 Safari/537.36" spokesmanconsulting.com 10.44.34.235
50.6.43.128 - - [04/Aug/2026:09:38:21 -0600] "GET /wp-content/plugins/elementskit-lite/modules/elementskit-icon-pack/assets/js/ekiticons.json HTTP/1.1" 200 11176 "-" "-" spokesmanconsulting.com 10.44.34.235
50.6.43.128 - - [04/Aug/2026:09:38:26 -0600] "GET /wp-content/plugins/elementskit-lite/modules/elementskit-icon-pack/assets/js/ekiticons.json HTTP/1.1" 200 11176 "-" "-" spokesmanconsulting.com 10.44.34.235
169.58.30.42 - - [04/Aug/2026:09:38:21 -0600] "GET /alfacgiapi/perl.alfa HTTP/1.1" 404 326560 "-" "Mozilla/5.0 (Windows NT 10.0; Win64; x64) AppleWebKit/537.36 Chrome/120.0.0.0 Safari/537.36" spokesmanconsulting.com 10.44.34.235
169.58.30.42 - - [04/Aug/2026:09:38:21 -0600] "GET /alfacgiapi/perl.alfa HTTP/2.0" 404 326560 "-" "Mozilla/5.0 (Windows NT 10.0; Win64; x64) AppleWebKit/537.36 Chrome/120.0.0.0 Safari/537.36" spokesmanconsulting.com 10.44.34.235
50.6.43.128 - - [04/Aug/2026:09:38:32 -0600] "GET /wp-content/plugins/elementskit-lite/modules/elementskit-icon-pack/assets/js/ekiticons.json HTTP/1.1" 200 11176 "-" "-" spokesmanconsulting.com 10.44.34.235
57.141.0.49 - - [04/Aug/2026:09:38:34 -0600] "GET /pxl-template/header-home-1-sticky/ HTTP/1.1" 301 - "-" "Mozilla/5.0 (Windows NT 10.0; Win64; x64) AppleWebKit/537.36 (KHTML, like Gecko) Chrome/144.0.0.0 Safari/537.36 Edg/144.0.0.0 (compatible; meta-externalagent/1.1 (+https://developers.facebook.com/docs/sharing/webmasters/crawler))" spokesmanconsulting.com 10.44.34.235
57.141.0.49 - - [04/Aug/2026:09:38:34 -0600] "GET /pxl-template/header-home-1-sticky/ HTTP/2.0" 301 - "-" "Mozilla/5.0 (Windows NT 10.0; Win64; x64) AppleWebKit/537.36 (KHTML, like Gecko) Chrome/144.0.0.0 Safari/537.36 Edg/144.0.0.0 (compatible; meta-externalagent/1.1 (+https://developers.facebook.com/docs/sharing/webmasters/crawler))" spokesmanconsulting.com 10.44.34.235
50.6.43.128 - - [04/Aug/2026:09:38:36 -0600] "GET /wp-content/plugins/elementskit-lite/modules/elementskit-icon-pack/assets/js/ekiticons.json HTTP/1.1" 200 11176 "-" "-" spokesmanconsulting.com 10.44.34.235
50.6.43.128 - - [04/Aug/2026:09:38:38 -0600] "GET /wp-content/plugins/elementskit-lite/modules/elementskit-icon-pack/assets/js/ekiticons.json HTTP/1.1" 200 11176 "-" "-" spokesmanconsulting.com 10.44.34.235
50.6.43.128 - - [04/Aug/2026:09:38:41 -0600] "GET /wp-content/plugins/elementskit-lite/modules/elementskit-icon-pack/assets/js/ekiticons.json HTTP/1.1" 200 11176 "-" "-" spokesmanconsulting.com 10.44.34.235
169.58.30.42 - - [04/Aug/2026:09:38:32 -0600] "POST /alfacgiapi/py.alfa HTTP/2.0" 404 326560 "-" "Mozilla/5.0 (Windows NT 10.0; Win64; x64) AppleWebKit/537.36 Chrome/120.0.0.0 Safari/537.36" spokesmanconsulting.com 10.44.34.235
