57.141.0.49 - - [04/Aug/2026:09:38:36 -0600] "GET / HTTP/1.1" 200 90243 "-" "Mozilla/5.0 (Windows NT 10.0; Win64; x64) AppleWebKit/537.36 (KHTML, like Gecko) Chrome/144.0.0.0 Safari/537.36 Edg/144.0.0.0 (compatible; meta-externalagent/1.1 (+https://developers.facebook.com/docs/sharing/webmasters/crawler))" spokesmanconsulting.com 10.44.34.235
57.141.0.49 - - [04/Aug/2026:09:38:36 -0600] "GET / HTTP/2.0" 200 90243 "-" "Mozilla/5.0 (Windows NT 10.0; Win64; x64) AppleWebKit/537.36 (KHTML, like Gecko) Chrome/144.0.0.0 Safari/537.36 Edg/144.0.0.0 (compatible; meta-externalagent/1.1 (+https://developers.facebook.com/docs/sharing/webmasters/crawler))" spokesmanconsulting.com 10.44.34.235
50.6.43.128 - - [04/Aug/2026:09:38:44 -0600] "GET /wp-content/plugins/elementskit-lite/modules/elementskit-icon-pack/assets/js/ekiticons.json HTTP/1.1" 200 11176 "-" "-" spokesmanconsulting.com 10.44.34.235
50.6.43.128 - - [04/Aug/2026:09:38:49 -0600] "GET /wp-content/plugins/elementskit-lite/modules/elementskit-icon-pack/assets/js/ekiticons.json HTTP/1.1" 200 11176 "-" "-" spokesmanconsulting.com 10.44.34.235
169.58.30.42 - - [04/Aug/2026:09:38:43 -0600] "GET /alfacgiapi/py.alfa HTTP/1.1" 404 326560 "-" "Mozilla/5.0 (Windows NT 10.0; Win64; x64) AppleWebKit/537.36 Chrome/120.0.0.0 Safari/537.36" spokesmanconsulting.com 10.44.34.235
169.58.30.42 - - [04/Aug/2026:09:38:43 -0600] "GET /alfacgiapi/py.alfa HTTP/2.0" 404 326560 "-" "Mozilla/5.0 (Windows NT 10.0; Win64; x64) AppleWebKit/537.36 Chrome/120.0.0.0 Safari/537.36" spokesmanconsulting.com 10.44.34.235
50.6.43.128 - - [04/Aug/2026:09:38:55 -0600] "GET /wp-content/plugins/elementskit-lite/modules/elementskit-icon-pack/assets/js/ekiticons.json HTTP/1.1" 200 11176 "-" "-" spokesmanconsulting.com 10.44.34.235
50.6.43.128 - - [04/Aug/2026:09:39:00 -0600] "GET /wp-content/plugins/elementskit-lite/modules/elementskit-icon-pack/assets/js/ekiticons.json HTTP/1.1" 200 11176 "-" "-" spokesmanconsulting.com 10.44.34.235
169.58.30.42 - - [04/Aug/2026:09:38:54 -0600] "POST /ALFA_DATA/alfacgiapi/bash.alfa HTTP/2.0" 404 319883 "-" "Mozilla/5.0 (Windows NT 10.0; Win64; x64) AppleWebKit/537.36 Chrome/120.0.0.0 Safari/537.36" spokesmanconsulting.com 10.44.34.235
50.6.43.128 - - [04/Aug/2026:09:39:06 -0600] "GET /wp-content/plugins/elementskit-lite/modules/elementskit-icon-pack/assets/js/ekiticons.json HTTP/1.1" 200 11176 "-" "-" spokesmanconsulting.com 10.44.34.235
50.6.43.128 - - [04/Aug/2026:09:39:11 -0600] "GET /wp-content/plugins/elementskit-lite/modules/elementskit-icon-pack/assets/js/ekiticons.json HTTP/1.1" 200 11176 "-" "-" spokesmanconsulting.com 10.44.34.235
169.58.30.42 - - [04/Aug/2026:09:39:05 -0600] "GET /ALFA_DATA/alfacgiapi/bash.alfa HTTP/1.1" 404 319883 "-" "Mozilla/5.0 (Windows NT 10.0; Win64; x64) AppleWebKit/537.36 Chrome/120.0.0.0 Safari/537.36" spokesmanconsulting.com 10.44.34.235
169.58.30.42 - - [04/Aug/2026:09:39:05 -0600] "GET /ALFA_DATA/alfacgiapi/bash.alfa HTTP/2.0" 404 319883 "-" "Mozilla/5.0 (Windows NT 10.0; Win64; x64) AppleWebKit/537.36 Chrome/120.0.0.0 Safari/537.36" spokesmanconsulting.com 10.44.34.235
50.6.43.128 - - [04/Aug/2026:09:39:17 -0600] "GET /wp-content/plugins/elementskit-lite/modules/elementskit-icon-pack/assets/js/ekiticons.json HTTP/1.1" 200 11176 "-" "-" spokesmanconsulting.com 10.44.34.235
50.6.43.128 - - [04/Aug/2026:09:39:22 -0600] "GET /wp-content/plugins/elementskit-lite/modules/elementskit-icon-pack/assets/js/ekiticons.json HTTP/1.1" 200 11176 "-" "-" spokesmanconsulting.com 10.44.34.235
169.58.30.42 - - [04/Aug/2026:09:39:16 -0600] "POST /ALFA_DATA/alfacgiapi/perl.alfa HTTP/2.0" 404 319883 "-" "Mozilla/5.0 (Windows NT 10.0; Win64; x64) AppleWebKit/537.36 Chrome/120.0.0.0 Safari/537.36" spokesmanconsulting.com 10.44.34.235
50.6.43.128 - - [04/Aug/2026:09:39:28 -0600] "GET /wp-content/plugins/elementskit-lite/modules/elementskit-icon-pack/assets/js/ekiticons.json HTTP/1.1" 200 11176 "-" "-" spokesmanconsulting.com 10.44.34.235
50.6.43.128 - - [04/Aug/2026:09:39:33 -0600] "GET /wp-content/plugins/elementskit-lite/modules/elementskit-icon-pack/assets/js/ekiticons.json HTTP/1.1" 200 11176 "-" "-" spokesmanconsulting.com 10.44.34.235
169.58.30.42 - - [04/Aug/2026:09:39:28 -0600] "GET /ALFA_DATA/alfacgiapi/perl.alfa HTTP/1.1" 404 319883 "-" "Mozilla/5.0 (Windows NT 10.0; Win64; x64) AppleWebKit/537.36 Chrome/120.0.0.0 Safari/537.36" spokesmanconsulting.com 10.44.34.235
169.58.30.42 - - [04/Aug/2026:09:39:28 -0600] "GET /ALFA_DATA/alfacgiapi/perl.alfa HTTP/2.0" 404 319883 "-" "Mozilla/5.0 (Windows NT 10.0; Win64; x64) AppleWebKit/537.36 Chrome/120.0.0.0 Safari/537.36" spokesmanconsulting.com 10.44.34.235
50.6.43.128 - - [04/Aug/2026:09:39:39 -0600] "GET /wp-content/plugins/elementskit-lite/modules/elementskit-icon-pack/assets/js/ekiticons.json HTTP/1.1" 200 11176 "-" "-" spokesmanconsulting.com 10.44.34.235
50.6.43.128 - - [04/Aug/2026:09:39:44 -0600] "GET /wp-content/plugins/elementskit-lite/modules/elementskit-icon-pack/assets/js/ekiticons.json HTTP/1.1" 200 11176 "-" "-" spokesmanconsulting.com 10.44.34.235
169.58.30.42 - - [04/Aug/2026:09:39:39 -0600] "POST /ALFA_DATA/alfacgiapi/py.alfa HTTP/2.0" 404 319883 "-" "Mozilla/5.0 (Windows NT 10.0; Win64; x64) AppleWebKit/537.36 Chrome/120.0.0.0 Safari/537.36" spokesmanconsulting.com 10.44.34.235
50.6.43.128 - - [04/Aug/2026:09:39:51 -0600] "GET /wp-content/plugins/elementskit-lite/modules/elementskit-icon-pack/assets/js/ekiticons.json HTTP/1.1" 200 11176 "-" "-" spokesmanconsulting.com 10.44.34.235
50.6.43.128 - - [04/Aug/2026:09:39:56 -0600] "GET /wp-content/plugins/elementskit-lite/modules/elementskit-icon-pack/assets/js/ekiticons.json HTTP/1.1" 200 11176 "-" "-" spokesmanconsulting.com 10.44.34.235
169.58.30.42 - - [04/Aug/2026:09:39:50 -0600] "GET /ALFA_DATA/alfacgiapi/py.alfa HTTP/1.1" 404 319883 "-" "Mozilla/5.0 (Windows NT 10.0; Win64; x64) AppleWebKit/537.36 Chrome/120.0.0.0 Safari/537.36" spokesmanconsulting.com 10.44.34.235
169.58.30.42 - - [04/Aug/2026:09:39:50 -0600] "GET /ALFA_DATA/alfacgiapi/py.alfa HTTP/2.0" 404 319883 "-" "Mozilla/5.0 (Windows NT 10.0; Win64; x64) AppleWebKit/537.36 Chrome/120.0.0.0 Safari/537.36" spokesmanconsulting.com 10.44.34.235
50.6.43.128 - - [04/Aug/2026:09:40:02 -0600] "GET /wp-content/plugins/elementskit-lite/modules/elementskit-icon-pack/assets/js/ekiticons.json HTTP/1.1" 200 11176 "-" "-" spokesmanconsulting.com 10.44.34.235
50.6.43.128 - - [04/Aug/2026:09:40:08 -0600] "GET /wp-content/plugins/elementskit-lite/modules/elementskit-icon-pack/assets/js/ekiticons.json HTTP/1.1" 200 11176 "-" "-" spokesmanconsulting.com 10.44.34.235
169.58.30.42 - - [04/Aug/2026:09:40:02 -0600] "POST /jancox/alfacgiapi/bash.alfa HTTP/2.0" 404 319883 "-" "Mozilla/5.0 (Windows NT 10.0; Win64; x64) AppleWebKit/537.36 Chrome/120.0.0.0 Safari/537.36" spokesmanconsulting.com 10.44.34.235
50.6.43.128 - - [04/Aug/2026:09:40:14 -0600] "GET /wp-content/plugins/elementskit-lite/modules/elementskit-icon-pack/assets/js/ekiticons.json HTTP/1.1" 200 11176 "-" "-" spokesmanconsulting.com 10.44.34.235
50.6.43.128 - - [04/Aug/2026:09:40:20 -0600] "GET /wp-content/plugins/elementskit-lite/modules/elementskit-icon-pack/assets/js/ekiticons.json HTTP/1.1" 200 11176 "-" "-" spokesmanconsulting.com 10.44.34.235
169.58.30.42 - - [04/Aug/2026:09:40:14 -0600] "GET /jancox/alfacgiapi/bash.alfa HTTP/1.1" 404 319883 "-" "Mozilla/5.0 (Windows NT 10.0; Win64; x64) AppleWebKit/537.36 Chrome/120.0.0.0 Safari/537.36" spokesmanconsulting.com 10.44.34.235
169.58.30.42 - - [04/Aug/2026:09:40:14 -0600] "GET /jancox/alfacgiapi/bash.alfa HTTP/2.0" 404 319883 "-" "Mozilla/5.0 (Windows NT 10.0; Win64; x64) AppleWebKit/537.36 Chrome/120.0.0.0 Safari/537.36" spokesmanconsulting.com 10.44.34.235
50.6.43.128 - - [04/Aug/2026:09:40:26 -0600] "GET /wp-content/plugins/elementskit-lite/modules/elementskit-icon-pack/assets/js/ekiticons.json HTTP/1.1" 200 11176 "-" "-" spokesmanconsulting.com 10.44.34.235
50.6.43.128 - - [04/Aug/2026:09:40:31 -0600] "GET /wp-content/plugins/elementskit-lite/modules/elementskit-icon-pack/assets/js/ekiticons.json HTTP/1.1" 200 11176 "-" "-" spokesmanconsulting.com 10.44.34.235
169.58.30.42 - - [04/Aug/2026:09:40:26 -0600] "POST /jancox/alfacgiapi/perl.alfa HTTP/2.0" 404 319883 "-" "Mozilla/5.0 (Windows NT 10.0; Win64; x64) AppleWebKit/537.36 Chrome/120.0.0.0 Safari/537.36" spokesmanconsulting.com 10.44.34.235
50.6.43.128 - - [04/Aug/2026:09:40:38 -0600] "GET /wp-content/plugins/elementskit-lite/modules/elementskit-icon-pack/assets/js/ekiticons.json HTTP/1.1" 200 11176 "-" "-" spokesmanconsulting.com 10.44.34.235
50.6.43.128 - - [04/Aug/2026:09:40:43 -0600] "GET /wp-content/plugins/elementskit-lite/modules/elementskit-icon-pack/assets/js/ekiticons.json HTTP/1.1" 200 11176 "-" "-" spokesmanconsulting.com 10.44.34.235
169.58.30.42 - - [04/Aug/2026:09:40:38 -0600] "GET /jancox/alfacgiapi/perl.alfa HTTP/1.1" 404 319883 "-" "Mozilla/5.0 (Windows NT 10.0; Win64; x64) AppleWebKit/537.36 Chrome/120.0.0.0 Safari/537.36" spokesmanconsulting.com 10.44.34.235
169.58.30.42 - - [04/Aug/2026:09:40:38 -0600] "GET /jancox/alfacgiapi/perl.alfa HTTP/2.0" 404 319883 "-" "Mozilla/5.0 (Windows NT 10.0; Win64; x64) AppleWebKit/537.36 Chrome/120.0.0.0 Safari/537.36" spokesmanconsulting.com 10.44.34.235
50.6.43.128 - - [04/Aug/2026:09:40:49 -0600] "GET /wp-content/plugins/elementskit-lite/modules/elementskit-icon-pack/assets/js/ekiticons.json HTTP/1.1" 200 11176 "-" "-" spokesmanconsulting.com 10.44.34.235
50.6.43.128 - - [04/Aug/2026:09:40:54 -0600] "GET /wp-content/plugins/elementskit-lite/modules/elementskit-icon-pack/assets/js/ekiticons.json HTTP/1.1" 200 11176 "-" "-" spokesmanconsulting.com 10.44.34.235
169.58.30.42 - - [04/Aug/2026:09:40:49 -0600] "POST /jancox/alfacgiapi/py.alfa HTTP/2.0" 404 319883 "-" "Mozilla/5.0 (Windows NT 10.0; Win64; x64) AppleWebKit/537.36 Chrome/120.0.0.0 Safari/537.36" spokesmanconsulting.com 10.44.34.235
50.6.43.128 - - [04/Aug/2026:09:41:01 -0600] "GET /wp-content/plugins/elementskit-lite/modules/elementskit-icon-pack/assets/js/ekiticons.json HTTP/1.1" 200 11176 "-" "-" spokesmanconsulting.com 10.44.34.235
50.6.43.128 - - [04/Aug/2026:09:41:06 -0600] "GET /wp-content/plugins/elementskit-lite/modules/elementskit-icon-pack/assets/js/ekiticons.json HTTP/1.1" 200 11176 "-" "-" spokesmanconsulting.com 10.44.34.235
169.58.30.42 - - [04/Aug/2026:09:41:00 -0600] "GET /jancox/alfacgiapi/py.alfa HTTP/1.1" 404 319883 "-" "Mozilla/5.0 (Windows NT 10.0; Win64; x64) AppleWebKit/537.36 Chrome/120.0.0.0 Safari/537.36" spokesmanconsulting.com 10.44.34.235
169.58.30.42 - - [04/Aug/2026:09:41:00 -0600] "GET /jancox/alfacgiapi/py.alfa HTTP/2.0" 404 319883 "-" "Mozilla/5.0 (Windows NT 10.0; Win64; x64) AppleWebKit/537.36 Chrome/120.0.0.0 Safari/537.36" spokesmanconsulting.com 10.44.34.235
50.6.43.128 - - [04/Aug/2026:09:41:12 -0600] "GET /wp-content/plugins/elementskit-lite/modules/elementskit-icon-pack/assets/js/ekiticons.json HTTP/1.1" 200 11176 "-" "-" spokesmanconsulting.com 10.44.34.235
50.6.43.128 - - [04/Aug/2026:09:41:17 -0600] "GET /wp-content/plugins/elementskit-lite/modules/elementskit-icon-pack/assets/js/ekiticons.json HTTP/1.1" 200 11176 "-" "-" spokesmanconsulting.com 10.44.34.235
169.58.30.42 - - [04/Aug/2026:09:41:12 -0600] "POST /ERENUSE/Erencgiapi/bash.Eren HTTP/2.0" 404 319883 "-" "Mozilla/5.0 (Windows NT 10.0; Win64; x64) AppleWebKit/537.36 Chrome/120.0.0.0 Safari/537.36" spokesmanconsulting.com 10.44.34.235
50.6.43.128 - - [04/Aug/2026:09:41:23 -0600] "GET /wp-content/plugins/elementskit-lite/modules/elementskit-icon-pack/assets/js/ekiticons.json HTTP/1.1" 200 11176 "-" "-" spokesmanconsulting.com 10.44.34.235
50.6.43.128 - - [04/Aug/2026:09:41:28 -0600] "GET /wp-content/plugins/elementskit-lite/modules/elementskit-icon-pack/assets/js/ekiticons.json HTTP/1.1" 200 11176 "-" "-" spokesmanconsulting.com 10.44.34.235
169.58.30.42 - - [04/Aug/2026:09:41:23 -0600] "GET /ERENUSE/Erencgiapi/bash.Eren HTTP/1.1" 404 319883 "-" "Mozilla/5.0 (Windows NT 10.0; Win64; x64) AppleWebKit/537.36 Chrome/120.0.0.0 Safari/537.36" spokesmanconsulting.com 10.44.34.235
169.58.30.42 - - [04/Aug/2026:09:41:23 -0600] "GET /ERENUSE/Erencgiapi/bash.Eren HTTP/2.0" 404 319883 "-" "Mozilla/5.0 (Windows NT 10.0; Win64; x64) AppleWebKit/537.36 Chrome/120.0.0.0 Safari/537.36" spokesmanconsulting.com 10.44.34.235
50.6.43.128 - - [04/Aug/2026:09:41:35 -0600] "GET /wp-content/plugins/elementskit-lite/modules/elementskit-icon-pack/assets/js/ekiticons.json HTTP/1.1" 200 11176 "-" "-" spokesmanconsulting.com 10.44.34.235
50.6.43.128 - - [04/Aug/2026:09:41:40 -0600] "GET /wp-content/plugins/elementskit-lite/modules/elementskit-icon-pack/assets/js/ekiticons.json HTTP/1.1" 200 11176 "-" "-" spokesmanconsulting.com 10.44.34.235
169.58.30.42 - - [04/Aug/2026:09:41:34 -0600] "POST /ERENUSE/Erencgiapi/perl.Eren HTTP/2.0" 404 319883 "-" "Mozilla/5.0 (Windows NT 10.0; Win64; x64) AppleWebKit/537.36 Chrome/120.0.0.0 Safari/537.36" spokesmanconsulting.com 10.44.34.235
50.6.43.128 - - [04/Aug/2026:09:41:46 -0600] "GET /wp-content/plugins/elementskit-lite/modules/elementskit-icon-pack/assets/js/ekiticons.json HTTP/1.1" 200 11176 "-" "-" spokesmanconsulting.com 10.44.34.235
50.6.43.128 - - [04/Aug/2026:09:41:51 -0600] "GET /wp-content/plugins/elementskit-lite/modules/elementskit-icon-pack/assets/js/ekiticons.json HTTP/1.1" 200 11176 "-" "-" spokesmanconsulting.com 10.44.34.235
169.58.30.42 - - [04/Aug/2026:09:41:46 -0600] "GET /ERENUSE/Erencgiapi/perl.Eren HTTP/1.1" 404 319883 "-" "Mozilla/5.0 (Windows NT 10.0; Win64; x64) AppleWebKit/537.36 Chrome/120.0.0.0 Safari/537.36" spokesmanconsulting.com 10.44.34.235
169.58.30.42 - - [04/Aug/2026:09:41:46 -0600] "GET /ERENUSE/Erencgiapi/perl.Eren HTTP/2.0" 404 319883 "-" "Mozilla/5.0 (Windows NT 10.0; Win64; x64) AppleWebKit/537.36 Chrome/120.0.0.0 Safari/537.36" spokesmanconsulting.com 10.44.34.235
50.6.43.128 - - [04/Aug/2026:09:41:57 -0600] "GET /wp-content/plugins/elementskit-lite/modules/elementskit-icon-pack/assets/js/ekiticons.json HTTP/1.1" 200 11176 "-" "-" spokesmanconsulting.com 10.44.34.235
50.6.43.128 - - [04/Aug/2026:09:42:02 -0600] "GET /wp-content/plugins/elementskit-lite/modules/elementskit-icon-pack/assets/js/ekiticons.json HTTP/1.1" 200 11176 "-" "-" spokesmanconsulting.com 10.44.34.235
169.58.30.42 - - [04/Aug/2026:09:41:57 -0600] "POST /ERENUSE/Erencgiapi/py.Eren HTTP/2.0" 404 319883 "-" "Mozilla/5.0 (Windows NT 10.0; Win64; x64) AppleWebKit/537.36 Chrome/120.0.0.0 Safari/537.36" spokesmanconsulting.com 10.44.34.235
50.6.43.128 - - [04/Aug/2026:09:42:08 -0600] "GET /wp-content/plugins/elementskit-lite/modules/elementskit-icon-pack/assets/js/ekiticons.json HTTP/1.1" 200 11176 "-" "-" spokesmanconsulting.com 10.44.34.235
50.6.43.128 - - [04/Aug/2026:09:42:13 -0600] "GET /wp-content/plugins/elementskit-lite/modules/elementskit-icon-pack/assets/js/ekiticons.json HTTP/1.1" 200 11176 "-" "-" spokesmanconsulting.com 10.44.34.235
169.58.30.42 - - [04/Aug/2026:09:42:08 -0600] "GET /ERENUSE/Erencgiapi/py.Eren HTTP/1.1" 404 319883 "-" "Mozilla/5.0 (Windows NT 10.0; Win64; x64) AppleWebKit/537.36 Chrome/120.0.0.0 Safari/537.36" spokesmanconsulting.com 10.44.34.235
169.58.30.42 - - [04/Aug/2026:09:42:08 -0600] "GET /ERENUSE/Erencgiapi/py.Eren HTTP/2.0" 404 319883 "-" "Mozilla/5.0 (Windows NT 10.0; Win64; x64) AppleWebKit/537.36 Chrome/120.0.0.0 Safari/537.36" spokesmanconsulting.com 10.44.34.235
50.6.43.128 - - [04/Aug/2026:09:42:19 -0600] "GET /wp-content/plugins/elementskit-lite/modules/elementskit-icon-pack/assets/js/ekiticons.json HTTP/1.1" 200 11176 "-" "-" spokesmanconsulting.com 10.44.34.235
50.6.43.128 - - [04/Aug/2026:09:42:24 -0600] "GET /wp-content/plugins/elementskit-lite/modules/elementskit-icon-pack/assets/js/ekiticons.json HTTP/1.1" 200 11176 "-" "-" spokesmanconsulting.com 10.44.34.235
169.58.30.42 - - [04/Aug/2026:09:42:19 -0600] "POST /ERENUSE/bash.Eren HTTP/2.0" 404 326560 "-" "Mozilla/5.0 (Windows NT 10.0; Win64; x64) AppleWebKit/537.36 Chrome/120.0.0.0 Safari/537.36" spokesmanconsulting.com 10.44.34.235
50.6.43.128 - - [04/Aug/2026:09:42:31 -0600] "GET /wp-content/plugins/elementskit-lite/modules/elementskit-icon-pack/assets/js/ekiticons.json HTTP/1.1" 200 11176 "-" "-" spokesmanconsulting.com 10.44.34.235
50.6.43.128 - - [04/Aug/2026:09:42:36 -0600] "GET /wp-content/plugins/elementskit-lite/modules/elementskit-icon-pack/assets/js/ekiticons.json HTTP/1.1" 200 11176 "-" "-" spokesmanconsulting.com 10.44.34.235
169.58.30.42 - - [04/Aug/2026:09:42:31 -0600] "GET /ERENUSE/bash.Eren HTTP/1.1" 404 326560 "-" "Mozilla/5.0 (Windows NT 10.0; Win64; x64) AppleWebKit/537.36 Chrome/120.0.0.0 Safari/537.36" spokesmanconsulting.com 10.44.34.235
169.58.30.42 - - [04/Aug/2026:09:42:31 -0600] "GET /ERENUSE/bash.Eren HTTP/2.0" 404 326560 "-" "Mozilla/5.0 (Windows NT 10.0; Win64; x64) AppleWebKit/537.36 Chrome/120.0.0.0 Safari/537.36" spokesmanconsulting.com 10.44.34.235
50.6.43.128 - - [04/Aug/2026:09:42:43 -0600] "GET /wp-content/plugins/elementskit-lite/modules/elementskit-icon-pack/assets/js/ekiticons.json HTTP/1.1" 200 11176 "-" "-" spokesmanconsulting.com 10.44.34.235
50.6.43.128 - - [04/Aug/2026:09:42:48 -0600] "GET /wp-content/plugins/elementskit-lite/modules/elementskit-icon-pack/assets/js/ekiticons.json HTTP/1.1" 200 11176 "-" "-" spokesmanconsulting.com 10.44.34.235
169.58.30.42 - - [04/Aug/2026:09:42:42 -0600] "POST /ERENUSE/perl.Eren HTTP/2.0" 404 326560 "-" "Mozilla/5.0 (Windows NT 10.0; Win64; x64) AppleWebKit/537.36 Chrome/120.0.0.0 Safari/537.36" spokesmanconsulting.com 10.44.34.235
50.6.43.128 - - [04/Aug/2026:09:42:55 -0600] "GET /wp-content/plugins/elementskit-lite/modules/elementskit-icon-pack/assets/js/ekiticons.json HTTP/1.1" 200 11176 "-" "-" spokesmanconsulting.com 10.44.34.235
50.6.43.128 - - [04/Aug/2026:09:43:00 -0600] "GET /wp-content/plugins/elementskit-lite/modules/elementskit-icon-pack/assets/js/ekiticons.json HTTP/1.1" 200 11176 "-" "-" spokesmanconsulting.com 10.44.34.235
169.58.30.42 - - [04/Aug/2026:09:42:55 -0600] "GET /ERENUSE/perl.Eren HTTP/1.1" 404 326560 "-" "Mozilla/5.0 (Windows NT 10.0; Win64; x64) AppleWebKit/537.36 Chrome/120.0.0.0 Safari/537.36" spokesmanconsulting.com 10.44.34.235
169.58.30.42 - - [04/Aug/2026:09:42:55 -0600] "GET /ERENUSE/perl.Eren HTTP/2.0" 404 326560 "-" "Mozilla/5.0 (Windows NT 10.0; Win64; x64) AppleWebKit/537.36 Chrome/120.0.0.0 Safari/537.36" spokesmanconsulting.com 10.44.34.235
50.6.43.128 - - [04/Aug/2026:09:43:07 -0600] "GET /wp-content/plugins/elementskit-lite/modules/elementskit-icon-pack/assets/js/ekiticons.json HTTP/1.1" 200 11176 "-" "-" spokesmanconsulting.com 10.44.34.235
50.6.43.128 - - [04/Aug/2026:09:43:12 -0600] "GET /wp-content/plugins/elementskit-lite/modules/elementskit-icon-pack/assets/js/ekiticons.json HTTP/1.1" 200 11176 "-" "-" spokesmanconsulting.com 10.44.34.235
169.58.30.42 - - [04/Aug/2026:09:43:07 -0600] "POST /ERENUSE/py.Eren HTTP/2.0" 404 326560 "-" "Mozilla/5.0 (Windows NT 10.0; Win64; x64) AppleWebKit/537.36 Chrome/120.0.0.0 Safari/537.36" spokesmanconsulting.com 10.44.34.235
50.6.43.128 - - [04/Aug/2026:09:43:19 -0600] "GET /wp-content/plugins/elementskit-lite/modules/elementskit-icon-pack/assets/js/ekiticons.json HTTP/1.1" 200 11176 "-" "-" spokesmanconsulting.com 10.44.34.235
50.6.43.128 - - [04/Aug/2026:09:43:24 -0600] "GET /wp-content/plugins/elementskit-lite/modules/elementskit-icon-pack/assets/js/ekiticons.json HTTP/1.1" 200 11176 "-" "-" spokesmanconsulting.com 10.44.34.235
169.58.30.42 - - [04/Aug/2026:09:43:19 -0600] "GET /ERENUSE/py.Eren HTTP/1.1" 404 326560 "-" "Mozilla/5.0 (Windows NT 10.0; Win64; x64) AppleWebKit/537.36 Chrome/120.0.0.0 Safari/537.36" spokesmanconsulting.com 10.44.34.235
169.58.30.42 - - [04/Aug/2026:09:43:19 -0600] "GET /ERENUSE/py.Eren HTTP/2.0" 404 326560 "-" "Mozilla/5.0 (Windows NT 10.0; Win64; x64) AppleWebKit/537.36 Chrome/120.0.0.0 Safari/537.36" spokesmanconsulting.com 10.44.34.235
40.87.20.23 - - [04/Aug/2026:09:45:01 -0600] "GET / HTTP/1.1" 400 52 "-" "Mozilla/5.0 (Windows NT 10.0; Win64; x64) AppleWebKit/537.36 (KHTML, like Gecko) Chrome/145.0.0.0 Safari/537.36" autodiscover.spokesmanconsulting.com 10.44.34.235
50.6.43.128 - - [04/Aug/2026:09:59:59 -0600] "GET /wp-content/plugins/elementskit-lite/modules/elementskit-icon-pack/assets/js/ekiticons.json HTTP/1.1" 200 11176 "-" "-" spokesmanconsulting.com 10.44.34.235
50.6.43.128 - - [04/Aug/2026:10:00:04 -0600] "GET /wp-content/plugins/elementskit-lite/modules/elementskit-icon-pack/assets/js/ekiticons.json HTTP/1.1" 200 11176 "-" "-" spokesmanconsulting.com 10.44.34.235
50.6.43.128 - - [04/Aug/2026:10:00:08 -0600] "GET /wp-content/plugins/elementskit-lite/modules/elementskit-icon-pack/assets/js/ekiticons.json HTTP/1.1" 200 11176 "-" "-" spokesmanconsulting.com 10.44.34.235
115.246.200.244 - - [04/Aug/2026:09:59:59 -0600] "GET / HTTP/1.1" 200 90243 "-" "Mozilla/5.0 (Windows NT 10.0; Win64; x64) AppleWebKit/537.36 (KHTML, like Gecko) Chrome/120.0.0.0 Safari/537.36" spokesmanconsulting.com 10.44.34.235
115.246.200.244 - - [04/Aug/2026:09:59:59 -0600] "GET / HTTP/1.1" 200 90243 "-" "Mozilla/5.0 (Windows NT 10.0; Win64; x64) AppleWebKit/537.36 (KHTML, like Gecko) Chrome/120.0.0.0 Safari/537.36" spokesmanconsulting.com 10.44.34.235
50.6.43.128 - - [04/Aug/2026:10:00:13 -0600] "GET /wp-content/plugins/elementskit-lite/modules/elementskit-icon-pack/assets/js/ekiticons.json HTTP/1.1" 200 11176 "-" "-" spokesmanconsulting.com 10.44.34.235
115.246.200.244 - - [04/Aug/2026:10:00:15 -0600] "GET / HTTP/2.0" 200 90243 "-" "Mozilla/5.0 (Windows NT 10.0; Win64; x64) AppleWebKit/537.36 (KHTML, like Gecko) Chrome/120.0.0.0 Safari/537.36" spokesmanconsulting.com 10.44.34.235
115.246.200.244 - - [04/Aug/2026:10:00:16 -0600] "GET /wp-content/plugins/case-addons/assets/css/main.css?ver=1.0.0 HTTP/2.0" 200 260 "https://spokesmanconsulting.com/" "Mozilla/5.0 (Windows NT 10.0; Win64; x64) AppleWebKit/537.36 (KHTML, like Gecko) Chrome/120.0.0.0 Safari/537.36" spokesmanconsulting.com 10.44.34.235
115.246.200.244 - - [04/Aug/2026:10:00:16 -0600] "GET /wp-content/plugins/contact-form-7/includes/css/styles.css?ver=6.1.6 HTTP/2.0" 200 1086 "https://spokesmanconsulting.com/" "Mozilla/5.0 (Windows NT 10.0; Win64; x64) AppleWebKit/537.36 (KHTML, like Gecko) Chrome/120.0.0.0 Safari/537.36" spokesmanconsulting.com 10.44.34.235
115.246.200.244 - - [04/Aug/2026:10:00:16 -0600] "GET /wp-content/plugins/revslider/public/css/sr7.css?ver=6.7.28 HTTP/2.0" 200 1538 "https://spokesmanconsulting.com/" "Mozilla/5.0 (Windows NT 10.0; Win64; x64) AppleWebKit/537.36 (KHTML, like Gecko) Chrome/120.0.0.0 Safari/537.36" spokesmanconsulting.com 10.44.34.235
115.246.200.244 - - [04/Aug/2026:10:00:16 -0600] "GET /wp-content/plugins/elementor/assets/lib/font-awesome/css/all.min.css?ver=5.15.3 HTTP/2.0" 200 12862 "https://spokesmanconsulting.com/" "Mozilla/5.0 (Windows NT 10.0; Win64; x64) AppleWebKit/537.36 (KHTML, like Gecko) Chrome/120.0.0.0 Safari/537.36" spokesmanconsulting.com 10.44.34.235
115.246.200.244 - - [04/Aug/2026:10:00:16 -0600] "GET /wp-content/plugins/formidable/css/formidableforms.css?ver=7171310 HTTP/2.0" 200 10643 "https://spokesmanconsulting.com/" "Mozilla/5.0 (Windows NT 10.0; Win64; x64) AppleWebKit/537.36 (KHTML, like Gecko) Chrome/120.0.0.0 Safari/537.36" spokesmanconsulting.com 10.44.34.235
115.246.200.244 - - [04/Aug/2026:10:00:16 -0600] "GET /wp-content/plugins/elementor/assets/lib/eicons/css/elementor-icons.min.css?ver=5.53.0 HTTP/2.0" 200 4631 "https://spokesmanconsulting.com/" "Mozilla/5.0 (Windows NT 10.0; Win64; x64) AppleWebKit/537.36 (KHTML, like Gecko) Chrome/120.0.0.0 Safari/537.36" spokesmanconsulting.com 10.44.34.235
115.246.200.244 - - [04/Aug/2026:10:00:16 -0600] "GET /wp-content/uploads/elementor/css/custom-frontend.min.css?ver=1785849994 HTTP/2.0" 200 10206 "https://spokesmanconsulting.com/" "Mozilla/5.0 (Windows NT 10.0; Win64; x64) AppleWebKit/537.36 (KHTML, like Gecko) Chrome/120.0.0.0 Safari/537.36" spokesmanconsulting.com 10.44.34.235
115.246.200.244 - - [04/Aug/2026:10:00:16 -0600] "GET /wp-content/plugins/elementor/assets/css/widget-image.min.css?ver=4.2.1 HTTP/2.0" 200 135 "https://spokesmanconsulting.com/" "Mozilla/5.0 (Windows NT 10.0; Win64; x64) AppleWebKit/537.36 (KHTML, like Gecko) Chrome/120.0.0.0 Safari/537.36" spokesmanconsulting.com 10.44.34.235
115.246.200.244 - - [04/Aug/2026:10:00:16 -0600] "GET /wp-content/plugins/elementor/assets/lib/animations/styles/fadeInUp.min.css?ver=4.2.1 HTTP/2.0" 200 117 "https://spokesmanconsulting.com/" "Mozilla/5.0 (Windows NT 10.0; Win64; x64) AppleWebKit/537.36 (KHTML, like Gecko) Chrome/120.0.0.0 Safari/537.36" spokesmanconsulting.com 10.44.34.235
115.246.200.244 - - [04/Aug/2026:10:00:16 -0600] "GET /wp-content/themes/maiko/assets/css/libs/magnific-popup.css?ver=1.1.0 HTTP/2.0" 200 2190 "https://spokesmanconsulting.com/" "Mozilla/5.0 (Windows NT 10.0; Win64; x64) AppleWebKit/537.36 (KHTML, like Gecko) Chrome/120.0.0.0 Safari/537.36" spokesmanconsulting.com 10.44.34.235
115.246.200.244 - - [04/Aug/2026:10:00:16 -0600] "GET /wp-content/themes/maiko/assets/css/libs/animate.min.css?ver=1.1.0 HTTP/2.0" 200 7034 "https://spokesmanconsulting.com/" "Mozilla/5.0 (Windows NT 10.0; Win64; x64) AppleWebKit/537.36 (KHTML, like Gecko) Chrome/120.0.0.0 Safari/537.36" spokesmanconsulting.com 10.44.34.235
115.246.200.244 - - [04/Aug/2026:10:00:16 -0600] "GET /wp-content/themes/maiko/style.css?ver=7.0.2 HTTP/2.0" 200 485 "https://spokesmanconsulting.com/" "Mozilla/5.0 (Windows NT 10.0; Win64; x64) AppleWebKit/537.36 (KHTML, like Gecko) Chrome/120.0.0.0 Safari/537.36" spokesmanconsulting.com 10.44.34.235
115.246.200.244 - - [04/Aug/2026:10:00:16 -0600] "GET /wp-content/themes/maiko/assets/css/grid.css?ver=7.0.2 HTTP/2.0" 200 6647 "https://spokesmanconsulting.com/" "Mozilla/5.0 (Windows NT 10.0; Win64; x64) AppleWebKit/537.36 (KHTML, like Gecko) Chrome/120.0.0.0 Safari/537.36" spokesmanconsulting.com 10.44.34.235
115.246.200.244 - - [04/Aug/2026:10:00:16 -0600] "GET /wp-content/plugins/essential-addons-for-elementor-lite/assets/front-end/css/view/general.min.css?ver=6.7.2 HTTP/2.0" 200 1871 "https://spokesmanconsulting.com/" "Mozilla/5.0 (Windows NT 10.0; Win64; x64) AppleWebKit/537.36 (KHTML, like Gecko) Chrome/120.0.0.0 Safari/537.36" spokesmanconsulting.com 10.44.34.235
115.246.200.244 - - [04/Aug/2026:10:00:16 -0600] "GET /wp-content/plugins/elementskit-lite/widgets/init/assets/css/responsive.css?ver=3.10.02 HTTP/2.0" 200 4057 "https://spokesmanconsulting.com/" "Mozilla/5.0 (Windows NT 10.0; Win64; x64) AppleWebKit/537.36 (KHTML, like Gecko) Chrome/120.0.0.0 Safari/537.36" spokesmanconsulting.com 10.44.34.235
115.246.200.244 - - [04/Aug/2026:10:00:16 -0600] "GET /wp-content/uploads/elementor/google-fonts/css/robotoslab.css?ver=1743411478 HTTP/2.0" 200 3476 "https://spokesmanconsulting.com/" "Mozilla/5.0 (Windows NT 10.0; Win64; x64) AppleWebKit/537.36 (KHTML, like Gecko) Chrome/120.0.0.0 Safari/537.36" spokesmanconsulting.com 10.44.34.235
115.246.200.244 - - [04/Aug/2026:10:00:16 -0600] "GET /wp-content/plugins/elementor/assets/lib/font-awesome/css/brands.min.css?ver=5.15.3 HTTP/2.0" 200 308 "https://spokesmanconsulting.com/" "Mozilla/5.0 (Windows NT 10.0; Win64; x64) AppleWebKit/537.36 (KHTML, like Gecko) Chrome/120.0.0.0 Safari/537.36" spokesmanconsulting.com 10.44.34.235
115.246.200.244 - - [04/Aug/2026:10:00:16 -0600] "GET /wp-content/plugins/elementor/assets/lib/font-awesome/css/solid.min.css?ver=5.15.3 HTTP/2.0" 200 309 "https://spokesmanconsulting.com/" "Mozilla/5.0 (Windows NT 10.0; Win64; x64) AppleWebKit/537.36 (KHTML, like Gecko) Chrome/120.0.0.0 Safari/537.36" spokesmanconsulting.com 10.44.34.235
115.246.200.244 - - [04/Aug/2026:10:00:16 -0600] "GET /wp-content/uploads/elementor/google-fonts/css/dmsans.css?ver=1743411481 HTTP/2.0" 200 2873 "https://spokesmanconsulting.com/" "Mozilla/5.0 (Windows NT 10.0; Win64; x64) AppleWebKit/537.36 (KHTML, like Gecko) Chrome/120.0.0.0 Safari/537.36" spokesmanconsulting.com 10.44.34.235
115.246.200.244 - - [04/Aug/2026:10:00:16 -0600] "GET /wp-content/plugins/elementor/assets/lib/font-awesome/css/fontawesome.min.css?ver=5.15.3 HTTP/2.0" 200 12618 "https://spokesmanconsulting.com/" "Mozilla/5.0 (Windows NT 10.0; Win64; x64) AppleWebKit/537.36 (KHTML, like Gecko) Chrome/120.0.0.0 Safari/537.36" spokesmanconsulting.com 10.44.34.235
115.246.200.244 - - [04/Aug/2026:10:00:16 -0600] "GET /wp-content/uploads/elementor/google-fonts/css/roboto.css?ver=1743411473 HTTP/2.0" 200 29992 "https://spokesmanconsulting.com/" "Mozilla/5.0 (Windows NT 10.0; Win64; x64) AppleWebKit/537.36 (KHTML, like Gecko) Chrome/120.0.0.0 Safari/537.36" spokesmanconsulting.com 10.44.34.235
115.246.200.244 - - [04/Aug/2026:10:00:16 -0600] "GET /wp-content/uploads/2025/03/SCPL-Logo-scaled.png HTTP/2.0" 200 55100 "https://spokesmanconsulting.com/" "Mozilla/5.0 (Windows NT 10.0; Win64; x64) AppleWebKit/537.36 (KHTML, like Gecko) Chrome/120.0.0.0 Safari/537.36" spokesmanconsulting.com 10.44.34.235
115.246.200.244 - - [04/Aug/2026:10:00:16 -0600] "GET /wp-includes/js/jquery/jquery-migrate.min.js?ver=3.4.1 HTTP/2.0" 200 5422 "https://spokesmanconsulting.com/" "Mozilla/5.0 (Windows NT 10.0; Win64; x64) AppleWebKit/537.36 (KHTML, like Gecko) Chrome/120.0.0.0 Safari/537.36" spokesmanconsulting.com 10.44.34.235
115.246.200.244 - - [04/Aug/2026:10:00:16 -0600] "GET /wp-content/plugins/case-addons/assets/js/libs/waypoints.min.js?ver=2.0.5 HTTP/2.0" 200 3747 "https://spokesmanconsulting.com/" "Mozilla/5.0 (Windows NT 10.0; Win64; x64) AppleWebKit/537.36 (KHTML, like Gecko) Chrome/120.0.0.0 Safari/537.36" spokesmanconsulting.com 10.44.34.235
115.246.200.244 - - [04/Aug/2026:10:00:16 -0600] "GET /wp-content/plugins/case-addons/assets/js/libs/counter.min.js?ver=7.0.2 HTTP/2.0" 200 1159 "https://spokesmanconsulting.com/" "Mozilla/5.0 (Windows NT 10.0; Win64; x64) AppleWebKit/537.36 (KHTML, like Gecko) Chrome/120.0.0.0 Safari/537.36" spokesmanconsulting.com 10.44.34.235
115.246.200.244 - - [04/Aug/2026:10:00:16 -0600] "GET /wp-content/themes/maiko/assets/js/libs/jarallax.min.js?ver=1.1.0 HTTP/2.0" 200 4516 "https://spokesmanconsulting.com/" "Mozilla/5.0 (Windows NT 10.0; Win64; x64) AppleWebKit/537.36 (KHTML, like Gecko) Chrome/120.0.0.0 Safari/537.36" spokesmanconsulting.com 10.44.34.235
115.246.200.244 - - [04/Aug/2026:10:00:16 -0600] "GET /wp-content/uploads/2024/08/cropped-SCPL-Logo.png HTTP/2.0" 200 106163 "https://spokesmanconsulting.com/" "Mozilla/5.0 (Windows NT 10.0; Win64; x64) AppleWebKit/537.36 (KHTML, like Gecko) Chrome/120.0.0.0 Safari/537.36" spokesmanconsulting.com 10.44.34.235
115.246.200.244 - - [04/Aug/2026:10:00:16 -0600] "GET /wp-includes/js/jquery/jquery.min.js?ver=3.7.1 HTTP/2.0" 200 38349 "https://spokesmanconsulting.com/" "Mozilla/5.0 (Windows NT 10.0; Win64; x64) AppleWebKit/537.36 (KHTML, like Gecko) Chrome/120.0.0.0 Safari/537.36" spokesmanconsulting.com 10.44.34.235
115.246.200.244 - - [04/Aug/2026:10:00:16 -0600] "GET /wp-content/uploads/2024/08/SCPL-Logo-1024x241.png HTTP/2.0" 200 46729 "https://spokesmanconsulting.com/" "Mozilla/5.0 (Windows NT 10.0; Win64; x64) AppleWebKit/537.36 (KHTML, like Gecko) Chrome/120.0.0.0 Safari/537.36" spokesmanconsulting.com 10.44.34.235
115.246.200.244 - - [04/Aug/2026:10:00:16 -0600] "GET /wp-content/plugins/elementskit-lite/widgets/init/assets/css/widget-styles.css?ver=3.10.02 HTTP/2.0" 200 81490 "https://spokesmanconsulting.com/" "Mozilla/5.0 (Windows NT 10.0; Win64; x64) AppleWebKit/537.36 (KHTML, like Gecko) Chrome/120.0.0.0 Safari/537.36" spokesmanconsulting.com 10.44.34.235
115.246.200.244 - - [04/Aug/2026:10:00:16 -0600] "GET /wp-content/themes/maiko/assets/js/libs/chart.js?ver=1.1.0 HTTP/2.0" 200 84036 "https://spokesmanconsulting.com/" "Mozilla/5.0 (Windows NT 10.0; Win64; x64) AppleWebKit/537.36 (KHTML, like Gecko) Chrome/120.0.0.0 Safari/537.36" spokesmanconsulting.com 10.44.34.235
115.246.200.244 - - [04/Aug/2026:10:00:16 -0600] "GET /wp-content/uploads/2025/03/SCPL-Logo.png HTTP/2.0" 200 973011 "https://spokesmanconsulting.com/" "Mozilla/5.0 (Windows NT 10.0; Win64; x64) AppleWebKit/537.36 (KHTML, like Gecko) Chrome/120.0.0.0 Safari/537.36" spokesmanconsulting.com 10.44.34.235
115.246.200.244 - - [04/Aug/2026:10:00:16 -0600] "GET /wp-content/plugins/elementor/assets/css/widget-google_maps.min.css?ver=4.2.1 HTTP/2.0" 200 138 "https://spokesmanconsulting.com/" "Mozilla/5.0 (Windows NT 10.0; Win64; x64) AppleWebKit/537.36 (KHTML, like Gecko) Chrome/120.0.0.0 Safari/537.36" spokesmanconsulting.com 10.44.34.235
115.246.200.244 - - [04/Aug/2026:10:00:16 -0600] "GET /wp-content/themes/maiko/assets/css/style.css?ver=7.0.2 HTTP/2.0" 200 351625 "https://spokesmanconsulting.com/" "Mozilla/5.0 (Windows NT 10.0; Win64; x64) AppleWebKit/537.36 (KHTML, like Gecko) Chrome/120.0.0.0 Safari/537.36" spokesmanconsulting.com 10.44.34.235
115.246.200.244 - - [04/Aug/2026:10:00:16 -0600] "GET /wp-content/plugins/elementskit-lite/modules/elementskit-icon-pack/assets/css/ekiticons.css?ver=3.10.02 HTTP/2.0" 200 10866 "https://spokesmanconsulting.com/" "Mozilla/5.0 (Windows NT 10.0; Win64; x64) AppleWebKit/537.36 (KHTML, like Gecko) Chrome/120.0.0.0 Safari/537.36" spokesmanconsulting.com 10.44.34.235
115.246.200.244 - - [04/Aug/2026:10:00:16 -0600] "GET /wp-includes/js/dist/hooks.min.js?ver=7496969728ca0f95732d HTTP/2.0" 200 1898 "https://spokesmanconsulting.com/" "Mozilla/5.0 (Windows NT 10.0; Win64; x64) AppleWebKit/537.36 (KHTML, like Gecko) Chrome/120.0.0.0 Safari/537.36" spokesmanconsulting.com 10.44.34.235
115.246.200.244 - - [04/Aug/2026:10:00:16 -0600] "GET /wp-content/plugins/case-addons/assets/js/main.js?ver=1.0.0 HTTP/2.0" 200 377 "https://spokesmanconsulting.com/" "Mozilla/5.0 (Windows NT 10.0; Win64; x64) AppleWebKit/537.36 (KHTML, like Gecko) Chrome/120.0.0.0 Safari/537.36" spokesmanconsulting.com 10.44.34.235
115.246.200.244 - - [04/Aug/2026:10:00:16 -0600] "GET /wp-includes/js/dist/i18n.min.js?ver=781d11515ad3d91786ec HTTP/2.0" 200 2570 "https://spokesmanconsulting.com/" "Mozilla/5.0 (Windows NT 10.0; Win64; x64) AppleWebKit/537.36 (KHTML, like Gecko) Chrome/120.0.0.0 Safari/537.36" spokesmanconsulting.com 10.44.34.235
115.246.200.244 - - [04/Aug/2026:10:00:16 -0600] "GET /wp-content/plugins/contact-form-7/includes/swv/js/index.js?ver=6.1.6 HTTP/2.0" 200 3813 "https://spokesmanconsulting.com/" "Mozilla/5.0 (Windows NT 10.0; Win64; x64) AppleWebKit/537.36 (KHTML, like Gecko) Chrome/120.0.0.0 Safari/537.36" spokesmanconsulting.com 10.44.34.235
115.246.200.244 - - [04/Aug/2026:10:00:16 -0600] "GET /wp-content/plugins/contact-form-7/includes/js/index.js?ver=6.1.6 HTTP/2.0" 200 5501 "https://spokesmanconsulting.com/" "Mozilla/5.0 (Windows NT 10.0; Win64; x64) AppleWebKit/537.36 (KHTML, like Gecko) Chrome/120.0.0.0 Safari/537.36" spokesmanconsulting.com 10.44.34.235
115.246.200.244 - - [04/Aug/2026:10:00:16 -0600] "GET /wp-content/plugins/elementskit-lite/widgets/init/assets/js/widget-scripts.js?ver=3.10.02 HTTP/2.0" 200 17425 "https://spokesmanconsulting.com/" "Mozilla/5.0 (Windows NT 10.0; Win64; x64) AppleWebKit/537.36 (KHTML, like Gecko) Chrome/120.0.0.0 Safari/537.36" spokesmanconsulting.com 10.44.34.235
115.246.200.244 - - [04/Aug/2026:10:00:16 -0600] "GET /wp-content/plugins/elementor/assets/js/webpack.runtime.min.js?ver=4.2.1 HTTP/2.0" 200 2685 "https://spokesmanconsulting.com/" "Mozilla/5.0 (Windows NT 10.0; Win64; x64) AppleWebKit/537.36 (KHTML, like Gecko) Chrome/120.0.0.0 Safari/537.36" spokesmanconsulting.com 10.44.34.235
115.246.200.244 - - [04/Aug/2026:10:00:16 -0600] "GET /wp-includes/js/jquery/ui/core.min.js?ver=1.13.3 HTTP/2.0" 200 8375 "https://spokesmanconsulting.com/" "Mozilla/5.0 (Windows NT 10.0; Win64; x64) AppleWebKit/537.36 (KHTML, like Gecko) Chrome/120.0.0.0 Safari/537.36" spokesmanconsulting.com 10.44.34.235
115.246.200.244 - - [04/Aug/2026:10:00:16 -0600] "GET /wp-content/plugins/elementor/assets/js/frontend-modules.min.js?ver=4.2.1 HTTP/2.0" 200 21047 "https://spokesmanconsulting.com/" "Mozilla/5.0 (Windows NT 10.0; Win64; x64) AppleWebKit/537.36 (KHTML, like Gecko) Chrome/120.0.0.0 Safari/537.36" spokesmanconsulting.com 10.44.34.235
115.246.200.244 - - [04/Aug/2026:10:00:16 -0600] "GET /wp-content/plugins/elementor/assets/lib/jquery-numerator/jquery-numerator.min.js?ver=0.2.1 HTTP/2.0" 200 736 "https://spokesmanconsulting.com/" "Mozilla/5.0 (Windows NT 10.0; Win64; x64) AppleWebKit/537.36 (KHTML, like Gecko) Chrome/120.0.0.0 Safari/537.36" spokesmanconsulting.com 10.44.34.235
115.246.200.244 - - [04/Aug/2026:10:00:16 -0600] "GET /wp-content/plugins/case-addons/assets/js/libs/swiper/v8/swiper.min.js?ver=8.4.5 HTTP/2.0" 200 55047 "https://spokesmanconsulting.com/" "Mozilla/5.0 (Windows NT 10.0; Win64; x64) AppleWebKit/537.36 (KHTML, like Gecko) Chrome/120.0.0.0 Safari/537.36" spokesmanconsulting.com 10.44.34.235
115.246.200.244 - - [04/Aug/2026:10:00:16 -0600] "GET /wp-content/themes/maiko/assets/js/libs/split-text.js?ver=3.6.1 HTTP/2.0" 200 6142 "https://spokesmanconsulting.com/" "Mozilla/5.0 (Windows NT 10.0; Win64; x64) AppleWebKit/537.36 (KHTML, like Gecko) Chrome/120.0.0.0 Safari/537.36" spokesmanconsulting.com 10.44.34.235
115.246.200.244 - - [04/Aug/2026:10:00:16 -0600] "GET /wp-content/themes/maiko/assets/js/libs/scroll-trigger.js?ver=3.10.5 HTTP/2.0" 200 21221 "https://spokesmanconsulting.com/" "Mozilla/5.0 (Windows NT 10.0; Win64; x64) AppleWebKit/537.36 (KHTML, like Gecko) Chrome/120.0.0.0 Safari/537.36" spokesmanconsulting.com 10.44.34.235
115.246.200.244 - - [04/Aug/2026:10:00:16 -0600] "GET /wp-content/plugins/elementor/assets/js/frontend.min.js?ver=4.2.1 HTTP/2.0" 200 13366 "https://spokesmanconsulting.com/" "Mozilla/5.0 (Windows NT 10.0; Win64; x64) AppleWebKit/537.36 (KHTML, like Gecko) Chrome/120.0.0.0 Safari/537.36" spokesmanconsulting.com 10.44.34.235
115.246.200.244 - - [04/Aug/2026:10:00:16 -0600] "GET /wp-content/themes/maiko/elements/widgets/js/carousel.js?ver=1.0.0 HTTP/2.0" 200 7051 "https://spokesmanconsulting.com/" "Mozilla/5.0 (Windows NT 10.0; Win64; x64) AppleWebKit/537.36 (KHTML, like Gecko) Chrome/120.0.0.0 Safari/537.36" spokesmanconsulting.com 10.44.34.235
115.246.200.244 - - [04/Aug/2026:10:00:16 -0600] "GET /wp-content/themes/maiko/elements/widgets/js/counter.js?ver=1.0.0 HTTP/2.0" 200 582 "https://spokesmanconsulting.com/" "Mozilla/5.0 (Windows NT 10.0; Win64; x64) AppleWebKit/537.36 (KHTML, like Gecko) Chrome/120.0.0.0 Safari/537.36" spokesmanconsulting.com 10.44.34.235
115.246.200.244 - - [04/Aug/2026:10:00:16 -0600] "GET /wp-content/themes/maiko/assets/js/libs/gsap.min.js?ver=3.5.0 HTTP/2.0" 200 33363 "https://spokesmanconsulting.com/" "Mozilla/5.0 (Windows NT 10.0; Win64; x64) AppleWebKit/537.36 (KHTML, like Gecko) Chrome/120.0.0.0 Safari/537.36" spokesmanconsulting.com 10.44.34.235
115.246.200.244 - - [04/Aug/2026:10:00:16 -0600] "GET /wp-content/themes/maiko/assets/js/libs/nice-select.min.js?ver=all HTTP/2.0" 200 1082 "https://spokesmanconsulting.com/" "Mozilla/5.0 (Windows NT 10.0; Win64; x64) AppleWebKit/537.36 (KHTML, like Gecko) Chrome/120.0.0.0 Safari/537.36" spokesmanconsulting.com 10.44.34.235
115.246.200.244 - - [04/Aug/2026:10:00:16 -0600] "GET /wp-content/themes/maiko/assets/js/libs/wow.min.js?ver=1.0.0 HTTP/2.0" 200 3557 "https://spokesmanconsulting.com/" "Mozilla/5.0 (Windows NT 10.0; Win64; x64) AppleWebKit/537.36 (KHTML, like Gecko) Chrome/120.0.0.0 Safari/537.36" spokesmanconsulting.com 10.44.34.235
115.246.200.244 - - [04/Aug/2026:10:00:16 -0600] "GET /wp-content/themes/maiko/assets/js/libs/progressbar.min.js?ver=1.0.0 HTTP/2.0" 200 1007 "https://spokesmanconsulting.com/" "Mozilla/5.0 (Windows NT 10.0; Win64; x64) AppleWebKit/537.36 (KHTML, like Gecko) Chrome/120.0.0.0 Safari/537.36" spokesmanconsulting.com 10.44.34.235
115.246.200.244 - - [04/Aug/2026:10:00:16 -0600] "GET /wp-content/themes/maiko/woocommerce/js/woocommerce.js?ver=7.0.2 HTTP/2.0" 200 1287 "https://spokesmanconsulting.com/" "Mozilla/5.0 (Windows NT 10.0; Win64; x64) AppleWebKit/537.36 (KHTML, like Gecko) Chrome/120.0.0.0 Safari/537.36" spokesmanconsulting.com 10.44.34.235
115.246.200.244 - - [04/Aug/2026:10:00:16 -0600] "GET /wp-content/themes/maiko/assets/js/libs/modernizr.min.js?ver=all HTTP/2.0" 200 4893 "https://spokesmanconsulting.com/" "Mozilla/5.0 (Windows NT 10.0; Win64; x64) AppleWebKit/537.36 (KHTML, like Gecko) Chrome/120.0.0.0 Safari/537.36" spokesmanconsulting.com 10.44.34.235
115.246.200.244 - - [04/Aug/2026:10:00:16 -0600] "GET /wp-content/themes/maiko/assets/js/libs/smoothscroll.js?ver=1.0.0 HTTP/2.0" 200 3826 "https://spokesmanconsulting.com/" "Mozilla/5.0 (Windows NT 10.0; Win64; x64) AppleWebKit/537.36 (KHTML, like Gecko) Chrome/120.0.0.0 Safari/537.36" spokesmanconsulting.com 10.44.34.235
115.246.200.244 - - [04/Aug/2026:10:00:16 -0600] "GET /wp-content/themes/maiko/assets/js/libs/parallax-scroll.js?ver=7.0.2 HTTP/2.0" 200 2395 "https://spokesmanconsulting.com/" "Mozilla/5.0 (Windows NT 10.0; Win64; x64) AppleWebKit/537.36 (KHTML, like Gecko) Chrome/120.0.0.0 Safari/537.36" spokesmanconsulting.com 10.44.34.235
115.246.200.244 - - [04/Aug/2026:10:00:16 -0600] "GET /wp-content/themes/maiko/assets/js/libs/parallax-background.js?ver=7.0.2 HTTP/2.0" 200 4191 "https://spokesmanconsulting.com/" "Mozilla/5.0 (Windows NT 10.0; Win64; x64) AppleWebKit/537.36 (KHTML, like Gecko) Chrome/120.0.0.0 Safari/537.36" spokesmanconsulting.com 10.44.34.235
115.246.200.244 - - [04/Aug/2026:10:00:16 -0600] "GET /wp-content/themes/maiko/assets/js/libs/counter-slide.min.js?ver=1.0.0 HTTP/2.0" 200 6751 "https://spokesmanconsulting.com/" "Mozilla/5.0 (Windows NT 10.0; Win64; x64) AppleWebKit/537.36 (KHTML, like Gecko) Chrome/120.0.0.0 Safari/537.36" spokesmanconsulting.com 10.44.34.235
115.246.200.244 - - [04/Aug/2026:10:00:16 -0600] "GET /wp-content/themes/maiko/assets/js/libs/scrollmagic.min.js?ver=1.0.0 HTTP/2.0" 200 7298 "https://spokesmanconsulting.com/" "Mozilla/5.0 (Windows NT 10.0; Win64; x64) AppleWebKit/537.36 (KHTML, like Gecko) Chrome/120.0.0.0 Safari/537.36" spokesmanconsulting.com 10.44.34.235
115.246.200.244 - - [04/Aug/2026:10:00:16 -0600] "GET /wp-content/themes/maiko/elements/widgets/js/Snap.svg.js?ver=0.4.1 HTTP/2.0" 200 31460 "https://spokesmanconsulting.com/" "Mozilla/5.0 (Windows NT 10.0; Win64; x64) AppleWebKit/537.36 (KHTML, like Gecko) Chrome/120.0.0.0 Safari/537.36" spokesmanconsulting.com 10.44.34.235
115.246.200.244 - - [04/Aug/2026:10:00:16 -0600] "GET /wp-content/plugins/elementskit-lite/widgets/init/assets/js/jquery.magnific-popup.min.js?ver=3.10.02 HTTP/2.0" 200 9571 "https://spokesmanconsulting.com/" "Mozilla/5.0 (Windows NT 10.0; Win64; x64) AppleWebKit/537.36 (KHTML, like Gecko) Chrome/120.0.0.0 Safari/537.36" spokesmanconsulting.com 10.44.34.235
115.246.200.244 - - [04/Aug/2026:10:00:16 -0600] "GET /wp-content/themes/maiko/assets/js/libs/typography/set1/bundled-lenis.min.js?ver=1.0.0 HTTP/2.0" 200 5280 "https://spokesmanconsulting.com/" "Mozilla/5.0 (Windows NT 10.0; Win64; x64) AppleWebKit/537.36 (KHTML, like Gecko) Chrome/120.0.0.0 Safari/537.36" spokesmanconsulting.com 10.44.34.235
115.246.200.244 - - [04/Aug/2026:10:00:16 -0600] "GET /wp-content/plugins/essential-addons-for-elementor-lite/assets/front-end/js/view/general.min.js?ver=6.7.2 HTTP/2.0" 200 4520 "https://spokesmanconsulting.com/" "Mozilla/5.0 (Windows NT 10.0; Win64; x64) AppleWebKit/537.36 (KHTML, like Gecko) Chrome/120.0.0.0 Safari/537.36" spokesmanconsulting.com 10.44.34.235
115.246.200.244 - - [04/Aug/2026:10:00:16 -0600] "GET /wp-content/themes/maiko/elements/widgets/js/elementor.js?ver=7.0.2 HTTP/2.0" 200 15104 "https://spokesmanconsulting.com/" "Mozilla/5.0 (Windows NT 10.0; Win64; x64) AppleWebKit/537.36 (KHTML, like Gecko) Chrome/120.0.0.0 Safari/537.36" spokesmanconsulting.com 10.44.34.235
115.246.200.244 - - [04/Aug/2026:10:00:16 -0600] "GET /wp-content/themes/maiko/assets/js/theme.js?ver=7.0.2 HTTP/2.0" 200 15438 "https://spokesmanconsulting.com/" "Mozilla/5.0 (Windows NT 10.0; Win64; x64) AppleWebKit/537.36 (KHTML, like Gecko) Chrome/120.0.0.0 Safari/537.36" spokesmanconsulting.com 10.44.34.235
115.246.200.244 - - [04/Aug/2026:10:00:16 -0600] "GET /wp-content/themes/maiko/assets/js/libs/cursor.js?ver=1.0.0 HTTP/2.0" 200 1941 "https://spokesmanconsulting.com/" "Mozilla/5.0 (Windows NT 10.0; Win64; x64) AppleWebKit/537.36 (KHTML, like Gecko) Chrome/120.0.0.0 Safari/537.36" spokesmanconsulting.com 10.44.34.235
115.246.200.244 - - [04/Aug/2026:10:00:16 -0600] "GET /wp-content/plugins/elementskit-lite/widgets/init/assets/js/widgets/core.js?ver=3.10.02 HTTP/2.0" 200 1348 "https://spokesmanconsulting.com/" "Mozilla/5.0 (Windows NT 10.0; Win64; x64) AppleWebKit/537.36 (KHTML, like Gecko) Chrome/120.0.0.0 Safari/537.36" spokesmanconsulting.com 10.44.34.235
115.246.200.244 - - [04/Aug/2026:10:00:16 -0600] "GET /wp-content/plugins/elementskit-lite/widgets/init/assets/js/widgets/nav-menu.js?ver=3.10.02 HTTP/2.0" 200 1059 "https://spokesmanconsulting.com/" "Mozilla/5.0 (Windows NT 10.0; Win64; x64) AppleWebKit/537.36 (KHTML, like Gecko) Chrome/120.0.0.0 Safari/537.36" spokesmanconsulting.com 10.44.34.235
115.246.200.244 - - [04/Aug/2026:10:00:16 -0600] "GET /wp-content/plugins/google-site-kit/dist/assets/js/googlesitekit-events-provider-contact-form-7-0310812e6aa65ef3c958.js HTTP/2.0" 200 3161 "https://spokesmanconsulting.com/" "Mozilla/5.0 (Windows NT 10.0; Win64; x64) AppleWebKit/537.36 (KHTML, like Gecko) Chrome/120.0.0.0 Safari/537.36" spokesmanconsulting.com 10.44.34.235
115.246.200.244 - - [04/Aug/2026:10:00:16 -0600] "GET /wp-content/plugins/bit-assist/iframe/bit-assist.js?ver=1.8.3 HTTP/2.0" 200 2106 "https://spokesmanconsulting.com/" "Mozilla/5.0 (Windows NT 10.0; Win64; x64) AppleWebKit/537.36 (KHTML, like Gecko) Chrome/120.0.0.0 Safari/537.36" spokesmanconsulting.com 10.44.34.235
115.246.200.244 - - [04/Aug/2026:10:00:16 -0600] "GET /wp-content/themes/maiko/assets/js/libs/cookie.js?ver=1.4.1 HTTP/2.0" 200 1733 "https://spokesmanconsulting.com/" "Mozilla/5.0 (Windows NT 10.0; Win64; x64) AppleWebKit/537.36 (KHTML, like Gecko) Chrome/120.0.0.0 Safari/537.36" spokesmanconsulting.com 10.44.34.235
115.246.200.244 - - [04/Aug/2026:10:00:16 -0600] "GET /wp-content/plugins/revslider/public/js/libs/tptools.js?ver=6.7.28 HTTP/2.0" 200 92702 "https://spokesmanconsulting.com/" "Mozilla/5.0 (Windows NT 10.0; Win64; x64) AppleWebKit/537.36 (KHTML, like Gecko) Chrome/120.0.0.0 Safari/537.36" spokesmanconsulting.com 10.44.34.235
115.246.200.244 - - [04/Aug/2026:10:00:16 -0600] "GET /wp-content/uploads/2024/12/showcase1-593x365.webp HTTP/2.0" 200 26770 "https://spokesmanconsulting.com/" "Mozilla/5.0 (Windows NT 10.0; Win64; x64) AppleWebKit/537.36 (KHTML, like Gecko) Chrome/120.0.0.0 Safari/537.36" spokesmanconsulting.com 10.44.34.235
115.246.200.244 - - [04/Aug/2026:10:00:16 -0600] "GET /wp-content/plugins/revslider/public/js/sr7.js?ver=6.7.28 HTTP/2.0" 200 119573 "https://spokesmanconsulting.com/" "Mozilla/5.0 (Windows NT 10.0; Win64; x64) AppleWebKit/537.36 (KHTML, like Gecko) Chrome/120.0.0.0 Safari/537.36" spokesmanconsulting.com 10.44.34.235
115.246.200.244 - - [04/Aug/2026:10:00:16 -0600] "GET /wp-content/themes/maiko/assets/js/libs/three.min.js?ver=1.0.0 HTTP/2.0" 200 196909 "https://spokesmanconsulting.com/" "Mozilla/5.0 (Windows NT 10.0; Win64; x64) AppleWebKit/537.36 (KHTML, like Gecko) Chrome/120.0.0.0 Safari/537.36" spokesmanconsulting.com 10.44.34.235
115.246.200.244 - - [04/Aug/2026:10:00:16 -0600] "GET /wp-content/uploads/2025/05/4.png HTTP/2.0" 200 43797 "https://spokesmanconsulting.com/" "Mozilla/5.0 (Windows NT 10.0; Win64; x64) AppleWebKit/537.36 (KHTML, like Gecko) Chrome/120.0.0.0 Safari/537.36" spokesmanconsulting.com 10.44.34.235
115.246.200.244 - - [04/Aug/2026:10:00:16 -0600] "GET /wp-content/uploads/2025/05/3.png HTTP/2.0" 200 71635 "https://spokesmanconsulting.com/" "Mozilla/5.0 (Windows NT 10.0; Win64; x64) AppleWebKit/537.36 (KHTML, like Gecko) Chrome/120.0.0.0 Safari/537.36" spokesmanconsulting.com 10.44.34.235
115.246.200.244 - - [04/Aug/2026:10:00:16 -0600] "GET /wp-content/uploads/elementor/google-fonts/fonts/dmsans-rp2yp2ywxg089urii5-g4vlh9vod8cmcqbu0-k4.woff2 HTTP/2.0" 200 36848 "https://spokesmanconsulting.com/wp-content/uploads/elementor/google-fonts/css/dmsans.css?ver=1743411481" "Mozilla/5.0 (Windows NT 10.0; Win64; x64) AppleWebKit/537.36 (KHTML, like Gecko) Chrome/120.0.0.0 Safari/537.36" spokesmanconsulting.com 10.44.34.235
115.246.200.244 - - [04/Aug/2026:10:00:16 -0600] "GET /wp-content/uploads/2024/11/svg3-h3.svg HTTP/2.0" 200 1216 "https://spokesmanconsulting.com/" "Mozilla/5.0 (Windows NT 10.0; Win64; x64) AppleWebKit/537.36 (KHTML, like Gecko) Chrome/120.0.0.0 Safari/537.36" spokesmanconsulting.com 10.44.34.235
115.246.200.244 - - [04/Aug/2026:10:00:16 -0600] "GET /wp-content/uploads/2025/05/WhatsApp-Image-2025-05-07-at-11.14.59_29b26662.jpg HTTP/2.0" 200 30677 "https://spokesmanconsulting.com/" "Mozilla/5.0 (Windows NT 10.0; Win64; x64) AppleWebKit/537.36 (KHTML, like Gecko) Chrome/120.0.0.0 Safari/537.36" spokesmanconsulting.com 10.44.34.235
115.246.200.244 - - [04/Aug/2026:10:00:16 -0600] "GET /wp-content/uploads/2025/05/5.png HTTP/2.0" 200 43395 "https://spokesmanconsulting.com/" "Mozilla/5.0 (Windows NT 10.0; Win64; x64) AppleWebKit/537.36 (KHTML, like Gecko) Chrome/120.0.0.0 Safari/537.36" spokesmanconsulting.com 10.44.34.235
115.246.200.244 - - [04/Aug/2026:10:00:16 -0600] "GET /wp-content/uploads/2025/04/Untitled-design-33.png HTTP/2.0" 200 332805 "https://spokesmanconsulting.com/" "Mozilla/5.0 (Windows NT 10.0; Win64; x64) AppleWebKit/537.36 (KHTML, like Gecko) Chrome/120.0.0.0 Safari/537.36" spokesmanconsulting.com 10.44.34.235
115.246.200.244 - - [04/Aug/2026:10:00:16 -0600] "GET /wp-content/uploads/2024/10/1.png HTTP/2.0" 200 438183 "https://spokesmanconsulting.com/" "Mozilla/5.0 (Windows NT 10.0; Win64; x64) AppleWebKit/537.36 (KHTML, like Gecko) Chrome/120.0.0.0 Safari/537.36" spokesmanconsulting.com 10.44.34.235
